[INFO] fetching crate collect-once-hashmap 0.2.0...
[INFO] testing collect-once-hashmap-0.2.0 against 1.83.0 for beta-1.84.0-4-retry
[INFO] extracting crate collect-once-hashmap 0.2.0 into /workspace/builds/worker-1-tc1/source
[INFO] validating manifest of crates.io crate collect-once-hashmap 0.2.0 on toolchain 1.83.0
[INFO] running `Command { std: CARGO_HOME="/workspace/cargo-home" RUSTUP_HOME="/workspace/rustup-home" "/workspace/cargo-home/bin/cargo" "+1.83.0" "metadata" "--manifest-path" "Cargo.toml" "--no-deps", kill_on_drop: false }`
[INFO] started tweaking crates.io crate collect-once-hashmap 0.2.0
[INFO] finished tweaking crates.io crate collect-once-hashmap 0.2.0
[INFO] tweaked toml for crates.io crate collect-once-hashmap 0.2.0 written to /workspace/builds/worker-1-tc1/source/Cargo.toml
[INFO] running `Command { std: CARGO_HOME="/workspace/cargo-home" RUSTUP_HOME="/workspace/rustup-home" "/workspace/cargo-home/bin/cargo" "+1.83.0" "generate-lockfile" "--manifest-path" "Cargo.toml", kill_on_drop: false }`
[INFO] [stderr]     Updating crates.io index
[INFO] [stderr]      Locking 6 packages to latest compatible versions
[INFO] [stderr]       Adding thiserror v1.0.69 (available: v2.0.7)
[INFO] running `Command { std: CARGO_HOME="/workspace/cargo-home" RUSTUP_HOME="/workspace/rustup-home" "/workspace/cargo-home/bin/cargo" "+1.83.0" "fetch" "--manifest-path" "Cargo.toml", kill_on_drop: false }`
[INFO] running `Command { std: "docker" "create" "-v" "/var/lib/crater-agent-workspace/builds/worker-1-tc1/target:/opt/rustwide/target:rw,Z" "-v" "/var/lib/crater-agent-workspace/builds/worker-1-tc1/source:/opt/rustwide/workdir:ro,Z" "-v" "/var/lib/crater-agent-workspace/cargo-home:/opt/rustwide/cargo-home:ro,Z" "-v" "/var/lib/crater-agent-workspace/rustup-home:/opt/rustwide/rustup-home:ro,Z" "-e" "SOURCE_DIR=/opt/rustwide/workdir" "-e" "CARGO_TARGET_DIR=/opt/rustwide/target" "-e" "CARGO_HOME=/opt/rustwide/cargo-home" "-e" "RUSTUP_HOME=/opt/rustwide/rustup-home" "-w" "/opt/rustwide/workdir" "-m" "1610612736" "--user" "0:0" "--network" "none" "ghcr.io/rust-lang/crates-build-env/linux@sha256:f3a9d4ad9d972b27faf3965f35b62e55ba32bbce8f20bc8fe909558a86702fde" "/opt/rustwide/cargo-home/bin/cargo" "+1.83.0" "metadata" "--no-deps" "--format-version=1", kill_on_drop: false }`
[INFO] [stdout] 1ccee908fe735f982803544ed91d31d7ab9fd9850be518f44fbe124d01c0e690
[INFO] running `Command { std: "docker" "start" "-a" "1ccee908fe735f982803544ed91d31d7ab9fd9850be518f44fbe124d01c0e690", kill_on_drop: false }`
[INFO] running `Command { std: "docker" "inspect" "1ccee908fe735f982803544ed91d31d7ab9fd9850be518f44fbe124d01c0e690", kill_on_drop: false }`
[INFO] running `Command { std: "docker" "rm" "-f" "1ccee908fe735f982803544ed91d31d7ab9fd9850be518f44fbe124d01c0e690", kill_on_drop: false }`
[INFO] [stdout] 1ccee908fe735f982803544ed91d31d7ab9fd9850be518f44fbe124d01c0e690
[INFO] running `Command { std: "docker" "create" "-v" "/var/lib/crater-agent-workspace/builds/worker-1-tc1/target:/opt/rustwide/target:rw,Z" "-v" "/var/lib/crater-agent-workspace/builds/worker-1-tc1/source:/opt/rustwide/workdir:ro,Z" "-v" "/var/lib/crater-agent-workspace/cargo-home:/opt/rustwide/cargo-home:ro,Z" "-v" "/var/lib/crater-agent-workspace/rustup-home:/opt/rustwide/rustup-home:ro,Z" "-e" "SOURCE_DIR=/opt/rustwide/workdir" "-e" "CARGO_TARGET_DIR=/opt/rustwide/target" "-e" "CARGO_INCREMENTAL=0" "-e" "RUST_BACKTRACE=full" "-e" "RUSTFLAGS=--cap-lints=warn" "-e" "RUSTDOCFLAGS=--cap-lints=warn" "-e" "CARGO_HOME=/opt/rustwide/cargo-home" "-e" "RUSTUP_HOME=/opt/rustwide/rustup-home" "-w" "/opt/rustwide/workdir" "-m" "1610612736" "--user" "0:0" "--network" "none" "ghcr.io/rust-lang/crates-build-env/linux@sha256:f3a9d4ad9d972b27faf3965f35b62e55ba32bbce8f20bc8fe909558a86702fde" "/opt/rustwide/cargo-home/bin/cargo" "+1.83.0" "build" "--frozen" "--message-format=json", kill_on_drop: false }`
[INFO] [stdout] 585a53d0468690dc411b20886068621e3b9575cddb04a83421d4291a1e1cac04
[INFO] running `Command { std: "docker" "start" "-a" "585a53d0468690dc411b20886068621e3b9575cddb04a83421d4291a1e1cac04", kill_on_drop: false }`
[INFO] [stderr]    Compiling proc-macro2 v1.0.92
[INFO] [stderr]    Compiling unicode-ident v1.0.14
[INFO] [stderr]    Compiling thiserror v1.0.69
[INFO] [stderr]    Compiling quote v1.0.37
[INFO] [stderr]    Compiling syn v2.0.90
[INFO] [stderr]    Compiling thiserror-impl v1.0.69
[INFO] [stderr]    Compiling collect-once-hashmap v0.2.0 (/opt/rustwide/workdir)
[INFO] [stdout] warning: ambiguous glob re-exports
[INFO] [stdout]   --> src/lib.rs:10:9
[INFO] [stdout]    |
[INFO] [stdout] 10 | pub use hashmap::*;
[INFO] [stdout]    |         ^^^^^^^^^^ the name `Error` in the type namespace is first re-exported here
[INFO] [stdout] ...
[INFO] [stdout] 13 | pub use btreemap::*;
[INFO] [stdout]    |         ----------- but the name `Error` in the type namespace is also re-exported here
[INFO] [stdout]    |
[INFO] [stdout]    = note: `#[warn(ambiguous_glob_reexports)]` on by default
[INFO] [stdout] 
[INFO] [stdout] 
[INFO] [stderr]     Finished `dev` profile [unoptimized + debuginfo] target(s) in 5.59s
[INFO] running `Command { std: "docker" "inspect" "585a53d0468690dc411b20886068621e3b9575cddb04a83421d4291a1e1cac04", kill_on_drop: false }`
[INFO] running `Command { std: "docker" "rm" "-f" "585a53d0468690dc411b20886068621e3b9575cddb04a83421d4291a1e1cac04", kill_on_drop: false }`
[INFO] [stdout] 585a53d0468690dc411b20886068621e3b9575cddb04a83421d4291a1e1cac04
[INFO] running `Command { std: "docker" "create" "-v" "/var/lib/crater-agent-workspace/builds/worker-1-tc1/target:/opt/rustwide/target:rw,Z" "-v" "/var/lib/crater-agent-workspace/builds/worker-1-tc1/source:/opt/rustwide/workdir:ro,Z" "-v" "/var/lib/crater-agent-workspace/cargo-home:/opt/rustwide/cargo-home:ro,Z" "-v" "/var/lib/crater-agent-workspace/rustup-home:/opt/rustwide/rustup-home:ro,Z" "-e" "SOURCE_DIR=/opt/rustwide/workdir" "-e" "CARGO_TARGET_DIR=/opt/rustwide/target" "-e" "CARGO_INCREMENTAL=0" "-e" "RUST_BACKTRACE=full" "-e" "RUSTFLAGS=--cap-lints=warn" "-e" "RUSTDOCFLAGS=--cap-lints=warn" "-e" "CARGO_HOME=/opt/rustwide/cargo-home" "-e" "RUSTUP_HOME=/opt/rustwide/rustup-home" "-w" "/opt/rustwide/workdir" "-m" "1610612736" "--user" "0:0" "--network" "none" "ghcr.io/rust-lang/crates-build-env/linux@sha256:f3a9d4ad9d972b27faf3965f35b62e55ba32bbce8f20bc8fe909558a86702fde" "/opt/rustwide/cargo-home/bin/cargo" "+1.83.0" "test" "--frozen" "--no-run" "--message-format=json", kill_on_drop: false }`
[INFO] [stdout] 8fe8487054ff6bca378f3e65aa87d3d197286ac731b95da5bbfc7f287309edf2
[INFO] running `Command { std: "docker" "start" "-a" "8fe8487054ff6bca378f3e65aa87d3d197286ac731b95da5bbfc7f287309edf2", kill_on_drop: false }`
[INFO] [stderr]    Compiling collect-once-hashmap v0.2.0 (/opt/rustwide/workdir)
[INFO] [stdout] warning: ambiguous glob re-exports
[INFO] [stdout]   --> src/lib.rs:10:9
[INFO] [stdout]    |
[INFO] [stdout] 10 | pub use hashmap::*;
[INFO] [stdout]    |         ^^^^^^^^^^ the name `Error` in the type namespace is first re-exported here
[INFO] [stdout] ...
[INFO] [stdout] 13 | pub use btreemap::*;
[INFO] [stdout]    |         ----------- but the name `Error` in the type namespace is also re-exported here
[INFO] [stdout]    |
[INFO] [stdout]    = note: `#[warn(ambiguous_glob_reexports)]` on by default
[INFO] [stdout] 
[INFO] [stdout] 
[INFO] [stdout] warning: ambiguous glob re-exports
[INFO] [stdout]   --> src/lib.rs:10:9
[INFO] [stdout]    |
[INFO] [stdout] 10 | pub use hashmap::*;
[INFO] [stdout]    |         ^^^^^^^^^^ the name `Error` in the type namespace is first re-exported here
[INFO] [stdout] ...
[INFO] [stdout] 13 | pub use btreemap::*;
[INFO] [stdout]    |         ----------- but the name `Error` in the type namespace is also re-exported here
[INFO] [stdout]    |
[INFO] [stdout]    = note: `#[warn(ambiguous_glob_reexports)]` on by default
[INFO] [stdout] 
[INFO] [stdout] 
[INFO] [stderr]     Finished `test` profile [unoptimized + debuginfo] target(s) in 0.67s
[INFO] running `Command { std: "docker" "inspect" "8fe8487054ff6bca378f3e65aa87d3d197286ac731b95da5bbfc7f287309edf2", kill_on_drop: false }`
[INFO] running `Command { std: "docker" "rm" "-f" "8fe8487054ff6bca378f3e65aa87d3d197286ac731b95da5bbfc7f287309edf2", kill_on_drop: false }`
[INFO] [stdout] 8fe8487054ff6bca378f3e65aa87d3d197286ac731b95da5bbfc7f287309edf2
[INFO] running `Command { std: "docker" "create" "-v" "/var/lib/crater-agent-workspace/builds/worker-1-tc1/target:/opt/rustwide/target:rw,Z" "-v" "/var/lib/crater-agent-workspace/builds/worker-1-tc1/source:/opt/rustwide/workdir:ro,Z" "-v" "/var/lib/crater-agent-workspace/cargo-home:/opt/rustwide/cargo-home:ro,Z" "-v" "/var/lib/crater-agent-workspace/rustup-home:/opt/rustwide/rustup-home:ro,Z" "-e" "SOURCE_DIR=/opt/rustwide/workdir" "-e" "CARGO_TARGET_DIR=/opt/rustwide/target" "-e" "CARGO_INCREMENTAL=0" "-e" "RUST_BACKTRACE=full" "-e" "RUSTFLAGS=--cap-lints=warn" "-e" "RUSTDOCFLAGS=--cap-lints=warn" "-e" "CARGO_HOME=/opt/rustwide/cargo-home" "-e" "RUSTUP_HOME=/opt/rustwide/rustup-home" "-w" "/opt/rustwide/workdir" "-m" "1610612736" "--user" "0:0" "--network" "none" "ghcr.io/rust-lang/crates-build-env/linux@sha256:f3a9d4ad9d972b27faf3965f35b62e55ba32bbce8f20bc8fe909558a86702fde" "/opt/rustwide/cargo-home/bin/cargo" "+1.83.0" "test" "--frozen", kill_on_drop: false }`
[INFO] [stdout] 4da7dc1428c2a50221ec45e5cd594727d2026a80b8580fb6b69d65efeb9ccc2f
[INFO] running `Command { std: "docker" "start" "-a" "4da7dc1428c2a50221ec45e5cd594727d2026a80b8580fb6b69d65efeb9ccc2f", kill_on_drop: false }`
[INFO] [stderr] warning: ambiguous glob re-exports
[INFO] [stderr]   --> src/lib.rs:10:9
[INFO] [stderr]    |
[INFO] [stderr] 10 | pub use hashmap::*;
[INFO] [stderr]    |         ^^^^^^^^^^ the name `Error` in the type namespace is first re-exported here
[INFO] [stderr] ...
[INFO] [stderr] 13 | pub use btreemap::*;
[INFO] [stderr]    |         ----------- but the name `Error` in the type namespace is also re-exported here
[INFO] [stderr]    |
[INFO] [stderr]    = note: `#[warn(ambiguous_glob_reexports)]` on by default
[INFO] [stderr] 
[INFO] [stderr] warning: `collect-once-hashmap` (lib) generated 1 warning
[INFO] [stderr] warning: `collect-once-hashmap` (lib test) generated 1 warning (1 duplicate)
[INFO] [stderr]     Finished `test` profile [unoptimized + debuginfo] target(s) in 0.03s
[INFO] [stderr]      Running unittests src/lib.rs (/opt/rustwide/target/debug/deps/collect_once_hashmap-947ebbf1eefea9a8)
[INFO] [stdout] 
[INFO] [stdout] running 6 tests
[INFO] [stdout] test btreemap::tests::test_duplicate ... ok
[INFO] [stdout] test btreemap::tests::test_empty ... ok
[INFO] [stdout] test btreemap::tests::test_simple ... ok
[INFO] [stdout] test hashmap::tests::test_duplicate ... ok
[INFO] [stdout] test hashmap::tests::test_empty ... ok
[INFO] [stderr]    Doc-tests collect_once_hashmap
[INFO] [stdout] test hashmap::tests::test_simple ... ok
[INFO] [stdout] 
[INFO] [stdout] test result: ok. 6 passed; 0 failed; 0 ignored; 0 measured; 0 filtered out; finished in 0.00s
[INFO] [stdout] 
[INFO] [stdout] 
[INFO] [stdout] running 1 test
[INFO] [stdout] test src/../README.md - (line 10) ... FAILED
[INFO] [stdout] 
[INFO] [stdout] failures:
[INFO] [stdout] 
[INFO] [stdout] ---- src/../README.md - (line 10) stdout ----
[INFO] [stdout] error[E0432]: unresolved import `collect_once_hashmap::Error`
[INFO] [stdout]  --> src/../README.md:12:48
[INFO] [stdout]   |
[INFO] [stdout] 5 | use collect_once_hashmap::{CollectOnceHashMap, Error};
[INFO] [stdout]   |                                                ^^^^^ no `Error` in the root
[INFO] [stdout]   |
[INFO] [stdout]   = help: consider importing one of these items instead:
[INFO] [stdout]           std::error::Error
[INFO] [stdout]           std::fmt::Error
[INFO] [stdout]           std::io::Error
[INFO] [stdout]           core::error::Error
[INFO] [stdout]           core::fmt::Error
[INFO] [stdout] 
[INFO] [stdout] error[E0412]: cannot find type `CollectOnceBTreeMap` in this scope
[INFO] [stdout]   --> src/../README.md:23:16
[INFO] [stdout]    |
[INFO] [stdout] 16 |     .collect::<CollectOnceBTreeMap<u8, u8>>()
[INFO] [stdout]    |                ^^^^^^^^^^^^^^^^^^^
[INFO] [stdout]    |
[INFO] [stdout]   ::: /opt/rustwide/workdir/src/hashmap.rs:24:1
[INFO] [stdout]    |
[INFO] [stdout] 24 | pub struct CollectOnceHashMap<K, V, S = std::collections::hash_map::RandomState>
[INFO] [stdout]    | -------------------------------------------------------------------------------- similarly named struct `CollectOnceHashMap` defined here
[INFO] [stdout]    |
[INFO] [stdout] help: a struct with a similar name exists
[INFO] [stdout]    |
[INFO] [stdout] 16 |     .collect::<CollectOnceHashMap<u8, u8>>()
[INFO] [stdout]    |                ~~~~~~~~~~~~~~~~~~
[INFO] [stdout] help: consider importing this struct
[INFO] [stdout]    |
[INFO] [stdout] 2  + use collect_once_hashmap::CollectOnceBTreeMap;
[INFO] [stdout]    |
[INFO] [stdout] 
[INFO] [stdout] error: aborting due to 2 previous errors
[INFO] [stdout] 
[INFO] [stdout] Some errors have detailed explanations: E0412, E0432.
[INFO] [stdout] For more information about an error, try `rustc --explain E0412`.
[INFO] [stdout] Couldn't compile the test.
[INFO] [stdout] 
[INFO] [stdout] failures:
[INFO] [stdout]     src/../README.md - (line 10)
[INFO] [stdout] 
[INFO] [stdout] test result: FAILED. 0 passed; 1 failed; 0 ignored; 0 measured; 0 filtered out; finished in 0.09s
[INFO] [stdout] 
[INFO] [stderr] error: doctest failed, to rerun pass `--doc`
[INFO] running `Command { std: "docker" "inspect" "4da7dc1428c2a50221ec45e5cd594727d2026a80b8580fb6b69d65efeb9ccc2f", kill_on_drop: false }`
[INFO] running `Command { std: "docker" "rm" "-f" "4da7dc1428c2a50221ec45e5cd594727d2026a80b8580fb6b69d65efeb9ccc2f", kill_on_drop: false }`
[INFO] [stdout] 4da7dc1428c2a50221ec45e5cd594727d2026a80b8580fb6b69d65efeb9ccc2f
