[INFO] fetching crate cok 0.1.13...
[INFO] testing cok-0.1.13 against beta-2024-12-08 for beta-1.84.0-4-retry
[INFO] extracting crate cok 0.1.13 into /workspace/builds/worker-7-tc2/source
[INFO] validating manifest of crates.io crate cok 0.1.13 on toolchain beta-2024-12-08
[INFO] running `Command { std: CARGO_HOME="/workspace/cargo-home" RUSTUP_HOME="/workspace/rustup-home" "/workspace/cargo-home/bin/cargo" "+beta-2024-12-08" "metadata" "--manifest-path" "Cargo.toml" "--no-deps", kill_on_drop: false }`
[INFO] started tweaking crates.io crate cok 0.1.13
[INFO] finished tweaking crates.io crate cok 0.1.13
[INFO] tweaked toml for crates.io crate cok 0.1.13 written to /workspace/builds/worker-7-tc2/source/Cargo.toml
[INFO] crate crates.io crate cok 0.1.13 already has a lockfile, it will not be regenerated
[INFO] running `Command { std: CARGO_HOME="/workspace/cargo-home" RUSTUP_HOME="/workspace/rustup-home" "/workspace/cargo-home/bin/cargo" "+beta-2024-12-08" "fetch" "--manifest-path" "Cargo.toml", kill_on_drop: false }`
[INFO] [stderr]     Blocking waiting for file lock on package cache
[INFO] [stderr]     Blocking waiting for file lock on package cache
[INFO] running `Command { std: "docker" "create" "-v" "/var/lib/crater-agent-workspace/builds/worker-7-tc2/target:/opt/rustwide/target:rw,Z" "-v" "/var/lib/crater-agent-workspace/builds/worker-7-tc2/source:/opt/rustwide/workdir:ro,Z" "-v" "/var/lib/crater-agent-workspace/cargo-home:/opt/rustwide/cargo-home:ro,Z" "-v" "/var/lib/crater-agent-workspace/rustup-home:/opt/rustwide/rustup-home:ro,Z" "-e" "SOURCE_DIR=/opt/rustwide/workdir" "-e" "CARGO_TARGET_DIR=/opt/rustwide/target" "-e" "CARGO_HOME=/opt/rustwide/cargo-home" "-e" "RUSTUP_HOME=/opt/rustwide/rustup-home" "-w" "/opt/rustwide/workdir" "-m" "1610612736" "--user" "0:0" "--network" "none" "ghcr.io/rust-lang/crates-build-env/linux@sha256:f3a9d4ad9d972b27faf3965f35b62e55ba32bbce8f20bc8fe909558a86702fde" "/opt/rustwide/cargo-home/bin/cargo" "+beta-2024-12-08" "metadata" "--no-deps" "--format-version=1", kill_on_drop: false }`
[INFO] [stdout] e985972d43a0835ab3e46097c333f1f7a9176c20e5df3ab9a4fd8d08e085cecc
[INFO] running `Command { std: "docker" "start" "-a" "e985972d43a0835ab3e46097c333f1f7a9176c20e5df3ab9a4fd8d08e085cecc", kill_on_drop: false }`
[INFO] running `Command { std: "docker" "inspect" "e985972d43a0835ab3e46097c333f1f7a9176c20e5df3ab9a4fd8d08e085cecc", kill_on_drop: false }`
[INFO] running `Command { std: "docker" "rm" "-f" "e985972d43a0835ab3e46097c333f1f7a9176c20e5df3ab9a4fd8d08e085cecc", kill_on_drop: false }`
[INFO] [stdout] e985972d43a0835ab3e46097c333f1f7a9176c20e5df3ab9a4fd8d08e085cecc
[INFO] running `Command { std: "docker" "create" "-v" "/var/lib/crater-agent-workspace/builds/worker-7-tc2/target:/opt/rustwide/target:rw,Z" "-v" "/var/lib/crater-agent-workspace/builds/worker-7-tc2/source:/opt/rustwide/workdir:ro,Z" "-v" "/var/lib/crater-agent-workspace/cargo-home:/opt/rustwide/cargo-home:ro,Z" "-v" "/var/lib/crater-agent-workspace/rustup-home:/opt/rustwide/rustup-home:ro,Z" "-e" "SOURCE_DIR=/opt/rustwide/workdir" "-e" "CARGO_TARGET_DIR=/opt/rustwide/target" "-e" "CARGO_INCREMENTAL=0" "-e" "RUST_BACKTRACE=full" "-e" "RUSTFLAGS=--cap-lints=warn" "-e" "RUSTDOCFLAGS=--cap-lints=warn" "-e" "CARGO_HOME=/opt/rustwide/cargo-home" "-e" "RUSTUP_HOME=/opt/rustwide/rustup-home" "-w" "/opt/rustwide/workdir" "-m" "1610612736" "--user" "0:0" "--network" "none" "ghcr.io/rust-lang/crates-build-env/linux@sha256:f3a9d4ad9d972b27faf3965f35b62e55ba32bbce8f20bc8fe909558a86702fde" "/opt/rustwide/cargo-home/bin/cargo" "+beta-2024-12-08" "build" "--frozen" "--message-format=json", kill_on_drop: false }`
[INFO] [stdout] 9c68e60a6dfe279c63eb97964a7c774f704af0528f4077b3573464da652add58
[INFO] running `Command { std: "docker" "start" "-a" "9c68e60a6dfe279c63eb97964a7c774f704af0528f4077b3573464da652add58", kill_on_drop: false }`
[INFO] [stderr]    Compiling doe v0.1.85
[INFO] [stderr]    Compiling json v0.12.4
[INFO] [stderr]    Compiling cok v0.1.13 (/opt/rustwide/workdir)
[INFO] [stderr]     Finished `dev` profile [unoptimized + debuginfo] target(s) in 1.65s
[INFO] running `Command { std: "docker" "inspect" "9c68e60a6dfe279c63eb97964a7c774f704af0528f4077b3573464da652add58", kill_on_drop: false }`
[INFO] running `Command { std: "docker" "rm" "-f" "9c68e60a6dfe279c63eb97964a7c774f704af0528f4077b3573464da652add58", kill_on_drop: false }`
[INFO] [stdout] 9c68e60a6dfe279c63eb97964a7c774f704af0528f4077b3573464da652add58
[INFO] running `Command { std: "docker" "create" "-v" "/var/lib/crater-agent-workspace/builds/worker-7-tc2/target:/opt/rustwide/target:rw,Z" "-v" "/var/lib/crater-agent-workspace/builds/worker-7-tc2/source:/opt/rustwide/workdir:ro,Z" "-v" "/var/lib/crater-agent-workspace/cargo-home:/opt/rustwide/cargo-home:ro,Z" "-v" "/var/lib/crater-agent-workspace/rustup-home:/opt/rustwide/rustup-home:ro,Z" "-e" "SOURCE_DIR=/opt/rustwide/workdir" "-e" "CARGO_TARGET_DIR=/opt/rustwide/target" "-e" "CARGO_INCREMENTAL=0" "-e" "RUST_BACKTRACE=full" "-e" "RUSTFLAGS=--cap-lints=warn" "-e" "RUSTDOCFLAGS=--cap-lints=warn" "-e" "CARGO_HOME=/opt/rustwide/cargo-home" "-e" "RUSTUP_HOME=/opt/rustwide/rustup-home" "-w" "/opt/rustwide/workdir" "-m" "1610612736" "--user" "0:0" "--network" "none" "ghcr.io/rust-lang/crates-build-env/linux@sha256:f3a9d4ad9d972b27faf3965f35b62e55ba32bbce8f20bc8fe909558a86702fde" "/opt/rustwide/cargo-home/bin/cargo" "+beta-2024-12-08" "test" "--frozen" "--no-run" "--message-format=json", kill_on_drop: false }`
[INFO] [stdout] 3803f1f6b495c38e28a98cccda60204e971d5496af28596b224b924284b5b760
[INFO] running `Command { std: "docker" "start" "-a" "3803f1f6b495c38e28a98cccda60204e971d5496af28596b224b924284b5b760", kill_on_drop: false }`
[INFO] [stderr]    Compiling cok v0.1.13 (/opt/rustwide/workdir)
[INFO] [stderr]     Finished `test` profile [unoptimized + debuginfo] target(s) in 0.51s
[INFO] running `Command { std: "docker" "inspect" "3803f1f6b495c38e28a98cccda60204e971d5496af28596b224b924284b5b760", kill_on_drop: false }`
[INFO] running `Command { std: "docker" "rm" "-f" "3803f1f6b495c38e28a98cccda60204e971d5496af28596b224b924284b5b760", kill_on_drop: false }`
[INFO] [stdout] 3803f1f6b495c38e28a98cccda60204e971d5496af28596b224b924284b5b760
[INFO] running `Command { std: "docker" "create" "-v" "/var/lib/crater-agent-workspace/builds/worker-7-tc2/target:/opt/rustwide/target:rw,Z" "-v" "/var/lib/crater-agent-workspace/builds/worker-7-tc2/source:/opt/rustwide/workdir:ro,Z" "-v" "/var/lib/crater-agent-workspace/cargo-home:/opt/rustwide/cargo-home:ro,Z" "-v" "/var/lib/crater-agent-workspace/rustup-home:/opt/rustwide/rustup-home:ro,Z" "-e" "SOURCE_DIR=/opt/rustwide/workdir" "-e" "CARGO_TARGET_DIR=/opt/rustwide/target" "-e" "CARGO_INCREMENTAL=0" "-e" "RUST_BACKTRACE=full" "-e" "RUSTFLAGS=--cap-lints=warn" "-e" "RUSTDOCFLAGS=--cap-lints=warn" "-e" "CARGO_HOME=/opt/rustwide/cargo-home" "-e" "RUSTUP_HOME=/opt/rustwide/rustup-home" "-w" "/opt/rustwide/workdir" "-m" "1610612736" "--user" "0:0" "--network" "none" "ghcr.io/rust-lang/crates-build-env/linux@sha256:f3a9d4ad9d972b27faf3965f35b62e55ba32bbce8f20bc8fe909558a86702fde" "/opt/rustwide/cargo-home/bin/cargo" "+beta-2024-12-08" "test" "--frozen", kill_on_drop: false }`
[INFO] [stdout] 24466acf935f360dff8fcd239ae257a5ec58f8c7a4ac6d69f330cd8e31af12ce
[INFO] running `Command { std: "docker" "start" "-a" "24466acf935f360dff8fcd239ae257a5ec58f8c7a4ac6d69f330cd8e31af12ce", kill_on_drop: false }`
[INFO] [stderr]     Finished `test` profile [unoptimized + debuginfo] target(s) in 0.01s
[INFO] [stderr]      Running unittests src/lib.rs (/opt/rustwide/target/debug/deps/cok-49669dbf7a877335)
[INFO] [stdout] 
[INFO] [stderr]      Running unittests src/main.rs (/opt/rustwide/target/debug/deps/cok-0402a5b53247127e)
[INFO] [stdout] running 0 tests
[INFO] [stdout] 
[INFO] [stdout] test result: ok. 0 passed; 0 failed; 0 ignored; 0 measured; 0 filtered out; finished in 0.00s
[INFO] [stdout] 
[INFO] [stdout] 
[INFO] [stdout] running 0 tests
[INFO] [stdout] 
[INFO] [stdout] test result: ok. 0 passed; 0 failed; 0 ignored; 0 measured; 0 filtered out; finished in 0.00s
[INFO] [stdout] 
[INFO] [stderr]    Doc-tests cok
[INFO] [stdout] 
[INFO] [stdout] running 1 test
[INFO] [stdout] test src/lib.rs - cli::Cli::new (line 99) ... FAILED
[INFO] [stdout] 
[INFO] [stdout] failures:
[INFO] [stdout] 
[INFO] [stdout] ---- src/lib.rs - cli::Cli::new (line 99) stdout ----
[INFO] [stdout] error[E0599]: no function or associated item named `load_from_json` found for struct `Cli` in the current scope
[INFO] [stdout]    --> src/lib.rs:103:16
[INFO] [stdout]     |
[INFO] [stdout] 6   | let cli = Cli::load_from_json(r#"
[INFO] [stdout]     |                ^^^^^^^^^^^^^^ function or associated item not found in `Cli`
[INFO] [stdout]     |
[INFO] [stdout] note: if you're trying to build a new `Cli`, consider using `Cli::new` which returns `Cli`
[INFO] [stdout]    --> /opt/rustwide/workdir/src/lib.rs:127:9
[INFO] [stdout]     |
[INFO] [stdout] 127 |         pub fn new(json:impl ToString) -> Self {
[INFO] [stdout]     |         ^^^^^^^^^^^^^^^^^^^^^^^^^^^^^^^^^^^^^^
[INFO] [stdout] 
[INFO] [stdout] error: aborting due to 1 previous error
[INFO] [stdout] 
[INFO] [stdout] For more information about this error, try `rustc --explain E0599`.
[INFO] [stdout] Couldn't compile the test.
[INFO] [stdout] 
[INFO] [stdout] failures:
[INFO] [stdout]     src/lib.rs - cli::Cli::new (line 99)
[INFO] [stdout] 
[INFO] [stdout] test result: FAILED. 0 passed; 1 failed; 0 ignored; 0 measured; 0 filtered out; finished in 0.09s
[INFO] [stdout] 
[INFO] [stderr] error: doctest failed, to rerun pass `--doc`
[INFO] running `Command { std: "docker" "inspect" "24466acf935f360dff8fcd239ae257a5ec58f8c7a4ac6d69f330cd8e31af12ce", kill_on_drop: false }`
[INFO] running `Command { std: "docker" "rm" "-f" "24466acf935f360dff8fcd239ae257a5ec58f8c7a4ac6d69f330cd8e31af12ce", kill_on_drop: false }`
[INFO] [stdout] 24466acf935f360dff8fcd239ae257a5ec58f8c7a4ac6d69f330cd8e31af12ce
