[INFO] fetching crate cogno-attr 0.1.0...
[INFO] testing cogno-attr-0.1.0 against 1.83.0 for beta-1.84.0-4-retry
[INFO] extracting crate cogno-attr 0.1.0 into /workspace/builds/worker-2-tc1/source
[INFO] validating manifest of crates.io crate cogno-attr 0.1.0 on toolchain 1.83.0
[INFO] running `Command { std: CARGO_HOME="/workspace/cargo-home" RUSTUP_HOME="/workspace/rustup-home" "/workspace/cargo-home/bin/cargo" "+1.83.0" "metadata" "--manifest-path" "Cargo.toml" "--no-deps", kill_on_drop: false }`
[INFO] started tweaking crates.io crate cogno-attr 0.1.0
[INFO] finished tweaking crates.io crate cogno-attr 0.1.0
[INFO] tweaked toml for crates.io crate cogno-attr 0.1.0 written to /workspace/builds/worker-2-tc1/source/Cargo.toml
[INFO] running `Command { std: CARGO_HOME="/workspace/cargo-home" RUSTUP_HOME="/workspace/rustup-home" "/workspace/cargo-home/bin/cargo" "+1.83.0" "generate-lockfile" "--manifest-path" "Cargo.toml", kill_on_drop: false }`
[INFO] [stderr]     Updating crates.io index
[INFO] [stderr]      Locking 12 packages to latest compatible versions
[INFO] [stderr]       Adding itertools v0.10.5 (available: v0.13.0)
[INFO] running `Command { std: CARGO_HOME="/workspace/cargo-home" RUSTUP_HOME="/workspace/rustup-home" "/workspace/cargo-home/bin/cargo" "+1.83.0" "fetch" "--manifest-path" "Cargo.toml", kill_on_drop: false }`
[INFO] running `Command { std: "docker" "create" "-v" "/var/lib/crater-agent-workspace/builds/worker-2-tc1/target:/opt/rustwide/target:rw,Z" "-v" "/var/lib/crater-agent-workspace/builds/worker-2-tc1/source:/opt/rustwide/workdir:ro,Z" "-v" "/var/lib/crater-agent-workspace/cargo-home:/opt/rustwide/cargo-home:ro,Z" "-v" "/var/lib/crater-agent-workspace/rustup-home:/opt/rustwide/rustup-home:ro,Z" "-e" "SOURCE_DIR=/opt/rustwide/workdir" "-e" "CARGO_TARGET_DIR=/opt/rustwide/target" "-e" "CARGO_HOME=/opt/rustwide/cargo-home" "-e" "RUSTUP_HOME=/opt/rustwide/rustup-home" "-w" "/opt/rustwide/workdir" "-m" "1610612736" "--user" "0:0" "--network" "none" "ghcr.io/rust-lang/crates-build-env/linux@sha256:f3a9d4ad9d972b27faf3965f35b62e55ba32bbce8f20bc8fe909558a86702fde" "/opt/rustwide/cargo-home/bin/cargo" "+1.83.0" "metadata" "--no-deps" "--format-version=1", kill_on_drop: false }`
[INFO] [stdout] 227a8b8578d74ebe7b3a74e4cce191f436a0c8e24b7e3d28f2a76edac1f4497c
[INFO] running `Command { std: "docker" "start" "-a" "227a8b8578d74ebe7b3a74e4cce191f436a0c8e24b7e3d28f2a76edac1f4497c", kill_on_drop: false }`
[INFO] running `Command { std: "docker" "inspect" "227a8b8578d74ebe7b3a74e4cce191f436a0c8e24b7e3d28f2a76edac1f4497c", kill_on_drop: false }`
[INFO] running `Command { std: "docker" "rm" "-f" "227a8b8578d74ebe7b3a74e4cce191f436a0c8e24b7e3d28f2a76edac1f4497c", kill_on_drop: false }`
[INFO] [stdout] 227a8b8578d74ebe7b3a74e4cce191f436a0c8e24b7e3d28f2a76edac1f4497c
[INFO] running `Command { std: "docker" "create" "-v" "/var/lib/crater-agent-workspace/builds/worker-2-tc1/target:/opt/rustwide/target:rw,Z" "-v" "/var/lib/crater-agent-workspace/builds/worker-2-tc1/source:/opt/rustwide/workdir:ro,Z" "-v" "/var/lib/crater-agent-workspace/cargo-home:/opt/rustwide/cargo-home:ro,Z" "-v" "/var/lib/crater-agent-workspace/rustup-home:/opt/rustwide/rustup-home:ro,Z" "-e" "SOURCE_DIR=/opt/rustwide/workdir" "-e" "CARGO_TARGET_DIR=/opt/rustwide/target" "-e" "CARGO_INCREMENTAL=0" "-e" "RUST_BACKTRACE=full" "-e" "RUSTFLAGS=--cap-lints=warn" "-e" "RUSTDOCFLAGS=--cap-lints=warn" "-e" "CARGO_HOME=/opt/rustwide/cargo-home" "-e" "RUSTUP_HOME=/opt/rustwide/rustup-home" "-w" "/opt/rustwide/workdir" "-m" "1610612736" "--user" "0:0" "--network" "none" "ghcr.io/rust-lang/crates-build-env/linux@sha256:f3a9d4ad9d972b27faf3965f35b62e55ba32bbce8f20bc8fe909558a86702fde" "/opt/rustwide/cargo-home/bin/cargo" "+1.83.0" "build" "--frozen" "--message-format=json", kill_on_drop: false }`
[INFO] [stdout] 829c142662d658a21d8f04bf806a497794196c459aa297116836944f194cfd69
[INFO] running `Command { std: "docker" "start" "-a" "829c142662d658a21d8f04bf806a497794196c459aa297116836944f194cfd69", kill_on_drop: false }`
[INFO] [stderr]    Compiling proc-macro2 v1.0.92
[INFO] [stderr]    Compiling unicode-ident v1.0.14
[INFO] [stderr]    Compiling serde v1.0.216
[INFO] [stderr]    Compiling serde_json v1.0.133
[INFO] [stderr]    Compiling itoa v1.0.14
[INFO] [stderr]    Compiling either v1.13.0
[INFO] [stderr]    Compiling memchr v2.7.4
[INFO] [stderr]    Compiling ryu v1.0.18
[INFO] [stderr]    Compiling itertools v0.10.5
[INFO] [stderr]    Compiling quote v1.0.37
[INFO] [stderr]    Compiling syn v2.0.90
[INFO] [stderr]    Compiling serde_derive v1.0.216
[INFO] [stderr]    Compiling cogno-attr v0.1.0 (/opt/rustwide/workdir)
[INFO] [stderr]     Finished `dev` profile [unoptimized + debuginfo] target(s) in 13.62s
[INFO] running `Command { std: "docker" "inspect" "829c142662d658a21d8f04bf806a497794196c459aa297116836944f194cfd69", kill_on_drop: false }`
[INFO] running `Command { std: "docker" "rm" "-f" "829c142662d658a21d8f04bf806a497794196c459aa297116836944f194cfd69", kill_on_drop: false }`
[INFO] [stdout] 829c142662d658a21d8f04bf806a497794196c459aa297116836944f194cfd69
[INFO] running `Command { std: "docker" "create" "-v" "/var/lib/crater-agent-workspace/builds/worker-2-tc1/target:/opt/rustwide/target:rw,Z" "-v" "/var/lib/crater-agent-workspace/builds/worker-2-tc1/source:/opt/rustwide/workdir:ro,Z" "-v" "/var/lib/crater-agent-workspace/cargo-home:/opt/rustwide/cargo-home:ro,Z" "-v" "/var/lib/crater-agent-workspace/rustup-home:/opt/rustwide/rustup-home:ro,Z" "-e" "SOURCE_DIR=/opt/rustwide/workdir" "-e" "CARGO_TARGET_DIR=/opt/rustwide/target" "-e" "CARGO_INCREMENTAL=0" "-e" "RUST_BACKTRACE=full" "-e" "RUSTFLAGS=--cap-lints=warn" "-e" "RUSTDOCFLAGS=--cap-lints=warn" "-e" "CARGO_HOME=/opt/rustwide/cargo-home" "-e" "RUSTUP_HOME=/opt/rustwide/rustup-home" "-w" "/opt/rustwide/workdir" "-m" "1610612736" "--user" "0:0" "--network" "none" "ghcr.io/rust-lang/crates-build-env/linux@sha256:f3a9d4ad9d972b27faf3965f35b62e55ba32bbce8f20bc8fe909558a86702fde" "/opt/rustwide/cargo-home/bin/cargo" "+1.83.0" "test" "--frozen" "--no-run" "--message-format=json", kill_on_drop: false }`
[INFO] [stdout] efb60a7bed9748ebafcca0144be934dd0f9698600a79d9fb2f4903b217cbc50e
[INFO] running `Command { std: "docker" "start" "-a" "efb60a7bed9748ebafcca0144be934dd0f9698600a79d9fb2f4903b217cbc50e", kill_on_drop: false }`
[INFO] [stderr]    Compiling cogno-attr v0.1.0 (/opt/rustwide/workdir)
[INFO] [stderr]     Finished `test` profile [unoptimized + debuginfo] target(s) in 0.80s
[INFO] running `Command { std: "docker" "inspect" "efb60a7bed9748ebafcca0144be934dd0f9698600a79d9fb2f4903b217cbc50e", kill_on_drop: false }`
[INFO] running `Command { std: "docker" "rm" "-f" "efb60a7bed9748ebafcca0144be934dd0f9698600a79d9fb2f4903b217cbc50e", kill_on_drop: false }`
[INFO] [stdout] efb60a7bed9748ebafcca0144be934dd0f9698600a79d9fb2f4903b217cbc50e
[INFO] running `Command { std: "docker" "create" "-v" "/var/lib/crater-agent-workspace/builds/worker-2-tc1/target:/opt/rustwide/target:rw,Z" "-v" "/var/lib/crater-agent-workspace/builds/worker-2-tc1/source:/opt/rustwide/workdir:ro,Z" "-v" "/var/lib/crater-agent-workspace/cargo-home:/opt/rustwide/cargo-home:ro,Z" "-v" "/var/lib/crater-agent-workspace/rustup-home:/opt/rustwide/rustup-home:ro,Z" "-e" "SOURCE_DIR=/opt/rustwide/workdir" "-e" "CARGO_TARGET_DIR=/opt/rustwide/target" "-e" "CARGO_INCREMENTAL=0" "-e" "RUST_BACKTRACE=full" "-e" "RUSTFLAGS=--cap-lints=warn" "-e" "RUSTDOCFLAGS=--cap-lints=warn" "-e" "CARGO_HOME=/opt/rustwide/cargo-home" "-e" "RUSTUP_HOME=/opt/rustwide/rustup-home" "-w" "/opt/rustwide/workdir" "-m" "1610612736" "--user" "0:0" "--network" "none" "ghcr.io/rust-lang/crates-build-env/linux@sha256:f3a9d4ad9d972b27faf3965f35b62e55ba32bbce8f20bc8fe909558a86702fde" "/opt/rustwide/cargo-home/bin/cargo" "+1.83.0" "test" "--frozen", kill_on_drop: false }`
[INFO] [stdout] e59ec45b019e638624a0e7706a090f9c2e6bad882d9051b6f7bfb3c3e118bd1a
[INFO] running `Command { std: "docker" "start" "-a" "e59ec45b019e638624a0e7706a090f9c2e6bad882d9051b6f7bfb3c3e118bd1a", kill_on_drop: false }`
[INFO] [stderr]     Finished `test` profile [unoptimized + debuginfo] target(s) in 0.04s
[INFO] [stderr]      Running unittests src/lib.rs (/opt/rustwide/target/debug/deps/cogno_attr-d852896759cd8808)
[INFO] [stdout] 
[INFO] [stdout] running 0 tests
[INFO] [stdout] 
[INFO] [stdout] test result: ok. 0 passed; 0 failed; 0 ignored; 0 measured; 0 filtered out; finished in 0.00s
[INFO] [stdout] 
[INFO] [stderr]    Doc-tests cogno_attr
[INFO] [stdout] 
[INFO] [stdout] running 3 tests
[INFO] [stdout] test src/lib.rs - cogno_main (line 218) ... FAILED
[INFO] [stdout] test src/lib.rs - cogno_test (line 23) ... FAILED
[INFO] [stdout] test src/lib.rs - cogno_test (line 16) ... FAILED
[INFO] [stdout] 
[INFO] [stdout] failures:
[INFO] [stdout] 
[INFO] [stdout] ---- src/lib.rs - cogno_main (line 218) stdout ----
[INFO] [stdout] error: cannot find attribute `cogno_main` in this scope
[INFO] [stdout]  --> src/lib.rs:219:3
[INFO] [stdout]   |
[INFO] [stdout] 2 | #[cogno_main]
[INFO] [stdout]   |   ^^^^^^^^^^
[INFO] [stdout]   |
[INFO] [stdout] help: a built-in attribute with a similar name exists
[INFO] [stdout]   |
[INFO] [stdout] 2 | #[no_main]
[INFO] [stdout]   |   ~~~~~~~
[INFO] [stdout] help: consider importing this attribute macro
[INFO] [stdout]   |
[INFO] [stdout] 2 + use cogno_attr::cogno_main;
[INFO] [stdout]   |
[INFO] [stdout] 
[INFO] [stdout] error: aborting due to 1 previous error
[INFO] [stdout] 
[INFO] [stdout] Couldn't compile the test.
[INFO] [stdout] ---- src/lib.rs - cogno_test (line 23) stdout ----
[INFO] [stdout] error: cannot find attribute `cogno_test` in this scope
[INFO] [stdout]  --> src/lib.rs:24:3
[INFO] [stdout]   |
[INFO] [stdout] 3 | #[cogno_test]
[INFO] [stdout]   |   ^^^^^^^^^^
[INFO] [stdout]   |
[INFO] [stdout] help: consider importing this attribute macro
[INFO] [stdout]   |
[INFO] [stdout] 2 + use cogno_attr::cogno_test;
[INFO] [stdout]   |
[INFO] [stdout] 
[INFO] [stdout] error: aborting due to 1 previous error
[INFO] [stdout] 
[INFO] [stdout] Couldn't compile the test.
[INFO] [stdout] ---- src/lib.rs - cogno_test (line 16) stdout ----
[INFO] [stdout] error: cannot find attribute `cogno_test` in this scope
[INFO] [stdout]  --> src/lib.rs:17:3
[INFO] [stdout]   |
[INFO] [stdout] 3 | #[cogno_test(spec = "rfc-1034")]
[INFO] [stdout]   |   ^^^^^^^^^^
[INFO] [stdout]   |
[INFO] [stdout] help: consider importing this attribute macro
[INFO] [stdout]   |
[INFO] [stdout] 2 + use cogno_attr::cogno_test;
[INFO] [stdout]   |
[INFO] [stdout] 
[INFO] [stdout] error: aborting due to 1 previous error
[INFO] [stdout] 
[INFO] [stdout] Couldn't compile the test.
[INFO] [stdout] 
[INFO] [stdout] failures:
[INFO] [stdout]     src/lib.rs - cogno_main (line 218)
[INFO] [stdout]     src/lib.rs - cogno_test (line 16)
[INFO] [stdout]     src/lib.rs - cogno_test (line 23)
[INFO] [stdout] 
[INFO] [stdout] test result: FAILED. 0 passed; 3 failed; 0 ignored; 0 measured; 0 filtered out; finished in 0.18s
[INFO] [stdout] 
[INFO] [stderr] error: doctest failed, to rerun pass `--doc`
[INFO] running `Command { std: "docker" "inspect" "e59ec45b019e638624a0e7706a090f9c2e6bad882d9051b6f7bfb3c3e118bd1a", kill_on_drop: false }`
[INFO] running `Command { std: "docker" "rm" "-f" "e59ec45b019e638624a0e7706a090f9c2e6bad882d9051b6f7bfb3c3e118bd1a", kill_on_drop: false }`
[INFO] [stdout] e59ec45b019e638624a0e7706a090f9c2e6bad882d9051b6f7bfb3c3e118bd1a
