[INFO] fetching crate codl 0.1.1...
[INFO] testing codl-0.1.1 against beta-2024-12-08 for beta-1.84.0-4-retry
[INFO] extracting crate codl 0.1.1 into /workspace/builds/worker-2-tc2/source
[INFO] validating manifest of crates.io crate codl 0.1.1 on toolchain beta-2024-12-08
[INFO] running `Command { std: CARGO_HOME="/workspace/cargo-home" RUSTUP_HOME="/workspace/rustup-home" "/workspace/cargo-home/bin/cargo" "+beta-2024-12-08" "metadata" "--manifest-path" "Cargo.toml" "--no-deps", kill_on_drop: false }`
[INFO] started tweaking crates.io crate codl 0.1.1
[INFO] finished tweaking crates.io crate codl 0.1.1
[INFO] tweaked toml for crates.io crate codl 0.1.1 written to /workspace/builds/worker-2-tc2/source/Cargo.toml
[INFO] running `Command { std: CARGO_HOME="/workspace/cargo-home" RUSTUP_HOME="/workspace/rustup-home" "/workspace/cargo-home/bin/cargo" "+beta-2024-12-08" "generate-lockfile" "--manifest-path" "Cargo.toml", kill_on_drop: false }`
[INFO] [stderr]     Updating crates.io index
[INFO] [stderr]     Blocking waiting for file lock on package cache
[INFO] [stderr]      Locking 176 packages to latest compatible versions
[INFO] running `Command { std: CARGO_HOME="/workspace/cargo-home" RUSTUP_HOME="/workspace/rustup-home" "/workspace/cargo-home/bin/cargo" "+beta-2024-12-08" "fetch" "--manifest-path" "Cargo.toml", kill_on_drop: false }`
[INFO] [stderr]     Blocking waiting for file lock on package cache
[INFO] running `Command { std: "docker" "create" "-v" "/var/lib/crater-agent-workspace/builds/worker-2-tc2/target:/opt/rustwide/target:rw,Z" "-v" "/var/lib/crater-agent-workspace/builds/worker-2-tc2/source:/opt/rustwide/workdir:ro,Z" "-v" "/var/lib/crater-agent-workspace/cargo-home:/opt/rustwide/cargo-home:ro,Z" "-v" "/var/lib/crater-agent-workspace/rustup-home:/opt/rustwide/rustup-home:ro,Z" "-e" "SOURCE_DIR=/opt/rustwide/workdir" "-e" "CARGO_TARGET_DIR=/opt/rustwide/target" "-e" "CARGO_HOME=/opt/rustwide/cargo-home" "-e" "RUSTUP_HOME=/opt/rustwide/rustup-home" "-w" "/opt/rustwide/workdir" "-m" "1610612736" "--user" "0:0" "--network" "none" "ghcr.io/rust-lang/crates-build-env/linux@sha256:f3a9d4ad9d972b27faf3965f35b62e55ba32bbce8f20bc8fe909558a86702fde" "/opt/rustwide/cargo-home/bin/cargo" "+beta-2024-12-08" "metadata" "--no-deps" "--format-version=1", kill_on_drop: false }`
[INFO] [stdout] 08adb5fae939914112b55639bb02bebb55b4761bb2c2f51d82ef50a15828ab4f
[INFO] running `Command { std: "docker" "start" "-a" "08adb5fae939914112b55639bb02bebb55b4761bb2c2f51d82ef50a15828ab4f", kill_on_drop: false }`
[INFO] running `Command { std: "docker" "inspect" "08adb5fae939914112b55639bb02bebb55b4761bb2c2f51d82ef50a15828ab4f", kill_on_drop: false }`
[INFO] running `Command { std: "docker" "rm" "-f" "08adb5fae939914112b55639bb02bebb55b4761bb2c2f51d82ef50a15828ab4f", kill_on_drop: false }`
[INFO] [stdout] 08adb5fae939914112b55639bb02bebb55b4761bb2c2f51d82ef50a15828ab4f
[INFO] running `Command { std: "docker" "create" "-v" "/var/lib/crater-agent-workspace/builds/worker-2-tc2/target:/opt/rustwide/target:rw,Z" "-v" "/var/lib/crater-agent-workspace/builds/worker-2-tc2/source:/opt/rustwide/workdir:ro,Z" "-v" "/var/lib/crater-agent-workspace/cargo-home:/opt/rustwide/cargo-home:ro,Z" "-v" "/var/lib/crater-agent-workspace/rustup-home:/opt/rustwide/rustup-home:ro,Z" "-e" "SOURCE_DIR=/opt/rustwide/workdir" "-e" "CARGO_TARGET_DIR=/opt/rustwide/target" "-e" "CARGO_INCREMENTAL=0" "-e" "RUST_BACKTRACE=full" "-e" "RUSTFLAGS=--cap-lints=warn" "-e" "RUSTDOCFLAGS=--cap-lints=warn" "-e" "CARGO_HOME=/opt/rustwide/cargo-home" "-e" "RUSTUP_HOME=/opt/rustwide/rustup-home" "-w" "/opt/rustwide/workdir" "-m" "1610612736" "--user" "0:0" "--network" "none" "ghcr.io/rust-lang/crates-build-env/linux@sha256:f3a9d4ad9d972b27faf3965f35b62e55ba32bbce8f20bc8fe909558a86702fde" "/opt/rustwide/cargo-home/bin/cargo" "+beta-2024-12-08" "build" "--frozen" "--message-format=json", kill_on_drop: false }`
[INFO] [stdout] d7427e0cb1c19f883bb469fe6ca2b7eb8aad145c24725020570f7fbc32ea81ca
[INFO] running `Command { std: "docker" "start" "-a" "d7427e0cb1c19f883bb469fe6ca2b7eb8aad145c24725020570f7fbc32ea81ca", kill_on_drop: false }`
[INFO] [stderr]    Compiling syn v2.0.90
[INFO] [stderr]    Compiling fnv v1.0.7
[INFO] [stderr]    Compiling stable_deref_trait v1.2.0
[INFO] [stderr]    Compiling shlex v1.3.0
[INFO] [stderr]    Compiling futures-core v0.3.31
[INFO] [stderr]    Compiling vcpkg v0.2.15
[INFO] [stderr]    Compiling pkg-config v0.3.31
[INFO] [stderr]    Compiling litemap v0.7.4
[INFO] [stderr]    Compiling writeable v0.5.5
[INFO] [stderr]    Compiling smallvec v1.13.2
[INFO] [stderr]    Compiling slab v0.4.9
[INFO] [stderr]    Compiling icu_locid_transform_data v1.5.0
[INFO] [stderr]    Compiling tracing-core v0.1.33
[INFO] [stderr]    Compiling icu_properties_data v1.5.0
[INFO] [stderr]    Compiling mio v1.0.3
[INFO] [stderr]    Compiling socket2 v0.5.8
[INFO] [stderr]    Compiling http v1.2.0
[INFO] [stderr]    Compiling futures-task v0.3.31
[INFO] [stderr]    Compiling foreign-types-shared v0.1.1
[INFO] [stderr]    Compiling hashbrown v0.15.2
[INFO] [stderr]    Compiling futures-sink v0.3.31
[INFO] [stderr]    Compiling pin-utils v0.1.0
[INFO] [stderr]    Compiling openssl v0.10.68
[INFO] [stderr]    Compiling equivalent v1.0.1
[INFO] [stderr]    Compiling httparse v1.9.5
[INFO] [stderr]    Compiling cc v1.2.4
[INFO] [stderr]    Compiling futures-util v0.3.31
[INFO] [stderr]    Compiling foreign-types v0.3.2
[INFO] [stderr]    Compiling atomic-waker v1.1.2
[INFO] [stderr]    Compiling write16 v1.0.0
[INFO] [stderr]    Compiling native-tls v0.2.12
[INFO] [stderr]    Compiling bitflags v2.6.0
[INFO] [stderr]    Compiling utf16_iter v1.0.5
[INFO] [stderr]    Compiling tokio v1.42.0
[INFO] [stderr]    Compiling tracing v0.1.41
[INFO] [stderr]    Compiling utf8_iter v1.0.4
[INFO] [stderr]    Compiling ident_case v1.0.1
[INFO] [stderr]    Compiling strsim v0.11.1
[INFO] [stderr]    Compiling icu_normalizer_data v1.5.0
[INFO] [stderr]    Compiling try-lock v0.2.5
[INFO] [stderr]    Compiling futures-channel v0.3.31
[INFO] [stderr]    Compiling want v0.3.1
[INFO] [stderr]    Compiling openssl-probe v0.1.5
[INFO] [stderr]    Compiling percent-encoding v2.3.1
[INFO] [stderr]    Compiling log v0.4.22
[INFO] [stderr]    Compiling tower-service v0.3.3
[INFO] [stderr]    Compiling rustls-pki-types v1.10.1
[INFO] [stderr]    Compiling http-body v1.0.1
[INFO] [stderr]    Compiling sync_wrapper v1.0.2
[INFO] [stderr]    Compiling encoding_rs v0.8.35
[INFO] [stderr]    Compiling form_urlencoded v1.2.1
[INFO] [stderr]    Compiling ipnet v2.10.1
[INFO] [stderr]    Compiling base64 v0.22.1
[INFO] [stderr]    Compiling indexmap v2.7.0
[INFO] [stderr]    Compiling mime v0.3.17
[INFO] [stderr]    Compiling rustls-pemfile v2.2.0
[INFO] [stderr]    Compiling openssl-sys v0.9.104
[INFO] [stderr]    Compiling http-body-util v0.1.2
[INFO] [stderr]    Compiling tokio-util v0.7.13
[INFO] [stderr]    Compiling synstructure v0.13.1
[INFO] [stderr]    Compiling darling_core v0.20.10
[INFO] [stderr]    Compiling h2 v0.4.7
[INFO] [stderr]    Compiling zerofrom-derive v0.1.5
[INFO] [stderr]    Compiling yoke-derive v0.7.5
[INFO] [stderr]    Compiling zerovec-derive v0.10.3
[INFO] [stderr]    Compiling displaydoc v0.2.5
[INFO] [stderr]    Compiling icu_provider_macros v1.5.0
[INFO] [stderr]    Compiling serde_derive v1.0.216
[INFO] [stderr]    Compiling openssl-macros v0.1.1
[INFO] [stderr]    Compiling zerofrom v0.1.5
[INFO] [stderr]    Compiling yoke v0.7.5
[INFO] [stderr]    Compiling darling_macro v0.20.10
[INFO] [stderr]    Compiling zerovec v0.10.4
[INFO] [stderr]    Compiling darling v0.20.10
[INFO] [stderr]    Compiling serde_with_macros v3.11.0
[INFO] [stderr]    Compiling tinystr v0.7.6
[INFO] [stderr]    Compiling icu_collections v1.5.0
[INFO] [stderr]    Compiling serde v1.0.216
[INFO] [stderr]    Compiling icu_locid v1.5.0
[INFO] [stderr]    Compiling hyper v1.5.1
[INFO] [stderr]    Compiling icu_provider v1.5.0
[INFO] [stderr]    Compiling icu_locid_transform v1.5.0
[INFO] [stderr]    Compiling tokio-native-tls v0.3.1
[INFO] [stderr]    Compiling hyper-util v0.1.10
[INFO] [stderr]    Compiling icu_properties v1.5.1
[INFO] [stderr]    Compiling hyper-tls v0.6.0
[INFO] [stderr]    Compiling serde_urlencoded v0.7.1
[INFO] [stderr]    Compiling serde_json v1.0.133
[INFO] [stderr]    Compiling serde_with v3.11.0
[INFO] [stderr]    Compiling icu_normalizer v1.5.0
[INFO] [stderr]    Compiling idna_adapter v1.2.0
[INFO] [stderr]    Compiling idna v1.0.3
[INFO] [stderr]    Compiling url v2.5.4
[INFO] [stderr]    Compiling reqwest v0.12.9
[INFO] [stderr]    Compiling codl v0.1.1 (/opt/rustwide/workdir)
[INFO] [stderr]     Finished `dev` profile [unoptimized + debuginfo] target(s) in 26.31s
[INFO] running `Command { std: "docker" "inspect" "d7427e0cb1c19f883bb469fe6ca2b7eb8aad145c24725020570f7fbc32ea81ca", kill_on_drop: false }`
[INFO] running `Command { std: "docker" "rm" "-f" "d7427e0cb1c19f883bb469fe6ca2b7eb8aad145c24725020570f7fbc32ea81ca", kill_on_drop: false }`
[INFO] [stdout] d7427e0cb1c19f883bb469fe6ca2b7eb8aad145c24725020570f7fbc32ea81ca
[INFO] running `Command { std: "docker" "create" "-v" "/var/lib/crater-agent-workspace/builds/worker-2-tc2/target:/opt/rustwide/target:rw,Z" "-v" "/var/lib/crater-agent-workspace/builds/worker-2-tc2/source:/opt/rustwide/workdir:ro,Z" "-v" "/var/lib/crater-agent-workspace/cargo-home:/opt/rustwide/cargo-home:ro,Z" "-v" "/var/lib/crater-agent-workspace/rustup-home:/opt/rustwide/rustup-home:ro,Z" "-e" "SOURCE_DIR=/opt/rustwide/workdir" "-e" "CARGO_TARGET_DIR=/opt/rustwide/target" "-e" "CARGO_INCREMENTAL=0" "-e" "RUST_BACKTRACE=full" "-e" "RUSTFLAGS=--cap-lints=warn" "-e" "RUSTDOCFLAGS=--cap-lints=warn" "-e" "CARGO_HOME=/opt/rustwide/cargo-home" "-e" "RUSTUP_HOME=/opt/rustwide/rustup-home" "-w" "/opt/rustwide/workdir" "-m" "1610612736" "--user" "0:0" "--network" "none" "ghcr.io/rust-lang/crates-build-env/linux@sha256:f3a9d4ad9d972b27faf3965f35b62e55ba32bbce8f20bc8fe909558a86702fde" "/opt/rustwide/cargo-home/bin/cargo" "+beta-2024-12-08" "test" "--frozen" "--no-run" "--message-format=json", kill_on_drop: false }`
[INFO] [stdout] c6cd4e1595e5ecadb123575bbca49b89344ff43f86318c354a7601808ed73a1a
[INFO] running `Command { std: "docker" "start" "-a" "c6cd4e1595e5ecadb123575bbca49b89344ff43f86318c354a7601808ed73a1a", kill_on_drop: false }`
[INFO] [stderr]    Compiling tokio-macros v2.4.0
[INFO] [stderr]    Compiling tokio v1.42.0
[INFO] [stderr]    Compiling tokio-util v0.7.13
[INFO] [stderr]    Compiling tokio-native-tls v0.3.1
[INFO] [stderr]    Compiling h2 v0.4.7
[INFO] [stderr]    Compiling hyper v1.5.1
[INFO] [stderr]    Compiling hyper-util v0.1.10
[INFO] [stderr]    Compiling hyper-tls v0.6.0
[INFO] [stderr]    Compiling reqwest v0.12.9
[INFO] [stderr]    Compiling codl v0.1.1 (/opt/rustwide/workdir)
[INFO] [stderr]     Finished `test` profile [unoptimized + debuginfo] target(s) in 16.66s
[INFO] running `Command { std: "docker" "inspect" "c6cd4e1595e5ecadb123575bbca49b89344ff43f86318c354a7601808ed73a1a", kill_on_drop: false }`
[INFO] running `Command { std: "docker" "rm" "-f" "c6cd4e1595e5ecadb123575bbca49b89344ff43f86318c354a7601808ed73a1a", kill_on_drop: false }`
[INFO] [stdout] c6cd4e1595e5ecadb123575bbca49b89344ff43f86318c354a7601808ed73a1a
[INFO] running `Command { std: "docker" "create" "-v" "/var/lib/crater-agent-workspace/builds/worker-2-tc2/target:/opt/rustwide/target:rw,Z" "-v" "/var/lib/crater-agent-workspace/builds/worker-2-tc2/source:/opt/rustwide/workdir:ro,Z" "-v" "/var/lib/crater-agent-workspace/cargo-home:/opt/rustwide/cargo-home:ro,Z" "-v" "/var/lib/crater-agent-workspace/rustup-home:/opt/rustwide/rustup-home:ro,Z" "-e" "SOURCE_DIR=/opt/rustwide/workdir" "-e" "CARGO_TARGET_DIR=/opt/rustwide/target" "-e" "CARGO_INCREMENTAL=0" "-e" "RUST_BACKTRACE=full" "-e" "RUSTFLAGS=--cap-lints=warn" "-e" "RUSTDOCFLAGS=--cap-lints=warn" "-e" "CARGO_HOME=/opt/rustwide/cargo-home" "-e" "RUSTUP_HOME=/opt/rustwide/rustup-home" "-w" "/opt/rustwide/workdir" "-m" "1610612736" "--user" "0:0" "--network" "none" "ghcr.io/rust-lang/crates-build-env/linux@sha256:f3a9d4ad9d972b27faf3965f35b62e55ba32bbce8f20bc8fe909558a86702fde" "/opt/rustwide/cargo-home/bin/cargo" "+beta-2024-12-08" "test" "--frozen", kill_on_drop: false }`
[INFO] [stdout] 6ac3760286068a670fa77607ead88357f8eb107e64b5dc69a25f1ec945d058ae
[INFO] running `Command { std: "docker" "start" "-a" "6ac3760286068a670fa77607ead88357f8eb107e64b5dc69a25f1ec945d058ae", kill_on_drop: false }`
[INFO] [stderr]     Finished `test` profile [unoptimized + debuginfo] target(s) in 0.18s
[INFO] [stderr]      Running unittests src/lib.rs (/opt/rustwide/target/debug/deps/codl-e4cfba76b1f62c26)
[INFO] [stdout] 
[INFO] [stdout] running 2 tests
[INFO] [stdout] test tests::test_integration_process ... FAILED
[INFO] [stdout] test tests::test_integration_info_is_ok ... FAILED
[INFO] [stdout] 
[INFO] [stdout] failures:
[INFO] [stdout] 
[INFO] [stdout] ---- tests::test_integration_process stdout ----
[INFO] [stdout] {"url":"https://twitter.com/i/status/1825427547108053062"}
[INFO] [stdout] Error: reqwest::Error { kind: Request, url: "http://127.0.0.1:9000/", source: hyper_util::client::legacy::Error(Connect, ConnectError("tcp connect error", Os { code: 111, kind: ConnectionRefused, message: "Connection refused" })) }
[INFO] [stdout] 
[INFO] [stdout] ---- tests::test_integration_info_is_ok stdout ----
[INFO] [stdout] Error: reqwest::Error { kind: Request, url: "http://127.0.0.1:9000/", source: hyper_util::client::legacy::Error(Connect, ConnectError("tcp connect error", Os { code: 111, kind: ConnectionRefused, message: "Connection refused" })) }
[INFO] [stdout] 
[INFO] [stdout] 
[INFO] [stdout] failures:
[INFO] [stdout]     tests::test_integration_info_is_ok
[INFO] [stdout]     tests::test_integration_process
[INFO] [stdout] 
[INFO] [stdout] test result: FAILED. 0 passed; 2 failed; 0 ignored; 0 measured; 0 filtered out; finished in 0.13s
[INFO] [stdout] 
[INFO] [stderr] error: test failed, to rerun pass `--lib`
[INFO] running `Command { std: "docker" "inspect" "6ac3760286068a670fa77607ead88357f8eb107e64b5dc69a25f1ec945d058ae", kill_on_drop: false }`
[INFO] running `Command { std: "docker" "rm" "-f" "6ac3760286068a670fa77607ead88357f8eb107e64b5dc69a25f1ec945d058ae", kill_on_drop: false }`
[INFO] [stdout] 6ac3760286068a670fa77607ead88357f8eb107e64b5dc69a25f1ec945d058ae
