[INFO] fetching crate codit 0.1.0...
[INFO] testing codit-0.1.0 against 1.83.0 for beta-1.84.0-4-retry
[INFO] extracting crate codit 0.1.0 into /workspace/builds/worker-0-tc1/source
[INFO] validating manifest of crates.io crate codit 0.1.0 on toolchain 1.83.0
[INFO] running `Command { std: CARGO_HOME="/workspace/cargo-home" RUSTUP_HOME="/workspace/rustup-home" "/workspace/cargo-home/bin/cargo" "+1.83.0" "metadata" "--manifest-path" "Cargo.toml" "--no-deps", kill_on_drop: false }`
[INFO] started tweaking crates.io crate codit 0.1.0
[INFO] finished tweaking crates.io crate codit 0.1.0
[INFO] tweaked toml for crates.io crate codit 0.1.0 written to /workspace/builds/worker-0-tc1/source/Cargo.toml
[INFO] running `Command { std: CARGO_HOME="/workspace/cargo-home" RUSTUP_HOME="/workspace/rustup-home" "/workspace/cargo-home/bin/cargo" "+1.83.0" "generate-lockfile" "--manifest-path" "Cargo.toml", kill_on_drop: false }`
[INFO] running `Command { std: CARGO_HOME="/workspace/cargo-home" RUSTUP_HOME="/workspace/rustup-home" "/workspace/cargo-home/bin/cargo" "+1.83.0" "fetch" "--manifest-path" "Cargo.toml", kill_on_drop: false }`
[INFO] running `Command { std: "docker" "create" "-v" "/var/lib/crater-agent-workspace/builds/worker-0-tc1/target:/opt/rustwide/target:rw,Z" "-v" "/var/lib/crater-agent-workspace/builds/worker-0-tc1/source:/opt/rustwide/workdir:ro,Z" "-v" "/var/lib/crater-agent-workspace/cargo-home:/opt/rustwide/cargo-home:ro,Z" "-v" "/var/lib/crater-agent-workspace/rustup-home:/opt/rustwide/rustup-home:ro,Z" "-e" "SOURCE_DIR=/opt/rustwide/workdir" "-e" "CARGO_TARGET_DIR=/opt/rustwide/target" "-e" "CARGO_HOME=/opt/rustwide/cargo-home" "-e" "RUSTUP_HOME=/opt/rustwide/rustup-home" "-w" "/opt/rustwide/workdir" "-m" "1610612736" "--user" "0:0" "--network" "none" "ghcr.io/rust-lang/crates-build-env/linux@sha256:f3a9d4ad9d972b27faf3965f35b62e55ba32bbce8f20bc8fe909558a86702fde" "/opt/rustwide/cargo-home/bin/cargo" "+1.83.0" "metadata" "--no-deps" "--format-version=1", kill_on_drop: false }`
[INFO] [stdout] 99d233b7bb45b4f113130b8fc6a7196bc5d99350870f274a2a567a3047a91e5f
[INFO] running `Command { std: "docker" "start" "-a" "99d233b7bb45b4f113130b8fc6a7196bc5d99350870f274a2a567a3047a91e5f", kill_on_drop: false }`
[INFO] running `Command { std: "docker" "inspect" "99d233b7bb45b4f113130b8fc6a7196bc5d99350870f274a2a567a3047a91e5f", kill_on_drop: false }`
[INFO] running `Command { std: "docker" "rm" "-f" "99d233b7bb45b4f113130b8fc6a7196bc5d99350870f274a2a567a3047a91e5f", kill_on_drop: false }`
[INFO] [stdout] 99d233b7bb45b4f113130b8fc6a7196bc5d99350870f274a2a567a3047a91e5f
[INFO] running `Command { std: "docker" "create" "-v" "/var/lib/crater-agent-workspace/builds/worker-0-tc1/target:/opt/rustwide/target:rw,Z" "-v" "/var/lib/crater-agent-workspace/builds/worker-0-tc1/source:/opt/rustwide/workdir:ro,Z" "-v" "/var/lib/crater-agent-workspace/cargo-home:/opt/rustwide/cargo-home:ro,Z" "-v" "/var/lib/crater-agent-workspace/rustup-home:/opt/rustwide/rustup-home:ro,Z" "-e" "SOURCE_DIR=/opt/rustwide/workdir" "-e" "CARGO_TARGET_DIR=/opt/rustwide/target" "-e" "CARGO_INCREMENTAL=0" "-e" "RUST_BACKTRACE=full" "-e" "RUSTFLAGS=--cap-lints=warn" "-e" "RUSTDOCFLAGS=--cap-lints=warn" "-e" "CARGO_HOME=/opt/rustwide/cargo-home" "-e" "RUSTUP_HOME=/opt/rustwide/rustup-home" "-w" "/opt/rustwide/workdir" "-m" "1610612736" "--user" "0:0" "--network" "none" "ghcr.io/rust-lang/crates-build-env/linux@sha256:f3a9d4ad9d972b27faf3965f35b62e55ba32bbce8f20bc8fe909558a86702fde" "/opt/rustwide/cargo-home/bin/cargo" "+1.83.0" "build" "--frozen" "--message-format=json", kill_on_drop: false }`
[INFO] [stdout] 7507c5009a96fd940f9b09c194d2e289c6a93d8307312e76079ab8c657413555
[INFO] running `Command { std: "docker" "start" "-a" "7507c5009a96fd940f9b09c194d2e289c6a93d8307312e76079ab8c657413555", kill_on_drop: false }`
[INFO] [stderr]    Compiling codit v0.1.0 (/opt/rustwide/workdir)
[INFO] [stderr]     Finished `dev` profile [unoptimized + debuginfo] target(s) in 0.21s
[INFO] running `Command { std: "docker" "inspect" "7507c5009a96fd940f9b09c194d2e289c6a93d8307312e76079ab8c657413555", kill_on_drop: false }`
[INFO] running `Command { std: "docker" "rm" "-f" "7507c5009a96fd940f9b09c194d2e289c6a93d8307312e76079ab8c657413555", kill_on_drop: false }`
[INFO] [stdout] 7507c5009a96fd940f9b09c194d2e289c6a93d8307312e76079ab8c657413555
[INFO] running `Command { std: "docker" "create" "-v" "/var/lib/crater-agent-workspace/builds/worker-0-tc1/target:/opt/rustwide/target:rw,Z" "-v" "/var/lib/crater-agent-workspace/builds/worker-0-tc1/source:/opt/rustwide/workdir:ro,Z" "-v" "/var/lib/crater-agent-workspace/cargo-home:/opt/rustwide/cargo-home:ro,Z" "-v" "/var/lib/crater-agent-workspace/rustup-home:/opt/rustwide/rustup-home:ro,Z" "-e" "SOURCE_DIR=/opt/rustwide/workdir" "-e" "CARGO_TARGET_DIR=/opt/rustwide/target" "-e" "CARGO_INCREMENTAL=0" "-e" "RUST_BACKTRACE=full" "-e" "RUSTFLAGS=--cap-lints=warn" "-e" "RUSTDOCFLAGS=--cap-lints=warn" "-e" "CARGO_HOME=/opt/rustwide/cargo-home" "-e" "RUSTUP_HOME=/opt/rustwide/rustup-home" "-w" "/opt/rustwide/workdir" "-m" "1610612736" "--user" "0:0" "--network" "none" "ghcr.io/rust-lang/crates-build-env/linux@sha256:f3a9d4ad9d972b27faf3965f35b62e55ba32bbce8f20bc8fe909558a86702fde" "/opt/rustwide/cargo-home/bin/cargo" "+1.83.0" "test" "--frozen" "--no-run" "--message-format=json", kill_on_drop: false }`
[INFO] [stdout] ecf487205a60e46a2c34c6d0d6b1694faef43c0f6d87d4e5c39ed8ca85f2a257
[INFO] running `Command { std: "docker" "start" "-a" "ecf487205a60e46a2c34c6d0d6b1694faef43c0f6d87d4e5c39ed8ca85f2a257", kill_on_drop: false }`
[INFO] [stderr]    Compiling codit v0.1.0 (/opt/rustwide/workdir)
[INFO] [stderr]     Finished `test` profile [unoptimized + debuginfo] target(s) in 0.42s
[INFO] running `Command { std: "docker" "inspect" "ecf487205a60e46a2c34c6d0d6b1694faef43c0f6d87d4e5c39ed8ca85f2a257", kill_on_drop: false }`
[INFO] running `Command { std: "docker" "rm" "-f" "ecf487205a60e46a2c34c6d0d6b1694faef43c0f6d87d4e5c39ed8ca85f2a257", kill_on_drop: false }`
[INFO] [stdout] ecf487205a60e46a2c34c6d0d6b1694faef43c0f6d87d4e5c39ed8ca85f2a257
[INFO] running `Command { std: "docker" "create" "-v" "/var/lib/crater-agent-workspace/builds/worker-0-tc1/target:/opt/rustwide/target:rw,Z" "-v" "/var/lib/crater-agent-workspace/builds/worker-0-tc1/source:/opt/rustwide/workdir:ro,Z" "-v" "/var/lib/crater-agent-workspace/cargo-home:/opt/rustwide/cargo-home:ro,Z" "-v" "/var/lib/crater-agent-workspace/rustup-home:/opt/rustwide/rustup-home:ro,Z" "-e" "SOURCE_DIR=/opt/rustwide/workdir" "-e" "CARGO_TARGET_DIR=/opt/rustwide/target" "-e" "CARGO_INCREMENTAL=0" "-e" "RUST_BACKTRACE=full" "-e" "RUSTFLAGS=--cap-lints=warn" "-e" "RUSTDOCFLAGS=--cap-lints=warn" "-e" "CARGO_HOME=/opt/rustwide/cargo-home" "-e" "RUSTUP_HOME=/opt/rustwide/rustup-home" "-w" "/opt/rustwide/workdir" "-m" "1610612736" "--user" "0:0" "--network" "none" "ghcr.io/rust-lang/crates-build-env/linux@sha256:f3a9d4ad9d972b27faf3965f35b62e55ba32bbce8f20bc8fe909558a86702fde" "/opt/rustwide/cargo-home/bin/cargo" "+1.83.0" "test" "--frozen", kill_on_drop: false }`
[INFO] [stdout] 2ed55a41276fc264b61a68dde84d6c6f41015cae39df82c1bca3a030ebb7764c
[INFO] running `Command { std: "docker" "start" "-a" "2ed55a41276fc264b61a68dde84d6c6f41015cae39df82c1bca3a030ebb7764c", kill_on_drop: false }`
[INFO] [stderr]     Finished `test` profile [unoptimized + debuginfo] target(s) in 0.02s
[INFO] [stderr]      Running unittests src/lib.rs (/opt/rustwide/target/debug/deps/codit-34a2e2d3d37f33ea)
[INFO] [stdout] 
[INFO] [stdout] running 1 test
[INFO] [stdout] test tests::it_works ... ok
[INFO] [stdout] 
[INFO] [stdout] test result: ok. 1 passed; 0 failed; 0 ignored; 0 measured; 0 filtered out; finished in 0.00s
[INFO] [stdout] 
[INFO] [stderr]    Doc-tests codit
[INFO] [stdout] 
[INFO] [stdout] running 1 test
[INFO] [stdout] test src/lib.rs - echo (line 5) ... FAILED
[INFO] [stdout] 
[INFO] [stdout] failures:
[INFO] [stdout] 
[INFO] [stdout] ---- src/lib.rs - echo (line 5) stdout ----
[INFO] [stdout] error[E0277]: can't compare `{integer}` with `String`
[INFO] [stdout]  --> src/lib.rs:9:1
[INFO] [stdout]   |
[INFO] [stdout] 7 | assert_eq!(6, answer);
[INFO] [stdout]   | ^^^^^^^^^^^^^^^^^^^^^ no implementation for `{integer} == String`
[INFO] [stdout]   |
[INFO] [stdout]   = help: the trait `PartialEq<String>` is not implemented for `{integer}`
[INFO] [stdout]   = help: the following other types implement trait `PartialEq<Rhs>`:
[INFO] [stdout]             f128
[INFO] [stdout]             f16
[INFO] [stdout]             f32
[INFO] [stdout]             f64
[INFO] [stdout]             i128
[INFO] [stdout]             i16
[INFO] [stdout]             i32
[INFO] [stdout]             i64
[INFO] [stdout]           and 8 others
[INFO] [stdout]   = note: this error originates in the macro `assert_eq` (in Nightly builds, run with -Z macro-backtrace for more info)
[INFO] [stdout] 
[INFO] [stdout] error: aborting due to 1 previous error
[INFO] [stdout] 
[INFO] [stdout] For more information about this error, try `rustc --explain E0277`.
[INFO] [stdout] Couldn't compile the test.
[INFO] [stdout] 
[INFO] [stdout] failures:
[INFO] [stdout]     src/lib.rs - echo (line 5)
[INFO] [stdout] 
[INFO] [stdout] test result: FAILED. 0 passed; 1 failed; 0 ignored; 0 measured; 0 filtered out; finished in 0.09s
[INFO] [stdout] 
[INFO] [stderr] error: doctest failed, to rerun pass `--doc`
[INFO] running `Command { std: "docker" "inspect" "2ed55a41276fc264b61a68dde84d6c6f41015cae39df82c1bca3a030ebb7764c", kill_on_drop: false }`
[INFO] running `Command { std: "docker" "rm" "-f" "2ed55a41276fc264b61a68dde84d6c6f41015cae39df82c1bca3a030ebb7764c", kill_on_drop: false }`
[INFO] [stdout] 2ed55a41276fc264b61a68dde84d6c6f41015cae39df82c1bca3a030ebb7764c
