[INFO] fetching crate cnmo-parse 0.1.2...
[INFO] testing cnmo-parse-0.1.2 against 1.83.0 for beta-1.84.0-4-retry
[INFO] extracting crate cnmo-parse 0.1.2 into /workspace/builds/worker-2-tc1/source
[INFO] validating manifest of crates.io crate cnmo-parse 0.1.2 on toolchain 1.83.0
[INFO] running `Command { std: CARGO_HOME="/workspace/cargo-home" RUSTUP_HOME="/workspace/rustup-home" "/workspace/cargo-home/bin/cargo" "+1.83.0" "metadata" "--manifest-path" "Cargo.toml" "--no-deps", kill_on_drop: false }`
[INFO] started tweaking crates.io crate cnmo-parse 0.1.2
[INFO] finished tweaking crates.io crate cnmo-parse 0.1.2
[INFO] tweaked toml for crates.io crate cnmo-parse 0.1.2 written to /workspace/builds/worker-2-tc1/source/Cargo.toml
[INFO] running `Command { std: CARGO_HOME="/workspace/cargo-home" RUSTUP_HOME="/workspace/rustup-home" "/workspace/cargo-home/bin/cargo" "+1.83.0" "generate-lockfile" "--manifest-path" "Cargo.toml", kill_on_drop: false }`
[INFO] [stderr]     Updating crates.io index
[INFO] [stderr]      Locking 15 packages to latest compatible versions
[INFO] [stderr]       Adding base64 v0.20.0 (available: v0.22.1)
[INFO] [stderr]       Adding num-derive v0.3.3 (available: v0.4.2)
[INFO] [stderr]       Adding thiserror v1.0.69 (available: v2.0.7)
[INFO] running `Command { std: CARGO_HOME="/workspace/cargo-home" RUSTUP_HOME="/workspace/rustup-home" "/workspace/cargo-home/bin/cargo" "+1.83.0" "fetch" "--manifest-path" "Cargo.toml", kill_on_drop: false }`
[INFO] [stderr]  Downloading crates ...
[INFO] [stderr]   Downloaded bytebuffer v2.3.0
[INFO] running `Command { std: "docker" "create" "-v" "/var/lib/crater-agent-workspace/builds/worker-2-tc1/target:/opt/rustwide/target:rw,Z" "-v" "/var/lib/crater-agent-workspace/builds/worker-2-tc1/source:/opt/rustwide/workdir:ro,Z" "-v" "/var/lib/crater-agent-workspace/cargo-home:/opt/rustwide/cargo-home:ro,Z" "-v" "/var/lib/crater-agent-workspace/rustup-home:/opt/rustwide/rustup-home:ro,Z" "-e" "SOURCE_DIR=/opt/rustwide/workdir" "-e" "CARGO_TARGET_DIR=/opt/rustwide/target" "-e" "CARGO_HOME=/opt/rustwide/cargo-home" "-e" "RUSTUP_HOME=/opt/rustwide/rustup-home" "-w" "/opt/rustwide/workdir" "-m" "1610612736" "--user" "0:0" "--network" "none" "ghcr.io/rust-lang/crates-build-env/linux@sha256:f3a9d4ad9d972b27faf3965f35b62e55ba32bbce8f20bc8fe909558a86702fde" "/opt/rustwide/cargo-home/bin/cargo" "+1.83.0" "metadata" "--no-deps" "--format-version=1", kill_on_drop: false }`
[INFO] [stdout] 6c829005b8ade59bb4b77128a7e81d11fd497df70a6a88e570c9804a48acc00b
[INFO] running `Command { std: "docker" "start" "-a" "6c829005b8ade59bb4b77128a7e81d11fd497df70a6a88e570c9804a48acc00b", kill_on_drop: false }`
[INFO] running `Command { std: "docker" "inspect" "6c829005b8ade59bb4b77128a7e81d11fd497df70a6a88e570c9804a48acc00b", kill_on_drop: false }`
[INFO] running `Command { std: "docker" "rm" "-f" "6c829005b8ade59bb4b77128a7e81d11fd497df70a6a88e570c9804a48acc00b", kill_on_drop: false }`
[INFO] [stdout] 6c829005b8ade59bb4b77128a7e81d11fd497df70a6a88e570c9804a48acc00b
[INFO] running `Command { std: "docker" "create" "-v" "/var/lib/crater-agent-workspace/builds/worker-2-tc1/target:/opt/rustwide/target:rw,Z" "-v" "/var/lib/crater-agent-workspace/builds/worker-2-tc1/source:/opt/rustwide/workdir:ro,Z" "-v" "/var/lib/crater-agent-workspace/cargo-home:/opt/rustwide/cargo-home:ro,Z" "-v" "/var/lib/crater-agent-workspace/rustup-home:/opt/rustwide/rustup-home:ro,Z" "-e" "SOURCE_DIR=/opt/rustwide/workdir" "-e" "CARGO_TARGET_DIR=/opt/rustwide/target" "-e" "CARGO_INCREMENTAL=0" "-e" "RUST_BACKTRACE=full" "-e" "RUSTFLAGS=--cap-lints=warn" "-e" "RUSTDOCFLAGS=--cap-lints=warn" "-e" "CARGO_HOME=/opt/rustwide/cargo-home" "-e" "RUSTUP_HOME=/opt/rustwide/rustup-home" "-w" "/opt/rustwide/workdir" "-m" "1610612736" "--user" "0:0" "--network" "none" "ghcr.io/rust-lang/crates-build-env/linux@sha256:f3a9d4ad9d972b27faf3965f35b62e55ba32bbce8f20bc8fe909558a86702fde" "/opt/rustwide/cargo-home/bin/cargo" "+1.83.0" "build" "--frozen" "--message-format=json", kill_on_drop: false }`
[INFO] [stdout] 094be85cdc670f36207223073260458655cdb472f56013cd7cca9abbeef2f3f3
[INFO] running `Command { std: "docker" "start" "-a" "094be85cdc670f36207223073260458655cdb472f56013cd7cca9abbeef2f3f3", kill_on_drop: false }`
[INFO] [stderr]    Compiling proc-macro2 v1.0.92
[INFO] [stderr]    Compiling unicode-ident v1.0.14
[INFO] [stderr]    Compiling thiserror v1.0.69
[INFO] [stderr]    Compiling byteorder v1.5.0
[INFO] [stderr]    Compiling bytebuffer v2.3.0
[INFO] [stderr]    Compiling quote v1.0.37
[INFO] [stderr]    Compiling syn v2.0.90
[INFO] [stderr]    Compiling thiserror-impl v1.0.69
[INFO] [stderr]    Compiling cnmo-parse v0.1.2 (/opt/rustwide/workdir)
[INFO] [stderr]     Finished `dev` profile [unoptimized + debuginfo] target(s) in 7.43s
[INFO] running `Command { std: "docker" "inspect" "094be85cdc670f36207223073260458655cdb472f56013cd7cca9abbeef2f3f3", kill_on_drop: false }`
[INFO] running `Command { std: "docker" "rm" "-f" "094be85cdc670f36207223073260458655cdb472f56013cd7cca9abbeef2f3f3", kill_on_drop: false }`
[INFO] [stdout] 094be85cdc670f36207223073260458655cdb472f56013cd7cca9abbeef2f3f3
[INFO] running `Command { std: "docker" "create" "-v" "/var/lib/crater-agent-workspace/builds/worker-2-tc1/target:/opt/rustwide/target:rw,Z" "-v" "/var/lib/crater-agent-workspace/builds/worker-2-tc1/source:/opt/rustwide/workdir:ro,Z" "-v" "/var/lib/crater-agent-workspace/cargo-home:/opt/rustwide/cargo-home:ro,Z" "-v" "/var/lib/crater-agent-workspace/rustup-home:/opt/rustwide/rustup-home:ro,Z" "-e" "SOURCE_DIR=/opt/rustwide/workdir" "-e" "CARGO_TARGET_DIR=/opt/rustwide/target" "-e" "CARGO_INCREMENTAL=0" "-e" "RUST_BACKTRACE=full" "-e" "RUSTFLAGS=--cap-lints=warn" "-e" "RUSTDOCFLAGS=--cap-lints=warn" "-e" "CARGO_HOME=/opt/rustwide/cargo-home" "-e" "RUSTUP_HOME=/opt/rustwide/rustup-home" "-w" "/opt/rustwide/workdir" "-m" "1610612736" "--user" "0:0" "--network" "none" "ghcr.io/rust-lang/crates-build-env/linux@sha256:f3a9d4ad9d972b27faf3965f35b62e55ba32bbce8f20bc8fe909558a86702fde" "/opt/rustwide/cargo-home/bin/cargo" "+1.83.0" "test" "--frozen" "--no-run" "--message-format=json", kill_on_drop: false }`
[INFO] [stdout] 7df06865ea10230086614288d21910a851276325c1501c475443c26b685de84e
[INFO] running `Command { std: "docker" "start" "-a" "7df06865ea10230086614288d21910a851276325c1501c475443c26b685de84e", kill_on_drop: false }`
[INFO] [stderr]    Compiling cnmo-parse v0.1.2 (/opt/rustwide/workdir)
[INFO] [stderr]     Finished `test` profile [unoptimized + debuginfo] target(s) in 0.42s
[INFO] running `Command { std: "docker" "inspect" "7df06865ea10230086614288d21910a851276325c1501c475443c26b685de84e", kill_on_drop: false }`
[INFO] running `Command { std: "docker" "rm" "-f" "7df06865ea10230086614288d21910a851276325c1501c475443c26b685de84e", kill_on_drop: false }`
[INFO] [stdout] 7df06865ea10230086614288d21910a851276325c1501c475443c26b685de84e
[INFO] running `Command { std: "docker" "create" "-v" "/var/lib/crater-agent-workspace/builds/worker-2-tc1/target:/opt/rustwide/target:rw,Z" "-v" "/var/lib/crater-agent-workspace/builds/worker-2-tc1/source:/opt/rustwide/workdir:ro,Z" "-v" "/var/lib/crater-agent-workspace/cargo-home:/opt/rustwide/cargo-home:ro,Z" "-v" "/var/lib/crater-agent-workspace/rustup-home:/opt/rustwide/rustup-home:ro,Z" "-e" "SOURCE_DIR=/opt/rustwide/workdir" "-e" "CARGO_TARGET_DIR=/opt/rustwide/target" "-e" "CARGO_INCREMENTAL=0" "-e" "RUST_BACKTRACE=full" "-e" "RUSTFLAGS=--cap-lints=warn" "-e" "RUSTDOCFLAGS=--cap-lints=warn" "-e" "CARGO_HOME=/opt/rustwide/cargo-home" "-e" "RUSTUP_HOME=/opt/rustwide/rustup-home" "-w" "/opt/rustwide/workdir" "-m" "1610612736" "--user" "0:0" "--network" "none" "ghcr.io/rust-lang/crates-build-env/linux@sha256:f3a9d4ad9d972b27faf3965f35b62e55ba32bbce8f20bc8fe909558a86702fde" "/opt/rustwide/cargo-home/bin/cargo" "+1.83.0" "test" "--frozen", kill_on_drop: false }`
[INFO] [stdout] d48498eead8d0acb4fec93c2e20c941cabff42c7056191946c6b83337d38f929
[INFO] running `Command { std: "docker" "start" "-a" "d48498eead8d0acb4fec93c2e20c941cabff42c7056191946c6b83337d38f929", kill_on_drop: false }`
[INFO] [stderr]     Finished `test` profile [unoptimized + debuginfo] target(s) in 0.02s
[INFO] [stderr]      Running unittests src/lib.rs (/opt/rustwide/target/debug/deps/cnmo_parse-ece375769883cdfc)
[INFO] [stderr]    Doc-tests cnmo_parse
[INFO] [stdout] 
[INFO] [stdout] running 0 tests
[INFO] [stdout] 
[INFO] [stdout] test result: ok. 0 passed; 0 failed; 0 ignored; 0 measured; 0 filtered out; finished in 0.00s
[INFO] [stdout] 
[INFO] [stderr] error[E0433]: failed to resolve: use of undeclared crate or module `num_derive`
[INFO] [stderr]  --> src/lparse/level_data/cnms_types/item_type.rs:3:39
[INFO] [stderr]   |
[INFO] [stderr] 3 | #[derive(Default, Debug, Clone, Copy, num_derive::FromPrimitive, num_derive::ToPrimitive, PartialEq, Eq)]
[INFO] [stderr]   |                                       ^^^^^^^^^^ use of undeclared crate or module `num_derive`
[INFO] [stderr] 
[INFO] [stderr] error[E0433]: failed to resolve: use of undeclared crate or module `num_derive`
[INFO] [stderr]  --> src/lparse/level_data/cnms_types/item_type.rs:3:66
[INFO] [stderr]   |
[INFO] [stderr] 3 | #[derive(Default, Debug, Clone, Copy, num_derive::FromPrimitive, num_derive::ToPrimitive, PartialEq, Eq)]
[INFO] [stderr]   |                                                                  ^^^^^^^^^^ use of undeclared crate or module `num_derive`
[INFO] [stderr] 
[INFO] [stderr] error[E0433]: failed to resolve: use of undeclared crate or module `num_derive`
[INFO] [stderr]    --> src/lparse/level_data/mod.rs:128:32
[INFO] [stderr]     |
[INFO] [stderr] 128 | #[derive(Debug, PartialEq, Eq, num_derive::FromPrimitive, num_derive::ToPrimitive)]
[INFO] [stderr]     |                                ^^^^^^^^^^ use of undeclared crate or module `num_derive`
[INFO] [stderr] 
[INFO] [stderr] error[E0433]: failed to resolve: use of undeclared crate or module `num_derive`
[INFO] [stderr]    --> src/lparse/level_data/mod.rs:128:59
[INFO] [stderr]     |
[INFO] [stderr] 128 | #[derive(Debug, PartialEq, Eq, num_derive::FromPrimitive, num_derive::ToPrimitive)]
[INFO] [stderr]     |                                                           ^^^^^^^^^^ use of undeclared crate or module `num_derive`
[INFO] [stderr] 
[INFO] [stderr] error[E0433]: failed to resolve: use of undeclared crate or module `serde`
[INFO] [stderr]    --> src/lparse/level_data/mod.rs:244:53
[INFO] [stderr]     |
[INFO] [stderr] 244 | #[cfg_attr(any(feature = "level_data", doc), derive(serde::Serialize, serde::Deserialize))]
[INFO] [stderr]     |                                                     ^^^^^ use of undeclared crate or module `serde`
[INFO] [stderr] 
[INFO] [stderr] error[E0433]: failed to resolve: use of undeclared crate or module `serde`
[INFO] [stderr]    --> src/lparse/level_data/mod.rs:244:71
[INFO] [stderr]     |
[INFO] [stderr] 244 | #[cfg_attr(any(feature = "level_data", doc), derive(serde::Serialize, serde::Deserialize))]
[INFO] [stderr]     |                                                                       ^^^^^ use of undeclared crate or module `serde`
[INFO] [stderr] 
[INFO] [stderr] error: aborting due to 6 previous errors
[INFO] [stderr] 
[INFO] [stderr] For more information about this error, try `rustc --explain E0433`.
[INFO] [stderr] error: doctest failed, to rerun pass `--doc`
[INFO] [stderr] 
[INFO] [stderr] Caused by:
[INFO] [stderr]   process didn't exit successfully: `/opt/rustwide/rustup-home/toolchains/1.83.0-x86_64-unknown-linux-gnu/bin/rustdoc --edition=2021 --crate-type lib --color auto --crate-name cnmo_parse --test src/lib.rs --test-run-directory /opt/rustwide/workdir -L dependency=/opt/rustwide/target/debug/deps -L dependency=/opt/rustwide/target/debug/deps --extern bytebuffer=/opt/rustwide/target/debug/deps/libbytebuffer-5c27eab12f8ed990.rlib --extern cnmo_parse=/opt/rustwide/target/debug/deps/libcnmo_parse-6a4e53cc4dcbe74f.rlib --extern thiserror=/opt/rustwide/target/debug/deps/libthiserror-2b6bc4b9b23ad706.rlib -C embed-bitcode=no --check-cfg 'cfg(docsrs)' --check-cfg 'cfg(feature, values("level_data", "serde"))' --cap-lints=warn --error-format human` (exit status: 1)
[INFO] [stderr] note: test exited abnormally; to see the full output pass --nocapture to the harness.
[INFO] running `Command { std: "docker" "inspect" "d48498eead8d0acb4fec93c2e20c941cabff42c7056191946c6b83337d38f929", kill_on_drop: false }`
[INFO] running `Command { std: "docker" "rm" "-f" "d48498eead8d0acb4fec93c2e20c941cabff42c7056191946c6b83337d38f929", kill_on_drop: false }`
[INFO] [stdout] d48498eead8d0acb4fec93c2e20c941cabff42c7056191946c6b83337d38f929
