[INFO] fetching crate cmut 1.1.0...
[INFO] testing cmut-1.1.0 against beta-2024-12-08 for beta-1.84.0-4-retry
[INFO] extracting crate cmut 1.1.0 into /workspace/builds/worker-1-tc2/source
[INFO] validating manifest of crates.io crate cmut 1.1.0 on toolchain beta-2024-12-08
[INFO] running `Command { std: CARGO_HOME="/workspace/cargo-home" RUSTUP_HOME="/workspace/rustup-home" "/workspace/cargo-home/bin/cargo" "+beta-2024-12-08" "metadata" "--manifest-path" "Cargo.toml" "--no-deps", kill_on_drop: false }`
[INFO] started tweaking crates.io crate cmut 1.1.0
[INFO] finished tweaking crates.io crate cmut 1.1.0
[INFO] tweaked toml for crates.io crate cmut 1.1.0 written to /workspace/builds/worker-1-tc2/source/Cargo.toml
[INFO] crate crates.io crate cmut 1.1.0 already has a lockfile, it will not be regenerated
[INFO] running `Command { std: CARGO_HOME="/workspace/cargo-home" RUSTUP_HOME="/workspace/rustup-home" "/workspace/cargo-home/bin/cargo" "+beta-2024-12-08" "fetch" "--manifest-path" "Cargo.toml", kill_on_drop: false }`
[INFO] running `Command { std: "docker" "create" "-v" "/var/lib/crater-agent-workspace/builds/worker-1-tc2/target:/opt/rustwide/target:rw,Z" "-v" "/var/lib/crater-agent-workspace/builds/worker-1-tc2/source:/opt/rustwide/workdir:ro,Z" "-v" "/var/lib/crater-agent-workspace/cargo-home:/opt/rustwide/cargo-home:ro,Z" "-v" "/var/lib/crater-agent-workspace/rustup-home:/opt/rustwide/rustup-home:ro,Z" "-e" "SOURCE_DIR=/opt/rustwide/workdir" "-e" "CARGO_TARGET_DIR=/opt/rustwide/target" "-e" "CARGO_HOME=/opt/rustwide/cargo-home" "-e" "RUSTUP_HOME=/opt/rustwide/rustup-home" "-w" "/opt/rustwide/workdir" "-m" "1610612736" "--user" "0:0" "--network" "none" "ghcr.io/rust-lang/crates-build-env/linux@sha256:f3a9d4ad9d972b27faf3965f35b62e55ba32bbce8f20bc8fe909558a86702fde" "/opt/rustwide/cargo-home/bin/cargo" "+beta-2024-12-08" "metadata" "--no-deps" "--format-version=1", kill_on_drop: false }`
[INFO] [stdout] 193eed0daeb0dce6af67d8f332237e8238e0a1d383cc6993dcc8a6057eb6f4e8
[INFO] running `Command { std: "docker" "start" "-a" "193eed0daeb0dce6af67d8f332237e8238e0a1d383cc6993dcc8a6057eb6f4e8", kill_on_drop: false }`
[INFO] running `Command { std: "docker" "inspect" "193eed0daeb0dce6af67d8f332237e8238e0a1d383cc6993dcc8a6057eb6f4e8", kill_on_drop: false }`
[INFO] running `Command { std: "docker" "rm" "-f" "193eed0daeb0dce6af67d8f332237e8238e0a1d383cc6993dcc8a6057eb6f4e8", kill_on_drop: false }`
[INFO] [stdout] 193eed0daeb0dce6af67d8f332237e8238e0a1d383cc6993dcc8a6057eb6f4e8
[INFO] running `Command { std: "docker" "create" "-v" "/var/lib/crater-agent-workspace/builds/worker-1-tc2/target:/opt/rustwide/target:rw,Z" "-v" "/var/lib/crater-agent-workspace/builds/worker-1-tc2/source:/opt/rustwide/workdir:ro,Z" "-v" "/var/lib/crater-agent-workspace/cargo-home:/opt/rustwide/cargo-home:ro,Z" "-v" "/var/lib/crater-agent-workspace/rustup-home:/opt/rustwide/rustup-home:ro,Z" "-e" "SOURCE_DIR=/opt/rustwide/workdir" "-e" "CARGO_TARGET_DIR=/opt/rustwide/target" "-e" "CARGO_INCREMENTAL=0" "-e" "RUST_BACKTRACE=full" "-e" "RUSTFLAGS=--cap-lints=warn" "-e" "RUSTDOCFLAGS=--cap-lints=warn" "-e" "CARGO_HOME=/opt/rustwide/cargo-home" "-e" "RUSTUP_HOME=/opt/rustwide/rustup-home" "-w" "/opt/rustwide/workdir" "-m" "1610612736" "--user" "0:0" "--network" "none" "ghcr.io/rust-lang/crates-build-env/linux@sha256:f3a9d4ad9d972b27faf3965f35b62e55ba32bbce8f20bc8fe909558a86702fde" "/opt/rustwide/cargo-home/bin/cargo" "+beta-2024-12-08" "build" "--frozen" "--message-format=json", kill_on_drop: false }`
[INFO] [stdout] 30d17b1022a6a07ae9895a88d5b469637fd35250354d04dfc6589b8aacbf19ee
[INFO] running `Command { std: "docker" "start" "-a" "30d17b1022a6a07ae9895a88d5b469637fd35250354d04dfc6589b8aacbf19ee", kill_on_drop: false }`
[INFO] [stderr]    Compiling cmut v1.1.0 (/opt/rustwide/workdir)
[INFO] [stdout] warning: unused import: `Write`
[INFO] [stdout]  --> src/main.rs:2:22
[INFO] [stdout]   |
[INFO] [stdout] 2 | use std::io::{stdin, Write};
[INFO] [stdout]   |                      ^^^^^
[INFO] [stdout]   |
[INFO] [stdout]   = note: `#[warn(unused_imports)]` on by default
[INFO] [stdout] 
[INFO] [stdout] 
[INFO] [stdout] warning: unused import: `std::path::Path`
[INFO] [stdout]  --> src/main.rs:3:5
[INFO] [stdout]   |
[INFO] [stdout] 3 | use std::path::Path;
[INFO] [stdout]   |     ^^^^^^^^^^^^^^^
[INFO] [stdout] 
[INFO] [stdout] 
[INFO] [stdout] warning: unused import: `io`
[INFO] [stdout]  --> src/main.rs:5:15
[INFO] [stdout]   |
[INFO] [stdout] 5 | use std::{fs, io};
[INFO] [stdout]   |               ^^
[INFO] [stdout] 
[INFO] [stdout] 
[INFO] [stdout] warning: unused imports: `HashMap`, `btree_map::Values`, `env::VarError`, `error`, and `fmt::format`
[INFO] [stdout]  --> src/cli_commands/create_api.rs:2:19
[INFO] [stdout]   |
[INFO] [stdout] 2 |     collections::{btree_map::Values, BTreeMap, HashMap},
[INFO] [stdout]   |                   ^^^^^^^^^^^^^^^^^            ^^^^^^^
[INFO] [stdout] 3 |     env::VarError,
[INFO] [stdout]   |     ^^^^^^^^^^^^^
[INFO] [stdout] 4 |     error,
[INFO] [stdout]   |     ^^^^^
[INFO] [stdout] 5 |     fmt::format,
[INFO] [stdout]   |     ^^^^^^^^^^^
[INFO] [stdout] 
[INFO] [stdout] 
[INFO] [stdout] warning: function `create_deno_api` is never used
[INFO] [stdout]    --> src/main.rs:144:4
[INFO] [stdout]     |
[INFO] [stdout] 144 | fn create_deno_api(app_name: &str) {
[INFO] [stdout]     |    ^^^^^^^^^^^^^^^
[INFO] [stdout]     |
[INFO] [stdout]     = note: `#[warn(dead_code)]` on by default
[INFO] [stdout] 
[INFO] [stdout] 
[INFO] [stdout] warning: function `create_python_api` is never used
[INFO] [stdout]    --> src/main.rs:169:4
[INFO] [stdout]     |
[INFO] [stdout] 169 | fn create_python_api(app_name: &str) {
[INFO] [stdout]     |    ^^^^^^^^^^^^^^^^^
[INFO] [stdout] 
[INFO] [stdout] 
[INFO] [stderr]     Finished `dev` profile [unoptimized + debuginfo] target(s) in 1.14s
[INFO] running `Command { std: "docker" "inspect" "30d17b1022a6a07ae9895a88d5b469637fd35250354d04dfc6589b8aacbf19ee", kill_on_drop: false }`
[INFO] running `Command { std: "docker" "rm" "-f" "30d17b1022a6a07ae9895a88d5b469637fd35250354d04dfc6589b8aacbf19ee", kill_on_drop: false }`
[INFO] [stdout] 30d17b1022a6a07ae9895a88d5b469637fd35250354d04dfc6589b8aacbf19ee
[INFO] running `Command { std: "docker" "create" "-v" "/var/lib/crater-agent-workspace/builds/worker-1-tc2/target:/opt/rustwide/target:rw,Z" "-v" "/var/lib/crater-agent-workspace/builds/worker-1-tc2/source:/opt/rustwide/workdir:ro,Z" "-v" "/var/lib/crater-agent-workspace/cargo-home:/opt/rustwide/cargo-home:ro,Z" "-v" "/var/lib/crater-agent-workspace/rustup-home:/opt/rustwide/rustup-home:ro,Z" "-e" "SOURCE_DIR=/opt/rustwide/workdir" "-e" "CARGO_TARGET_DIR=/opt/rustwide/target" "-e" "CARGO_INCREMENTAL=0" "-e" "RUST_BACKTRACE=full" "-e" "RUSTFLAGS=--cap-lints=warn" "-e" "RUSTDOCFLAGS=--cap-lints=warn" "-e" "CARGO_HOME=/opt/rustwide/cargo-home" "-e" "RUSTUP_HOME=/opt/rustwide/rustup-home" "-w" "/opt/rustwide/workdir" "-m" "1610612736" "--user" "0:0" "--network" "none" "ghcr.io/rust-lang/crates-build-env/linux@sha256:f3a9d4ad9d972b27faf3965f35b62e55ba32bbce8f20bc8fe909558a86702fde" "/opt/rustwide/cargo-home/bin/cargo" "+beta-2024-12-08" "test" "--frozen" "--no-run" "--message-format=json", kill_on_drop: false }`
[INFO] [stdout] b70751778561bae884b3feb406126b8f78bdb7962d206894deec1162d925d134
[INFO] running `Command { std: "docker" "start" "-a" "b70751778561bae884b3feb406126b8f78bdb7962d206894deec1162d925d134", kill_on_drop: false }`
[INFO] [stderr]    Compiling cmut v1.1.0 (/opt/rustwide/workdir)
[INFO] [stdout] warning: unused import: `Write`
[INFO] [stdout]  --> src/main.rs:2:22
[INFO] [stdout]   |
[INFO] [stdout] 2 | use std::io::{stdin, Write};
[INFO] [stdout]   |                      ^^^^^
[INFO] [stdout]   |
[INFO] [stdout]   = note: `#[warn(unused_imports)]` on by default
[INFO] [stdout] 
[INFO] [stdout] 
[INFO] [stdout] warning: unused import: `std::path::Path`
[INFO] [stdout]  --> src/main.rs:3:5
[INFO] [stdout]   |
[INFO] [stdout] 3 | use std::path::Path;
[INFO] [stdout]   |     ^^^^^^^^^^^^^^^
[INFO] [stdout] 
[INFO] [stdout] 
[INFO] [stdout] warning: unused import: `io`
[INFO] [stdout]  --> src/main.rs:5:15
[INFO] [stdout]   |
[INFO] [stdout] 5 | use std::{fs, io};
[INFO] [stdout]   |               ^^
[INFO] [stdout] 
[INFO] [stdout] 
[INFO] [stdout] warning: unused imports: `HashMap`, `btree_map::Values`, `env::VarError`, `error`, and `fmt::format`
[INFO] [stdout]  --> src/cli_commands/create_api.rs:2:19
[INFO] [stdout]   |
[INFO] [stdout] 2 |     collections::{btree_map::Values, BTreeMap, HashMap},
[INFO] [stdout]   |                   ^^^^^^^^^^^^^^^^^            ^^^^^^^
[INFO] [stdout] 3 |     env::VarError,
[INFO] [stdout]   |     ^^^^^^^^^^^^^
[INFO] [stdout] 4 |     error,
[INFO] [stdout]   |     ^^^^^
[INFO] [stdout] 5 |     fmt::format,
[INFO] [stdout]   |     ^^^^^^^^^^^
[INFO] [stdout] 
[INFO] [stdout] 
[INFO] [stdout] warning: unused import: `remove_dir`
[INFO] [stdout]   --> src/cli_commands.rs:44:14
[INFO] [stdout]    |
[INFO] [stdout] 44 |         fs::{remove_dir, remove_dir_all, remove_file},
[INFO] [stdout]    |              ^^^^^^^^^^
[INFO] [stdout] 
[INFO] [stdout] 
[INFO] [stdout] warning: function `create_deno_api` is never used
[INFO] [stdout]    --> src/main.rs:144:4
[INFO] [stdout]     |
[INFO] [stdout] 144 | fn create_deno_api(app_name: &str) {
[INFO] [stdout]     |    ^^^^^^^^^^^^^^^
[INFO] [stdout]     |
[INFO] [stdout]     = note: `#[warn(dead_code)]` on by default
[INFO] [stdout] 
[INFO] [stdout] 
[INFO] [stdout] warning: function `create_python_api` is never used
[INFO] [stdout]    --> src/main.rs:169:4
[INFO] [stdout]     |
[INFO] [stdout] 169 | fn create_python_api(app_name: &str) {
[INFO] [stdout]     |    ^^^^^^^^^^^^^^^^^
[INFO] [stdout] 
[INFO] [stdout] 
[INFO] [stderr]     Finished `test` profile [unoptimized + debuginfo] target(s) in 1.06s
[INFO] running `Command { std: "docker" "inspect" "b70751778561bae884b3feb406126b8f78bdb7962d206894deec1162d925d134", kill_on_drop: false }`
[INFO] running `Command { std: "docker" "rm" "-f" "b70751778561bae884b3feb406126b8f78bdb7962d206894deec1162d925d134", kill_on_drop: false }`
[INFO] [stdout] b70751778561bae884b3feb406126b8f78bdb7962d206894deec1162d925d134
[INFO] running `Command { std: "docker" "create" "-v" "/var/lib/crater-agent-workspace/builds/worker-1-tc2/target:/opt/rustwide/target:rw,Z" "-v" "/var/lib/crater-agent-workspace/builds/worker-1-tc2/source:/opt/rustwide/workdir:ro,Z" "-v" "/var/lib/crater-agent-workspace/cargo-home:/opt/rustwide/cargo-home:ro,Z" "-v" "/var/lib/crater-agent-workspace/rustup-home:/opt/rustwide/rustup-home:ro,Z" "-e" "SOURCE_DIR=/opt/rustwide/workdir" "-e" "CARGO_TARGET_DIR=/opt/rustwide/target" "-e" "CARGO_INCREMENTAL=0" "-e" "RUST_BACKTRACE=full" "-e" "RUSTFLAGS=--cap-lints=warn" "-e" "RUSTDOCFLAGS=--cap-lints=warn" "-e" "CARGO_HOME=/opt/rustwide/cargo-home" "-e" "RUSTUP_HOME=/opt/rustwide/rustup-home" "-w" "/opt/rustwide/workdir" "-m" "1610612736" "--user" "0:0" "--network" "none" "ghcr.io/rust-lang/crates-build-env/linux@sha256:f3a9d4ad9d972b27faf3965f35b62e55ba32bbce8f20bc8fe909558a86702fde" "/opt/rustwide/cargo-home/bin/cargo" "+beta-2024-12-08" "test" "--frozen", kill_on_drop: false }`
[INFO] [stdout] 89a069e3fb766be36e4af9effaeaa579197cb5cbf91c3127116e7d1f10fbb763
[INFO] running `Command { std: "docker" "start" "-a" "89a069e3fb766be36e4af9effaeaa579197cb5cbf91c3127116e7d1f10fbb763", kill_on_drop: false }`
[INFO] [stderr] warning: unused import: `Write`
[INFO] [stderr]  --> src/main.rs:2:22
[INFO] [stderr]   |
[INFO] [stderr] 2 | use std::io::{stdin, Write};
[INFO] [stderr]   |                      ^^^^^
[INFO] [stderr]   |
[INFO] [stderr]   = note: `#[warn(unused_imports)]` on by default
[INFO] [stderr] 
[INFO] [stderr] warning: unused import: `std::path::Path`
[INFO] [stderr]  --> src/main.rs:3:5
[INFO] [stderr]   |
[INFO] [stderr] 3 | use std::path::Path;
[INFO] [stderr]   |     ^^^^^^^^^^^^^^^
[INFO] [stderr] 
[INFO] [stderr] warning: unused import: `io`
[INFO] [stderr]  --> src/main.rs:5:15
[INFO] [stderr]   |
[INFO] [stderr] 5 | use std::{fs, io};
[INFO] [stderr]   |               ^^
[INFO] [stderr] 
[INFO] [stderr] warning: unused imports: `HashMap`, `btree_map::Values`, `env::VarError`, `error`, and `fmt::format`
[INFO] [stderr]  --> src/cli_commands/create_api.rs:2:19
[INFO] [stderr]   |
[INFO] [stderr] 2 |     collections::{btree_map::Values, BTreeMap, HashMap},
[INFO] [stderr]   |                   ^^^^^^^^^^^^^^^^^            ^^^^^^^
[INFO] [stderr] 3 |     env::VarError,
[INFO] [stderr]   |     ^^^^^^^^^^^^^
[INFO] [stderr] 4 |     error,
[INFO] [stderr]   |     ^^^^^
[INFO] [stderr] 5 |     fmt::format,
[INFO] [stderr]   |     ^^^^^^^^^^^
[INFO] [stderr] 
[INFO] [stderr] warning: unused import: `remove_dir`
[INFO] [stderr]   --> src/cli_commands.rs:44:14
[INFO] [stderr]    |
[INFO] [stderr] 44 |         fs::{remove_dir, remove_dir_all, remove_file},
[INFO] [stderr]    |              ^^^^^^^^^^
[INFO] [stderr] 
[INFO] [stderr] warning: function `create_deno_api` is never used
[INFO] [stderr]    --> src/main.rs:144:4
[INFO] [stderr]     |
[INFO] [stderr] 144 | fn create_deno_api(app_name: &str) {
[INFO] [stderr]     |    ^^^^^^^^^^^^^^^
[INFO] [stderr]     |
[INFO] [stderr]     = note: `#[warn(dead_code)]` on by default
[INFO] [stderr] 
[INFO] [stderr] warning: function `create_python_api` is never used
[INFO] [stderr]    --> src/main.rs:169:4
[INFO] [stderr]     |
[INFO] [stderr] 169 | fn create_python_api(app_name: &str) {
[INFO] [stderr]     |    ^^^^^^^^^^^^^^^^^
[INFO] [stderr] 
[INFO] [stderr] warning: `cmut` (bin "cmut" test) generated 7 warnings (run `cargo fix --bin "cmut" --tests` to apply 5 suggestions)
[INFO] [stderr]     Finished `test` profile [unoptimized + debuginfo] target(s) in 0.02s
[INFO] [stderr]      Running unittests src/lib.rs (/opt/rustwide/target/debug/deps/cmut-2f811087343da7fc)
[INFO] [stdout] 
[INFO] [stdout] running 4 tests
[INFO] [stdout] test tests::config_values_should_be_equal ... ok
[INFO] [stdout] test tests::should_build_config ... ok
[INFO] [stdout] test tests::shouldnt_get_any_tool ... ok
[INFO] [stdout] test tests::should_get_a_tool ... FAILED
[INFO] [stdout] 
[INFO] [stdout] failures:
[INFO] [stdout] 
[INFO] [stdout] ---- tests::should_get_a_tool stdout ----
[INFO] [stdout] thread 'tests::should_get_a_tool' panicked at src/lib.rs:107:9:
[INFO] [stdout] assertion failed: !tool.is_empty()
[INFO] [stdout] stack backtrace:
[INFO] [stdout]    0:     0x5845209b2a8a - std::backtrace_rs::backtrace::libunwind::trace::h8810477743020387
[INFO] [stdout]                                at /rustc/202008a1b8de96d2e5b6bc02d379db03a877d34d/library/std/src/../../backtrace/src/backtrace/libunwind.rs:116:5
[INFO] [stdout]    1:     0x5845209b2a8a - std::backtrace_rs::backtrace::trace_unsynchronized::h3aa55355dd6c54a6
[INFO] [stdout]                                at /rustc/202008a1b8de96d2e5b6bc02d379db03a877d34d/library/std/src/../../backtrace/src/backtrace/mod.rs:66:5
[INFO] [stdout]    2:     0x5845209b2a8a - std::sys::backtrace::_print_fmt::h8588b0f62410823f
[INFO] [stdout]                                at /rustc/202008a1b8de96d2e5b6bc02d379db03a877d34d/library/std/src/sys/backtrace.rs:66:9
[INFO] [stdout]    3:     0x5845209b2a8a - <std::sys::backtrace::BacktraceLock::print::DisplayBacktrace as core::fmt::Display>::fmt::h98c26ac25ffe89bb
[INFO] [stdout]                                at /rustc/202008a1b8de96d2e5b6bc02d379db03a877d34d/library/std/src/sys/backtrace.rs:39:26
[INFO] [stdout]    4:     0x5845209d85f3 - core::fmt::rt::Argument::fmt::hf95377f4aebd453b
[INFO] [stdout]                                at /rustc/202008a1b8de96d2e5b6bc02d379db03a877d34d/library/core/src/fmt/rt.rs:177:76
[INFO] [stdout]    5:     0x5845209d85f3 - core::fmt::write::h0dd5f6e2238c7982
[INFO] [stdout]                                at /rustc/202008a1b8de96d2e5b6bc02d379db03a877d34d/library/core/src/fmt/mod.rs:1189:21
[INFO] [stdout]    6:     0x5845209afc23 - std::io::Write::write_fmt::h03bb0ca26e6faf8c
[INFO] [stdout]                                at /rustc/202008a1b8de96d2e5b6bc02d379db03a877d34d/library/std/src/io/mod.rs:1884:15
[INFO] [stdout]    7:     0x5845209b28d2 - std::sys::backtrace::BacktraceLock::print::h5c19c1c038ee186d
[INFO] [stdout]                                at /rustc/202008a1b8de96d2e5b6bc02d379db03a877d34d/library/std/src/sys/backtrace.rs:42:9
[INFO] [stdout]    8:     0x5845209b3f0d - std::panicking::default_hook::{{closure}}::h77172f079a1fcb13
[INFO] [stdout]                                at /rustc/202008a1b8de96d2e5b6bc02d379db03a877d34d/library/std/src/panicking.rs:268:22
[INFO] [stdout]    9:     0x5845209b3d17 - std::panicking::default_hook::he5f8e3b203ccddba
[INFO] [stdout]                                at /rustc/202008a1b8de96d2e5b6bc02d379db03a877d34d/library/std/src/panicking.rs:292:9
[INFO] [stdout]   10:     0x58452097d647 - <alloc::boxed::Box<F,A> as core::ops::function::Fn<Args>>::call::h7a3c7b4a1ae77f2f
[INFO] [stdout]                                at /rustc/202008a1b8de96d2e5b6bc02d379db03a877d34d/library/alloc/src/boxed.rs:1986:9
[INFO] [stdout]   11:     0x58452097d647 - test::test_main::{{closure}}::hf0d3b69ae9b353d1
[INFO] [stdout]                                at /rustc/202008a1b8de96d2e5b6bc02d379db03a877d34d/library/test/src/lib.rs:134:21
[INFO] [stdout]   12:     0x5845209b45b8 - <alloc::boxed::Box<F,A> as core::ops::function::Fn<Args>>::call::h6332e82e7b189abd
[INFO] [stdout]                                at /rustc/202008a1b8de96d2e5b6bc02d379db03a877d34d/library/alloc/src/boxed.rs:1986:9
[INFO] [stdout]   13:     0x5845209b45b8 - std::panicking::rust_panic_with_hook::h53863d4e9018df39
[INFO] [stdout]                                at /rustc/202008a1b8de96d2e5b6bc02d379db03a877d34d/library/std/src/panicking.rs:809:13
[INFO] [stdout]   14:     0x5845209b4346 - std::panicking::begin_panic_handler::{{closure}}::h67280e6fa0757873
[INFO] [stdout]                                at /rustc/202008a1b8de96d2e5b6bc02d379db03a877d34d/library/std/src/panicking.rs:667:13
[INFO] [stdout]   15:     0x5845209b2f69 - std::sys::backtrace::__rust_end_short_backtrace::h1dac3f54d6fbbeb2
[INFO] [stdout]                                at /rustc/202008a1b8de96d2e5b6bc02d379db03a877d34d/library/std/src/sys/backtrace.rs:170:18
[INFO] [stdout]   16:     0x5845209b400c - rust_begin_unwind
[INFO] [stdout]                                at /rustc/202008a1b8de96d2e5b6bc02d379db03a877d34d/library/std/src/panicking.rs:665:5
[INFO] [stdout]   17:     0x584520936aa0 - core::panicking::panic_fmt::h6792bd1b2bf01041
[INFO] [stdout]                                at /rustc/202008a1b8de96d2e5b6bc02d379db03a877d34d/library/core/src/panicking.rs:76:14
[INFO] [stdout]   18:     0x584520936b2c - core::panicking::panic::hbb5c236a846c507c
[INFO] [stdout]                                at /rustc/202008a1b8de96d2e5b6bc02d379db03a877d34d/library/core/src/panicking.rs:148:5
[INFO] [stdout]   19:     0x58452093c0e9 - cmut::tests::should_get_a_tool::ha4ca46a02238c052
[INFO] [stdout]                                at /opt/rustwide/workdir/src/lib.rs:107:9
[INFO] [stdout]   20:     0x58452093bfb7 - cmut::tests::should_get_a_tool::{{closure}}::h702aa93390f6c7d5
[INFO] [stdout]                                at /opt/rustwide/workdir/src/lib.rs:104:27
[INFO] [stdout]   21:     0x584520941626 - core::ops::function::FnOnce::call_once::hef0472a77efa0be6
[INFO] [stdout]                                at /rustc/202008a1b8de96d2e5b6bc02d379db03a877d34d/library/core/src/ops/function.rs:250:5
[INFO] [stdout]   22:     0x58452098216b - core::ops::function::FnOnce::call_once::h871bf86719ec9aa4
[INFO] [stdout]                                at /rustc/202008a1b8de96d2e5b6bc02d379db03a877d34d/library/core/src/ops/function.rs:250:5
[INFO] [stdout]   23:     0x58452098216b - test::__rust_begin_short_backtrace::h2167df1e2b7d76fd
[INFO] [stdout]                                at /rustc/202008a1b8de96d2e5b6bc02d379db03a877d34d/library/test/src/lib.rs:632:18
[INFO] [stdout]   24:     0x584520981b58 - test::run_test_in_process::{{closure}}::h15d92f75a3adfb79
[INFO] [stdout]                                at /rustc/202008a1b8de96d2e5b6bc02d379db03a877d34d/library/test/src/lib.rs:655:60
[INFO] [stdout]   25:     0x584520981b58 - <core::panic::unwind_safe::AssertUnwindSafe<F> as core::ops::function::FnOnce<()>>::call_once::hb6c8955835a8dbbb
[INFO] [stdout]                                at /rustc/202008a1b8de96d2e5b6bc02d379db03a877d34d/library/core/src/panic/unwind_safe.rs:272:9
[INFO] [stdout]   26:     0x584520981b58 - std::panicking::try::do_call::hc79d0fc888a0bd30
[INFO] [stdout]                                at /rustc/202008a1b8de96d2e5b6bc02d379db03a877d34d/library/std/src/panicking.rs:557:40
[INFO] [stdout]   27:     0x584520981b58 - std::panicking::try::hb8a7878e3a8589d6
[INFO] [stdout]                                at /rustc/202008a1b8de96d2e5b6bc02d379db03a877d34d/library/std/src/panicking.rs:520:19
[INFO] [stdout]   28:     0x584520981b58 - std::panic::catch_unwind::hb8e4600ff0ff5cfa
[INFO] [stdout]                                at /rustc/202008a1b8de96d2e5b6bc02d379db03a877d34d/library/std/src/panic.rs:358:14
[INFO] [stdout]   29:     0x584520981b58 - test::run_test_in_process::hc2900b0b18688dd6
[INFO] [stdout]                                at /rustc/202008a1b8de96d2e5b6bc02d379db03a877d34d/library/test/src/lib.rs:655:27
[INFO] [stdout]   30:     0x584520981b58 - test::run_test::{{closure}}::hac2a9cb07be3d48d
[INFO] [stdout]                                at /rustc/202008a1b8de96d2e5b6bc02d379db03a877d34d/library/test/src/lib.rs:576:43
[INFO] [stdout]   31:     0x5845209455fa - test::run_test::{{closure}}::h4a5b729e66a38cd8
[INFO] [stdout]                                at /rustc/202008a1b8de96d2e5b6bc02d379db03a877d34d/library/test/src/lib.rs:606:41
[INFO] [stdout]   32:     0x5845209455fa - std::sys::backtrace::__rust_begin_short_backtrace::h0496fb742492f573
[INFO] [stdout]                                at /rustc/202008a1b8de96d2e5b6bc02d379db03a877d34d/library/std/src/sys/backtrace.rs:154:18
[INFO] [stdout]   33:     0x584520948f74 - std::thread::Builder::spawn_unchecked_::{{closure}}::{{closure}}::hbb6d257c550a54bd
[INFO] [stdout]                                at /rustc/202008a1b8de96d2e5b6bc02d379db03a877d34d/library/std/src/thread/mod.rs:561:17
[INFO] [stdout]   34:     0x584520948f74 - <core::panic::unwind_safe::AssertUnwindSafe<F> as core::ops::function::FnOnce<()>>::call_once::h46696fe4a6832328
[INFO] [stdout]                                at /rustc/202008a1b8de96d2e5b6bc02d379db03a877d34d/library/core/src/panic/unwind_safe.rs:272:9
[INFO] [stdout]   35:     0x584520948f74 - std::panicking::try::do_call::h2625a51b667bfb64
[INFO] [stdout]                                at /rustc/202008a1b8de96d2e5b6bc02d379db03a877d34d/library/std/src/panicking.rs:557:40
[INFO] [stdout]   36:     0x584520948f74 - std::panicking::try::hb956a59a1973aa4c
[INFO] [stdout]                                at /rustc/202008a1b8de96d2e5b6bc02d379db03a877d34d/library/std/src/panicking.rs:520:19
[INFO] [stdout]   37:     0x584520948f74 - std::panic::catch_unwind::h64f3b9d1067ef6a0
[INFO] [stdout]                                at /rustc/202008a1b8de96d2e5b6bc02d379db03a877d34d/library/std/src/panic.rs:358:14
[INFO] [stdout]   38:     0x584520948f74 - std::thread::Builder::spawn_unchecked_::{{closure}}::h42b2841295b6c0b2
[INFO] [stdout]                                at /rustc/202008a1b8de96d2e5b6bc02d379db03a877d34d/library/std/src/thread/mod.rs:559:30
[INFO] [stdout]   39:     0x584520948f74 - core::ops::function::FnOnce::call_once{{vtable.shim}}::h6127de71b8124639
[INFO] [stdout]                                at /rustc/202008a1b8de96d2e5b6bc02d379db03a877d34d/library/core/src/ops/function.rs:250:5
[INFO] [stdout]   40:     0x5845209b85fb - <alloc::boxed::Box<F,A> as core::ops::function::FnOnce<Args>>::call_once::h42f0ba71002a1b2c
[INFO] [stdout]                                at /rustc/202008a1b8de96d2e5b6bc02d379db03a877d34d/library/alloc/src/boxed.rs:1972:9
[INFO] [stdout]   41:     0x5845209b85fb - <alloc::boxed::Box<F,A> as core::ops::function::FnOnce<Args>>::call_once::had9e47d7a3dcecb8
[INFO] [stdout]                                at /rustc/202008a1b8de96d2e5b6bc02d379db03a877d34d/library/alloc/src/boxed.rs:1972:9
[INFO] [stdout]   42:     0x5845209b85fb - std::sys::pal::unix::thread::Thread::new::thread_start::h48cf765408f6f5f2
[INFO] [stdout]                                at /rustc/202008a1b8de96d2e5b6bc02d379db03a877d34d/library/std/src/sys/pal/unix/thread.rs:105:17
[INFO] [stdout]   43:     0x7344ef23fac3 - <unknown>
[INFO] [stdout]   44:     0x7344ef2d0a04 - clone
[INFO] [stdout]   45:                0x0 - <unknown>
[INFO] [stdout] 
[INFO] [stdout] 
[INFO] [stdout] failures:
[INFO] [stdout]     tests::should_get_a_tool
[INFO] [stdout] 
[INFO] [stdout] test result: FAILED. 3 passed; 1 failed; 0 ignored; 0 measured; 0 filtered out; finished in 0.07s
[INFO] [stdout] 
[INFO] [stderr] error: test failed, to rerun pass `--lib`
[INFO] running `Command { std: "docker" "inspect" "89a069e3fb766be36e4af9effaeaa579197cb5cbf91c3127116e7d1f10fbb763", kill_on_drop: false }`
[INFO] running `Command { std: "docker" "rm" "-f" "89a069e3fb766be36e4af9effaeaa579197cb5cbf91c3127116e7d1f10fbb763", kill_on_drop: false }`
[INFO] [stdout] 89a069e3fb766be36e4af9effaeaa579197cb5cbf91c3127116e7d1f10fbb763
