[INFO] fetching crate cmd-proc-macro 0.1.4...
[INFO] testing cmd-proc-macro-0.1.4 against 1.83.0 for beta-1.84.0-4-retry
[INFO] extracting crate cmd-proc-macro 0.1.4 into /workspace/builds/worker-1-tc1/source
[INFO] validating manifest of crates.io crate cmd-proc-macro 0.1.4 on toolchain 1.83.0
[INFO] running `Command { std: CARGO_HOME="/workspace/cargo-home" RUSTUP_HOME="/workspace/rustup-home" "/workspace/cargo-home/bin/cargo" "+1.83.0" "metadata" "--manifest-path" "Cargo.toml" "--no-deps", kill_on_drop: false }`
[INFO] started tweaking crates.io crate cmd-proc-macro 0.1.4
[INFO] finished tweaking crates.io crate cmd-proc-macro 0.1.4
[INFO] tweaked toml for crates.io crate cmd-proc-macro 0.1.4 written to /workspace/builds/worker-1-tc1/source/Cargo.toml
[INFO] running `Command { std: CARGO_HOME="/workspace/cargo-home" RUSTUP_HOME="/workspace/rustup-home" "/workspace/cargo-home/bin/cargo" "+1.83.0" "generate-lockfile" "--manifest-path" "Cargo.toml", kill_on_drop: false }`
[INFO] [stderr]     Updating crates.io index
[INFO] [stderr]      Locking 4 packages to latest compatible versions
[INFO] running `Command { std: CARGO_HOME="/workspace/cargo-home" RUSTUP_HOME="/workspace/rustup-home" "/workspace/cargo-home/bin/cargo" "+1.83.0" "fetch" "--manifest-path" "Cargo.toml", kill_on_drop: false }`
[INFO] running `Command { std: "docker" "create" "-v" "/var/lib/crater-agent-workspace/builds/worker-1-tc1/target:/opt/rustwide/target:rw,Z" "-v" "/var/lib/crater-agent-workspace/builds/worker-1-tc1/source:/opt/rustwide/workdir:ro,Z" "-v" "/var/lib/crater-agent-workspace/cargo-home:/opt/rustwide/cargo-home:ro,Z" "-v" "/var/lib/crater-agent-workspace/rustup-home:/opt/rustwide/rustup-home:ro,Z" "-e" "SOURCE_DIR=/opt/rustwide/workdir" "-e" "CARGO_TARGET_DIR=/opt/rustwide/target" "-e" "CARGO_HOME=/opt/rustwide/cargo-home" "-e" "RUSTUP_HOME=/opt/rustwide/rustup-home" "-w" "/opt/rustwide/workdir" "-m" "1610612736" "--user" "0:0" "--network" "none" "ghcr.io/rust-lang/crates-build-env/linux@sha256:f3a9d4ad9d972b27faf3965f35b62e55ba32bbce8f20bc8fe909558a86702fde" "/opt/rustwide/cargo-home/bin/cargo" "+1.83.0" "metadata" "--no-deps" "--format-version=1", kill_on_drop: false }`
[INFO] [stdout] 3c4d6dfb821e0f35fbd9946f7ce0ee3776b95d4e91106da5cd150e47bb4e93d6
[INFO] running `Command { std: "docker" "start" "-a" "3c4d6dfb821e0f35fbd9946f7ce0ee3776b95d4e91106da5cd150e47bb4e93d6", kill_on_drop: false }`
[INFO] running `Command { std: "docker" "inspect" "3c4d6dfb821e0f35fbd9946f7ce0ee3776b95d4e91106da5cd150e47bb4e93d6", kill_on_drop: false }`
[INFO] running `Command { std: "docker" "rm" "-f" "3c4d6dfb821e0f35fbd9946f7ce0ee3776b95d4e91106da5cd150e47bb4e93d6", kill_on_drop: false }`
[INFO] [stdout] 3c4d6dfb821e0f35fbd9946f7ce0ee3776b95d4e91106da5cd150e47bb4e93d6
[INFO] running `Command { std: "docker" "create" "-v" "/var/lib/crater-agent-workspace/builds/worker-1-tc1/target:/opt/rustwide/target:rw,Z" "-v" "/var/lib/crater-agent-workspace/builds/worker-1-tc1/source:/opt/rustwide/workdir:ro,Z" "-v" "/var/lib/crater-agent-workspace/cargo-home:/opt/rustwide/cargo-home:ro,Z" "-v" "/var/lib/crater-agent-workspace/rustup-home:/opt/rustwide/rustup-home:ro,Z" "-e" "SOURCE_DIR=/opt/rustwide/workdir" "-e" "CARGO_TARGET_DIR=/opt/rustwide/target" "-e" "CARGO_INCREMENTAL=0" "-e" "RUST_BACKTRACE=full" "-e" "RUSTFLAGS=--cap-lints=warn" "-e" "RUSTDOCFLAGS=--cap-lints=warn" "-e" "CARGO_HOME=/opt/rustwide/cargo-home" "-e" "RUSTUP_HOME=/opt/rustwide/rustup-home" "-w" "/opt/rustwide/workdir" "-m" "1610612736" "--user" "0:0" "--network" "none" "ghcr.io/rust-lang/crates-build-env/linux@sha256:f3a9d4ad9d972b27faf3965f35b62e55ba32bbce8f20bc8fe909558a86702fde" "/opt/rustwide/cargo-home/bin/cargo" "+1.83.0" "build" "--frozen" "--message-format=json", kill_on_drop: false }`
[INFO] [stdout] 841bb2331b0cb995831ee2780b918dbadc823d7134af4791b4757550a1a657f0
[INFO] running `Command { std: "docker" "start" "-a" "841bb2331b0cb995831ee2780b918dbadc823d7134af4791b4757550a1a657f0", kill_on_drop: false }`
[INFO] [stderr]    Compiling proc-macro2 v1.0.92
[INFO] [stderr]    Compiling unicode-ident v1.0.14
[INFO] [stderr]    Compiling quote v1.0.37
[INFO] [stderr]    Compiling syn v2.0.90
[INFO] [stderr]    Compiling cmd-proc-macro v0.1.4 (/opt/rustwide/workdir)
[INFO] [stderr]     Finished `dev` profile [unoptimized + debuginfo] target(s) in 6.38s
[INFO] running `Command { std: "docker" "inspect" "841bb2331b0cb995831ee2780b918dbadc823d7134af4791b4757550a1a657f0", kill_on_drop: false }`
[INFO] running `Command { std: "docker" "rm" "-f" "841bb2331b0cb995831ee2780b918dbadc823d7134af4791b4757550a1a657f0", kill_on_drop: false }`
[INFO] [stdout] 841bb2331b0cb995831ee2780b918dbadc823d7134af4791b4757550a1a657f0
[INFO] running `Command { std: "docker" "create" "-v" "/var/lib/crater-agent-workspace/builds/worker-1-tc1/target:/opt/rustwide/target:rw,Z" "-v" "/var/lib/crater-agent-workspace/builds/worker-1-tc1/source:/opt/rustwide/workdir:ro,Z" "-v" "/var/lib/crater-agent-workspace/cargo-home:/opt/rustwide/cargo-home:ro,Z" "-v" "/var/lib/crater-agent-workspace/rustup-home:/opt/rustwide/rustup-home:ro,Z" "-e" "SOURCE_DIR=/opt/rustwide/workdir" "-e" "CARGO_TARGET_DIR=/opt/rustwide/target" "-e" "CARGO_INCREMENTAL=0" "-e" "RUST_BACKTRACE=full" "-e" "RUSTFLAGS=--cap-lints=warn" "-e" "RUSTDOCFLAGS=--cap-lints=warn" "-e" "CARGO_HOME=/opt/rustwide/cargo-home" "-e" "RUSTUP_HOME=/opt/rustwide/rustup-home" "-w" "/opt/rustwide/workdir" "-m" "1610612736" "--user" "0:0" "--network" "none" "ghcr.io/rust-lang/crates-build-env/linux@sha256:f3a9d4ad9d972b27faf3965f35b62e55ba32bbce8f20bc8fe909558a86702fde" "/opt/rustwide/cargo-home/bin/cargo" "+1.83.0" "test" "--frozen" "--no-run" "--message-format=json", kill_on_drop: false }`
[INFO] [stdout] 9fb34aa7d97d374c941565f77c5d8843361fa35b4e5ee0c3fd227de70707087c
[INFO] running `Command { std: "docker" "start" "-a" "9fb34aa7d97d374c941565f77c5d8843361fa35b4e5ee0c3fd227de70707087c", kill_on_drop: false }`
[INFO] [stderr]    Compiling cmd-proc-macro v0.1.4 (/opt/rustwide/workdir)
[INFO] [stderr]     Finished `test` profile [unoptimized + debuginfo] target(s) in 0.77s
[INFO] running `Command { std: "docker" "inspect" "9fb34aa7d97d374c941565f77c5d8843361fa35b4e5ee0c3fd227de70707087c", kill_on_drop: false }`
[INFO] running `Command { std: "docker" "rm" "-f" "9fb34aa7d97d374c941565f77c5d8843361fa35b4e5ee0c3fd227de70707087c", kill_on_drop: false }`
[INFO] [stdout] 9fb34aa7d97d374c941565f77c5d8843361fa35b4e5ee0c3fd227de70707087c
[INFO] running `Command { std: "docker" "create" "-v" "/var/lib/crater-agent-workspace/builds/worker-1-tc1/target:/opt/rustwide/target:rw,Z" "-v" "/var/lib/crater-agent-workspace/builds/worker-1-tc1/source:/opt/rustwide/workdir:ro,Z" "-v" "/var/lib/crater-agent-workspace/cargo-home:/opt/rustwide/cargo-home:ro,Z" "-v" "/var/lib/crater-agent-workspace/rustup-home:/opt/rustwide/rustup-home:ro,Z" "-e" "SOURCE_DIR=/opt/rustwide/workdir" "-e" "CARGO_TARGET_DIR=/opt/rustwide/target" "-e" "CARGO_INCREMENTAL=0" "-e" "RUST_BACKTRACE=full" "-e" "RUSTFLAGS=--cap-lints=warn" "-e" "RUSTDOCFLAGS=--cap-lints=warn" "-e" "CARGO_HOME=/opt/rustwide/cargo-home" "-e" "RUSTUP_HOME=/opt/rustwide/rustup-home" "-w" "/opt/rustwide/workdir" "-m" "1610612736" "--user" "0:0" "--network" "none" "ghcr.io/rust-lang/crates-build-env/linux@sha256:f3a9d4ad9d972b27faf3965f35b62e55ba32bbce8f20bc8fe909558a86702fde" "/opt/rustwide/cargo-home/bin/cargo" "+1.83.0" "test" "--frozen", kill_on_drop: false }`
[INFO] [stdout] 14f7cc80b68c745a4a84b3e96152781209d2ec2b094146abf0b98e41c58fbbd1
[INFO] running `Command { std: "docker" "start" "-a" "14f7cc80b68c745a4a84b3e96152781209d2ec2b094146abf0b98e41c58fbbd1", kill_on_drop: false }`
[INFO] [stderr]     Finished `test` profile [unoptimized + debuginfo] target(s) in 0.02s
[INFO] [stderr]      Running unittests src/lib.rs (/opt/rustwide/target/debug/deps/cmd_proc_macro-3bd4d75f751dd624)
[INFO] [stdout] 
[INFO] [stdout] running 0 tests
[INFO] [stdout] 
[INFO] [stdout] test result: ok. 0 passed; 0 failed; 0 ignored; 0 measured; 0 filtered out; finished in 0.00s
[INFO] [stdout] 
[INFO] [stderr]    Doc-tests cmd_proc_macro
[INFO] [stdout] 
[INFO] [stdout] running 2 tests
[INFO] [stdout] test src/lib.rs - cmd_execute (line 7) - compile ... FAILED
[INFO] [stdout] test src/../README.md - (line 9) ... FAILED
[INFO] [stdout] 
[INFO] [stdout] failures:
[INFO] [stdout] 
[INFO] [stdout] ---- src/lib.rs - cmd_execute (line 7) stdout ----
[INFO] [stdout] error: cannot find macro `cmd_execute` in this scope
[INFO] [stdout]   --> src/lib.rs:15:13
[INFO] [stdout]    |
[INFO] [stdout] 10 | let cargo = cmd_execute!("cat Cargo.toml");
[INFO] [stdout]    |             ^^^^^^^^^^^
[INFO] [stdout]    |
[INFO] [stdout] help: consider importing this macro
[INFO] [stdout]    |
[INFO] [stdout] 2  + use cmd_proc_macro::cmd_execute;
[INFO] [stdout]    |
[INFO] [stdout] 
[INFO] [stdout] error: cannot find macro `cmd_execute` in this scope
[INFO] [stdout]  --> src/lib.rs:11:19
[INFO] [stdout]   |
[INFO] [stdout] 6 | let sub_version = cmd_execute!("git rev-list `git describe --tags --abbrev=0`..HEAD --count --first-parent");
[INFO] [stdout]   |                   ^^^^^^^^^^^
[INFO] [stdout]   |
[INFO] [stdout] help: consider importing this macro
[INFO] [stdout]   |
[INFO] [stdout] 2 + use cmd_proc_macro::cmd_execute;
[INFO] [stdout]   |
[INFO] [stdout] 
[INFO] [stdout] error: cannot find macro `cmd_execute` in this scope
[INFO] [stdout]  --> src/lib.rs:10:18
[INFO] [stdout]   |
[INFO] [stdout] 5 | let latest_tag = cmd_execute!("git describe --tags --abbrev=0");
[INFO] [stdout]   |                  ^^^^^^^^^^^
[INFO] [stdout]   |
[INFO] [stdout] help: consider importing this macro
[INFO] [stdout]   |
[INFO] [stdout] 2 + use cmd_proc_macro::cmd_execute;
[INFO] [stdout]   |
[INFO] [stdout] 
[INFO] [stdout] error: cannot find macro `cmd_execute` in this scope
[INFO] [stdout]  --> src/lib.rs:9:12
[INFO] [stdout]   |
[INFO] [stdout] 4 | let date = cmd_execute!("git log -1 --format=%cd");
[INFO] [stdout]   |            ^^^^^^^^^^^
[INFO] [stdout]   |
[INFO] [stdout] help: consider importing this macro
[INFO] [stdout]   |
[INFO] [stdout] 2 + use cmd_proc_macro::cmd_execute;
[INFO] [stdout]   |
[INFO] [stdout] 
[INFO] [stdout] error: cannot find macro `cmd_execute` in this scope
[INFO] [stdout]  --> src/lib.rs:8:12
[INFO] [stdout]   |
[INFO] [stdout] 3 | let hash = cmd_execute!("git rev-parse --short HEAD"); // git rev-parse --short HEAD | tr -d '\n\r'
[INFO] [stdout]   |            ^^^^^^^^^^^
[INFO] [stdout]   |
[INFO] [stdout] help: consider importing this macro
[INFO] [stdout]   |
[INFO] [stdout] 2 + use cmd_proc_macro::cmd_execute;
[INFO] [stdout]   |
[INFO] [stdout] 
[INFO] [stdout] error: aborting due to 5 previous errors
[INFO] [stdout] 
[INFO] [stdout] Couldn't compile the test.
[INFO] [stdout] ---- src/../README.md - (line 9) stdout ----
[INFO] [stdout] error: couldn't read `src/../../Cargo.toml`: No such file or directory (os error 2)
[INFO] [stdout]  --> src/../README.md:11:13
[INFO] [stdout]   |
[INFO] [stdout] 4 | let bytes = include_bytes!("../Cargo.toml");
[INFO] [stdout]   |             ^^^^^^^^^^^^^^^^^^^^^^^^^^^^^^^
[INFO] [stdout]   |
[INFO] [stdout]   = note: this error originates in the macro `include_bytes` (in Nightly builds, run with -Z macro-backtrace for more info)
[INFO] [stdout] help: there is a file with the same name in a different directory
[INFO] [stdout]   |
[INFO] [stdout] 4 | let bytes = include_bytes!("Cargo.toml");
[INFO] [stdout]   |                            ~~~~~~~~~~~~
[INFO] [stdout] 
[INFO] [stdout] error: cannot find macro `cmd_execute` in this scope
[INFO] [stdout]  --> src/../README.md:10:13
[INFO] [stdout]   |
[INFO] [stdout] 3 | let cargo = cmd_execute!("cat Cargo.toml");
[INFO] [stdout]   |             ^^^^^^^^^^^
[INFO] [stdout]   |
[INFO] [stdout] help: consider importing this macro
[INFO] [stdout]   |
[INFO] [stdout] 2 + use cmd_proc_macro::cmd_execute;
[INFO] [stdout]   |
[INFO] [stdout] 
[INFO] [stdout] error: aborting due to 2 previous errors
[INFO] [stdout] 
[INFO] [stdout] Couldn't compile the test.
[INFO] [stdout] 
[INFO] [stdout] failures:
[INFO] [stdout]     src/../README.md - (line 9)
[INFO] [stdout]     src/lib.rs - cmd_execute (line 7)
[INFO] [stdout] 
[INFO] [stdout] test result: FAILED. 0 passed; 2 failed; 0 ignored; 0 measured; 0 filtered out; finished in 0.13s
[INFO] [stdout] 
[INFO] [stderr] error: doctest failed, to rerun pass `--doc`
[INFO] running `Command { std: "docker" "inspect" "14f7cc80b68c745a4a84b3e96152781209d2ec2b094146abf0b98e41c58fbbd1", kill_on_drop: false }`
[INFO] running `Command { std: "docker" "rm" "-f" "14f7cc80b68c745a4a84b3e96152781209d2ec2b094146abf0b98e41c58fbbd1", kill_on_drop: false }`
[INFO] [stdout] 14f7cc80b68c745a4a84b3e96152781209d2ec2b094146abf0b98e41c58fbbd1
