[INFO] fetching crate cmark-syntax 0.5.1...
[INFO] testing cmark-syntax-0.5.1 against 1.83.0 for beta-1.84.0-4-retry
[INFO] extracting crate cmark-syntax 0.5.1 into /workspace/builds/worker-7-tc1/source
[INFO] validating manifest of crates.io crate cmark-syntax 0.5.1 on toolchain 1.83.0
[INFO] running `Command { std: CARGO_HOME="/workspace/cargo-home" RUSTUP_HOME="/workspace/rustup-home" "/workspace/cargo-home/bin/cargo" "+1.83.0" "metadata" "--manifest-path" "Cargo.toml" "--no-deps", kill_on_drop: false }`
[INFO] started tweaking crates.io crate cmark-syntax 0.5.1
[INFO] finished tweaking crates.io crate cmark-syntax 0.5.1
[INFO] tweaked toml for crates.io crate cmark-syntax 0.5.1 written to /workspace/builds/worker-7-tc1/source/Cargo.toml
[INFO] running `Command { std: CARGO_HOME="/workspace/cargo-home" RUSTUP_HOME="/workspace/rustup-home" "/workspace/cargo-home/bin/cargo" "+1.83.0" "generate-lockfile" "--manifest-path" "Cargo.toml", kill_on_drop: false }`
[INFO] [stderr]     Updating crates.io index
[INFO] [stderr]      Locking 22 packages to latest compatible versions
[INFO] [stderr]       Adding logos v0.14.4 (available: v0.15.0)
[INFO] [stderr]       Adding pulldown-cmark v0.11.3 (available: v0.12.2)
[INFO] running `Command { std: CARGO_HOME="/workspace/cargo-home" RUSTUP_HOME="/workspace/rustup-home" "/workspace/cargo-home/bin/cargo" "+1.83.0" "fetch" "--manifest-path" "Cargo.toml", kill_on_drop: false }`
[INFO] [stderr] warning: `default_features` is deprecated in favor of `default-features` and will not work in the 2024 edition
[INFO] [stderr] (in the `pulldown-cmark` dependency)
[INFO] [stderr] warning: `default_features` is deprecated in favor of `default-features` and will not work in the 2024 edition
[INFO] [stderr] (in the `pulldown-cmark` dependency)
[INFO] [stderr]  Downloading crates ...
[INFO] [stderr]   Downloaded logos-derive v0.14.4
[INFO] [stderr]   Downloaded logos-codegen v0.14.4
[INFO] [stderr]   Downloaded pulldown-cmark v0.11.3
[INFO] [stderr]   Downloaded ramhorns-derive v1.0.1
[INFO] [stderr]   Downloaded ramhorns v1.0.1
[INFO] [stderr]   Downloaded latex2mathml v0.2.3
[INFO] [stderr]   Downloaded logos v0.14.4
[INFO] running `Command { std: "docker" "create" "-v" "/var/lib/crater-agent-workspace/builds/worker-7-tc1/target:/opt/rustwide/target:rw,Z" "-v" "/var/lib/crater-agent-workspace/builds/worker-7-tc1/source:/opt/rustwide/workdir:ro,Z" "-v" "/var/lib/crater-agent-workspace/cargo-home:/opt/rustwide/cargo-home:ro,Z" "-v" "/var/lib/crater-agent-workspace/rustup-home:/opt/rustwide/rustup-home:ro,Z" "-e" "SOURCE_DIR=/opt/rustwide/workdir" "-e" "CARGO_TARGET_DIR=/opt/rustwide/target" "-e" "CARGO_HOME=/opt/rustwide/cargo-home" "-e" "RUSTUP_HOME=/opt/rustwide/rustup-home" "-w" "/opt/rustwide/workdir" "-m" "1610612736" "--user" "0:0" "--network" "none" "ghcr.io/rust-lang/crates-build-env/linux@sha256:f3a9d4ad9d972b27faf3965f35b62e55ba32bbce8f20bc8fe909558a86702fde" "/opt/rustwide/cargo-home/bin/cargo" "+1.83.0" "metadata" "--no-deps" "--format-version=1", kill_on_drop: false }`
[INFO] [stdout] 7e8eddf1fc2f395e76143166647eb651e3926a906ec0c027c33eb8ad97c18184
[INFO] running `Command { std: "docker" "start" "-a" "7e8eddf1fc2f395e76143166647eb651e3926a906ec0c027c33eb8ad97c18184", kill_on_drop: false }`
[INFO] running `Command { std: "docker" "inspect" "7e8eddf1fc2f395e76143166647eb651e3926a906ec0c027c33eb8ad97c18184", kill_on_drop: false }`
[INFO] running `Command { std: "docker" "rm" "-f" "7e8eddf1fc2f395e76143166647eb651e3926a906ec0c027c33eb8ad97c18184", kill_on_drop: false }`
[INFO] [stdout] 7e8eddf1fc2f395e76143166647eb651e3926a906ec0c027c33eb8ad97c18184
[INFO] running `Command { std: "docker" "create" "-v" "/var/lib/crater-agent-workspace/builds/worker-7-tc1/target:/opt/rustwide/target:rw,Z" "-v" "/var/lib/crater-agent-workspace/builds/worker-7-tc1/source:/opt/rustwide/workdir:ro,Z" "-v" "/var/lib/crater-agent-workspace/cargo-home:/opt/rustwide/cargo-home:ro,Z" "-v" "/var/lib/crater-agent-workspace/rustup-home:/opt/rustwide/rustup-home:ro,Z" "-e" "SOURCE_DIR=/opt/rustwide/workdir" "-e" "CARGO_TARGET_DIR=/opt/rustwide/target" "-e" "CARGO_INCREMENTAL=0" "-e" "RUST_BACKTRACE=full" "-e" "RUSTFLAGS=--cap-lints=warn" "-e" "RUSTDOCFLAGS=--cap-lints=warn" "-e" "CARGO_HOME=/opt/rustwide/cargo-home" "-e" "RUSTUP_HOME=/opt/rustwide/rustup-home" "-w" "/opt/rustwide/workdir" "-m" "1610612736" "--user" "0:0" "--network" "none" "ghcr.io/rust-lang/crates-build-env/linux@sha256:f3a9d4ad9d972b27faf3965f35b62e55ba32bbce8f20bc8fe909558a86702fde" "/opt/rustwide/cargo-home/bin/cargo" "+1.83.0" "build" "--frozen" "--message-format=json", kill_on_drop: false }`
[INFO] [stdout] f6d86b6f34a39dd4d150886291420584934c993cea176be9839cdfdff24c4766
[INFO] running `Command { std: "docker" "start" "-a" "f6d86b6f34a39dd4d150886291420584934c993cea176be9839cdfdff24c4766", kill_on_drop: false }`
[INFO] [stderr] warning: `default_features` is deprecated in favor of `default-features` and will not work in the 2024 edition
[INFO] [stderr] (in the `pulldown-cmark` dependency)
[INFO] [stderr] warning: `default_features` is deprecated in favor of `default-features` and will not work in the 2024 edition
[INFO] [stderr] (in the `pulldown-cmark` dependency)
[INFO] [stderr]    Compiling proc-macro2 v1.0.92
[INFO] [stderr]    Compiling unicode-ident v1.0.14
[INFO] [stderr]    Compiling fnv v1.0.7
[INFO] [stderr]    Compiling beef v0.5.2
[INFO] [stderr]    Compiling regex-syntax v0.8.5
[INFO] [stderr]    Compiling lazy_static v1.5.0
[INFO] [stderr]    Compiling pulldown-cmark v0.11.3
[INFO] [stderr]    Compiling unicase v2.8.0
[INFO] [stderr]    Compiling memchr v2.7.4
[INFO] [stderr]    Compiling bitflags v2.6.0
[INFO] [stderr]    Compiling latex2mathml v0.2.3
[INFO] [stderr]    Compiling quote v1.0.37
[INFO] [stderr]    Compiling syn v2.0.90
[INFO] [stderr]    Compiling logos-codegen v0.14.4
[INFO] [stderr]    Compiling logos-derive v0.14.4
[INFO] [stderr]    Compiling logos v0.14.4
[INFO] [stderr]    Compiling cmark-syntax v0.5.1 (/opt/rustwide/workdir)
[INFO] [stderr]     Finished `dev` profile [unoptimized + debuginfo] target(s) in 12.25s
[INFO] running `Command { std: "docker" "inspect" "f6d86b6f34a39dd4d150886291420584934c993cea176be9839cdfdff24c4766", kill_on_drop: false }`
[INFO] running `Command { std: "docker" "rm" "-f" "f6d86b6f34a39dd4d150886291420584934c993cea176be9839cdfdff24c4766", kill_on_drop: false }`
[INFO] [stdout] f6d86b6f34a39dd4d150886291420584934c993cea176be9839cdfdff24c4766
[INFO] running `Command { std: "docker" "create" "-v" "/var/lib/crater-agent-workspace/builds/worker-7-tc1/target:/opt/rustwide/target:rw,Z" "-v" "/var/lib/crater-agent-workspace/builds/worker-7-tc1/source:/opt/rustwide/workdir:ro,Z" "-v" "/var/lib/crater-agent-workspace/cargo-home:/opt/rustwide/cargo-home:ro,Z" "-v" "/var/lib/crater-agent-workspace/rustup-home:/opt/rustwide/rustup-home:ro,Z" "-e" "SOURCE_DIR=/opt/rustwide/workdir" "-e" "CARGO_TARGET_DIR=/opt/rustwide/target" "-e" "CARGO_INCREMENTAL=0" "-e" "RUST_BACKTRACE=full" "-e" "RUSTFLAGS=--cap-lints=warn" "-e" "RUSTDOCFLAGS=--cap-lints=warn" "-e" "CARGO_HOME=/opt/rustwide/cargo-home" "-e" "RUSTUP_HOME=/opt/rustwide/rustup-home" "-w" "/opt/rustwide/workdir" "-m" "1610612736" "--user" "0:0" "--network" "none" "ghcr.io/rust-lang/crates-build-env/linux@sha256:f3a9d4ad9d972b27faf3965f35b62e55ba32bbce8f20bc8fe909558a86702fde" "/opt/rustwide/cargo-home/bin/cargo" "+1.83.0" "test" "--frozen" "--no-run" "--message-format=json", kill_on_drop: false }`
[INFO] [stdout] d0191326e29099969cd961e70dd287ae6abab23d3d6f39c04ec546a91c842165
[INFO] running `Command { std: "docker" "start" "-a" "d0191326e29099969cd961e70dd287ae6abab23d3d6f39c04ec546a91c842165", kill_on_drop: false }`
[INFO] [stderr] warning: `default_features` is deprecated in favor of `default-features` and will not work in the 2024 edition
[INFO] [stderr] (in the `pulldown-cmark` dependency)
[INFO] [stderr] warning: `default_features` is deprecated in favor of `default-features` and will not work in the 2024 edition
[INFO] [stderr] (in the `pulldown-cmark` dependency)
[INFO] [stderr]    Compiling fnv v1.0.7
[INFO] [stderr]    Compiling beef v0.5.2
[INFO] [stderr]    Compiling pulldown-cmark-escape v0.11.0
[INFO] [stderr]    Compiling pulldown-cmark v0.12.2
[INFO] [stderr]    Compiling pulldown-cmark v0.11.3
[INFO] [stderr]    Compiling heck v0.5.0
[INFO] [stderr]    Compiling arrayvec v0.7.6
[INFO] [stderr]    Compiling logos-codegen v0.14.4
[INFO] [stderr]    Compiling ramhorns-derive v1.0.1
[INFO] [stderr]    Compiling logos-derive v0.14.4
[INFO] [stderr]    Compiling logos v0.14.4
[INFO] [stderr]    Compiling ramhorns v1.0.1
[INFO] [stderr]    Compiling cmark-syntax v0.5.1 (/opt/rustwide/workdir)
[INFO] [stderr]     Finished `test` profile [unoptimized + debuginfo] target(s) in 10.89s
[INFO] running `Command { std: "docker" "inspect" "d0191326e29099969cd961e70dd287ae6abab23d3d6f39c04ec546a91c842165", kill_on_drop: false }`
[INFO] running `Command { std: "docker" "rm" "-f" "d0191326e29099969cd961e70dd287ae6abab23d3d6f39c04ec546a91c842165", kill_on_drop: false }`
[INFO] [stdout] d0191326e29099969cd961e70dd287ae6abab23d3d6f39c04ec546a91c842165
[INFO] running `Command { std: "docker" "create" "-v" "/var/lib/crater-agent-workspace/builds/worker-7-tc1/target:/opt/rustwide/target:rw,Z" "-v" "/var/lib/crater-agent-workspace/builds/worker-7-tc1/source:/opt/rustwide/workdir:ro,Z" "-v" "/var/lib/crater-agent-workspace/cargo-home:/opt/rustwide/cargo-home:ro,Z" "-v" "/var/lib/crater-agent-workspace/rustup-home:/opt/rustwide/rustup-home:ro,Z" "-e" "SOURCE_DIR=/opt/rustwide/workdir" "-e" "CARGO_TARGET_DIR=/opt/rustwide/target" "-e" "CARGO_INCREMENTAL=0" "-e" "RUST_BACKTRACE=full" "-e" "RUSTFLAGS=--cap-lints=warn" "-e" "RUSTDOCFLAGS=--cap-lints=warn" "-e" "CARGO_HOME=/opt/rustwide/cargo-home" "-e" "RUSTUP_HOME=/opt/rustwide/rustup-home" "-w" "/opt/rustwide/workdir" "-m" "1610612736" "--user" "0:0" "--network" "none" "ghcr.io/rust-lang/crates-build-env/linux@sha256:f3a9d4ad9d972b27faf3965f35b62e55ba32bbce8f20bc8fe909558a86702fde" "/opt/rustwide/cargo-home/bin/cargo" "+1.83.0" "test" "--frozen", kill_on_drop: false }`
[INFO] [stdout] e5812759edd0aee43718ac7ffde885d172a57c129cf350e8e60e6f90a33deb66
[INFO] running `Command { std: "docker" "start" "-a" "e5812759edd0aee43718ac7ffde885d172a57c129cf350e8e60e6f90a33deb66", kill_on_drop: false }`
[INFO] [stderr] warning: `default_features` is deprecated in favor of `default-features` and will not work in the 2024 edition
[INFO] [stderr] (in the `pulldown-cmark` dependency)
[INFO] [stderr] warning: `default_features` is deprecated in favor of `default-features` and will not work in the 2024 edition
[INFO] [stderr] (in the `pulldown-cmark` dependency)
[INFO] [stderr]     Finished `test` profile [unoptimized + debuginfo] target(s) in 0.04s
[INFO] [stderr]      Running unittests src/lib.rs (/opt/rustwide/target/debug/deps/cmark_syntax-1b1667578d6667ad)
[INFO] [stdout] 
[INFO] [stderr]      Running tests/math.rs (/opt/rustwide/target/debug/deps/math-21fab4f3af7583d0)
[INFO] [stdout] running 0 tests
[INFO] [stdout] 
[INFO] [stdout] test result: ok. 0 passed; 0 failed; 0 ignored; 0 measured; 0 filtered out; finished in 0.00s
[INFO] [stdout] 
[INFO] [stdout] 
[INFO] [stdout] running 1 test
[INFO] [stdout] test math_highlight ... ok
[INFO] [stdout] 
[INFO] [stdout] test result: ok. 1 passed; 0 failed; 0 ignored; 0 measured; 0 filtered out; finished in 0.00s
[INFO] [stdout] 
[INFO] [stderr]      Running tests/rust.rs (/opt/rustwide/target/debug/deps/rust-d8424b91f531030f)
[INFO] [stdout] 
[INFO] [stdout] running 1 test
[INFO] [stdout] test rust_highlight ... ok
[INFO] [stdout] 
[INFO] [stdout] test result: ok. 1 passed; 0 failed; 0 ignored; 0 measured; 0 filtered out; finished in 0.00s
[INFO] [stdout] 
[INFO] [stderr]      Running tests/rust2.rs (/opt/rustwide/target/debug/deps/rust2-87fdf1ba9b228192)
[INFO] [stdout] 
[INFO] [stdout] running 1 test
[INFO] [stdout] test rust2_highlight ... ok
[INFO] [stdout] 
[INFO] [stdout] test result: ok. 1 passed; 0 failed; 0 ignored; 0 measured; 0 filtered out; finished in 0.00s
[INFO] [stdout] 
[INFO] [stderr]      Running tests/sh.rs (/opt/rustwide/target/debug/deps/sh-06a6396eabcb74dd)
[INFO] [stdout] 
[INFO] [stdout] running 1 test
[INFO] [stderr]      Running tests/toml.rs (/opt/rustwide/target/debug/deps/toml-6a3085fa89475135)
[INFO] [stdout] test toml_highlight ... ok
[INFO] [stdout] 
[INFO] [stdout] test result: ok. 1 passed; 0 failed; 0 ignored; 0 measured; 0 filtered out; finished in 0.00s
[INFO] [stdout] 
[INFO] [stdout] 
[INFO] [stdout] running 1 test
[INFO] [stdout] test toml_highlight ... ok
[INFO] [stdout] 
[INFO] [stdout] test result: ok. 1 passed; 0 failed; 0 ignored; 0 measured; 0 filtered out; finished in 0.01s
[INFO] [stdout] 
[INFO] [stderr]    Doc-tests cmark_syntax
[INFO] [stdout] 
[INFO] [stdout] running 1 test
[INFO] [stdout] test src/../README.md - (line 29) ... FAILED
[INFO] [stdout] 
[INFO] [stdout] failures:
[INFO] [stdout] 
[INFO] [stdout] ---- src/../README.md - (line 29) stdout ----
[INFO] [stdout] error[E0271]: expected `SyntaxPreprocessor<'_, Parser<'_>>` to be an iterator that yields `Event<'_>`, but it yields `Event<'_>`
[INFO] [stdout]    --> src/../README.md:36:24
[INFO] [stdout]     |
[INFO] [stdout] 10  |     encoder.write_html(processed)
[INFO] [stdout]     |             ---------- ^^^^^^^^^ expected `pulldown_cmark::Event<'_>`, found `Event<'_>`
[INFO] [stdout]     |             |
[INFO] [stdout]     |             required by a bound introduced by this call
[INFO] [stdout]     |
[INFO] [stdout]     = note: `Event<'_>` and `pulldown_cmark::Event<'_>` have similar names, but are actually distinct types
[INFO] [stdout] note: `Event<'_>` is defined in crate `pulldown_cmark`
[INFO] [stdout]    --> /opt/rustwide/cargo-home/registry/src/index.crates.io-6f17d22bba15001f/pulldown-cmark-0.11.3/src/lib.rs:371:1
[INFO] [stdout]     |
[INFO] [stdout] 371 | pub enum Event<'a> {
[INFO] [stdout]     | ^^^^^^^^^^^^^^^^^^
[INFO] [stdout] note: `pulldown_cmark::Event<'_>` is defined in crate `pulldown_cmark`
[INFO] [stdout]    --> /opt/rustwide/cargo-home/registry/src/index.crates.io-6f17d22bba15001f/pulldown-cmark-0.12.2/src/lib.rs:448:1
[INFO] [stdout]     |
[INFO] [stdout] 448 | pub enum Event<'a> {
[INFO] [stdout]     | ^^^^^^^^^^^^^^^^^^
[INFO] [stdout]     = note: perhaps two different versions of crate `pulldown_cmark` are being used?
[INFO] [stdout] note: required by a bound in `write_html`
[INFO] [stdout]    --> /opt/rustwide/cargo-home/registry/src/index.crates.io-6f17d22bba15001f/ramhorns-1.0.1/src/encoding.rs:28:35
[INFO] [stdout]     |
[INFO] [stdout] 28  |     fn write_html<'a, I: Iterator<Item = Event<'a>>>(&mut self, iter: I)
[INFO] [stdout]     |                                   ^^^^^^^^^^^^^^^^ required by this bound in `Encoder::write_html`
[INFO] [stdout] 
[INFO] [stdout] error: aborting due to 1 previous error
[INFO] [stdout] 
[INFO] [stdout] For more information about this error, try `rustc --explain E0271`.
[INFO] [stdout] Couldn't compile the test.
[INFO] [stdout] 
[INFO] [stdout] failures:
[INFO] [stdout]     src/../README.md - (line 29)
[INFO] [stdout] 
[INFO] [stdout] test result: FAILED. 0 passed; 1 failed; 0 ignored; 0 measured; 0 filtered out; finished in 0.06s
[INFO] [stdout] 
[INFO] [stderr] error: doctest failed, to rerun pass `--doc`
[INFO] running `Command { std: "docker" "inspect" "e5812759edd0aee43718ac7ffde885d172a57c129cf350e8e60e6f90a33deb66", kill_on_drop: false }`
[INFO] running `Command { std: "docker" "rm" "-f" "e5812759edd0aee43718ac7ffde885d172a57c129cf350e8e60e6f90a33deb66", kill_on_drop: false }`
[INFO] [stdout] e5812759edd0aee43718ac7ffde885d172a57c129cf350e8e60e6f90a33deb66
