[INFO] fetching crate cmake-parser-derive 0.1.0-beta.1...
[INFO] testing cmake-parser-derive-0.1.0-beta.1 against 1.83.0 for beta-1.84.0-4-retry
[INFO] extracting crate cmake-parser-derive 0.1.0-beta.1 into /workspace/builds/worker-7-tc1/source
[INFO] validating manifest of crates.io crate cmake-parser-derive 0.1.0-beta.1 on toolchain 1.83.0
[INFO] running `Command { std: CARGO_HOME="/workspace/cargo-home" RUSTUP_HOME="/workspace/rustup-home" "/workspace/cargo-home/bin/cargo" "+1.83.0" "metadata" "--manifest-path" "Cargo.toml" "--no-deps", kill_on_drop: false }`
[INFO] started tweaking crates.io crate cmake-parser-derive 0.1.0-beta.1
[INFO] finished tweaking crates.io crate cmake-parser-derive 0.1.0-beta.1
[INFO] tweaked toml for crates.io crate cmake-parser-derive 0.1.0-beta.1 written to /workspace/builds/worker-7-tc1/source/Cargo.toml
[INFO] running `Command { std: CARGO_HOME="/workspace/cargo-home" RUSTUP_HOME="/workspace/rustup-home" "/workspace/cargo-home/bin/cargo" "+1.83.0" "generate-lockfile" "--manifest-path" "Cargo.toml", kill_on_drop: false }`
[INFO] [stderr]     Updating crates.io index
[INFO] [stderr]      Locking 9 packages to latest compatible versions
[INFO] running `Command { std: CARGO_HOME="/workspace/cargo-home" RUSTUP_HOME="/workspace/rustup-home" "/workspace/cargo-home/bin/cargo" "+1.83.0" "fetch" "--manifest-path" "Cargo.toml", kill_on_drop: false }`
[INFO] running `Command { std: "docker" "create" "-v" "/var/lib/crater-agent-workspace/builds/worker-7-tc1/target:/opt/rustwide/target:rw,Z" "-v" "/var/lib/crater-agent-workspace/builds/worker-7-tc1/source:/opt/rustwide/workdir:ro,Z" "-v" "/var/lib/crater-agent-workspace/cargo-home:/opt/rustwide/cargo-home:ro,Z" "-v" "/var/lib/crater-agent-workspace/rustup-home:/opt/rustwide/rustup-home:ro,Z" "-e" "SOURCE_DIR=/opt/rustwide/workdir" "-e" "CARGO_TARGET_DIR=/opt/rustwide/target" "-e" "CARGO_HOME=/opt/rustwide/cargo-home" "-e" "RUSTUP_HOME=/opt/rustwide/rustup-home" "-w" "/opt/rustwide/workdir" "-m" "1610612736" "--user" "0:0" "--network" "none" "ghcr.io/rust-lang/crates-build-env/linux@sha256:f3a9d4ad9d972b27faf3965f35b62e55ba32bbce8f20bc8fe909558a86702fde" "/opt/rustwide/cargo-home/bin/cargo" "+1.83.0" "metadata" "--no-deps" "--format-version=1", kill_on_drop: false }`
[INFO] [stdout] 867b3c37b256b289319b504f2b103ef39aa71ef39c20b0680571a1d6691607a9
[INFO] running `Command { std: "docker" "start" "-a" "867b3c37b256b289319b504f2b103ef39aa71ef39c20b0680571a1d6691607a9", kill_on_drop: false }`
[INFO] running `Command { std: "docker" "inspect" "867b3c37b256b289319b504f2b103ef39aa71ef39c20b0680571a1d6691607a9", kill_on_drop: false }`
[INFO] running `Command { std: "docker" "rm" "-f" "867b3c37b256b289319b504f2b103ef39aa71ef39c20b0680571a1d6691607a9", kill_on_drop: false }`
[INFO] [stdout] 867b3c37b256b289319b504f2b103ef39aa71ef39c20b0680571a1d6691607a9
[INFO] running `Command { std: "docker" "create" "-v" "/var/lib/crater-agent-workspace/builds/worker-7-tc1/target:/opt/rustwide/target:rw,Z" "-v" "/var/lib/crater-agent-workspace/builds/worker-7-tc1/source:/opt/rustwide/workdir:ro,Z" "-v" "/var/lib/crater-agent-workspace/cargo-home:/opt/rustwide/cargo-home:ro,Z" "-v" "/var/lib/crater-agent-workspace/rustup-home:/opt/rustwide/rustup-home:ro,Z" "-e" "SOURCE_DIR=/opt/rustwide/workdir" "-e" "CARGO_TARGET_DIR=/opt/rustwide/target" "-e" "CARGO_INCREMENTAL=0" "-e" "RUST_BACKTRACE=full" "-e" "RUSTFLAGS=--cap-lints=warn" "-e" "RUSTDOCFLAGS=--cap-lints=warn" "-e" "CARGO_HOME=/opt/rustwide/cargo-home" "-e" "RUSTUP_HOME=/opt/rustwide/rustup-home" "-w" "/opt/rustwide/workdir" "-m" "1610612736" "--user" "0:0" "--network" "none" "ghcr.io/rust-lang/crates-build-env/linux@sha256:f3a9d4ad9d972b27faf3965f35b62e55ba32bbce8f20bc8fe909558a86702fde" "/opt/rustwide/cargo-home/bin/cargo" "+1.83.0" "build" "--frozen" "--message-format=json", kill_on_drop: false }`
[INFO] [stdout] 8abb8425dd37bf5c4b6daf77bb080287f21fb54ee2550d605065d3b709b2c607
[INFO] running `Command { std: "docker" "start" "-a" "8abb8425dd37bf5c4b6daf77bb080287f21fb54ee2550d605065d3b709b2c607", kill_on_drop: false }`
[INFO] [stderr]    Compiling version_check v0.9.5
[INFO] [stderr]    Compiling syn v1.0.109
[INFO] [stderr]    Compiling inflections v1.1.1
[INFO] [stderr]    Compiling proc-macro-error-attr v1.0.4
[INFO] [stderr]    Compiling proc-macro-error v1.0.4
[INFO] [stderr]    Compiling cmake-parser-derive v0.1.0-beta.1 (/opt/rustwide/workdir)
[INFO] [stderr]     Finished `dev` profile [unoptimized + debuginfo] target(s) in 3.72s
[INFO] running `Command { std: "docker" "inspect" "8abb8425dd37bf5c4b6daf77bb080287f21fb54ee2550d605065d3b709b2c607", kill_on_drop: false }`
[INFO] running `Command { std: "docker" "rm" "-f" "8abb8425dd37bf5c4b6daf77bb080287f21fb54ee2550d605065d3b709b2c607", kill_on_drop: false }`
[INFO] [stdout] 8abb8425dd37bf5c4b6daf77bb080287f21fb54ee2550d605065d3b709b2c607
[INFO] running `Command { std: "docker" "create" "-v" "/var/lib/crater-agent-workspace/builds/worker-7-tc1/target:/opt/rustwide/target:rw,Z" "-v" "/var/lib/crater-agent-workspace/builds/worker-7-tc1/source:/opt/rustwide/workdir:ro,Z" "-v" "/var/lib/crater-agent-workspace/cargo-home:/opt/rustwide/cargo-home:ro,Z" "-v" "/var/lib/crater-agent-workspace/rustup-home:/opt/rustwide/rustup-home:ro,Z" "-e" "SOURCE_DIR=/opt/rustwide/workdir" "-e" "CARGO_TARGET_DIR=/opt/rustwide/target" "-e" "CARGO_INCREMENTAL=0" "-e" "RUST_BACKTRACE=full" "-e" "RUSTFLAGS=--cap-lints=warn" "-e" "RUSTDOCFLAGS=--cap-lints=warn" "-e" "CARGO_HOME=/opt/rustwide/cargo-home" "-e" "RUSTUP_HOME=/opt/rustwide/rustup-home" "-w" "/opt/rustwide/workdir" "-m" "1610612736" "--user" "0:0" "--network" "none" "ghcr.io/rust-lang/crates-build-env/linux@sha256:f3a9d4ad9d972b27faf3965f35b62e55ba32bbce8f20bc8fe909558a86702fde" "/opt/rustwide/cargo-home/bin/cargo" "+1.83.0" "test" "--frozen" "--no-run" "--message-format=json", kill_on_drop: false }`
[INFO] [stdout] 1f931fa549957c07520154174404e0a3d7c066652f9c6c8fcd0cb6f242e1d62b
[INFO] running `Command { std: "docker" "start" "-a" "1f931fa549957c07520154174404e0a3d7c066652f9c6c8fcd0cb6f242e1d62b", kill_on_drop: false }`
[INFO] [stderr]    Compiling cmake-parser-derive v0.1.0-beta.1 (/opt/rustwide/workdir)
[INFO] [stderr]     Finished `test` profile [unoptimized + debuginfo] target(s) in 1.57s
[INFO] running `Command { std: "docker" "inspect" "1f931fa549957c07520154174404e0a3d7c066652f9c6c8fcd0cb6f242e1d62b", kill_on_drop: false }`
[INFO] running `Command { std: "docker" "rm" "-f" "1f931fa549957c07520154174404e0a3d7c066652f9c6c8fcd0cb6f242e1d62b", kill_on_drop: false }`
[INFO] [stdout] 1f931fa549957c07520154174404e0a3d7c066652f9c6c8fcd0cb6f242e1d62b
[INFO] running `Command { std: "docker" "create" "-v" "/var/lib/crater-agent-workspace/builds/worker-7-tc1/target:/opt/rustwide/target:rw,Z" "-v" "/var/lib/crater-agent-workspace/builds/worker-7-tc1/source:/opt/rustwide/workdir:ro,Z" "-v" "/var/lib/crater-agent-workspace/cargo-home:/opt/rustwide/cargo-home:ro,Z" "-v" "/var/lib/crater-agent-workspace/rustup-home:/opt/rustwide/rustup-home:ro,Z" "-e" "SOURCE_DIR=/opt/rustwide/workdir" "-e" "CARGO_TARGET_DIR=/opt/rustwide/target" "-e" "CARGO_INCREMENTAL=0" "-e" "RUST_BACKTRACE=full" "-e" "RUSTFLAGS=--cap-lints=warn" "-e" "RUSTDOCFLAGS=--cap-lints=warn" "-e" "CARGO_HOME=/opt/rustwide/cargo-home" "-e" "RUSTUP_HOME=/opt/rustwide/rustup-home" "-w" "/opt/rustwide/workdir" "-m" "1610612736" "--user" "0:0" "--network" "none" "ghcr.io/rust-lang/crates-build-env/linux@sha256:f3a9d4ad9d972b27faf3965f35b62e55ba32bbce8f20bc8fe909558a86702fde" "/opt/rustwide/cargo-home/bin/cargo" "+1.83.0" "test" "--frozen", kill_on_drop: false }`
[INFO] [stdout] 3bb2fed542660d1780afaff485cc1414ea128463c6b81fd6318c3409c136432c
[INFO] running `Command { std: "docker" "start" "-a" "3bb2fed542660d1780afaff485cc1414ea128463c6b81fd6318c3409c136432c", kill_on_drop: false }`
[INFO] [stderr]     Finished `test` profile [unoptimized + debuginfo] target(s) in 0.03s
[INFO] [stderr]      Running unittests src/lib.rs (/opt/rustwide/target/debug/deps/cmake_parser_derive-1c6ba13ed41dde2e)
[INFO] [stdout] 
[INFO] [stdout] running 4 tests
[INFO] [stdout] test tests::check_attr_except ... ok
[INFO] [stdout] test tests::check_attr_rename ... ok
[INFO] [stdout] test tests::check_def_attr ... ok
[INFO] [stdout] test tests::enum_ast ... ok
[INFO] [stdout] 
[INFO] [stdout] test result: ok. 4 passed; 0 failed; 0 ignored; 0 measured; 0 filtered out; finished in 0.01s
[INFO] [stdout] 
[INFO] [stderr]    Doc-tests cmake_parser_derive
[INFO] [stdout] 
[INFO] [stdout] running 1 test
[INFO] [stdout] test src/../README.md - (line 11) - compile ... FAILED
[INFO] [stdout] 
[INFO] [stdout] failures:
[INFO] [stdout] 
[INFO] [stdout] ---- src/../README.md - (line 11) stdout ----
[INFO] [stdout] error[E0432]: unresolved import `cmake_parser`
[INFO] [stdout]  --> src/../README.md:14:5
[INFO] [stdout]   |
[INFO] [stdout] 6 | use cmake_parser::Token;
[INFO] [stdout]   |     ^^^^^^^^^^^^ use of undeclared crate or module `cmake_parser`
[INFO] [stdout] 
[INFO] [stdout] error[E0432]: unresolved import `cmake_parser`
[INFO] [stdout]  --> src/../README.md:16:10
[INFO] [stdout]   |
[INFO] [stdout] 8 | #[derive(CMake)]
[INFO] [stdout]   |          ^^^^^ could not find `cmake_parser` in the list of imported crates
[INFO] [stdout]   |
[INFO] [stdout]   = note: this error originates in the derive macro `CMake` (in Nightly builds, run with -Z macro-backtrace for more info)
[INFO] [stdout] 
[INFO] [stdout] error[E0433]: failed to resolve: could not find `cmake_parser` in the list of imported crates
[INFO] [stdout]  --> src/../README.md:16:10
[INFO] [stdout]   |
[INFO] [stdout] 8 | #[derive(CMake)]
[INFO] [stdout]   |          ^^^^^ could not find `cmake_parser` in the list of imported crates
[INFO] [stdout]   |
[INFO] [stdout]   = note: this error originates in the derive macro `CMake` (in Nightly builds, run with -Z macro-backtrace for more info)
[INFO] [stdout] 
[INFO] [stdout] error: aborting due to 3 previous errors
[INFO] [stdout] 
[INFO] [stdout] Some errors have detailed explanations: E0432, E0433.
[INFO] [stdout] For more information about an error, try `rustc --explain E0432`.
[INFO] [stdout] Couldn't compile the test.
[INFO] [stdout] 
[INFO] [stdout] failures:
[INFO] [stdout]     src/../README.md - (line 11)
[INFO] [stdout] 
[INFO] [stdout] test result: FAILED. 0 passed; 1 failed; 0 ignored; 0 measured; 0 filtered out; finished in 0.15s
[INFO] [stdout] 
[INFO] [stderr] error: doctest failed, to rerun pass `--doc`
[INFO] running `Command { std: "docker" "inspect" "3bb2fed542660d1780afaff485cc1414ea128463c6b81fd6318c3409c136432c", kill_on_drop: false }`
[INFO] running `Command { std: "docker" "rm" "-f" "3bb2fed542660d1780afaff485cc1414ea128463c6b81fd6318c3409c136432c", kill_on_drop: false }`
[INFO] [stdout] 3bb2fed542660d1780afaff485cc1414ea128463c6b81fd6318c3409c136432c
