[INFO] fetching crate cmake-file-api 0.1.2...
[INFO] testing cmake-file-api-0.1.2 against 1.83.0 for beta-1.84.0-4-retry
[INFO] extracting crate cmake-file-api 0.1.2 into /workspace/builds/worker-3-tc1/source
[INFO] validating manifest of crates.io crate cmake-file-api 0.1.2 on toolchain 1.83.0
[INFO] running `Command { std: CARGO_HOME="/workspace/cargo-home" RUSTUP_HOME="/workspace/rustup-home" "/workspace/cargo-home/bin/cargo" "+1.83.0" "metadata" "--manifest-path" "Cargo.toml" "--no-deps", kill_on_drop: false }`
[INFO] started tweaking crates.io crate cmake-file-api 0.1.2
[INFO] removed 0 missing examples
[INFO] removed 0 missing tests
[INFO] finished tweaking crates.io crate cmake-file-api 0.1.2
[INFO] tweaked toml for crates.io crate cmake-file-api 0.1.2 written to /workspace/builds/worker-3-tc1/source/Cargo.toml
[INFO] crate crates.io crate cmake-file-api 0.1.2 already has a lockfile, it will not be regenerated
[INFO] running `Command { std: CARGO_HOME="/workspace/cargo-home" RUSTUP_HOME="/workspace/rustup-home" "/workspace/cargo-home/bin/cargo" "+1.83.0" "fetch" "--manifest-path" "Cargo.toml", kill_on_drop: false }`
[INFO] [stderr]     Blocking waiting for file lock on package cache
[INFO] running `Command { std: "docker" "create" "-v" "/var/lib/crater-agent-workspace/builds/worker-3-tc1/target:/opt/rustwide/target:rw,Z" "-v" "/var/lib/crater-agent-workspace/builds/worker-3-tc1/source:/opt/rustwide/workdir:ro,Z" "-v" "/var/lib/crater-agent-workspace/cargo-home:/opt/rustwide/cargo-home:ro,Z" "-v" "/var/lib/crater-agent-workspace/rustup-home:/opt/rustwide/rustup-home:ro,Z" "-e" "SOURCE_DIR=/opt/rustwide/workdir" "-e" "CARGO_TARGET_DIR=/opt/rustwide/target" "-e" "CARGO_HOME=/opt/rustwide/cargo-home" "-e" "RUSTUP_HOME=/opt/rustwide/rustup-home" "-w" "/opt/rustwide/workdir" "-m" "1610612736" "--user" "0:0" "--network" "none" "ghcr.io/rust-lang/crates-build-env/linux@sha256:f3a9d4ad9d972b27faf3965f35b62e55ba32bbce8f20bc8fe909558a86702fde" "/opt/rustwide/cargo-home/bin/cargo" "+1.83.0" "metadata" "--no-deps" "--format-version=1", kill_on_drop: false }`
[INFO] [stdout] 52bff11fbfca724c77afb3615a58c3340018973606349412889b60a25b27b796
[INFO] running `Command { std: "docker" "start" "-a" "52bff11fbfca724c77afb3615a58c3340018973606349412889b60a25b27b796", kill_on_drop: false }`
[INFO] running `Command { std: "docker" "inspect" "52bff11fbfca724c77afb3615a58c3340018973606349412889b60a25b27b796", kill_on_drop: false }`
[INFO] running `Command { std: "docker" "rm" "-f" "52bff11fbfca724c77afb3615a58c3340018973606349412889b60a25b27b796", kill_on_drop: false }`
[INFO] [stdout] 52bff11fbfca724c77afb3615a58c3340018973606349412889b60a25b27b796
[INFO] running `Command { std: "docker" "create" "-v" "/var/lib/crater-agent-workspace/builds/worker-3-tc1/target:/opt/rustwide/target:rw,Z" "-v" "/var/lib/crater-agent-workspace/builds/worker-3-tc1/source:/opt/rustwide/workdir:ro,Z" "-v" "/var/lib/crater-agent-workspace/cargo-home:/opt/rustwide/cargo-home:ro,Z" "-v" "/var/lib/crater-agent-workspace/rustup-home:/opt/rustwide/rustup-home:ro,Z" "-e" "SOURCE_DIR=/opt/rustwide/workdir" "-e" "CARGO_TARGET_DIR=/opt/rustwide/target" "-e" "CARGO_INCREMENTAL=0" "-e" "RUST_BACKTRACE=full" "-e" "RUSTFLAGS=--cap-lints=warn" "-e" "RUSTDOCFLAGS=--cap-lints=warn" "-e" "CARGO_HOME=/opt/rustwide/cargo-home" "-e" "RUSTUP_HOME=/opt/rustwide/rustup-home" "-w" "/opt/rustwide/workdir" "-m" "1610612736" "--user" "0:0" "--network" "none" "ghcr.io/rust-lang/crates-build-env/linux@sha256:f3a9d4ad9d972b27faf3965f35b62e55ba32bbce8f20bc8fe909558a86702fde" "/opt/rustwide/cargo-home/bin/cargo" "+1.83.0" "build" "--frozen" "--message-format=json", kill_on_drop: false }`
[INFO] [stdout] dc36069c4ad0b8ad4f1ed536ba65bcf64019a949896c2ad7c65eccdab07209ea
[INFO] running `Command { std: "docker" "start" "-a" "dc36069c4ad0b8ad4f1ed536ba65bcf64019a949896c2ad7c65eccdab07209ea", kill_on_drop: false }`
[INFO] [stderr]    Compiling proc-macro2 v1.0.86
[INFO] [stderr]    Compiling unicode-ident v1.0.12
[INFO] [stderr]    Compiling serde v1.0.207
[INFO] [stderr]    Compiling thiserror v1.0.63
[INFO] [stderr]    Compiling serde_json v1.0.124
[INFO] [stderr]    Compiling memchr v2.7.4
[INFO] [stderr]    Compiling itoa v1.0.11
[INFO] [stderr]    Compiling ryu v1.0.18
[INFO] [stderr]    Compiling shlex v1.3.0
[INFO] [stderr]    Compiling quote v1.0.36
[INFO] [stderr]    Compiling syn v2.0.74
[INFO] [stderr]    Compiling serde_derive v1.0.207
[INFO] [stderr]    Compiling thiserror-impl v1.0.63
[INFO] [stderr]    Compiling cmake-file-api v0.1.2 (/opt/rustwide/workdir)
[INFO] [stderr]     Finished `dev` profile [unoptimized + debuginfo] target(s) in 15.24s
[INFO] running `Command { std: "docker" "inspect" "dc36069c4ad0b8ad4f1ed536ba65bcf64019a949896c2ad7c65eccdab07209ea", kill_on_drop: false }`
[INFO] running `Command { std: "docker" "rm" "-f" "dc36069c4ad0b8ad4f1ed536ba65bcf64019a949896c2ad7c65eccdab07209ea", kill_on_drop: false }`
[INFO] [stdout] dc36069c4ad0b8ad4f1ed536ba65bcf64019a949896c2ad7c65eccdab07209ea
[INFO] running `Command { std: "docker" "create" "-v" "/var/lib/crater-agent-workspace/builds/worker-3-tc1/target:/opt/rustwide/target:rw,Z" "-v" "/var/lib/crater-agent-workspace/builds/worker-3-tc1/source:/opt/rustwide/workdir:ro,Z" "-v" "/var/lib/crater-agent-workspace/cargo-home:/opt/rustwide/cargo-home:ro,Z" "-v" "/var/lib/crater-agent-workspace/rustup-home:/opt/rustwide/rustup-home:ro,Z" "-e" "SOURCE_DIR=/opt/rustwide/workdir" "-e" "CARGO_TARGET_DIR=/opt/rustwide/target" "-e" "CARGO_INCREMENTAL=0" "-e" "RUST_BACKTRACE=full" "-e" "RUSTFLAGS=--cap-lints=warn" "-e" "RUSTDOCFLAGS=--cap-lints=warn" "-e" "CARGO_HOME=/opt/rustwide/cargo-home" "-e" "RUSTUP_HOME=/opt/rustwide/rustup-home" "-w" "/opt/rustwide/workdir" "-m" "1610612736" "--user" "0:0" "--network" "none" "ghcr.io/rust-lang/crates-build-env/linux@sha256:f3a9d4ad9d972b27faf3965f35b62e55ba32bbce8f20bc8fe909558a86702fde" "/opt/rustwide/cargo-home/bin/cargo" "+1.83.0" "test" "--frozen" "--no-run" "--message-format=json", kill_on_drop: false }`
[INFO] [stdout] e23250eb6fe18fcdf14aa7bf4e2a3fd4df7bbbaabd392f3853b3228a07c82f47
[INFO] running `Command { std: "docker" "start" "-a" "e23250eb6fe18fcdf14aa7bf4e2a3fd4df7bbbaabd392f3853b3228a07c82f47", kill_on_drop: false }`
[INFO] [stderr]    Compiling libc v0.2.155
[INFO] [stderr]    Compiling remove_dir_all v0.5.3
[INFO] [stderr]    Compiling rand v0.4.6
[INFO] [stderr]    Compiling tempdir v0.3.7
[INFO] [stderr]    Compiling cmake-file-api v0.1.2 (/opt/rustwide/workdir)
[INFO] [stderr]     Finished `test` profile [unoptimized + debuginfo] target(s) in 7.96s
[INFO] running `Command { std: "docker" "inspect" "e23250eb6fe18fcdf14aa7bf4e2a3fd4df7bbbaabd392f3853b3228a07c82f47", kill_on_drop: false }`
[INFO] running `Command { std: "docker" "rm" "-f" "e23250eb6fe18fcdf14aa7bf4e2a3fd4df7bbbaabd392f3853b3228a07c82f47", kill_on_drop: false }`
[INFO] [stdout] e23250eb6fe18fcdf14aa7bf4e2a3fd4df7bbbaabd392f3853b3228a07c82f47
[INFO] running `Command { std: "docker" "create" "-v" "/var/lib/crater-agent-workspace/builds/worker-3-tc1/target:/opt/rustwide/target:rw,Z" "-v" "/var/lib/crater-agent-workspace/builds/worker-3-tc1/source:/opt/rustwide/workdir:ro,Z" "-v" "/var/lib/crater-agent-workspace/cargo-home:/opt/rustwide/cargo-home:ro,Z" "-v" "/var/lib/crater-agent-workspace/rustup-home:/opt/rustwide/rustup-home:ro,Z" "-e" "SOURCE_DIR=/opt/rustwide/workdir" "-e" "CARGO_TARGET_DIR=/opt/rustwide/target" "-e" "CARGO_INCREMENTAL=0" "-e" "RUST_BACKTRACE=full" "-e" "RUSTFLAGS=--cap-lints=warn" "-e" "RUSTDOCFLAGS=--cap-lints=warn" "-e" "CARGO_HOME=/opt/rustwide/cargo-home" "-e" "RUSTUP_HOME=/opt/rustwide/rustup-home" "-w" "/opt/rustwide/workdir" "-m" "1610612736" "--user" "0:0" "--network" "none" "ghcr.io/rust-lang/crates-build-env/linux@sha256:f3a9d4ad9d972b27faf3965f35b62e55ba32bbce8f20bc8fe909558a86702fde" "/opt/rustwide/cargo-home/bin/cargo" "+1.83.0" "test" "--frozen", kill_on_drop: false }`
[INFO] [stdout] 7af1083bd84f7ffa24724c668e559afcae40681f8085e7d11991a9b4b167b7bd
[INFO] running `Command { std: "docker" "start" "-a" "7af1083bd84f7ffa24724c668e559afcae40681f8085e7d11991a9b4b167b7bd", kill_on_drop: false }`
[INFO] [stderr]     Finished `test` profile [unoptimized + debuginfo] target(s) in 0.04s
[INFO] [stderr]      Running unittests src/lib.rs (/opt/rustwide/target/debug/deps/cmake_file_api-de0cc1268aefa2d2)
[INFO] [stdout] 
[INFO] [stdout] running 20 tests
[INFO] [stdout] test index::testing::test_cmake_with_unknown_field ... ok
[INFO] [stdout] test index::testing::test_reply_client_with_error ... ok
[INFO] [stdout] test index::testing::test_objects ... ok
[INFO] [stdout] test index::testing::test_index ... ok
[INFO] [stdout] test index::testing::test_cmake ... ok
[INFO] [stdout] test index::testing::test_reply_query_json_with_client ... ok
[INFO] [stdout] test index::testing::test_reply_query_json_with_requests ... ok
[INFO] [stdout] test index::testing::test_reply_client_with_reply_ref ... ok
[INFO] [stdout] test index::testing::test_reply_with_error ... ok
[INFO] [stdout] test index::testing::test_reply_with_reply_ref ... ok
[INFO] [stdout] test objects::cmake_files_v1::tests::test_configure_log ... ok
[INFO] [stdout] test index::testing::test_reply_query_json_with_response_error ... ok
[INFO] [stdout] test objects::codemodel_v2::codemodel::tests::test_model ... ok
[INFO] [stdout] test objects::configure_log_v1::tests::test_configure_log ... ok
[INFO] [stdout] test objects::codemodel_v2::backtrace_graph::tests::test_backtrace_graph ... ok
[INFO] [stdout] test objects::codemodel_v2::target::tests::test_target ... ok
[INFO] [stdout] test objects::toolchains_v1::tests::test_toolchains ... ok
[INFO] [stdout] test index::testing::test_reply_query_json_with_responses ... ok
[INFO] [stdout] test objects::cache_v2::tests::test_configure_log ... ok
[INFO] [stdout] test objects::codemodel_v2::directory::tests::test_directory ... ok
[INFO] [stdout] 
[INFO] [stdout] test result: ok. 20 passed; 0 failed; 0 ignored; 0 measured; 0 filtered out; finished in 0.01s
[INFO] [stdout] 
[INFO] [stderr]      Running tests/test_query.rs (/opt/rustwide/target/debug/deps/test_query-08bd939e308604aa)
[INFO] [stdout] 
[INFO] [stdout] running 2 tests
[INFO] [stdout] test query_writer_write_stateless_creates_files ... ok
[INFO] [stdout] test query_writer_write_statefull_creates_files ... ok
[INFO] [stdout] 
[INFO] [stdout] test result: ok. 2 passed; 0 failed; 0 ignored; 0 measured; 0 filtered out; finished in 0.01s
[INFO] [stdout] 
[INFO] [stderr]      Running tests/test_real_projects.rs (/opt/rustwide/target/debug/deps/test_real_projects-fa89c2df41126b24)
[INFO] [stdout] 
[INFO] [stdout] running 3 tests
[INFO] [stderr]      Running tests/test_reply.rs (/opt/rustwide/target/debug/deps/test_reply-dbaa0fba3c396854)
[INFO] [stdout] test test_abseil ... ignored
[INFO] [stdout] test test_googletest ... ignored
[INFO] [stdout] test test_llvm ... ignored
[INFO] [stdout] 
[INFO] [stdout] test result: ok. 0 passed; 0 failed; 3 ignored; 0 measured; 0 filtered out; finished in 0.00s
[INFO] [stdout] 
[INFO] [stdout] 
[INFO] [stdout] running 3 tests
[INFO] [stdout] test test_json_parser_error ... ok
[INFO] [stdout] test test_missing_api ... ok
[INFO] [stdout] -- The C compiler identification is GNU 11.4.0
[INFO] [stdout] -- The CXX compiler identification is GNU 11.4.0
[INFO] [stdout] -- Detecting C compiler ABI info
[INFO] [stdout] -- Detecting C compiler ABI info - done
[INFO] [stdout] -- Check for working C compiler: /usr/bin/cc - skipped
[INFO] [stdout] -- Detecting C compile features
[INFO] [stdout] -- Detecting C compile features - done
[INFO] [stdout] -- Detecting CXX compiler ABI info
[INFO] [stdout] -- Detecting CXX compiler ABI info - done
[INFO] [stdout] -- Check for working CXX compiler: /usr/bin/c++ - skipped
[INFO] [stdout] -- Detecting CXX compile features
[INFO] [stdout] -- Detecting CXX compile features - done
[INFO] [stdout] -- Configuring done
[INFO] [stdout] -- Generating done
[INFO] [stdout] -- Build files have been written to: /tmp/test_cmake.JSBVJLjX9IdG/build
[INFO] [stdout] test test_valid_api ... FAILED
[INFO] [stdout] 
[INFO] [stdout] failures:
[INFO] [stdout] 
[INFO] [stdout] ---- test_valid_api stdout ----
[INFO] [stdout] thread 'test_valid_api' panicked at tests/test_reply.rs:146:5:
[INFO] [stdout] assertion failed: reader.has_object::<cmake_file_api::objects::ConfigureLogV1>()
[INFO] [stdout] stack backtrace:
[INFO] [stdout]    0:     0x61d03bdb455a - std::backtrace_rs::backtrace::libunwind::trace::h5a5b8284f2d0c266
[INFO] [stdout]                                at /rustc/90b35a6239c3d8bdabc530a6a0816f7ff89a0aaf/library/std/src/../../backtrace/src/backtrace/libunwind.rs:116:5
[INFO] [stdout]    1:     0x61d03bdb455a - std::backtrace_rs::backtrace::trace_unsynchronized::h76d4f1c9b0b875e3
[INFO] [stdout]                                at /rustc/90b35a6239c3d8bdabc530a6a0816f7ff89a0aaf/library/std/src/../../backtrace/src/backtrace/mod.rs:66:5
[INFO] [stdout]    2:     0x61d03bdb455a - std::sys::backtrace::_print_fmt::hc4546b8364a537c6
[INFO] [stdout]                                at /rustc/90b35a6239c3d8bdabc530a6a0816f7ff89a0aaf/library/std/src/sys/backtrace.rs:66:9
[INFO] [stdout]    3:     0x61d03bdb455a - <std::sys::backtrace::BacktraceLock::print::DisplayBacktrace as core::fmt::Display>::fmt::h5b6bd5631a6d1f6b
[INFO] [stdout]                                at /rustc/90b35a6239c3d8bdabc530a6a0816f7ff89a0aaf/library/std/src/sys/backtrace.rs:39:26
[INFO] [stdout]    4:     0x61d03bdda843 - core::fmt::rt::Argument::fmt::h270f6602a2b96f62
[INFO] [stdout]                                at /rustc/90b35a6239c3d8bdabc530a6a0816f7ff89a0aaf/library/core/src/fmt/rt.rs:177:76
[INFO] [stdout]    5:     0x61d03bdda843 - core::fmt::write::h7550c97b06c86515
[INFO] [stdout]                                at /rustc/90b35a6239c3d8bdabc530a6a0816f7ff89a0aaf/library/core/src/fmt/mod.rs:1186:21
[INFO] [stdout]    6:     0x61d03bdb1313 - std::io::Write::write_fmt::h509ff860e5956e5e
[INFO] [stdout]                                at /rustc/90b35a6239c3d8bdabc530a6a0816f7ff89a0aaf/library/std/src/io/mod.rs:1839:15
[INFO] [stdout]    7:     0x61d03bdb43a2 - std::sys::backtrace::BacktraceLock::print::h2395ccd2c84ba3aa
[INFO] [stdout]                                at /rustc/90b35a6239c3d8bdabc530a6a0816f7ff89a0aaf/library/std/src/sys/backtrace.rs:42:9
[INFO] [stdout]    8:     0x61d03bdb59ba - std::panicking::default_hook::{{closure}}::he19d4c7230e07961
[INFO] [stdout]                                at /rustc/90b35a6239c3d8bdabc530a6a0816f7ff89a0aaf/library/std/src/panicking.rs:268:22
[INFO] [stdout]    9:     0x61d03bdb57c4 - std::panicking::default_hook::hf614597d3c67bbdb
[INFO] [stdout]                                at /rustc/90b35a6239c3d8bdabc530a6a0816f7ff89a0aaf/library/std/src/panicking.rs:292:9
[INFO] [stdout]   10:     0x61d03bcc06a9 - <alloc::boxed::Box<F,A> as core::ops::function::Fn<Args>>::call::h39b51ce4599c23d1
[INFO] [stdout]                                at /rustc/90b35a6239c3d8bdabc530a6a0816f7ff89a0aaf/library/alloc/src/boxed.rs:2468:9
[INFO] [stdout]   11:     0x61d03bcc06a9 - test::test_main::{{closure}}::he977ae839a582784
[INFO] [stdout]                                at /rustc/90b35a6239c3d8bdabc530a6a0816f7ff89a0aaf/library/test/src/lib.rs:133:21
[INFO] [stdout]   12:     0x61d03bdb6058 - <alloc::boxed::Box<F,A> as core::ops::function::Fn<Args>>::call::h9455091b6b06f9fb
[INFO] [stdout]                                at /rustc/90b35a6239c3d8bdabc530a6a0816f7ff89a0aaf/library/alloc/src/boxed.rs:2468:9
[INFO] [stdout]   13:     0x61d03bdb6058 - std::panicking::rust_panic_with_hook::h8942133a8b252070
[INFO] [stdout]                                at /rustc/90b35a6239c3d8bdabc530a6a0816f7ff89a0aaf/library/std/src/panicking.rs:809:13
[INFO] [stdout]   14:     0x61d03bdb5de6 - std::panicking::begin_panic_handler::{{closure}}::hb5f5963570096b29
[INFO] [stdout]                                at /rustc/90b35a6239c3d8bdabc530a6a0816f7ff89a0aaf/library/std/src/panicking.rs:667:13
[INFO] [stdout]   15:     0x61d03bdb4a39 - std::sys::backtrace::__rust_end_short_backtrace::h6208cedc1922feda
[INFO] [stdout]                                at /rustc/90b35a6239c3d8bdabc530a6a0816f7ff89a0aaf/library/std/src/sys/backtrace.rs:170:18
[INFO] [stdout]   16:     0x61d03bdb5aac - rust_begin_unwind
[INFO] [stdout]                                at /rustc/90b35a6239c3d8bdabc530a6a0816f7ff89a0aaf/library/std/src/panicking.rs:665:5
[INFO] [stdout]   17:     0x61d03bc16110 - core::panicking::panic_fmt::h0c3082644d1bf418
[INFO] [stdout]                                at /rustc/90b35a6239c3d8bdabc530a6a0816f7ff89a0aaf/library/core/src/panicking.rs:74:14
[INFO] [stdout]   18:     0x61d03bc1619c - core::panicking::panic::h957f98c65a3b3074
[INFO] [stdout]                                at /rustc/90b35a6239c3d8bdabc530a6a0816f7ff89a0aaf/library/core/src/panicking.rs:148:5
[INFO] [stdout]   19:     0x61d03bc45417 - test_reply::test_valid_api::h02d968b28109e465
[INFO] [stdout]                                at /opt/rustwide/workdir/tests/test_reply.rs:146:5
[INFO] [stdout]   20:     0x61d03bc449f7 - test_reply::test_valid_api::{{closure}}::h19d75e2f0bd7e83b
[INFO] [stdout]                                at /opt/rustwide/workdir/tests/test_reply.rs:51:20
[INFO] [stdout]   21:     0x61d03bc50de6 - core::ops::function::FnOnce::call_once::hb24f8fec62f9a3f8
[INFO] [stdout]                                at /rustc/90b35a6239c3d8bdabc530a6a0816f7ff89a0aaf/library/core/src/ops/function.rs:250:5
[INFO] [stdout]   22:     0x61d03bcc506b - core::ops::function::FnOnce::call_once::h109cf8051a59b34e
[INFO] [stdout]                                at /rustc/90b35a6239c3d8bdabc530a6a0816f7ff89a0aaf/library/core/src/ops/function.rs:250:5
[INFO] [stdout]   23:     0x61d03bcc506b - test::__rust_begin_short_backtrace::hf4fff89d377446ba
[INFO] [stdout]                                at /rustc/90b35a6239c3d8bdabc530a6a0816f7ff89a0aaf/library/test/src/lib.rs:621:18
[INFO] [stdout]   24:     0x61d03bcc48a7 - test::run_test_in_process::{{closure}}::h0e39181dd7ee5a43
[INFO] [stdout]                                at /rustc/90b35a6239c3d8bdabc530a6a0816f7ff89a0aaf/library/test/src/lib.rs:644:60
[INFO] [stdout]   25:     0x61d03bcc48a7 - <core::panic::unwind_safe::AssertUnwindSafe<F> as core::ops::function::FnOnce<()>>::call_once::hc5a66a30f0bdfd1f
[INFO] [stdout]                                at /rustc/90b35a6239c3d8bdabc530a6a0816f7ff89a0aaf/library/core/src/panic/unwind_safe.rs:272:9
[INFO] [stdout]   26:     0x61d03bcc48a7 - std::panicking::try::do_call::h873b7cf639554a5e
[INFO] [stdout]                                at /rustc/90b35a6239c3d8bdabc530a6a0816f7ff89a0aaf/library/std/src/panicking.rs:557:40
[INFO] [stdout]   27:     0x61d03bcc48a7 - std::panicking::try::hdb19862fad9c8bd1
[INFO] [stdout]                                at /rustc/90b35a6239c3d8bdabc530a6a0816f7ff89a0aaf/library/std/src/panicking.rs:520:19
[INFO] [stdout]   28:     0x61d03bcc48a7 - std::panic::catch_unwind::h281fe732d236d260
[INFO] [stdout]                                at /rustc/90b35a6239c3d8bdabc530a6a0816f7ff89a0aaf/library/std/src/panic.rs:358:14
[INFO] [stdout]   29:     0x61d03bcc48a7 - test::run_test_in_process::h949b6df8457ed338
[INFO] [stdout]                                at /rustc/90b35a6239c3d8bdabc530a6a0816f7ff89a0aaf/library/test/src/lib.rs:644:27
[INFO] [stdout]   30:     0x61d03bcc48a7 - test::run_test::{{closure}}::h52c556a6d4740e10
[INFO] [stdout]                                at /rustc/90b35a6239c3d8bdabc530a6a0816f7ff89a0aaf/library/test/src/lib.rs:565:43
[INFO] [stdout]   31:     0x61d03bc89b84 - test::run_test::{{closure}}::h4237f6381c45ccb9
[INFO] [stdout]                                at /rustc/90b35a6239c3d8bdabc530a6a0816f7ff89a0aaf/library/test/src/lib.rs:595:41
[INFO] [stdout]   32:     0x61d03bc89b84 - std::sys::backtrace::__rust_begin_short_backtrace::h505c97a579eca628
[INFO] [stdout]                                at /rustc/90b35a6239c3d8bdabc530a6a0816f7ff89a0aaf/library/std/src/sys/backtrace.rs:154:18
[INFO] [stdout]   33:     0x61d03bc8d24e - std::thread::Builder::spawn_unchecked_::{{closure}}::{{closure}}::h9e86b2e2bc107ea3
[INFO] [stdout]                                at /rustc/90b35a6239c3d8bdabc530a6a0816f7ff89a0aaf/library/std/src/thread/mod.rs:538:17
[INFO] [stdout]   34:     0x61d03bc8d24e - <core::panic::unwind_safe::AssertUnwindSafe<F> as core::ops::function::FnOnce<()>>::call_once::h8b06ddb275ff4a25
[INFO] [stdout]                                at /rustc/90b35a6239c3d8bdabc530a6a0816f7ff89a0aaf/library/core/src/panic/unwind_safe.rs:272:9
[INFO] [stdout]   35:     0x61d03bc8d24e - std::panicking::try::do_call::hb26ecd7cd9a9355d
[INFO] [stdout]                                at /rustc/90b35a6239c3d8bdabc530a6a0816f7ff89a0aaf/library/std/src/panicking.rs:557:40
[INFO] [stdout]   36:     0x61d03bc8d24e - std::panicking::try::h8ddeca9d705f9069
[INFO] [stdout]                                at /rustc/90b35a6239c3d8bdabc530a6a0816f7ff89a0aaf/library/std/src/panicking.rs:520:19
[INFO] [stdout]   37:     0x61d03bc8d24e - std::panic::catch_unwind::h49e1c33078844c46
[INFO] [stdout]                                at /rustc/90b35a6239c3d8bdabc530a6a0816f7ff89a0aaf/library/std/src/panic.rs:358:14
[INFO] [stdout]   38:     0x61d03bc8d24e - std::thread::Builder::spawn_unchecked_::{{closure}}::h6073db6ff56ad35d
[INFO] [stdout]                                at /rustc/90b35a6239c3d8bdabc530a6a0816f7ff89a0aaf/library/std/src/thread/mod.rs:537:30
[INFO] [stdout]   39:     0x61d03bc8d24e - core::ops::function::FnOnce::call_once{{vtable.shim}}::h2c5a5f3779c774f1
[INFO] [stdout]                                at /rustc/90b35a6239c3d8bdabc530a6a0816f7ff89a0aaf/library/core/src/ops/function.rs:250:5
[INFO] [stdout]   40:     0x61d03bdbab0b - <alloc::boxed::Box<F,A> as core::ops::function::FnOnce<Args>>::call_once::hf75717d9f28faebf
[INFO] [stdout]                                at /rustc/90b35a6239c3d8bdabc530a6a0816f7ff89a0aaf/library/alloc/src/boxed.rs:2454:9
[INFO] [stdout]   41:     0x61d03bdbab0b - <alloc::boxed::Box<F,A> as core::ops::function::FnOnce<Args>>::call_once::h7bd883a5f3c5f3c1
[INFO] [stdout]                                at /rustc/90b35a6239c3d8bdabc530a6a0816f7ff89a0aaf/library/alloc/src/boxed.rs:2454:9
[INFO] [stderr] error: test failed, to rerun pass `--test test_reply`
[INFO] [stdout]   42:     0x61d03bdbab0b - std::sys::pal::unix::thread::Thread::new::thread_start::hcc78f3943333fa94
[INFO] [stdout]                                at /rustc/90b35a6239c3d8bdabc530a6a0816f7ff89a0aaf/library/std/src/sys/pal/unix/thread.rs:105:17
[INFO] [stdout]   43:     0x7886c07aaac3 - <unknown>
[INFO] [stdout]   44:     0x7886c083ba04 - clone
[INFO] [stdout]   45:                0x0 - <unknown>
[INFO] [stdout] 
[INFO] [stdout] 
[INFO] [stdout] failures:
[INFO] [stdout]     test_valid_api
[INFO] [stdout] 
[INFO] [stdout] test result: FAILED. 2 passed; 1 failed; 0 ignored; 0 measured; 0 filtered out; finished in 0.73s
[INFO] [stdout] 
[INFO] running `Command { std: "docker" "inspect" "7af1083bd84f7ffa24724c668e559afcae40681f8085e7d11991a9b4b167b7bd", kill_on_drop: false }`
[INFO] running `Command { std: "docker" "rm" "-f" "7af1083bd84f7ffa24724c668e559afcae40681f8085e7d11991a9b4b167b7bd", kill_on_drop: false }`
[INFO] [stdout] 7af1083bd84f7ffa24724c668e559afcae40681f8085e7d11991a9b4b167b7bd
