[INFO] fetching crate cluColor 0.1.5...
[INFO] testing cluColor-0.1.5 against 1.83.0 for beta-1.84.0-4-retry
[INFO] extracting crate cluColor 0.1.5 into /workspace/builds/worker-4-tc1/source
[INFO] validating manifest of crates.io crate cluColor 0.1.5 on toolchain 1.83.0
[INFO] running `Command { std: CARGO_HOME="/workspace/cargo-home" RUSTUP_HOME="/workspace/rustup-home" "/workspace/cargo-home/bin/cargo" "+1.83.0" "metadata" "--manifest-path" "Cargo.toml" "--no-deps", kill_on_drop: false }`
[INFO] started tweaking crates.io crate cluColor 0.1.5
[INFO] finished tweaking crates.io crate cluColor 0.1.5
[INFO] tweaked toml for crates.io crate cluColor 0.1.5 written to /workspace/builds/worker-4-tc1/source/Cargo.toml
[INFO] running `Command { std: CARGO_HOME="/workspace/cargo-home" RUSTUP_HOME="/workspace/rustup-home" "/workspace/cargo-home/bin/cargo" "+1.83.0" "generate-lockfile" "--manifest-path" "Cargo.toml", kill_on_drop: false }`
[INFO] [stderr]     Blocking waiting for file lock on package cache
[INFO] running `Command { std: CARGO_HOME="/workspace/cargo-home" RUSTUP_HOME="/workspace/rustup-home" "/workspace/cargo-home/bin/cargo" "+1.83.0" "fetch" "--manifest-path" "Cargo.toml", kill_on_drop: false }`
[INFO] [stderr] warning: no edition set: defaulting to the 2015 edition while the latest is 2021
[INFO] [stderr]     Blocking waiting for file lock on package cache
[INFO] running `Command { std: "docker" "create" "-v" "/var/lib/crater-agent-workspace/builds/worker-4-tc1/target:/opt/rustwide/target:rw,Z" "-v" "/var/lib/crater-agent-workspace/builds/worker-4-tc1/source:/opt/rustwide/workdir:ro,Z" "-v" "/var/lib/crater-agent-workspace/cargo-home:/opt/rustwide/cargo-home:ro,Z" "-v" "/var/lib/crater-agent-workspace/rustup-home:/opt/rustwide/rustup-home:ro,Z" "-e" "SOURCE_DIR=/opt/rustwide/workdir" "-e" "CARGO_TARGET_DIR=/opt/rustwide/target" "-e" "CARGO_HOME=/opt/rustwide/cargo-home" "-e" "RUSTUP_HOME=/opt/rustwide/rustup-home" "-w" "/opt/rustwide/workdir" "-m" "1610612736" "--user" "0:0" "--network" "none" "ghcr.io/rust-lang/crates-build-env/linux@sha256:f3a9d4ad9d972b27faf3965f35b62e55ba32bbce8f20bc8fe909558a86702fde" "/opt/rustwide/cargo-home/bin/cargo" "+1.83.0" "metadata" "--no-deps" "--format-version=1", kill_on_drop: false }`
[INFO] [stdout] a23bbf55b0c1bba4889f1646b3bb3c0c264b6529e3e98afec315462728b53669
[INFO] running `Command { std: "docker" "start" "-a" "a23bbf55b0c1bba4889f1646b3bb3c0c264b6529e3e98afec315462728b53669", kill_on_drop: false }`
[INFO] running `Command { std: "docker" "inspect" "a23bbf55b0c1bba4889f1646b3bb3c0c264b6529e3e98afec315462728b53669", kill_on_drop: false }`
[INFO] running `Command { std: "docker" "rm" "-f" "a23bbf55b0c1bba4889f1646b3bb3c0c264b6529e3e98afec315462728b53669", kill_on_drop: false }`
[INFO] [stdout] a23bbf55b0c1bba4889f1646b3bb3c0c264b6529e3e98afec315462728b53669
[INFO] running `Command { std: "docker" "create" "-v" "/var/lib/crater-agent-workspace/builds/worker-4-tc1/target:/opt/rustwide/target:rw,Z" "-v" "/var/lib/crater-agent-workspace/builds/worker-4-tc1/source:/opt/rustwide/workdir:ro,Z" "-v" "/var/lib/crater-agent-workspace/cargo-home:/opt/rustwide/cargo-home:ro,Z" "-v" "/var/lib/crater-agent-workspace/rustup-home:/opt/rustwide/rustup-home:ro,Z" "-e" "SOURCE_DIR=/opt/rustwide/workdir" "-e" "CARGO_TARGET_DIR=/opt/rustwide/target" "-e" "CARGO_INCREMENTAL=0" "-e" "RUST_BACKTRACE=full" "-e" "RUSTFLAGS=--cap-lints=warn" "-e" "RUSTDOCFLAGS=--cap-lints=warn" "-e" "CARGO_HOME=/opt/rustwide/cargo-home" "-e" "RUSTUP_HOME=/opt/rustwide/rustup-home" "-w" "/opt/rustwide/workdir" "-m" "1610612736" "--user" "0:0" "--network" "none" "ghcr.io/rust-lang/crates-build-env/linux@sha256:f3a9d4ad9d972b27faf3965f35b62e55ba32bbce8f20bc8fe909558a86702fde" "/opt/rustwide/cargo-home/bin/cargo" "+1.83.0" "build" "--frozen" "--message-format=json", kill_on_drop: false }`
[INFO] [stdout] fa74fe4d594b0673ec36ee32ae620fc81f3e685eee90a29e0e1a0b6ab0a89460
[INFO] running `Command { std: "docker" "start" "-a" "fa74fe4d594b0673ec36ee32ae620fc81f3e685eee90a29e0e1a0b6ab0a89460", kill_on_drop: false }`
[INFO] [stderr] warning: no edition set: defaulting to the 2015 edition while the latest is 2021
[INFO] [stderr]    Compiling cluColor v0.1.5 (/opt/rustwide/workdir)
[INFO] [stderr]     Finished `dev` profile [unoptimized + debuginfo] target(s) in 0.31s
[INFO] running `Command { std: "docker" "inspect" "fa74fe4d594b0673ec36ee32ae620fc81f3e685eee90a29e0e1a0b6ab0a89460", kill_on_drop: false }`
[INFO] running `Command { std: "docker" "rm" "-f" "fa74fe4d594b0673ec36ee32ae620fc81f3e685eee90a29e0e1a0b6ab0a89460", kill_on_drop: false }`
[INFO] [stdout] fa74fe4d594b0673ec36ee32ae620fc81f3e685eee90a29e0e1a0b6ab0a89460
[INFO] running `Command { std: "docker" "create" "-v" "/var/lib/crater-agent-workspace/builds/worker-4-tc1/target:/opt/rustwide/target:rw,Z" "-v" "/var/lib/crater-agent-workspace/builds/worker-4-tc1/source:/opt/rustwide/workdir:ro,Z" "-v" "/var/lib/crater-agent-workspace/cargo-home:/opt/rustwide/cargo-home:ro,Z" "-v" "/var/lib/crater-agent-workspace/rustup-home:/opt/rustwide/rustup-home:ro,Z" "-e" "SOURCE_DIR=/opt/rustwide/workdir" "-e" "CARGO_TARGET_DIR=/opt/rustwide/target" "-e" "CARGO_INCREMENTAL=0" "-e" "RUST_BACKTRACE=full" "-e" "RUSTFLAGS=--cap-lints=warn" "-e" "RUSTDOCFLAGS=--cap-lints=warn" "-e" "CARGO_HOME=/opt/rustwide/cargo-home" "-e" "RUSTUP_HOME=/opt/rustwide/rustup-home" "-w" "/opt/rustwide/workdir" "-m" "1610612736" "--user" "0:0" "--network" "none" "ghcr.io/rust-lang/crates-build-env/linux@sha256:f3a9d4ad9d972b27faf3965f35b62e55ba32bbce8f20bc8fe909558a86702fde" "/opt/rustwide/cargo-home/bin/cargo" "+1.83.0" "test" "--frozen" "--no-run" "--message-format=json", kill_on_drop: false }`
[INFO] [stdout] 658cc294fb5661e6cab465373d220a034297c7580a57b6152279c07cb2456454
[INFO] running `Command { std: "docker" "start" "-a" "658cc294fb5661e6cab465373d220a034297c7580a57b6152279c07cb2456454", kill_on_drop: false }`
[INFO] [stderr] warning: no edition set: defaulting to the 2015 edition while the latest is 2021
[INFO] [stderr]    Compiling cluColor v0.1.5 (/opt/rustwide/workdir)
[INFO] [stdout] warning: field `time` is never read
[INFO] [stdout]   --> examples/struct_2.rs:22:2
[INFO] [stdout]    |
[INFO] [stdout] 21 | pub struct MyWriter {
[INFO] [stdout]    |            -------- field in this struct
[INFO] [stdout] 22 |     time: SystemTime,
[INFO] [stdout]    |     ^^^^
[INFO] [stdout]    |
[INFO] [stdout]    = note: `MyWriter` has a derived impl for the trait `Debug`, but this is intentionally ignored during dead code analysis
[INFO] [stdout]    = note: `#[warn(dead_code)]` on by default
[INFO] [stdout] 
[INFO] [stdout] 
[INFO] [stdout] warning: unused `Result` that must be used
[INFO] [stdout]   --> examples/use_write.rs:15:3
[INFO] [stdout]    |
[INFO] [stdout] 15 |         write_color!(&mut lock_stdio, BrightBlue, "{} {} macro write...", 12345, "str");
[INFO] [stdout]    |         ^^^^^^^^^^^^^^^^^^^^^^^^^^^^^^^^^^^^^^^^^^^^^^^^^^^^^^^^^^^^^^^^^^^^^^^^^^^^^^^
[INFO] [stdout]    |
[INFO] [stdout]    = note: this `Result` may be an `Err` variant, which should be handled
[INFO] [stdout]    = note: `#[warn(unused_must_use)]` on by default
[INFO] [stdout]    = note: this warning originates in the macro `write_color` (in Nightly builds, run with -Z macro-backtrace for more info)
[INFO] [stdout] 
[INFO] [stdout] 
[INFO] [stdout] warning: unused `Result` that must be used
[INFO] [stdout]   --> examples/use_write.rs:16:3
[INFO] [stdout]    |
[INFO] [stdout] 16 |         write_color!(lock_stdio, BrightBlue, "{} {} macro write...", 123465, "str");
[INFO] [stdout]    |         ^^^^^^^^^^^^^^^^^^^^^^^^^^^^^^^^^^^^^^^^^^^^^^^^^^^^^^^^^^^^^^^^^^^^^^^^^^^
[INFO] [stdout]    |
[INFO] [stdout]    = note: this `Result` may be an `Err` variant, which should be handled
[INFO] [stdout]    = note: this warning originates in the macro `write_color` (in Nightly builds, run with -Z macro-backtrace for more info)
[INFO] [stdout] 
[INFO] [stdout] 
[INFO] [stdout] warning: unused `Result` that must be used
[INFO] [stdout]   --> examples/use_write.rs:31:3
[INFO] [stdout]    |
[INFO] [stdout] 31 |         writen_color!(&mut ::std::io::stdout(), BrightBlue, "{} {}", 123, "str");
[INFO] [stdout]    |         ^^^^^^^^^^^^^^^^^^^^^^^^^^^^^^^^^^^^^^^^^^^^^^^^^^^^^^^^^^^^^^^^^^^^^^^^
[INFO] [stdout]    |
[INFO] [stdout]    = note: this `Result` may be an `Err` variant, which should be handled
[INFO] [stdout]    = note: this warning originates in the macro `writen_color` (in Nightly builds, run with -Z macro-backtrace for more info)
[INFO] [stdout] 
[INFO] [stdout] 
[INFO] [stdout] warning: unused `Result` that must be used
[INFO] [stdout]   --> examples/use_write.rs:34:3
[INFO] [stdout]    |
[INFO] [stdout] 34 |         writen_color!(::std::io::stdout(), BrightBlue, "{} {}", 12345, "str");
[INFO] [stdout]    |         ^^^^^^^^^^^^^^^^^^^^^^^^^^^^^^^^^^^^^^^^^^^^^^^^^^^^^^^^^^^^^^^^^^^^^
[INFO] [stdout]    |
[INFO] [stdout]    = note: this `Result` may be an `Err` variant, which should be handled
[INFO] [stdout]    = note: this warning originates in the macro `writen_color` (in Nightly builds, run with -Z macro-backtrace for more info)
[INFO] [stdout] 
[INFO] [stdout] 
[INFO] [stdout] warning: field `time` is never read
[INFO] [stdout]   --> examples/struct.rs:24:2
[INFO] [stdout]    |
[INFO] [stdout] 22 | pub struct MyWriter<C: cluColor> {
[INFO] [stdout]    |            -------- field in this struct
[INFO] [stdout] 23 |     _c: PhantomData<C>,
[INFO] [stdout] 24 |     time: SystemTime,
[INFO] [stdout]    |     ^^^^
[INFO] [stdout]    |
[INFO] [stdout]    = note: `MyWriter` has a derived impl for the trait `Debug`, but this is intentionally ignored during dead code analysis
[INFO] [stdout]    = note: `#[warn(dead_code)]` on by default
[INFO] [stdout] 
[INFO] [stdout] 
[INFO] [stderr]     Finished `test` profile [unoptimized + debuginfo] target(s) in 0.71s
[INFO] running `Command { std: "docker" "inspect" "658cc294fb5661e6cab465373d220a034297c7580a57b6152279c07cb2456454", kill_on_drop: false }`
[INFO] running `Command { std: "docker" "rm" "-f" "658cc294fb5661e6cab465373d220a034297c7580a57b6152279c07cb2456454", kill_on_drop: false }`
[INFO] [stdout] 658cc294fb5661e6cab465373d220a034297c7580a57b6152279c07cb2456454
[INFO] running `Command { std: "docker" "create" "-v" "/var/lib/crater-agent-workspace/builds/worker-4-tc1/target:/opt/rustwide/target:rw,Z" "-v" "/var/lib/crater-agent-workspace/builds/worker-4-tc1/source:/opt/rustwide/workdir:ro,Z" "-v" "/var/lib/crater-agent-workspace/cargo-home:/opt/rustwide/cargo-home:ro,Z" "-v" "/var/lib/crater-agent-workspace/rustup-home:/opt/rustwide/rustup-home:ro,Z" "-e" "SOURCE_DIR=/opt/rustwide/workdir" "-e" "CARGO_TARGET_DIR=/opt/rustwide/target" "-e" "CARGO_INCREMENTAL=0" "-e" "RUST_BACKTRACE=full" "-e" "RUSTFLAGS=--cap-lints=warn" "-e" "RUSTDOCFLAGS=--cap-lints=warn" "-e" "CARGO_HOME=/opt/rustwide/cargo-home" "-e" "RUSTUP_HOME=/opt/rustwide/rustup-home" "-w" "/opt/rustwide/workdir" "-m" "1610612736" "--user" "0:0" "--network" "none" "ghcr.io/rust-lang/crates-build-env/linux@sha256:f3a9d4ad9d972b27faf3965f35b62e55ba32bbce8f20bc8fe909558a86702fde" "/opt/rustwide/cargo-home/bin/cargo" "+1.83.0" "test" "--frozen", kill_on_drop: false }`
[INFO] [stdout] a15af0bf916adbcc740bd2f88d9701a48bec4ece682a7939f6ecfb68d01fb639
[INFO] running `Command { std: "docker" "start" "-a" "a15af0bf916adbcc740bd2f88d9701a48bec4ece682a7939f6ecfb68d01fb639", kill_on_drop: false }`
[INFO] [stderr] warning: no edition set: defaulting to the 2015 edition while the latest is 2021
[INFO] [stderr] warning: field `time` is never read
[INFO] [stderr]   --> examples/struct.rs:24:2
[INFO] [stderr]    |
[INFO] [stderr] 22 | pub struct MyWriter<C: cluColor> {
[INFO] [stderr]    |            -------- field in this struct
[INFO] [stderr] 23 |     _c: PhantomData<C>,
[INFO] [stderr] 24 |     time: SystemTime,
[INFO] [stderr]    |     ^^^^
[INFO] [stderr]    |
[INFO] [stderr]    = note: `MyWriter` has a derived impl for the trait `Debug`, but this is intentionally ignored during dead code analysis
[INFO] [stderr]    = note: `#[warn(dead_code)]` on by default
[INFO] [stderr] 
[INFO] [stderr] warning: `cluColor` (example "struct") generated 1 warning
[INFO] [stderr] warning: unused `Result` that must be used
[INFO] [stderr]   --> examples/use_write.rs:15:3
[INFO] [stderr]    |
[INFO] [stderr] 15 |         write_color!(&mut lock_stdio, BrightBlue, "{} {} macro write...", 12345, "str");
[INFO] [stderr]    |         ^^^^^^^^^^^^^^^^^^^^^^^^^^^^^^^^^^^^^^^^^^^^^^^^^^^^^^^^^^^^^^^^^^^^^^^^^^^^^^^
[INFO] [stderr]    |
[INFO] [stderr]    = note: this `Result` may be an `Err` variant, which should be handled
[INFO] [stderr]    = note: `#[warn(unused_must_use)]` on by default
[INFO] [stderr]    = note: this warning originates in the macro `write_color` (in Nightly builds, run with -Z macro-backtrace for more info)
[INFO] [stderr] 
[INFO] [stderr] warning: unused `Result` that must be used
[INFO] [stderr]   --> examples/use_write.rs:16:3
[INFO] [stderr]    |
[INFO] [stderr] 16 |         write_color!(lock_stdio, BrightBlue, "{} {} macro write...", 123465, "str");
[INFO] [stderr]    |         ^^^^^^^^^^^^^^^^^^^^^^^^^^^^^^^^^^^^^^^^^^^^^^^^^^^^^^^^^^^^^^^^^^^^^^^^^^^
[INFO] [stderr]    |
[INFO] [stderr]    = note: this `Result` may be an `Err` variant, which should be handled
[INFO] [stderr]    = note: this warning originates in the macro `write_color` (in Nightly builds, run with -Z macro-backtrace for more info)
[INFO] [stderr] 
[INFO] [stderr] warning: unused `Result` that must be used
[INFO] [stderr]   --> examples/use_write.rs:31:3
[INFO] [stderr]    |
[INFO] [stderr] 31 |         writen_color!(&mut ::std::io::stdout(), BrightBlue, "{} {}", 123, "str");
[INFO] [stderr]    |         ^^^^^^^^^^^^^^^^^^^^^^^^^^^^^^^^^^^^^^^^^^^^^^^^^^^^^^^^^^^^^^^^^^^^^^^^
[INFO] [stderr]    |
[INFO] [stderr]    = note: this `Result` may be an `Err` variant, which should be handled
[INFO] [stderr]    = note: this warning originates in the macro `writen_color` (in Nightly builds, run with -Z macro-backtrace for more info)
[INFO] [stderr] 
[INFO] [stderr] warning: unused `Result` that must be used
[INFO] [stderr]   --> examples/use_write.rs:34:3
[INFO] [stderr]    |
[INFO] [stderr] 34 |         writen_color!(::std::io::stdout(), BrightBlue, "{} {}", 12345, "str");
[INFO] [stderr]    |         ^^^^^^^^^^^^^^^^^^^^^^^^^^^^^^^^^^^^^^^^^^^^^^^^^^^^^^^^^^^^^^^^^^^^^
[INFO] [stderr]    |
[INFO] [stderr]    = note: this `Result` may be an `Err` variant, which should be handled
[INFO] [stderr]    = note: this warning originates in the macro `writen_color` (in Nightly builds, run with -Z macro-backtrace for more info)
[INFO] [stderr] 
[INFO] [stderr] warning: field `time` is never read
[INFO] [stderr]   --> examples/struct_2.rs:22:2
[INFO] [stderr]    |
[INFO] [stderr] 21 | pub struct MyWriter {
[INFO] [stderr]    |            -------- field in this struct
[INFO] [stderr] 22 |     time: SystemTime,
[INFO] [stderr]    |     ^^^^
[INFO] [stderr]    |
[INFO] [stderr]    = note: `MyWriter` has a derived impl for the trait `Debug`, but this is intentionally ignored during dead code analysis
[INFO] [stderr]    = note: `#[warn(dead_code)]` on by default
[INFO] [stderr] 
[INFO] [stderr] warning: `cluColor` (example "use_write") generated 4 warnings
[INFO] [stderr] warning: `cluColor` (example "struct_2") generated 1 warning
[INFO] [stderr]     Finished `test` profile [unoptimized + debuginfo] target(s) in 0.01s
[INFO] [stderr]      Running unittests src/lib.rs (/opt/rustwide/target/debug/deps/clucolor-349515a18e266d1f)
[INFO] [stdout] 
[INFO] [stdout] running 0 tests
[INFO] [stdout] 
[INFO] [stdout] test result: ok. 0 passed; 0 failed; 0 ignored; 0 measured; 0 filtered out; finished in 0.00s
[INFO] [stdout] 
[INFO] [stderr]    Doc-tests clucolor
[INFO] [stdout] 
[INFO] [stdout] running 10 tests
[INFO] [stdout] test src/lib.rs - color_args (line 185) ... FAILED
[INFO] [stdout] test src/lib.rs - (line 23) ... FAILED
[INFO] [stdout] test src/lib.rs - color_args (line 163) ... FAILED
[INFO] [stdout] test src/lib.rs - (line 55) ... FAILED
[INFO] [stdout] test src/raw/mod.rs - raw::raw_color (line 7) ... FAILED
[INFO] [stdout] test src/lib.rs - (line 40) ... FAILED
[INFO] [stdout] test src/lib.rs - (line 70) ... FAILED
[INFO] [stdout] test src/lib.rs - (line 128) ... FAILED
[INFO] [stdout] test src/lib.rs - (line 93) ... FAILED
[INFO] [stdout] test src/lib.rs - color_format (line 267) ... FAILED
[INFO] [stdout] 
[INFO] [stdout] failures:
[INFO] [stdout] 
[INFO] [stdout] ---- src/lib.rs - color_args (line 185) stdout ----
[INFO] [stdout] error: cannot find macro `color` in this scope
[INFO] [stdout]  --> src/lib.rs:186:19
[INFO] [stdout]   |
[INFO] [stdout] 3 | let str_colored = color!(blue, bold, "test");
[INFO] [stdout]   |                   ^^^^^
[INFO] [stdout] 
[INFO] [stdout] error: aborting due to 1 previous error
[INFO] [stdout] 
[INFO] [stdout] Couldn't compile the test.
[INFO] [stdout] ---- src/lib.rs - (line 23) stdout ----
[INFO] [stdout] error[E0468]: an `extern crate` loading macros must be at the crate root
[INFO] [stdout]  --> src/lib.rs:25:1
[INFO] [stdout]   |
[INFO] [stdout] 4 | extern crate clucolor;
[INFO] [stdout]   | ^^^^^^^^^^^^^^^^^^^^^^
[INFO] [stdout] 
[INFO] [stdout] error: aborting due to 1 previous error
[INFO] [stdout] 
[INFO] [stdout] For more information about this error, try `rustc --explain E0468`.
[INFO] [stdout] Couldn't compile the test.
[INFO] [stdout] ---- src/lib.rs - color_args (line 163) stdout ----
[INFO] [stdout] error: expected `;`, found `"31"`
[INFO] [stdout]  --> src/lib.rs:166:23
[INFO] [stdout]   |
[INFO] [stdout] 5 | "30" | black            | BLACK
[INFO] [stdout]   |                                ^ help: add `;` here
[INFO] [stdout] 6 | "31" | red            | RED
[INFO] [stdout]   | ---- unexpected token
[INFO] [stdout] 
[INFO] [stdout] error: expected `;`, found `"32"`
[INFO] [stdout]  --> src/lib.rs:167:19
[INFO] [stdout]   |
[INFO] [stdout] 6 | "31" | red            | RED
[INFO] [stdout]   |                            ^ help: add `;` here
[INFO] [stdout] 7 | "32" | green            | GREEN
[INFO] [stdout]   | ---- unexpected token
[INFO] [stdout] 
[INFO] [stdout] error: expected `;`, found `"33"`
[INFO] [stdout]  --> src/lib.rs:168:23
[INFO] [stdout]   |
[INFO] [stdout] 7 | "32" | green            | GREEN
[INFO] [stdout]   |                                ^ help: add `;` here
[INFO] [stdout] 8 | "33" | yellow            | YELLOW
[INFO] [stdout]   | ---- unexpected token
[INFO] [stdout] 
[INFO] [stdout] error: expected `;`, found `"34"`
[INFO] [stdout]  --> src/lib.rs:169:25
[INFO] [stdout]   |
[INFO] [stdout] 8 | "33" | yellow            | YELLOW
[INFO] [stdout]   |                                  ^ help: add `;` here
[INFO] [stdout] 9 | "34" | blue            | BLUE
[INFO] [stdout]   | ---- unexpected token
[INFO] [stdout] 
[INFO] [stdout] error: expected `;`, found `"35"`
[INFO] [stdout]   --> src/lib.rs:170:21
[INFO] [stdout]    |
[INFO] [stdout] 9  | "34" | blue            | BLUE
[INFO] [stdout]    |                              ^ help: add `;` here
[INFO] [stdout] 10 | "35" | magenta            | MAGENTA
[INFO] [stdout]    | ---- unexpected token
[INFO] [stdout] 
[INFO] [stdout] error: expected `;`, found `"36"`
[INFO] [stdout]   --> src/lib.rs:171:27
[INFO] [stdout]    |
[INFO] [stdout] 10 | "35" | magenta            | MAGENTA
[INFO] [stdout]    |                                    ^ help: add `;` here
[INFO] [stdout] 11 | "36" | cyan            | CYAN
[INFO] [stdout]    | ---- unexpected token
[INFO] [stdout] 
[INFO] [stdout] error: expected `;`, found `"37"`
[INFO] [stdout]   --> src/lib.rs:172:21
[INFO] [stdout]    |
[INFO] [stdout] 11 | "36" | cyan            | CYAN
[INFO] [stdout]    |                              ^ help: add `;` here
[INFO] [stdout] 12 | "37" | white            | WHITE
[INFO] [stdout]    | ---- unexpected token
[INFO] [stdout] 
[INFO] [stdout] error: expected `;`, found `"90"`
[INFO] [stdout]   --> src/lib.rs:173:23
[INFO] [stdout]    |
[INFO] [stdout] 12 | "37" | white            | WHITE
[INFO] [stdout]    |                                ^ help: add `;` here
[INFO] [stdout] 13 |
[INFO] [stdout] 14 | "90" | bright_black        | BRIGHT_BLACK
[INFO] [stdout]    | ---- unexpected token
[INFO] [stdout] 
[INFO] [stdout] error: expected `;`, found `"91"`
[INFO] [stdout]   --> src/lib.rs:175:36
[INFO] [stdout]    |
[INFO] [stdout] 14 | "90" | bright_black        | BRIGHT_BLACK
[INFO] [stdout]    |                                          ^ help: add `;` here
[INFO] [stdout] 15 | "91" | bright_red        | BRIGHT_RED
[INFO] [stdout]    | ---- unexpected token
[INFO] [stdout] 
[INFO] [stdout] error: expected `;`, found `"92"`
[INFO] [stdout]   --> src/lib.rs:176:32
[INFO] [stdout]    |
[INFO] [stdout] 15 | "91" | bright_red        | BRIGHT_RED
[INFO] [stdout]    |                                      ^ help: add `;` here
[INFO] [stdout] 16 | "92" | bright_green        | BRIGHT_GREEN
[INFO] [stdout]    | ---- unexpected token
[INFO] [stdout] 
[INFO] [stdout] error: expected `;`, found `"93"`
[INFO] [stdout]   --> src/lib.rs:177:36
[INFO] [stdout]    |
[INFO] [stdout] 16 | "92" | bright_green        | BRIGHT_GREEN
[INFO] [stdout]    |                                          ^ help: add `;` here
[INFO] [stdout] 17 | "93" | bright_yellow        | BRIGHT_YELLOW
[INFO] [stdout]    | ---- unexpected token
[INFO] [stdout] 
[INFO] [stdout] error: expected `;`, found `"94"`
[INFO] [stdout]   --> src/lib.rs:178:38
[INFO] [stdout]    |
[INFO] [stdout] 17 | "93" | bright_yellow        | BRIGHT_YELLOW
[INFO] [stdout]    |                                            ^ help: add `;` here
[INFO] [stdout] 18 | "94" | bright_blue        | BRIGHT_BLUE
[INFO] [stdout]    | ---- unexpected token
[INFO] [stdout] 
[INFO] [stdout] error: expected `;`, found `"95"`
[INFO] [stdout]   --> src/lib.rs:179:34
[INFO] [stdout]    |
[INFO] [stdout] 18 | "94" | bright_blue        | BRIGHT_BLUE
[INFO] [stdout]    |                                        ^ help: add `;` here
[INFO] [stdout] 19 | "95" | bright_magenta        | BRIGHT_MAGENTA
[INFO] [stdout]    | ---- unexpected token
[INFO] [stdout] 
[INFO] [stdout] error: expected `;`, found `"96"`
[INFO] [stdout]   --> src/lib.rs:180:40
[INFO] [stdout]    |
[INFO] [stdout] 19 | "95" | bright_magenta        | BRIGHT_MAGENTA
[INFO] [stdout]    |                                              ^ help: add `;` here
[INFO] [stdout] 20 | "96" | bright_cyan        | BRIGHT_CYAN
[INFO] [stdout]    | ---- unexpected token
[INFO] [stdout] 
[INFO] [stdout] error: expected `;`, found `"97"`
[INFO] [stdout]   --> src/lib.rs:181:34
[INFO] [stdout]    |
[INFO] [stdout] 20 | "96" | bright_cyan        | BRIGHT_CYAN
[INFO] [stdout]    |                                        ^ help: add `;` here
[INFO] [stdout] 21 | "97" | bright_white        | BRIGHT_WHITE
[INFO] [stdout]    | ---- unexpected token
[INFO] [stdout] 
[INFO] [stdout] error[E0425]: cannot find value `bright_white` in this scope
[INFO] [stdout]   --> src/lib.rs:182:8
[INFO] [stdout]    |
[INFO] [stdout] 21 | "97" | bright_white        | BRIGHT_WHITE
[INFO] [stdout]    |        ^^^^^^^^^^^^ not found in this scope
[INFO] [stdout] 
[INFO] [stdout] error[E0425]: cannot find value `BRIGHT_WHITE` in this scope
[INFO] [stdout]   --> src/lib.rs:182:24
[INFO] [stdout]    |
[INFO] [stdout] 21 | "97" | bright_white        | BRIGHT_WHITE
[INFO] [stdout]    |                              ^^^^^^^^^^^^ not found in this scope
[INFO] [stdout] 
[INFO] [stdout] error[E0308]: mismatched types
[INFO] [stdout]   --> src/lib.rs:182:1
[INFO] [stdout]    |
[INFO] [stdout] 2  | fn main() { #[allow(non_snake_case)] fn _doctest_main_src_lib_rs_163_0() {
[INFO] [stdout]    |                                                                         - help: try adding a return type: `-> str`
[INFO] [stdout] ...
[INFO] [stdout] 21 | "97" | bright_white        | BRIGHT_WHITE
[INFO] [stdout]    | ^^^^^^^^^^^^^^^^^^^^^^^^^^^^^^^^^^^^^^^^^ expected `()`, found `str`
[INFO] [stdout] 
[INFO] [stdout] error: aborting due to 18 previous errors
[INFO] [stdout] 
[INFO] [stdout] Some errors have detailed explanations: E0308, E0425.
[INFO] [stdout] For more information about an error, try `rustc --explain E0308`.
[INFO] [stdout] Couldn't compile the test.
[INFO] [stdout] ---- src/lib.rs - (line 55) stdout ----
[INFO] [stdout] error[E0468]: an `extern crate` loading macros must be at the crate root
[INFO] [stdout]  --> src/lib.rs:57:1
[INFO] [stdout]   |
[INFO] [stdout] 4 | extern crate clucolor;
[INFO] [stdout]   | ^^^^^^^^^^^^^^^^^^^^^^
[INFO] [stdout] 
[INFO] [stdout] error: argument never used
[INFO] [stdout]   --> src/lib.rs:65:77
[INFO] [stdout]    |
[INFO] [stdout] 12 | writen_color!(&mut File::open("color_file.txt"), BrightBlue, "Color Str:)", 12345);
[INFO] [stdout]    |                                                              -------------  ^^^^^ argument never used
[INFO] [stdout]    |                                                              |
[INFO] [stdout]    |                                                              formatting specifier missing
[INFO] [stdout] 
[INFO] [stdout] error[E0433]: failed to resolve: you might be missing crate `clucolor`
[INFO] [stdout]  --> src/lib.rs:59:5
[INFO] [stdout]   |
[INFO] [stdout] 6 | use clucolor::colors::Blue;
[INFO] [stdout]   |     ^^^^^^^^ you might be missing crate `clucolor`
[INFO] [stdout]   |
[INFO] [stdout] help: consider importing the `clucolor` crate
[INFO] [stdout]   |
[INFO] [stdout] 2 + extern crate clucolor;
[INFO] [stdout]   |
[INFO] [stdout] 
[INFO] [stdout] error[E0433]: failed to resolve: you might be missing crate `clucolor`
[INFO] [stdout]  --> src/lib.rs:60:5
[INFO] [stdout]   |
[INFO] [stdout] 7 | use clucolor::colors::BrightBlue;
[INFO] [stdout]   |     ^^^^^^^^ you might be missing crate `clucolor`
[INFO] [stdout]   |
[INFO] [stdout] help: consider importing the `clucolor` crate
[INFO] [stdout]   |
[INFO] [stdout] 2 + extern crate clucolor;
[INFO] [stdout]   |
[INFO] [stdout] 
[INFO] [stdout] error[E0433]: failed to resolve: use of undeclared type `File`
[INFO] [stdout]   --> src/lib.rs:65:20
[INFO] [stdout]    |
[INFO] [stdout] 12 | writen_color!(&mut File::open("color_file.txt"), BrightBlue, "Color Str:)", 12345);
[INFO] [stdout]    |                    ^^^^ use of undeclared type `File`
[INFO] [stdout]    |
[INFO] [stdout] help: consider importing this struct
[INFO] [stdout]    |
[INFO] [stdout] 2  + use std::fs::File;
[INFO] [stdout]    |
[INFO] [stdout] 
[INFO] [stdout] error: aborting due to 5 previous errors
[INFO] [stdout] 
[INFO] [stdout] Some errors have detailed explanations: E0433, E0468.
[INFO] [stdout] For more information about an error, try `rustc --explain E0433`.
[INFO] [stdout] Couldn't compile the test.
[INFO] [stdout] ---- src/raw/mod.rs - raw::raw_color (line 7) stdout ----
[INFO] [stdout] error: no rules expected the token `-`
[INFO] [stdout]  --> src/raw/mod.rs:9:26
[INFO] [stdout]   |
[INFO] [stdout] 4 |     (start) => {"\x1B["}; <-- ascii escape, start format. wait color.
[INFO] [stdout]   |                             ^ no rules expected this token in macro call
[INFO] [stdout] 
[INFO] [stdout] error: aborting due to 1 previous error
[INFO] [stdout] 
[INFO] [stdout] Couldn't compile the test.
[INFO] [stdout] ---- src/lib.rs - (line 40) stdout ----
[INFO] [stdout] error[E0468]: an `extern crate` loading macros must be at the crate root
[INFO] [stdout]  --> src/lib.rs:42:1
[INFO] [stdout]   |
[INFO] [stdout] 4 | extern crate clucolor;
[INFO] [stdout]   | ^^^^^^^^^^^^^^^^^^^^^^
[INFO] [stdout] 
[INFO] [stdout] error[E0433]: failed to resolve: you might be missing crate `clucolor`
[INFO] [stdout]  --> src/lib.rs:44:5
[INFO] [stdout]   |
[INFO] [stdout] 6 | use clucolor::colors::cluColor;
[INFO] [stdout]   |     ^^^^^^^^ you might be missing crate `clucolor`
[INFO] [stdout]   |
[INFO] [stdout] help: consider importing the `clucolor` crate
[INFO] [stdout]   |
[INFO] [stdout] 2 + extern crate clucolor;
[INFO] [stdout]   |
[INFO] [stdout] 
[INFO] [stdout] error[E0433]: failed to resolve: you might be missing crate `clucolor`
[INFO] [stdout]  --> src/lib.rs:45:5
[INFO] [stdout]   |
[INFO] [stdout] 7 | use clucolor::colors::BrightRed;
[INFO] [stdout]   |     ^^^^^^^^ you might be missing crate `clucolor`
[INFO] [stdout]   |
[INFO] [stdout] help: consider importing the `clucolor` crate
[INFO] [stdout]   |
[INFO] [stdout] 2 + extern crate clucolor;
[INFO] [stdout]   |
[INFO] [stdout] 
[INFO] [stdout] error[E0425]: cannot find value `TEST` in this scope
[INFO] [stdout]  --> src/lib.rs:47:63
[INFO] [stdout]   |
[INFO] [stdout] 9 | let string = BrightRed::string_fmt( format_args!("[{:?}] {}", TEST, str) );
[INFO] [stdout]   |                                                               ^^^^ not found in this scope
[INFO] [stdout] 
[INFO] [stdout] error[E0423]: expected value, found builtin type `str`
[INFO] [stdout]  --> src/lib.rs:47:69
[INFO] [stdout]   |
[INFO] [stdout] 9 | let string = BrightRed::string_fmt( format_args!("[{:?}] {}", TEST, str) );
[INFO] [stdout]   |                                                                     ^^^ not a value
[INFO] [stdout] 
[INFO] [stdout] error: aborting due to 5 previous errors
[INFO] [stdout] 
[INFO] [stdout] Some errors have detailed explanations: E0423, E0425, E0433, E0468.
[INFO] [stdout] For more information about an error, try `rustc --explain E0423`.
[INFO] [stdout] Couldn't compile the test.
[INFO] [stdout] ---- src/lib.rs - (line 70) stdout ----
[INFO] [stdout] error[E0468]: an `extern crate` loading macros must be at the crate root
[INFO] [stdout]  --> src/lib.rs:72:1
[INFO] [stdout]   |
[INFO] [stdout] 4 | extern crate clucolor;
[INFO] [stdout]   | ^^^^^^^^^^^^^^^^^^^^^^
[INFO] [stdout] 
[INFO] [stdout] error[E0433]: failed to resolve: you might be missing crate `clucolor`
[INFO] [stdout]  --> src/lib.rs:74:5
[INFO] [stdout]   |
[INFO] [stdout] 6 | use clucolor::colors::Blue;
[INFO] [stdout]   |     ^^^^^^^^ you might be missing crate `clucolor`
[INFO] [stdout]   |
[INFO] [stdout] help: consider importing the `clucolor` crate
[INFO] [stdout]   |
[INFO] [stdout] 2 + extern crate clucolor;
[INFO] [stdout]   |
[INFO] [stdout] 
[INFO] [stdout] error[E0433]: failed to resolve: you might be missing crate `clucolor`
[INFO] [stdout]  --> src/lib.rs:75:5
[INFO] [stdout]   |
[INFO] [stdout] 7 | use clucolor::colors::BrightBlue;
[INFO] [stdout]   |     ^^^^^^^^ you might be missing crate `clucolor`
[INFO] [stdout]   |
[INFO] [stdout] help: consider importing the `clucolor` crate
[INFO] [stdout]   |
[INFO] [stdout] 2 + extern crate clucolor;
[INFO] [stdout]   |
[INFO] [stdout] 
[INFO] [stdout] error[E0599]: no method named `write` found for struct `Vec<u8>` in the current scope
[INFO] [stdout]   --> src/lib.rs:83:14
[INFO] [stdout]    |
[INFO] [stdout] 15 | let _e = vec.write(b"TestValue"); // For Vec implemented Write!!
[INFO] [stdout]    |              ^^^^^
[INFO] [stdout]   --> /rustc/90b35a6239c3d8bdabc530a6a0816f7ff89a0aaf/library/std/src/io/mod.rs:1592:8
[INFO] [stdout]    |
[INFO] [stdout]    = note: the method is available for `Vec<u8>` here
[INFO] [stdout]    |
[INFO] [stdout]    = help: items from traits can only be used if the trait is in scope
[INFO] [stdout] help: trait `Write` which provides `write` is implemented but not in scope; perhaps you want to import it
[INFO] [stdout]    |
[INFO] [stdout] 2  + use std::io::Write;
[INFO] [stdout]    |
[INFO] [stdout] help: there is a method `write_all` with a similar name
[INFO] [stdout]    |
[INFO] [stdout] 15 | let _e = vec.write_all(b"TestValue"); // For Vec implemented Write!!
[INFO] [stdout]    |              ~~~~~~~~~
[INFO] [stdout] 
[INFO] [stdout] error[E0433]: failed to resolve: use of undeclared type `BrightRed`
[INFO] [stdout]   --> src/lib.rs:88:10
[INFO] [stdout]    |
[INFO] [stdout] 20 | let _e = BrightRed::writen(&mut vec, b"end value.." );
[INFO] [stdout]    |          ^^^^^^^^^ use of undeclared type `BrightRed`
[INFO] [stdout] 
[INFO] [stdout] error: aborting due to 5 previous errors
[INFO] [stdout] 
[INFO] [stdout] Some errors have detailed explanations: E0433, E0468, E0599.
[INFO] [stdout] For more information about an error, try `rustc --explain E0433`.
[INFO] [stdout] Couldn't compile the test.
[INFO] [stdout] ---- src/lib.rs - (line 128) stdout ----
[INFO] [stdout] error[E0468]: an `extern crate` loading macros must be at the crate root
[INFO] [stdout]  --> src/lib.rs:130:1
[INFO] [stdout]   |
[INFO] [stdout] 4 | extern crate clucolor;
[INFO] [stdout]   | ^^^^^^^^^^^^^^^^^^^^^^
[INFO] [stdout] 
[INFO] [stdout] error[E0433]: failed to resolve: you might be missing crate `clucolor`
[INFO] [stdout]  --> src/lib.rs:132:5
[INFO] [stdout]   |
[INFO] [stdout] 6 | use clucolor::colors::Blue;
[INFO] [stdout]   |     ^^^^^^^^ you might be missing crate `clucolor`
[INFO] [stdout]   |
[INFO] [stdout] help: consider importing the `clucolor` crate
[INFO] [stdout]   |
[INFO] [stdout] 2 + extern crate clucolor;
[INFO] [stdout]   |
[INFO] [stdout] 
[INFO] [stdout] error: aborting due to 2 previous errors
[INFO] [stdout] 
[INFO] [stdout] Some errors have detailed explanations: E0433, E0468.
[INFO] [stdout] For more information about an error, try `rustc --explain E0433`.
[INFO] [stdout] Couldn't compile the test.
[INFO] [stdout] ---- src/lib.rs - (line 93) stdout ----
[INFO] [stdout] error[E0468]: an `extern crate` loading macros must be at the crate root
[INFO] [stdout]  --> src/lib.rs:95:1
[INFO] [stdout]   |
[INFO] [stdout] 4 | extern crate clucolor;
[INFO] [stdout]   | ^^^^^^^^^^^^^^^^^^^^^^
[INFO] [stdout] 
[INFO] [stdout] error[E0433]: failed to resolve: you might be missing crate `clucolor`
[INFO] [stdout]  --> src/lib.rs:97:5
[INFO] [stdout]   |
[INFO] [stdout] 6 | use clucolor::colors::BrightBlue;
[INFO] [stdout]   |     ^^^^^^^^ you might be missing crate `clucolor`
[INFO] [stdout]   |
[INFO] [stdout] help: consider importing the `clucolor` crate
[INFO] [stdout]   |
[INFO] [stdout] 2 + extern crate clucolor;
[INFO] [stdout]   |
[INFO] [stdout] 
[INFO] [stdout] error[E0433]: failed to resolve: use of undeclared type `BrightGreen`
[INFO] [stdout]   --> src/lib.rs:112:6
[INFO] [stdout]    |
[INFO] [stdout] 21 |      BrightGreen::with_color_fmt(format_args!("NUM #{}", a), |fmt_num| {
[INFO] [stdout]    |      ^^^^^^^^^^^ use of undeclared type `BrightGreen`
[INFO] [stdout] 
[INFO] [stdout] error[E0433]: failed to resolve: use of undeclared type `BrightRed`
[INFO] [stdout]   --> src/lib.rs:114:16
[INFO] [stdout]    |
[INFO] [stdout] 23 |                BrightRed::with_color_fmt(format_args!("ALL_COUNT {}", item.count()), |fmt_count| {
[INFO] [stdout]    |                ^^^^^^^^^ use of undeclared type `BrightRed`
[INFO] [stdout] 
[INFO] [stdout] error: aborting due to 4 previous errors
[INFO] [stdout] 
[INFO] [stdout] Some errors have detailed explanations: E0433, E0468.
[INFO] [stdout] For more information about an error, try `rustc --explain E0433`.
[INFO] [stdout] Couldn't compile the test.
[INFO] [stdout] ---- src/lib.rs - color_format (line 267) stdout ----
[INFO] [stdout] error: expected `;`, found `"31"`
[INFO] [stdout]  --> src/lib.rs:270:23
[INFO] [stdout]   |
[INFO] [stdout] 5 | "30" | black            | BLACK
[INFO] [stdout]   |                                ^ help: add `;` here
[INFO] [stdout] 6 | "31" | red            | RED
[INFO] [stdout]   | ---- unexpected token
[INFO] [stdout] 
[INFO] [stdout] error: expected `;`, found `"32"`
[INFO] [stdout]  --> src/lib.rs:271:19
[INFO] [stdout]   |
[INFO] [stdout] 6 | "31" | red            | RED
[INFO] [stdout]   |                            ^ help: add `;` here
[INFO] [stdout] 7 | "32" | green            | GREEN
[INFO] [stdout]   | ---- unexpected token
[INFO] [stderr] error: doctest failed, to rerun pass `--doc`
[INFO] [stdout] 
[INFO] [stdout] error: expected `;`, found `"33"`
[INFO] [stdout]  --> src/lib.rs:272:23
[INFO] [stdout]   |
[INFO] [stdout] 7 | "32" | green            | GREEN
[INFO] [stdout]   |                                ^ help: add `;` here
[INFO] [stdout] 8 | "33" | yellow            | YELLOW
[INFO] [stdout]   | ---- unexpected token
[INFO] [stdout] 
[INFO] [stdout] error: expected `;`, found `"34"`
[INFO] [stdout]  --> src/lib.rs:273:25
[INFO] [stdout]   |
[INFO] [stdout] 8 | "33" | yellow            | YELLOW
[INFO] [stdout]   |                                  ^ help: add `;` here
[INFO] [stdout] 9 | "34" | blue            | BLUE
[INFO] [stdout]   | ---- unexpected token
[INFO] [stdout] 
[INFO] [stdout] error: expected `;`, found `"35"`
[INFO] [stdout]   --> src/lib.rs:274:21
[INFO] [stdout]    |
[INFO] [stdout] 9  | "34" | blue            | BLUE
[INFO] [stdout]    |                              ^ help: add `;` here
[INFO] [stdout] 10 | "35" | magenta            | MAGENTA
[INFO] [stdout]    | ---- unexpected token
[INFO] [stdout] 
[INFO] [stdout] error: expected `;`, found `"36"`
[INFO] [stdout]   --> src/lib.rs:275:27
[INFO] [stdout]    |
[INFO] [stdout] 10 | "35" | magenta            | MAGENTA
[INFO] [stdout]    |                                    ^ help: add `;` here
[INFO] [stdout] 11 | "36" | cyan            | CYAN
[INFO] [stdout]    | ---- unexpected token
[INFO] [stdout] 
[INFO] [stdout] error: expected `;`, found `"37"`
[INFO] [stdout]   --> src/lib.rs:276:21
[INFO] [stdout]    |
[INFO] [stdout] 11 | "36" | cyan            | CYAN
[INFO] [stdout]    |                              ^ help: add `;` here
[INFO] [stdout] 12 | "37" | white            | WHITE
[INFO] [stdout]    | ---- unexpected token
[INFO] [stdout] 
[INFO] [stdout] error: expected `;`, found `"90"`
[INFO] [stdout]   --> src/lib.rs:277:23
[INFO] [stdout]    |
[INFO] [stdout] 12 | "37" | white            | WHITE
[INFO] [stdout]    |                                ^ help: add `;` here
[INFO] [stdout] 13 |
[INFO] [stdout] 14 | "90" | bright_black        | BRIGHT_BLACK
[INFO] [stdout]    | ---- unexpected token
[INFO] [stdout] 
[INFO] [stdout] error: expected `;`, found `"91"`
[INFO] [stdout]   --> src/lib.rs:279:36
[INFO] [stdout]    |
[INFO] [stdout] 14 | "90" | bright_black        | BRIGHT_BLACK
[INFO] [stdout]    |                                          ^ help: add `;` here
[INFO] [stdout] 15 | "91" | bright_red        | BRIGHT_RED
[INFO] [stdout]    | ---- unexpected token
[INFO] [stdout] 
[INFO] [stdout] error: expected `;`, found `"92"`
[INFO] [stdout]   --> src/lib.rs:280:32
[INFO] [stdout]    |
[INFO] [stdout] 15 | "91" | bright_red        | BRIGHT_RED
[INFO] [stdout]    |                                      ^ help: add `;` here
[INFO] [stdout] 16 | "92" | bright_green        | BRIGHT_GREEN
[INFO] [stdout]    | ---- unexpected token
[INFO] [stdout] 
[INFO] [stdout] error: expected `;`, found `"93"`
[INFO] [stdout]   --> src/lib.rs:281:36
[INFO] [stdout]    |
[INFO] [stdout] 16 | "92" | bright_green        | BRIGHT_GREEN
[INFO] [stdout]    |                                          ^ help: add `;` here
[INFO] [stdout] 17 | "93" | bright_yellow        | BRIGHT_YELLOW
[INFO] [stdout]    | ---- unexpected token
[INFO] [stdout] 
[INFO] [stdout] error: expected `;`, found `"94"`
[INFO] [stdout]   --> src/lib.rs:282:38
[INFO] [stdout]    |
[INFO] [stdout] 17 | "93" | bright_yellow        | BRIGHT_YELLOW
[INFO] [stdout]    |                                            ^ help: add `;` here
[INFO] [stdout] 18 | "94" | bright_blue        | BRIGHT_BLUE
[INFO] [stdout]    | ---- unexpected token
[INFO] [stdout] 
[INFO] [stdout] error: expected `;`, found `"95"`
[INFO] [stdout]   --> src/lib.rs:283:34
[INFO] [stdout]    |
[INFO] [stdout] 18 | "94" | bright_blue        | BRIGHT_BLUE
[INFO] [stdout]    |                                        ^ help: add `;` here
[INFO] [stdout] 19 | "95" | bright_magenta        | BRIGHT_MAGENTA
[INFO] [stdout]    | ---- unexpected token
[INFO] [stdout] 
[INFO] [stdout] error: expected `;`, found `"96"`
[INFO] [stdout]   --> src/lib.rs:284:40
[INFO] [stdout]    |
[INFO] [stdout] 19 | "95" | bright_magenta        | BRIGHT_MAGENTA
[INFO] [stdout]    |                                              ^ help: add `;` here
[INFO] [stdout] 20 | "96" | bright_cyan        | BRIGHT_CYAN
[INFO] [stdout]    | ---- unexpected token
[INFO] [stdout] 
[INFO] [stdout] error: expected `;`, found `"97"`
[INFO] [stdout]   --> src/lib.rs:285:34
[INFO] [stdout]    |
[INFO] [stdout] 20 | "96" | bright_cyan        | BRIGHT_CYAN
[INFO] [stdout]    |                                        ^ help: add `;` here
[INFO] [stdout] 21 | "97" | bright_white        | BRIGHT_WHITE
[INFO] [stdout]    | ---- unexpected token
[INFO] [stdout] 
[INFO] [stdout] error[E0425]: cannot find value `bright_white` in this scope
[INFO] [stdout]   --> src/lib.rs:286:8
[INFO] [stdout]    |
[INFO] [stdout] 21 | "97" | bright_white        | BRIGHT_WHITE
[INFO] [stdout]    |        ^^^^^^^^^^^^ not found in this scope
[INFO] [stdout] 
[INFO] [stdout] error[E0425]: cannot find value `BRIGHT_WHITE` in this scope
[INFO] [stdout]   --> src/lib.rs:286:24
[INFO] [stdout]    |
[INFO] [stdout] 21 | "97" | bright_white        | BRIGHT_WHITE
[INFO] [stdout]    |                              ^^^^^^^^^^^^ not found in this scope
[INFO] [stdout] 
[INFO] [stdout] error[E0308]: mismatched types
[INFO] [stdout]   --> src/lib.rs:286:1
[INFO] [stdout]    |
[INFO] [stdout] 2  | fn main() { #[allow(non_snake_case)] fn _doctest_main_src_lib_rs_267_0() {
[INFO] [stdout]    |                                                                         - help: try adding a return type: `-> str`
[INFO] [stdout] ...
[INFO] [stdout] 21 | "97" | bright_white        | BRIGHT_WHITE
[INFO] [stdout]    | ^^^^^^^^^^^^^^^^^^^^^^^^^^^^^^^^^^^^^^^^^ expected `()`, found `str`
[INFO] [stdout] 
[INFO] [stdout] error: aborting due to 18 previous errors
[INFO] [stdout] 
[INFO] [stdout] Some errors have detailed explanations: E0308, E0425.
[INFO] [stdout] For more information about an error, try `rustc --explain E0308`.
[INFO] [stdout] Couldn't compile the test.
[INFO] [stdout] 
[INFO] [stdout] failures:
[INFO] [stdout]     src/lib.rs - (line 128)
[INFO] [stdout]     src/lib.rs - (line 23)
[INFO] [stdout]     src/lib.rs - (line 40)
[INFO] [stdout]     src/lib.rs - (line 55)
[INFO] [stdout]     src/lib.rs - (line 70)
[INFO] [stdout]     src/lib.rs - (line 93)
[INFO] [stdout]     src/lib.rs - color_args (line 163)
[INFO] [stdout]     src/lib.rs - color_args (line 185)
[INFO] [stdout]     src/lib.rs - color_format (line 267)
[INFO] [stdout]     src/raw/mod.rs - raw::raw_color (line 7)
[INFO] [stdout] 
[INFO] [stdout] test result: FAILED. 0 passed; 10 failed; 0 ignored; 0 measured; 0 filtered out; finished in 0.17s
[INFO] [stdout] 
[INFO] running `Command { std: "docker" "inspect" "a15af0bf916adbcc740bd2f88d9701a48bec4ece682a7939f6ecfb68d01fb639", kill_on_drop: false }`
[INFO] running `Command { std: "docker" "rm" "-f" "a15af0bf916adbcc740bd2f88d9701a48bec4ece682a7939f6ecfb68d01fb639", kill_on_drop: false }`
[INFO] [stdout] a15af0bf916adbcc740bd2f88d9701a48bec4ece682a7939f6ecfb68d01fb639
