[INFO] fetching crate clightningrpc_gossip_map 0.0.1-beta.5...
[INFO] testing clightningrpc_gossip_map-0.0.1-beta.5 against 1.83.0 for beta-1.84.0-4-retry
[INFO] extracting crate clightningrpc_gossip_map 0.0.1-beta.5 into /workspace/builds/worker-3-tc1/source
[INFO] validating manifest of crates.io crate clightningrpc_gossip_map 0.0.1-beta.5 on toolchain 1.83.0
[INFO] running `Command { std: CARGO_HOME="/workspace/cargo-home" RUSTUP_HOME="/workspace/rustup-home" "/workspace/cargo-home/bin/cargo" "+1.83.0" "metadata" "--manifest-path" "Cargo.toml" "--no-deps", kill_on_drop: false }`
[INFO] started tweaking crates.io crate clightningrpc_gossip_map 0.0.1-beta.5
[INFO] finished tweaking crates.io crate clightningrpc_gossip_map 0.0.1-beta.5
[INFO] tweaked toml for crates.io crate clightningrpc_gossip_map 0.0.1-beta.5 written to /workspace/builds/worker-3-tc1/source/Cargo.toml
[INFO] running `Command { std: CARGO_HOME="/workspace/cargo-home" RUSTUP_HOME="/workspace/rustup-home" "/workspace/cargo-home/bin/cargo" "+1.83.0" "generate-lockfile" "--manifest-path" "Cargo.toml", kill_on_drop: false }`
[INFO] [stderr]     Updating crates.io index
[INFO] [stderr]      Locking 39 packages to latest compatible versions
[INFO] [stderr]       Adding bitcoin v0.30.2 (available: v0.32.5)
[INFO] [stderr]       Adding colored v1.9.4 (available: v2.1.0)
[INFO] running `Command { std: CARGO_HOME="/workspace/cargo-home" RUSTUP_HOME="/workspace/rustup-home" "/workspace/cargo-home/bin/cargo" "+1.83.0" "fetch" "--manifest-path" "Cargo.toml", kill_on_drop: false }`
[INFO] [stderr]     Blocking waiting for file lock on package cache
[INFO] [stderr]     Blocking waiting for file lock on package cache
[INFO] [stderr]  Downloading crates ...
[INFO] [stderr]   Downloaded fundamentals-derive v0.0.1-alpha.2
[INFO] [stderr]   Downloaded bitcoin-private v0.1.0
[INFO] [stderr]   Downloaded fundamentals v0.0.1-alpha.4
[INFO] [stderr]   Downloaded kproc-parser v0.0.1-beta.7
[INFO] [stderr]   Downloaded bitcoin_hashes v0.12.0
[INFO] [stderr]   Downloaded bitcoin v0.30.2
[INFO] running `Command { std: "docker" "create" "-v" "/var/lib/crater-agent-workspace/builds/worker-3-tc1/target:/opt/rustwide/target:rw,Z" "-v" "/var/lib/crater-agent-workspace/builds/worker-3-tc1/source:/opt/rustwide/workdir:ro,Z" "-v" "/var/lib/crater-agent-workspace/cargo-home:/opt/rustwide/cargo-home:ro,Z" "-v" "/var/lib/crater-agent-workspace/rustup-home:/opt/rustwide/rustup-home:ro,Z" "-e" "SOURCE_DIR=/opt/rustwide/workdir" "-e" "CARGO_TARGET_DIR=/opt/rustwide/target" "-e" "CARGO_HOME=/opt/rustwide/cargo-home" "-e" "RUSTUP_HOME=/opt/rustwide/rustup-home" "-w" "/opt/rustwide/workdir" "-m" "1610612736" "--user" "0:0" "--network" "none" "ghcr.io/rust-lang/crates-build-env/linux@sha256:f3a9d4ad9d972b27faf3965f35b62e55ba32bbce8f20bc8fe909558a86702fde" "/opt/rustwide/cargo-home/bin/cargo" "+1.83.0" "metadata" "--no-deps" "--format-version=1", kill_on_drop: false }`
[INFO] [stdout] 29144530584adfe4c03e25831ce8839e556e8e8d3268510048bf6a51534c6f1d
[INFO] running `Command { std: "docker" "start" "-a" "29144530584adfe4c03e25831ce8839e556e8e8d3268510048bf6a51534c6f1d", kill_on_drop: false }`
[INFO] running `Command { std: "docker" "inspect" "29144530584adfe4c03e25831ce8839e556e8e8d3268510048bf6a51534c6f1d", kill_on_drop: false }`
[INFO] running `Command { std: "docker" "rm" "-f" "29144530584adfe4c03e25831ce8839e556e8e8d3268510048bf6a51534c6f1d", kill_on_drop: false }`
[INFO] [stdout] 29144530584adfe4c03e25831ce8839e556e8e8d3268510048bf6a51534c6f1d
[INFO] running `Command { std: "docker" "create" "-v" "/var/lib/crater-agent-workspace/builds/worker-3-tc1/target:/opt/rustwide/target:rw,Z" "-v" "/var/lib/crater-agent-workspace/builds/worker-3-tc1/source:/opt/rustwide/workdir:ro,Z" "-v" "/var/lib/crater-agent-workspace/cargo-home:/opt/rustwide/cargo-home:ro,Z" "-v" "/var/lib/crater-agent-workspace/rustup-home:/opt/rustwide/rustup-home:ro,Z" "-e" "SOURCE_DIR=/opt/rustwide/workdir" "-e" "CARGO_TARGET_DIR=/opt/rustwide/target" "-e" "CARGO_INCREMENTAL=0" "-e" "RUST_BACKTRACE=full" "-e" "RUSTFLAGS=--cap-lints=warn" "-e" "RUSTDOCFLAGS=--cap-lints=warn" "-e" "CARGO_HOME=/opt/rustwide/cargo-home" "-e" "RUSTUP_HOME=/opt/rustwide/rustup-home" "-w" "/opt/rustwide/workdir" "-m" "1610612736" "--user" "0:0" "--network" "none" "ghcr.io/rust-lang/crates-build-env/linux@sha256:f3a9d4ad9d972b27faf3965f35b62e55ba32bbce8f20bc8fe909558a86702fde" "/opt/rustwide/cargo-home/bin/cargo" "+1.83.0" "build" "--frozen" "--message-format=json", kill_on_drop: false }`
[INFO] [stdout] 51a9a9685b6f301890f9b583e5d19cabc7087a5b2be19c2445e91f510e73a9a1
[INFO] running `Command { std: "docker" "start" "-a" "51a9a9685b6f301890f9b583e5d19cabc7087a5b2be19c2445e91f510e73a9a1", kill_on_drop: false }`
[INFO] [stderr]    Compiling shlex v1.3.0
[INFO] [stderr]    Compiling bitcoin-private v0.1.0
[INFO] [stderr]    Compiling proc-macro2 v1.0.92
[INFO] [stderr]    Compiling unicode-ident v1.0.14
[INFO] [stderr]    Compiling hex_lit v0.1.1
[INFO] [stderr]    Compiling anyhow v1.0.94
[INFO] [stderr]    Compiling bitcoin v0.30.2
[INFO] [stderr]    Compiling bech32 v0.9.1
[INFO] [stderr]    Compiling byteorder v1.5.0
[INFO] [stderr]    Compiling cc v1.2.4
[INFO] [stderr]    Compiling hex v0.4.3
[INFO] [stderr]    Compiling log v0.4.22
[INFO] [stderr]    Compiling bitcoin_hashes v0.12.0
[INFO] [stderr]    Compiling kproc-parser v0.0.1-beta.7
[INFO] [stderr]    Compiling secp256k1-sys v0.8.1
[INFO] [stderr]    Compiling fundamentals-derive v0.0.1-alpha.2
[INFO] [stderr]    Compiling fundamentals v0.0.1-alpha.4
[INFO] [stderr]    Compiling secp256k1 v0.27.0
[INFO] [stderr]    Compiling clightningrpc_gossip_map v0.0.1-beta.5 (/opt/rustwide/workdir)
[INFO] [stdout] warning: unused macro definition: `to_wire_type_with_size`
[INFO] [stdout]   --> src/bolt7.rs:63:14
[INFO] [stdout]    |
[INFO] [stdout] 63 | macro_rules! to_wire_type_with_size {
[INFO] [stdout]    |              ^^^^^^^^^^^^^^^^^^^^^^
[INFO] [stdout]    |
[INFO] [stdout]    = note: `#[warn(unused_macros)]` on by default
[INFO] [stdout] 
[INFO] [stdout] 
[INFO] [stdout] warning: unused imports: `io::BufRead` and `str::Bytes`
[INFO] [stdout]  --> src/gossip_types.rs:4:33
[INFO] [stdout]   |
[INFO] [stdout] 4 | use std::{collections::HashMap, io::BufRead, str::Bytes, vec::Vec};
[INFO] [stdout]   |                                 ^^^^^^^^^^^  ^^^^^^^^^^
[INFO] [stdout]   |
[INFO] [stdout]   = note: `#[warn(unused_imports)]` on by default
[INFO] [stdout] 
[INFO] [stdout] 
[INFO] [stdout] warning: unused variable: `node_announce`
[INFO] [stdout]   --> src/lib.rs:78:41
[INFO] [stdout]    |
[INFO] [stdout] 78 |     fn add_node_announcement(&mut self, node_announce: NodeAnnouncement) {
[INFO] [stdout]    |                                         ^^^^^^^^^^^^^ help: if this is intentional, prefix it with an underscore: `_node_announce`
[INFO] [stdout]    |
[INFO] [stdout]    = note: `#[warn(unused_variables)]` on by default
[INFO] [stdout] 
[INFO] [stdout] 
[INFO] [stdout] warning: unused variable: `channel_announce`
[INFO] [stdout]   --> src/lib.rs:83:44
[INFO] [stdout]    |
[INFO] [stdout] 83 |     fn add_channel_announcement(&mut self, channel_announce: ChannelAnnouncement) {
[INFO] [stdout]    |                                            ^^^^^^^^^^^^^^^^ help: if this is intentional, prefix it with an underscore: `_channel_announce`
[INFO] [stdout] 
[INFO] [stdout] 
[INFO] [stdout] warning: field `stream` is never read
[INFO] [stdout]   --> src/lib.rs:31:5
[INFO] [stdout]    |
[INFO] [stdout] 29 | pub struct GossipMap {
[INFO] [stdout]    |            --------- field in this struct
[INFO] [stdout] 30 |     path: Option<String>,
[INFO] [stdout] 31 |     stream: Option<BufReader<File>>,
[INFO] [stdout]    |     ^^^^^^
[INFO] [stdout]    |
[INFO] [stdout]    = note: `GossipMap` has a derived impl for the trait `Debug`, but this is intentionally ignored during dead code analysis
[INFO] [stdout]    = note: `#[warn(dead_code)]` on by default
[INFO] [stdout] 
[INFO] [stdout] 
[INFO] [stdout] warning: methods `add_node_announcement` and `add_channel_announcement` are never used
[INFO] [stdout]   --> src/lib.rs:78:8
[INFO] [stdout]    |
[INFO] [stdout] 38 | impl GossipMap {
[INFO] [stdout]    | -------------- methods in this implementation
[INFO] [stdout] ...
[INFO] [stdout] 78 |     fn add_node_announcement(&mut self, node_announce: NodeAnnouncement) {
[INFO] [stdout]    |        ^^^^^^^^^^^^^^^^^^^^^
[INFO] [stdout] ...
[INFO] [stdout] 83 |     fn add_channel_announcement(&mut self, channel_announce: ChannelAnnouncement) {
[INFO] [stdout]    |        ^^^^^^^^^^^^^^^^^^^^^^^^
[INFO] [stdout] 
[INFO] [stdout] 
[INFO] [stdout] warning: field `ty` is never read
[INFO] [stdout]   --> src/bolt7.rs:12:9
[INFO] [stdout]    |
[INFO] [stdout] 10 | pub struct AnnouncementSignatures {
[INFO] [stdout]    |            ---------------------- field in this struct
[INFO] [stdout] 11 |     #[msg_type = 259]
[INFO] [stdout] 12 |     pub ty: u16,
[INFO] [stdout]    |         ^^
[INFO] [stdout]    |
[INFO] [stdout]    = note: `AnnouncementSignatures` has derived impls for the traits `Clone` and `Debug`, but these are intentionally ignored during dead code analysis
[INFO] [stdout] 
[INFO] [stdout] 
[INFO] [stdout] warning: field `ty` is never read
[INFO] [stdout]   --> src/bolt7.rs:57:9
[INFO] [stdout]    |
[INFO] [stdout] 55 | pub struct GossipTimestampFilter {
[INFO] [stdout]    |            --------------------- field in this struct
[INFO] [stdout] 56 |     #[msg_type = 265]
[INFO] [stdout] 57 |     pub ty: u16,
[INFO] [stdout]    |         ^^
[INFO] [stdout]    |
[INFO] [stdout]    = note: `GossipTimestampFilter` has derived impls for the traits `Clone` and `Debug`, but these are intentionally ignored during dead code analysis
[INFO] [stdout] 
[INFO] [stdout] 
[INFO] [stdout] warning: field `ty` is never read
[INFO] [stdout]    --> src/bolt7.rs:101:9
[INFO] [stdout]     |
[INFO] [stdout] 99  | pub struct QueryChannelRange {
[INFO] [stdout]     |            ----------------- field in this struct
[INFO] [stdout] 100 |     #[msg_type = 263]
[INFO] [stdout] 101 |     pub ty: u16,
[INFO] [stdout]     |         ^^
[INFO] [stdout]     |
[INFO] [stdout]     = note: `QueryChannelRange` has derived impls for the traits `Clone` and `Debug`, but these are intentionally ignored during dead code analysis
[INFO] [stdout] 
[INFO] [stdout] 
[INFO] [stdout] warning: field `ty` is never read
[INFO] [stdout]    --> src/bolt7.rs:111:9
[INFO] [stdout]     |
[INFO] [stdout] 109 | pub struct QueryShortChannelIds {
[INFO] [stdout]     |            -------------------- field in this struct
[INFO] [stdout] 110 |     #[msg_type = 261]
[INFO] [stdout] 111 |     pub ty: u16,
[INFO] [stdout]     |         ^^
[INFO] [stdout]     |
[INFO] [stdout]     = note: `QueryShortChannelIds` has derived impls for the traits `Clone` and `Debug`, but these are intentionally ignored during dead code analysis
[INFO] [stdout] 
[INFO] [stdout] 
[INFO] [stdout] warning: field `ty` is never read
[INFO] [stdout]    --> src/bolt7.rs:120:9
[INFO] [stdout]     |
[INFO] [stdout] 118 | pub struct ReplyChannelRange {
[INFO] [stdout]     |            ----------------- field in this struct
[INFO] [stdout] 119 |     #[msg_type = 264]
[INFO] [stdout] 120 |     pub ty: u16,
[INFO] [stdout]     |         ^^
[INFO] [stdout]     |
[INFO] [stdout]     = note: `ReplyChannelRange` has derived impls for the traits `Clone` and `Debug`, but these are intentionally ignored during dead code analysis
[INFO] [stdout] 
[INFO] [stdout] 
[INFO] [stdout] warning: field `ty` is never read
[INFO] [stdout]    --> src/bolt7.rs:132:9
[INFO] [stdout]     |
[INFO] [stdout] 130 | pub struct ReplyShortChannelIdsEnd {
[INFO] [stdout]     |            ----------------------- field in this struct
[INFO] [stdout] 131 |     #[msg_type = 262]
[INFO] [stdout] 132 |     pub ty: u16,
[INFO] [stdout]     |         ^^
[INFO] [stdout]     |
[INFO] [stdout]     = note: `ReplyShortChannelIdsEnd` has derived impls for the traits `Clone` and `Debug`, but these are intentionally ignored during dead code analysis
[INFO] [stdout] 
[INFO] [stdout] 
[INFO] [stdout] warning: constant `GOSSIP_STORE_LEN_PUSH_BIT` is never used
[INFO] [stdout]   --> src/flags.rs:10:11
[INFO] [stdout]    |
[INFO] [stdout] 10 | pub const GOSSIP_STORE_LEN_PUSH_BIT: u16 = 0x4000;
[INFO] [stdout]    |           ^^^^^^^^^^^^^^^^^^^^^^^^^
[INFO] [stdout] 
[INFO] [stdout] 
[INFO] [stdout] warning: constant `GOSSIP_STORE_LEN_RATELIMIT_BIT` is never used
[INFO] [stdout]   --> src/flags.rs:13:11
[INFO] [stdout]    |
[INFO] [stdout] 13 | pub const GOSSIP_STORE_LEN_RATELIMIT_BIT: u16 = 0x2000;
[INFO] [stdout]    |           ^^^^^^^^^^^^^^^^^^^^^^^^^^^^^^
[INFO] [stdout] 
[INFO] [stdout] 
[INFO] [stdout] warning: field `ty` is never read
[INFO] [stdout]   --> src/gossip_stor_wiregen.rs:12:9
[INFO] [stdout]    |
[INFO] [stdout] 10 | pub struct GossipStoreChanDying {
[INFO] [stdout]    |            -------------------- field in this struct
[INFO] [stdout] 11 |     #[msg_type = 4106]
[INFO] [stdout] 12 |     pub ty: u16,
[INFO] [stdout]    |         ^^
[INFO] [stdout]    |
[INFO] [stdout]    = note: `GossipStoreChanDying` has derived impls for the traits `Clone` and `Debug`, but these are intentionally ignored during dead code analysis
[INFO] [stdout] 
[INFO] [stdout] 
[INFO] [stdout] warning: field `ty` is never read
[INFO] [stdout]   --> src/gossip_stor_wiregen.rs:27:9
[INFO] [stdout]    |
[INFO] [stdout] 25 | pub struct GossipStoreDeleteChan {
[INFO] [stdout]    |            --------------------- field in this struct
[INFO] [stdout] 26 |     #[msg_type = 4103]
[INFO] [stdout] 27 |     pub ty: u16,
[INFO] [stdout]    |         ^^
[INFO] [stdout]    |
[INFO] [stdout]    = note: `GossipStoreDeleteChan` has derived impls for the traits `Clone` and `Debug`, but these are intentionally ignored during dead code analysis
[INFO] [stdout] 
[INFO] [stdout] 
[INFO] [stdout] warning: field `ty` is never read
[INFO] [stdout]   --> src/gossip_stor_wiregen.rs:34:9
[INFO] [stdout]    |
[INFO] [stdout] 32 | pub struct GossipStoreEnded {
[INFO] [stdout]    |            ---------------- field in this struct
[INFO] [stdout] 33 |     #[msg_type = 4105]
[INFO] [stdout] 34 |     pub ty: u16,
[INFO] [stdout]    |         ^^
[INFO] [stdout]    |
[INFO] [stdout]    = note: `GossipStoreEnded` has derived impls for the traits `Clone` and `Debug`, but these are intentionally ignored during dead code analysis
[INFO] [stdout] 
[INFO] [stdout] 
[INFO] [stdout] warning: field `ty` is never read
[INFO] [stdout]   --> src/gossip_stor_wiregen.rs:41:9
[INFO] [stdout]    |
[INFO] [stdout] 39 | pub struct GossipStorePrivateChannelObs {
[INFO] [stdout]    |            ---------------------------- field in this struct
[INFO] [stdout] 40 |     #[msg_type = 4104]
[INFO] [stdout] 41 |     pub ty: u16,
[INFO] [stdout]    |         ^^
[INFO] [stdout]    |
[INFO] [stdout]    = note: `GossipStorePrivateChannelObs` has derived impls for the traits `Clone` and `Debug`, but these are intentionally ignored during dead code analysis
[INFO] [stdout] 
[INFO] [stdout] 
[INFO] [stdout] warning: field `ty` is never read
[INFO] [stdout]   --> src/gossip_stor_wiregen.rs:49:9
[INFO] [stdout]    |
[INFO] [stdout] 47 | pub struct GossipStorePrivateUpdateObs {
[INFO] [stdout]    |            --------------------------- field in this struct
[INFO] [stdout] 48 |     #[msg_type = 4102]
[INFO] [stdout] 49 |     pub ty: u16,
[INFO] [stdout]    |         ^^
[INFO] [stdout]    |
[INFO] [stdout]    = note: `GossipStorePrivateUpdateObs` has derived impls for the traits `Clone` and `Debug`, but these are intentionally ignored during dead code analysis
[INFO] [stdout] 
[INFO] [stdout] 
[INFO] [stdout] warning: field `raw_message` is never read
[INFO] [stdout]   --> src/gossip_types.rs:39:5
[INFO] [stdout]    |
[INFO] [stdout] 36 | pub struct GossipNode {
[INFO] [stdout]    |            ---------- field in this struct
[INFO] [stdout] ...
[INFO] [stdout] 39 |     raw_message: Option<NodeAnnouncement>,
[INFO] [stdout]    |     ^^^^^^^^^^^
[INFO] [stdout]    |
[INFO] [stdout]    = note: `GossipNode` has a derived impl for the trait `Clone`, but this is intentionally ignored during dead code analysis
[INFO] [stdout] 
[INFO] [stdout] 
[INFO] [stdout] warning: fields `crc` and `timestamp` are never read
[INFO] [stdout]    --> src/gossip_types.rs:149:5
[INFO] [stdout]     |
[INFO] [stdout] 146 | pub struct GossipStoredHeader {
[INFO] [stdout]     |            ------------------ fields in this struct
[INFO] [stdout] ...
[INFO] [stdout] 149 |     crc: u32,
[INFO] [stdout]     |     ^^^
[INFO] [stdout] 150 |     timestamp: u32,
[INFO] [stdout]     |     ^^^^^^^^^
[INFO] [stdout]     |
[INFO] [stdout]     = note: `GossipStoredHeader` has a derived impl for the trait `Debug`, but this is intentionally ignored during dead code analysis
[INFO] [stdout] 
[INFO] [stdout] 
[INFO] [stderr]     Finished `dev` profile [unoptimized + debuginfo] target(s) in 22.29s
[INFO] running `Command { std: "docker" "inspect" "51a9a9685b6f301890f9b583e5d19cabc7087a5b2be19c2445e91f510e73a9a1", kill_on_drop: false }`
[INFO] running `Command { std: "docker" "rm" "-f" "51a9a9685b6f301890f9b583e5d19cabc7087a5b2be19c2445e91f510e73a9a1", kill_on_drop: false }`
[INFO] [stdout] 51a9a9685b6f301890f9b583e5d19cabc7087a5b2be19c2445e91f510e73a9a1
[INFO] running `Command { std: "docker" "create" "-v" "/var/lib/crater-agent-workspace/builds/worker-3-tc1/target:/opt/rustwide/target:rw,Z" "-v" "/var/lib/crater-agent-workspace/builds/worker-3-tc1/source:/opt/rustwide/workdir:ro,Z" "-v" "/var/lib/crater-agent-workspace/cargo-home:/opt/rustwide/cargo-home:ro,Z" "-v" "/var/lib/crater-agent-workspace/rustup-home:/opt/rustwide/rustup-home:ro,Z" "-e" "SOURCE_DIR=/opt/rustwide/workdir" "-e" "CARGO_TARGET_DIR=/opt/rustwide/target" "-e" "CARGO_INCREMENTAL=0" "-e" "RUST_BACKTRACE=full" "-e" "RUSTFLAGS=--cap-lints=warn" "-e" "RUSTDOCFLAGS=--cap-lints=warn" "-e" "CARGO_HOME=/opt/rustwide/cargo-home" "-e" "RUSTUP_HOME=/opt/rustwide/rustup-home" "-w" "/opt/rustwide/workdir" "-m" "1610612736" "--user" "0:0" "--network" "none" "ghcr.io/rust-lang/crates-build-env/linux@sha256:f3a9d4ad9d972b27faf3965f35b62e55ba32bbce8f20bc8fe909558a86702fde" "/opt/rustwide/cargo-home/bin/cargo" "+1.83.0" "test" "--frozen" "--no-run" "--message-format=json", kill_on_drop: false }`
[INFO] [stdout] 18bc794eb6d1bccc3b72b17d36888d20e395b3a4223ea51d883f3ecd9ce1a4f9
[INFO] running `Command { std: "docker" "start" "-a" "18bc794eb6d1bccc3b72b17d36888d20e395b3a4223ea51d883f3ecd9ce1a4f9", kill_on_drop: false }`
[INFO] [stderr]    Compiling libc v0.2.168
[INFO] [stderr]    Compiling autocfg v1.4.0
[INFO] [stderr]    Compiling lazy_static v1.5.0
[INFO] [stderr]    Compiling log v0.4.22
[INFO] [stderr]    Compiling num-traits v0.2.19
[INFO] [stderr]    Compiling clightningrpc_gossip_map v0.0.1-beta.5 (/opt/rustwide/workdir)
[INFO] [stdout] warning: unused macro definition: `to_wire_type_with_size`
[INFO] [stdout]   --> src/bolt7.rs:63:14
[INFO] [stdout]    |
[INFO] [stdout] 63 | macro_rules! to_wire_type_with_size {
[INFO] [stdout]    |              ^^^^^^^^^^^^^^^^^^^^^^
[INFO] [stdout]    |
[INFO] [stdout]    = note: `#[warn(unused_macros)]` on by default
[INFO] [stdout] 
[INFO] [stdout] 
[INFO] [stdout] warning: unused imports: `io::BufRead` and `str::Bytes`
[INFO] [stdout]  --> src/gossip_types.rs:4:33
[INFO] [stdout]   |
[INFO] [stdout] 4 | use std::{collections::HashMap, io::BufRead, str::Bytes, vec::Vec};
[INFO] [stdout]   |                                 ^^^^^^^^^^^  ^^^^^^^^^^
[INFO] [stdout]   |
[INFO] [stdout]   = note: `#[warn(unused_imports)]` on by default
[INFO] [stdout] 
[INFO] [stdout] 
[INFO] [stdout] warning: unused variable: `node_announce`
[INFO] [stdout]   --> src/lib.rs:78:41
[INFO] [stdout]    |
[INFO] [stdout] 78 |     fn add_node_announcement(&mut self, node_announce: NodeAnnouncement) {
[INFO] [stdout]    |                                         ^^^^^^^^^^^^^ help: if this is intentional, prefix it with an underscore: `_node_announce`
[INFO] [stdout]    |
[INFO] [stdout]    = note: `#[warn(unused_variables)]` on by default
[INFO] [stdout] 
[INFO] [stdout] 
[INFO] [stdout] warning: unused variable: `channel_announce`
[INFO] [stdout]   --> src/lib.rs:83:44
[INFO] [stdout]    |
[INFO] [stdout] 83 |     fn add_channel_announcement(&mut self, channel_announce: ChannelAnnouncement) {
[INFO] [stdout]    |                                            ^^^^^^^^^^^^^^^^ help: if this is intentional, prefix it with an underscore: `_channel_announce`
[INFO] [stdout] 
[INFO] [stdout] 
[INFO] [stdout] warning: field `stream` is never read
[INFO] [stdout]   --> src/lib.rs:31:5
[INFO] [stdout]    |
[INFO] [stdout] 29 | pub struct GossipMap {
[INFO] [stdout]    |            --------- field in this struct
[INFO] [stdout] 30 |     path: Option<String>,
[INFO] [stdout] 31 |     stream: Option<BufReader<File>>,
[INFO] [stdout]    |     ^^^^^^
[INFO] [stdout]    |
[INFO] [stdout]    = note: `GossipMap` has a derived impl for the trait `Debug`, but this is intentionally ignored during dead code analysis
[INFO] [stdout]    = note: `#[warn(dead_code)]` on by default
[INFO] [stdout] 
[INFO] [stdout] 
[INFO] [stdout] warning: methods `add_node_announcement` and `add_channel_announcement` are never used
[INFO] [stdout]   --> src/lib.rs:78:8
[INFO] [stdout]    |
[INFO] [stdout] 38 | impl GossipMap {
[INFO] [stdout]    | -------------- methods in this implementation
[INFO] [stdout] ...
[INFO] [stdout] 78 |     fn add_node_announcement(&mut self, node_announce: NodeAnnouncement) {
[INFO] [stdout]    |        ^^^^^^^^^^^^^^^^^^^^^
[INFO] [stdout] ...
[INFO] [stdout] 83 |     fn add_channel_announcement(&mut self, channel_announce: ChannelAnnouncement) {
[INFO] [stdout]    |        ^^^^^^^^^^^^^^^^^^^^^^^^
[INFO] [stdout] 
[INFO] [stdout] 
[INFO] [stdout] warning: field `ty` is never read
[INFO] [stdout]   --> src/bolt7.rs:12:9
[INFO] [stdout]    |
[INFO] [stdout] 10 | pub struct AnnouncementSignatures {
[INFO] [stdout]    |            ---------------------- field in this struct
[INFO] [stdout] 11 |     #[msg_type = 259]
[INFO] [stdout] 12 |     pub ty: u16,
[INFO] [stdout]    |         ^^
[INFO] [stdout]    |
[INFO] [stdout]    = note: `AnnouncementSignatures` has derived impls for the traits `Clone` and `Debug`, but these are intentionally ignored during dead code analysis
[INFO] [stdout] 
[INFO] [stdout] 
[INFO] [stdout] warning: field `ty` is never read
[INFO] [stdout]   --> src/bolt7.rs:57:9
[INFO] [stdout]    |
[INFO] [stdout] 55 | pub struct GossipTimestampFilter {
[INFO] [stdout]    |            --------------------- field in this struct
[INFO] [stdout] 56 |     #[msg_type = 265]
[INFO] [stdout] 57 |     pub ty: u16,
[INFO] [stdout]    |         ^^
[INFO] [stdout]    |
[INFO] [stdout]    = note: `GossipTimestampFilter` has derived impls for the traits `Clone` and `Debug`, but these are intentionally ignored during dead code analysis
[INFO] [stdout] 
[INFO] [stdout] 
[INFO] [stdout] warning: field `ty` is never read
[INFO] [stdout]    --> src/bolt7.rs:101:9
[INFO] [stdout]     |
[INFO] [stdout] 99  | pub struct QueryChannelRange {
[INFO] [stdout]     |            ----------------- field in this struct
[INFO] [stdout] 100 |     #[msg_type = 263]
[INFO] [stdout] 101 |     pub ty: u16,
[INFO] [stdout]     |         ^^
[INFO] [stdout]     |
[INFO] [stdout]     = note: `QueryChannelRange` has derived impls for the traits `Clone` and `Debug`, but these are intentionally ignored during dead code analysis
[INFO] [stdout] 
[INFO] [stdout] 
[INFO] [stdout] warning: field `ty` is never read
[INFO] [stdout]    --> src/bolt7.rs:111:9
[INFO] [stdout]     |
[INFO] [stdout] 109 | pub struct QueryShortChannelIds {
[INFO] [stdout]     |            -------------------- field in this struct
[INFO] [stdout] 110 |     #[msg_type = 261]
[INFO] [stdout] 111 |     pub ty: u16,
[INFO] [stdout]     |         ^^
[INFO] [stdout]     |
[INFO] [stdout]     = note: `QueryShortChannelIds` has derived impls for the traits `Clone` and `Debug`, but these are intentionally ignored during dead code analysis
[INFO] [stdout] 
[INFO] [stdout] 
[INFO] [stdout] warning: field `ty` is never read
[INFO] [stdout]    --> src/bolt7.rs:120:9
[INFO] [stdout]     |
[INFO] [stdout] 118 | pub struct ReplyChannelRange {
[INFO] [stdout]     |            ----------------- field in this struct
[INFO] [stdout] 119 |     #[msg_type = 264]
[INFO] [stdout] 120 |     pub ty: u16,
[INFO] [stdout]     |         ^^
[INFO] [stdout]     |
[INFO] [stdout]     = note: `ReplyChannelRange` has derived impls for the traits `Clone` and `Debug`, but these are intentionally ignored during dead code analysis
[INFO] [stdout] 
[INFO] [stdout] 
[INFO] [stdout] warning: field `ty` is never read
[INFO] [stdout]    --> src/bolt7.rs:132:9
[INFO] [stdout]     |
[INFO] [stdout] 130 | pub struct ReplyShortChannelIdsEnd {
[INFO] [stdout]     |            ----------------------- field in this struct
[INFO] [stdout] 131 |     #[msg_type = 262]
[INFO] [stdout] 132 |     pub ty: u16,
[INFO] [stdout]     |         ^^
[INFO] [stdout]     |
[INFO] [stdout]     = note: `ReplyShortChannelIdsEnd` has derived impls for the traits `Clone` and `Debug`, but these are intentionally ignored during dead code analysis
[INFO] [stdout] 
[INFO] [stdout] 
[INFO] [stdout] warning: constant `GOSSIP_STORE_LEN_PUSH_BIT` is never used
[INFO] [stdout]   --> src/flags.rs:10:11
[INFO] [stdout]    |
[INFO] [stdout] 10 | pub const GOSSIP_STORE_LEN_PUSH_BIT: u16 = 0x4000;
[INFO] [stdout]    |           ^^^^^^^^^^^^^^^^^^^^^^^^^
[INFO] [stdout] 
[INFO] [stdout] 
[INFO] [stdout] warning: constant `GOSSIP_STORE_LEN_RATELIMIT_BIT` is never used
[INFO] [stdout]   --> src/flags.rs:13:11
[INFO] [stdout]    |
[INFO] [stdout] 13 | pub const GOSSIP_STORE_LEN_RATELIMIT_BIT: u16 = 0x2000;
[INFO] [stdout]    |           ^^^^^^^^^^^^^^^^^^^^^^^^^^^^^^
[INFO] [stdout] 
[INFO] [stdout] 
[INFO] [stdout] warning: field `ty` is never read
[INFO] [stdout]   --> src/gossip_stor_wiregen.rs:12:9
[INFO] [stdout]    |
[INFO] [stdout] 10 | pub struct GossipStoreChanDying {
[INFO] [stdout]    |            -------------------- field in this struct
[INFO] [stdout] 11 |     #[msg_type = 4106]
[INFO] [stdout] 12 |     pub ty: u16,
[INFO] [stdout]    |         ^^
[INFO] [stdout]    |
[INFO] [stdout]    = note: `GossipStoreChanDying` has derived impls for the traits `Clone` and `Debug`, but these are intentionally ignored during dead code analysis
[INFO] [stdout] 
[INFO] [stdout] 
[INFO] [stdout] warning: field `ty` is never read
[INFO] [stdout]   --> src/gossip_stor_wiregen.rs:27:9
[INFO] [stdout]    |
[INFO] [stdout] 25 | pub struct GossipStoreDeleteChan {
[INFO] [stdout]    |            --------------------- field in this struct
[INFO] [stdout] 26 |     #[msg_type = 4103]
[INFO] [stdout] 27 |     pub ty: u16,
[INFO] [stdout]    |         ^^
[INFO] [stdout]    |
[INFO] [stdout]    = note: `GossipStoreDeleteChan` has derived impls for the traits `Clone` and `Debug`, but these are intentionally ignored during dead code analysis
[INFO] [stdout] 
[INFO] [stdout] 
[INFO] [stdout] warning: field `ty` is never read
[INFO] [stdout]   --> src/gossip_stor_wiregen.rs:34:9
[INFO] [stdout]    |
[INFO] [stdout] 32 | pub struct GossipStoreEnded {
[INFO] [stdout]    |            ---------------- field in this struct
[INFO] [stdout] 33 |     #[msg_type = 4105]
[INFO] [stdout] 34 |     pub ty: u16,
[INFO] [stdout]    |         ^^
[INFO] [stdout]    |
[INFO] [stdout]    = note: `GossipStoreEnded` has derived impls for the traits `Clone` and `Debug`, but these are intentionally ignored during dead code analysis
[INFO] [stdout] 
[INFO] [stdout] 
[INFO] [stdout] warning: field `ty` is never read
[INFO] [stdout]   --> src/gossip_stor_wiregen.rs:41:9
[INFO] [stdout]    |
[INFO] [stdout] 39 | pub struct GossipStorePrivateChannelObs {
[INFO] [stdout]    |            ---------------------------- field in this struct
[INFO] [stdout] 40 |     #[msg_type = 4104]
[INFO] [stdout] 41 |     pub ty: u16,
[INFO] [stdout]    |         ^^
[INFO] [stdout]    |
[INFO] [stdout]    = note: `GossipStorePrivateChannelObs` has derived impls for the traits `Clone` and `Debug`, but these are intentionally ignored during dead code analysis
[INFO] [stdout] 
[INFO] [stdout] 
[INFO] [stdout] warning: field `ty` is never read
[INFO] [stdout]   --> src/gossip_stor_wiregen.rs:49:9
[INFO] [stdout]    |
[INFO] [stdout] 47 | pub struct GossipStorePrivateUpdateObs {
[INFO] [stdout]    |            --------------------------- field in this struct
[INFO] [stdout] 48 |     #[msg_type = 4102]
[INFO] [stdout] 49 |     pub ty: u16,
[INFO] [stdout]    |         ^^
[INFO] [stdout]    |
[INFO] [stdout]    = note: `GossipStorePrivateUpdateObs` has derived impls for the traits `Clone` and `Debug`, but these are intentionally ignored during dead code analysis
[INFO] [stdout] 
[INFO] [stdout] 
[INFO] [stdout] warning: field `raw_message` is never read
[INFO] [stdout]   --> src/gossip_types.rs:39:5
[INFO] [stdout]    |
[INFO] [stdout] 36 | pub struct GossipNode {
[INFO] [stdout]    |            ---------- field in this struct
[INFO] [stdout] ...
[INFO] [stdout] 39 |     raw_message: Option<NodeAnnouncement>,
[INFO] [stdout]    |     ^^^^^^^^^^^
[INFO] [stdout]    |
[INFO] [stdout]    = note: `GossipNode` has a derived impl for the trait `Clone`, but this is intentionally ignored during dead code analysis
[INFO] [stdout] 
[INFO] [stdout] 
[INFO] [stdout] warning: fields `crc` and `timestamp` are never read
[INFO] [stdout]    --> src/gossip_types.rs:149:5
[INFO] [stdout]     |
[INFO] [stdout] 146 | pub struct GossipStoredHeader {
[INFO] [stdout]     |            ------------------ fields in this struct
[INFO] [stdout] ...
[INFO] [stdout] 149 |     crc: u32,
[INFO] [stdout]     |     ^^^
[INFO] [stdout] 150 |     timestamp: u32,
[INFO] [stdout]     |     ^^^^^^^^^
[INFO] [stdout]     |
[INFO] [stdout]     = note: `GossipStoredHeader` has a derived impl for the trait `Debug`, but this is intentionally ignored during dead code analysis
[INFO] [stdout] 
[INFO] [stdout] 
[INFO] [stderr]    Compiling is-terminal v0.4.13
[INFO] [stderr]    Compiling colored v1.9.4
[INFO] [stderr]    Compiling chrono v0.4.39
[INFO] [stdout] warning: unused macro definition: `to_wire_type_with_size`
[INFO] [stdout]   --> src/bolt7.rs:63:14
[INFO] [stdout]    |
[INFO] [stdout] 63 | macro_rules! to_wire_type_with_size {
[INFO] [stdout]    |              ^^^^^^^^^^^^^^^^^^^^^^
[INFO] [stdout]    |
[INFO] [stdout]    = note: `#[warn(unused_macros)]` on by default
[INFO] [stdout] 
[INFO] [stdout] 
[INFO] [stdout] warning: unused imports: `io::BufRead` and `str::Bytes`
[INFO] [stdout]  --> src/gossip_types.rs:4:33
[INFO] [stdout]   |
[INFO] [stdout] 4 | use std::{collections::HashMap, io::BufRead, str::Bytes, vec::Vec};
[INFO] [stdout]   |                                 ^^^^^^^^^^^  ^^^^^^^^^^
[INFO] [stdout]   |
[INFO] [stdout]   = note: `#[warn(unused_imports)]` on by default
[INFO] [stdout] 
[INFO] [stdout] 
[INFO] [stdout] warning: unused variable: `node_announce`
[INFO] [stdout]   --> src/lib.rs:78:41
[INFO] [stdout]    |
[INFO] [stdout] 78 |     fn add_node_announcement(&mut self, node_announce: NodeAnnouncement) {
[INFO] [stdout]    |                                         ^^^^^^^^^^^^^ help: if this is intentional, prefix it with an underscore: `_node_announce`
[INFO] [stdout]    |
[INFO] [stdout]    = note: `#[warn(unused_variables)]` on by default
[INFO] [stdout] 
[INFO] [stdout] 
[INFO] [stdout] warning: unused variable: `channel_announce`
[INFO] [stdout]   --> src/lib.rs:83:44
[INFO] [stdout]    |
[INFO] [stdout] 83 |     fn add_channel_announcement(&mut self, channel_announce: ChannelAnnouncement) {
[INFO] [stdout]    |                                            ^^^^^^^^^^^^^^^^ help: if this is intentional, prefix it with an underscore: `_channel_announce`
[INFO] [stdout] 
[INFO] [stdout] 
[INFO] [stdout] warning: field `stream` is never read
[INFO] [stdout]   --> src/lib.rs:31:5
[INFO] [stdout]    |
[INFO] [stdout] 29 | pub struct GossipMap {
[INFO] [stdout]    |            --------- field in this struct
[INFO] [stdout] 30 |     path: Option<String>,
[INFO] [stdout] 31 |     stream: Option<BufReader<File>>,
[INFO] [stdout]    |     ^^^^^^
[INFO] [stdout]    |
[INFO] [stdout]    = note: `GossipMap` has a derived impl for the trait `Debug`, but this is intentionally ignored during dead code analysis
[INFO] [stdout]    = note: `#[warn(dead_code)]` on by default
[INFO] [stdout] 
[INFO] [stdout] 
[INFO] [stdout] warning: methods `add_node_announcement` and `add_channel_announcement` are never used
[INFO] [stdout]   --> src/lib.rs:78:8
[INFO] [stdout]    |
[INFO] [stdout] 38 | impl GossipMap {
[INFO] [stdout]    | -------------- methods in this implementation
[INFO] [stdout] ...
[INFO] [stdout] 78 |     fn add_node_announcement(&mut self, node_announce: NodeAnnouncement) {
[INFO] [stdout]    |        ^^^^^^^^^^^^^^^^^^^^^
[INFO] [stdout] ...
[INFO] [stdout] 83 |     fn add_channel_announcement(&mut self, channel_announce: ChannelAnnouncement) {
[INFO] [stdout]    |        ^^^^^^^^^^^^^^^^^^^^^^^^
[INFO] [stdout] 
[INFO] [stdout] 
[INFO] [stdout] warning: field `ty` is never read
[INFO] [stdout]   --> src/bolt7.rs:12:9
[INFO] [stdout]    |
[INFO] [stdout] 10 | pub struct AnnouncementSignatures {
[INFO] [stdout]    |            ---------------------- field in this struct
[INFO] [stdout] 11 |     #[msg_type = 259]
[INFO] [stdout] 12 |     pub ty: u16,
[INFO] [stdout]    |         ^^
[INFO] [stdout]    |
[INFO] [stdout]    = note: `AnnouncementSignatures` has derived impls for the traits `Clone` and `Debug`, but these are intentionally ignored during dead code analysis
[INFO] [stdout] 
[INFO] [stdout] 
[INFO] [stdout] warning: field `ty` is never read
[INFO] [stdout]   --> src/bolt7.rs:57:9
[INFO] [stdout]    |
[INFO] [stdout] 55 | pub struct GossipTimestampFilter {
[INFO] [stdout]    |            --------------------- field in this struct
[INFO] [stdout] 56 |     #[msg_type = 265]
[INFO] [stdout] 57 |     pub ty: u16,
[INFO] [stdout]    |         ^^
[INFO] [stdout]    |
[INFO] [stdout]    = note: `GossipTimestampFilter` has derived impls for the traits `Clone` and `Debug`, but these are intentionally ignored during dead code analysis
[INFO] [stdout] 
[INFO] [stdout] 
[INFO] [stdout] warning: field `ty` is never read
[INFO] [stdout]    --> src/bolt7.rs:101:9
[INFO] [stdout]     |
[INFO] [stdout] 99  | pub struct QueryChannelRange {
[INFO] [stdout]     |            ----------------- field in this struct
[INFO] [stdout] 100 |     #[msg_type = 263]
[INFO] [stdout] 101 |     pub ty: u16,
[INFO] [stdout]     |         ^^
[INFO] [stdout]     |
[INFO] [stdout]     = note: `QueryChannelRange` has derived impls for the traits `Clone` and `Debug`, but these are intentionally ignored during dead code analysis
[INFO] [stdout] 
[INFO] [stdout] 
[INFO] [stdout] warning: field `ty` is never read
[INFO] [stdout]    --> src/bolt7.rs:111:9
[INFO] [stdout]     |
[INFO] [stdout] 109 | pub struct QueryShortChannelIds {
[INFO] [stdout]     |            -------------------- field in this struct
[INFO] [stdout] 110 |     #[msg_type = 261]
[INFO] [stdout] 111 |     pub ty: u16,
[INFO] [stdout]     |         ^^
[INFO] [stdout]     |
[INFO] [stdout]     = note: `QueryShortChannelIds` has derived impls for the traits `Clone` and `Debug`, but these are intentionally ignored during dead code analysis
[INFO] [stdout] 
[INFO] [stdout] 
[INFO] [stdout] warning: field `ty` is never read
[INFO] [stdout]    --> src/bolt7.rs:120:9
[INFO] [stdout]     |
[INFO] [stdout] 118 | pub struct ReplyChannelRange {
[INFO] [stdout]     |            ----------------- field in this struct
[INFO] [stdout] 119 |     #[msg_type = 264]
[INFO] [stdout] 120 |     pub ty: u16,
[INFO] [stdout]     |         ^^
[INFO] [stdout]     |
[INFO] [stdout]     = note: `ReplyChannelRange` has derived impls for the traits `Clone` and `Debug`, but these are intentionally ignored during dead code analysis
[INFO] [stdout] 
[INFO] [stdout] 
[INFO] [stdout] warning: field `ty` is never read
[INFO] [stdout]    --> src/bolt7.rs:132:9
[INFO] [stdout]     |
[INFO] [stdout] 130 | pub struct ReplyShortChannelIdsEnd {
[INFO] [stdout]     |            ----------------------- field in this struct
[INFO] [stdout] 131 |     #[msg_type = 262]
[INFO] [stdout] 132 |     pub ty: u16,
[INFO] [stdout]     |         ^^
[INFO] [stdout]     |
[INFO] [stdout]     = note: `ReplyShortChannelIdsEnd` has derived impls for the traits `Clone` and `Debug`, but these are intentionally ignored during dead code analysis
[INFO] [stdout] 
[INFO] [stdout] 
[INFO] [stdout] warning: constant `GOSSIP_STORE_LEN_PUSH_BIT` is never used
[INFO] [stdout]   --> src/flags.rs:10:11
[INFO] [stdout]    |
[INFO] [stdout] 10 | pub const GOSSIP_STORE_LEN_PUSH_BIT: u16 = 0x4000;
[INFO] [stdout]    |           ^^^^^^^^^^^^^^^^^^^^^^^^^
[INFO] [stdout] 
[INFO] [stdout] 
[INFO] [stdout] warning: constant `GOSSIP_STORE_LEN_RATELIMIT_BIT` is never used
[INFO] [stdout]   --> src/flags.rs:13:11
[INFO] [stdout]    |
[INFO] [stdout] 13 | pub const GOSSIP_STORE_LEN_RATELIMIT_BIT: u16 = 0x2000;
[INFO] [stdout]    |           ^^^^^^^^^^^^^^^^^^^^^^^^^^^^^^
[INFO] [stdout] 
[INFO] [stdout] 
[INFO] [stdout] warning: field `ty` is never read
[INFO] [stdout]   --> src/gossip_stor_wiregen.rs:12:9
[INFO] [stdout]    |
[INFO] [stdout] 10 | pub struct GossipStoreChanDying {
[INFO] [stdout]    |            -------------------- field in this struct
[INFO] [stdout] 11 |     #[msg_type = 4106]
[INFO] [stdout] 12 |     pub ty: u16,
[INFO] [stdout]    |         ^^
[INFO] [stdout]    |
[INFO] [stdout]    = note: `GossipStoreChanDying` has derived impls for the traits `Clone` and `Debug`, but these are intentionally ignored during dead code analysis
[INFO] [stdout] 
[INFO] [stdout] 
[INFO] [stdout] warning: field `ty` is never read
[INFO] [stdout]   --> src/gossip_stor_wiregen.rs:27:9
[INFO] [stdout]    |
[INFO] [stdout] 25 | pub struct GossipStoreDeleteChan {
[INFO] [stdout]    |            --------------------- field in this struct
[INFO] [stdout] 26 |     #[msg_type = 4103]
[INFO] [stdout] 27 |     pub ty: u16,
[INFO] [stdout]    |         ^^
[INFO] [stdout]    |
[INFO] [stdout]    = note: `GossipStoreDeleteChan` has derived impls for the traits `Clone` and `Debug`, but these are intentionally ignored during dead code analysis
[INFO] [stdout] 
[INFO] [stdout] 
[INFO] [stdout] warning: field `ty` is never read
[INFO] [stdout]   --> src/gossip_stor_wiregen.rs:34:9
[INFO] [stdout]    |
[INFO] [stdout] 32 | pub struct GossipStoreEnded {
[INFO] [stdout]    |            ---------------- field in this struct
[INFO] [stdout] 33 |     #[msg_type = 4105]
[INFO] [stdout] 34 |     pub ty: u16,
[INFO] [stdout]    |         ^^
[INFO] [stdout]    |
[INFO] [stdout]    = note: `GossipStoreEnded` has derived impls for the traits `Clone` and `Debug`, but these are intentionally ignored during dead code analysis
[INFO] [stdout] 
[INFO] [stdout] 
[INFO] [stdout] warning: field `ty` is never read
[INFO] [stdout]   --> src/gossip_stor_wiregen.rs:41:9
[INFO] [stdout]    |
[INFO] [stdout] 39 | pub struct GossipStorePrivateChannelObs {
[INFO] [stdout]    |            ---------------------------- field in this struct
[INFO] [stdout] 40 |     #[msg_type = 4104]
[INFO] [stdout] 41 |     pub ty: u16,
[INFO] [stdout]    |         ^^
[INFO] [stdout]    |
[INFO] [stdout]    = note: `GossipStorePrivateChannelObs` has derived impls for the traits `Clone` and `Debug`, but these are intentionally ignored during dead code analysis
[INFO] [stdout] 
[INFO] [stdout] 
[INFO] [stdout] warning: field `ty` is never read
[INFO] [stdout]   --> src/gossip_stor_wiregen.rs:49:9
[INFO] [stdout]    |
[INFO] [stdout] 47 | pub struct GossipStorePrivateUpdateObs {
[INFO] [stdout]    |            --------------------------- field in this struct
[INFO] [stdout] 48 |     #[msg_type = 4102]
[INFO] [stdout] 49 |     pub ty: u16,
[INFO] [stdout]    |         ^^
[INFO] [stdout]    |
[INFO] [stdout]    = note: `GossipStorePrivateUpdateObs` has derived impls for the traits `Clone` and `Debug`, but these are intentionally ignored during dead code analysis
[INFO] [stdout] 
[INFO] [stdout] 
[INFO] [stdout] warning: field `raw_message` is never read
[INFO] [stdout]   --> src/gossip_types.rs:39:5
[INFO] [stdout]    |
[INFO] [stdout] 36 | pub struct GossipNode {
[INFO] [stdout]    |            ---------- field in this struct
[INFO] [stdout] ...
[INFO] [stdout] 39 |     raw_message: Option<NodeAnnouncement>,
[INFO] [stdout]    |     ^^^^^^^^^^^
[INFO] [stdout]    |
[INFO] [stdout]    = note: `GossipNode` has a derived impl for the trait `Clone`, but this is intentionally ignored during dead code analysis
[INFO] [stdout] 
[INFO] [stdout] 
[INFO] [stdout] warning: fields `crc` and `timestamp` are never read
[INFO] [stdout]    --> src/gossip_types.rs:149:5
[INFO] [stdout]     |
[INFO] [stdout] 146 | pub struct GossipStoredHeader {
[INFO] [stdout]     |            ------------------ fields in this struct
[INFO] [stdout] ...
[INFO] [stdout] 149 |     crc: u32,
[INFO] [stdout]     |     ^^^
[INFO] [stdout] 150 |     timestamp: u32,
[INFO] [stdout]     |     ^^^^^^^^^
[INFO] [stdout]     |
[INFO] [stdout]     = note: `GossipStoredHeader` has a derived impl for the trait `Debug`, but this is intentionally ignored during dead code analysis
[INFO] [stdout] 
[INFO] [stdout] 
[INFO] [stderr]     Finished `test` profile [unoptimized + debuginfo] target(s) in 6.62s
[INFO] running `Command { std: "docker" "inspect" "18bc794eb6d1bccc3b72b17d36888d20e395b3a4223ea51d883f3ecd9ce1a4f9", kill_on_drop: false }`
[INFO] running `Command { std: "docker" "rm" "-f" "18bc794eb6d1bccc3b72b17d36888d20e395b3a4223ea51d883f3ecd9ce1a4f9", kill_on_drop: false }`
[INFO] [stdout] 18bc794eb6d1bccc3b72b17d36888d20e395b3a4223ea51d883f3ecd9ce1a4f9
[INFO] running `Command { std: "docker" "create" "-v" "/var/lib/crater-agent-workspace/builds/worker-3-tc1/target:/opt/rustwide/target:rw,Z" "-v" "/var/lib/crater-agent-workspace/builds/worker-3-tc1/source:/opt/rustwide/workdir:ro,Z" "-v" "/var/lib/crater-agent-workspace/cargo-home:/opt/rustwide/cargo-home:ro,Z" "-v" "/var/lib/crater-agent-workspace/rustup-home:/opt/rustwide/rustup-home:ro,Z" "-e" "SOURCE_DIR=/opt/rustwide/workdir" "-e" "CARGO_TARGET_DIR=/opt/rustwide/target" "-e" "CARGO_INCREMENTAL=0" "-e" "RUST_BACKTRACE=full" "-e" "RUSTFLAGS=--cap-lints=warn" "-e" "RUSTDOCFLAGS=--cap-lints=warn" "-e" "CARGO_HOME=/opt/rustwide/cargo-home" "-e" "RUSTUP_HOME=/opt/rustwide/rustup-home" "-w" "/opt/rustwide/workdir" "-m" "1610612736" "--user" "0:0" "--network" "none" "ghcr.io/rust-lang/crates-build-env/linux@sha256:f3a9d4ad9d972b27faf3965f35b62e55ba32bbce8f20bc8fe909558a86702fde" "/opt/rustwide/cargo-home/bin/cargo" "+1.83.0" "test" "--frozen", kill_on_drop: false }`
[INFO] [stdout] 3e648100b34d5d052dbe71ad10b774b558163d93f4c233ad1d92e21c88fcd19b
[INFO] running `Command { std: "docker" "start" "-a" "3e648100b34d5d052dbe71ad10b774b558163d93f4c233ad1d92e21c88fcd19b", kill_on_drop: false }`
[INFO] [stderr] warning: unused macro definition: `to_wire_type_with_size`
[INFO] [stderr]   --> src/bolt7.rs:63:14
[INFO] [stderr]    |
[INFO] [stderr] 63 | macro_rules! to_wire_type_with_size {
[INFO] [stderr]    |              ^^^^^^^^^^^^^^^^^^^^^^
[INFO] [stderr]    |
[INFO] [stderr]    = note: `#[warn(unused_macros)]` on by default
[INFO] [stderr] 
[INFO] [stderr] warning: unused imports: `io::BufRead` and `str::Bytes`
[INFO] [stderr]  --> src/gossip_types.rs:4:33
[INFO] [stderr]   |
[INFO] [stderr] 4 | use std::{collections::HashMap, io::BufRead, str::Bytes, vec::Vec};
[INFO] [stderr]   |                                 ^^^^^^^^^^^  ^^^^^^^^^^
[INFO] [stderr]   |
[INFO] [stderr]   = note: `#[warn(unused_imports)]` on by default
[INFO] [stderr] 
[INFO] [stderr] warning: unused variable: `node_announce`
[INFO] [stderr]   --> src/lib.rs:78:41
[INFO] [stderr]    |
[INFO] [stderr] 78 |     fn add_node_announcement(&mut self, node_announce: NodeAnnouncement) {
[INFO] [stderr]    |                                         ^^^^^^^^^^^^^ help: if this is intentional, prefix it with an underscore: `_node_announce`
[INFO] [stderr]    |
[INFO] [stderr]    = note: `#[warn(unused_variables)]` on by default
[INFO] [stderr] 
[INFO] [stderr] warning: unused variable: `channel_announce`
[INFO] [stderr]   --> src/lib.rs:83:44
[INFO] [stderr]    |
[INFO] [stderr] 83 |     fn add_channel_announcement(&mut self, channel_announce: ChannelAnnouncement) {
[INFO] [stderr]    |                                            ^^^^^^^^^^^^^^^^ help: if this is intentional, prefix it with an underscore: `_channel_announce`
[INFO] [stderr] 
[INFO] [stderr] warning: field `stream` is never read
[INFO] [stderr]   --> src/lib.rs:31:5
[INFO] [stderr]    |
[INFO] [stderr] 29 | pub struct GossipMap {
[INFO] [stderr]    |            --------- field in this struct
[INFO] [stderr] 30 |     path: Option<String>,
[INFO] [stderr] 31 |     stream: Option<BufReader<File>>,
[INFO] [stderr]    |     ^^^^^^
[INFO] [stderr]    |
[INFO] [stderr]    = note: `GossipMap` has a derived impl for the trait `Debug`, but this is intentionally ignored during dead code analysis
[INFO] [stderr]    = note: `#[warn(dead_code)]` on by default
[INFO] [stderr] 
[INFO] [stderr] warning: methods `add_node_announcement` and `add_channel_announcement` are never used
[INFO] [stderr]   --> src/lib.rs:78:8
[INFO] [stderr]    |
[INFO] [stderr] 38 | impl GossipMap {
[INFO] [stderr]    | -------------- methods in this implementation
[INFO] [stderr] ...
[INFO] [stderr] 78 |     fn add_node_announcement(&mut self, node_announce: NodeAnnouncement) {
[INFO] [stderr]    |        ^^^^^^^^^^^^^^^^^^^^^
[INFO] [stderr] ...
[INFO] [stderr] 83 |     fn add_channel_announcement(&mut self, channel_announce: ChannelAnnouncement) {
[INFO] [stderr]    |        ^^^^^^^^^^^^^^^^^^^^^^^^
[INFO] [stderr] 
[INFO] [stderr] warning: field `ty` is never read
[INFO] [stderr]   --> src/bolt7.rs:12:9
[INFO] [stderr]    |
[INFO] [stderr] 10 | pub struct AnnouncementSignatures {
[INFO] [stderr]    |            ---------------------- field in this struct
[INFO] [stderr] 11 |     #[msg_type = 259]
[INFO] [stderr] 12 |     pub ty: u16,
[INFO] [stderr]    |         ^^
[INFO] [stderr]    |
[INFO] [stderr]    = note: `AnnouncementSignatures` has derived impls for the traits `Clone` and `Debug`, but these are intentionally ignored during dead code analysis
[INFO] [stderr] 
[INFO] [stderr] warning: field `ty` is never read
[INFO] [stderr]   --> src/bolt7.rs:57:9
[INFO] [stderr]    |
[INFO] [stderr] 55 | pub struct GossipTimestampFilter {
[INFO] [stderr]    |            --------------------- field in this struct
[INFO] [stderr] 56 |     #[msg_type = 265]
[INFO] [stderr] 57 |     pub ty: u16,
[INFO] [stderr]    |         ^^
[INFO] [stderr]    |
[INFO] [stderr]    = note: `GossipTimestampFilter` has derived impls for the traits `Clone` and `Debug`, but these are intentionally ignored during dead code analysis
[INFO] [stderr] 
[INFO] [stderr] warning: field `ty` is never read
[INFO] [stderr]    --> src/bolt7.rs:101:9
[INFO] [stderr]     |
[INFO] [stderr] 99  | pub struct QueryChannelRange {
[INFO] [stderr]     |            ----------------- field in this struct
[INFO] [stderr] 100 |     #[msg_type = 263]
[INFO] [stderr] 101 |     pub ty: u16,
[INFO] [stderr]     |         ^^
[INFO] [stderr]     |
[INFO] [stderr]     = note: `QueryChannelRange` has derived impls for the traits `Clone` and `Debug`, but these are intentionally ignored during dead code analysis
[INFO] [stderr] 
[INFO] [stderr] warning: field `ty` is never read
[INFO] [stderr]    --> src/bolt7.rs:111:9
[INFO] [stderr]     |
[INFO] [stderr] 109 | pub struct QueryShortChannelIds {
[INFO] [stderr]     |            -------------------- field in this struct
[INFO] [stderr] 110 |     #[msg_type = 261]
[INFO] [stderr] 111 |     pub ty: u16,
[INFO] [stderr]     |         ^^
[INFO] [stderr]     |
[INFO] [stderr]     = note: `QueryShortChannelIds` has derived impls for the traits `Clone` and `Debug`, but these are intentionally ignored during dead code analysis
[INFO] [stderr] 
[INFO] [stderr] warning: field `ty` is never read
[INFO] [stderr]    --> src/bolt7.rs:120:9
[INFO] [stderr]     |
[INFO] [stderr] 118 | pub struct ReplyChannelRange {
[INFO] [stderr]     |            ----------------- field in this struct
[INFO] [stderr] 119 |     #[msg_type = 264]
[INFO] [stderr] 120 |     pub ty: u16,
[INFO] [stderr]     |         ^^
[INFO] [stderr]     |
[INFO] [stderr]     = note: `ReplyChannelRange` has derived impls for the traits `Clone` and `Debug`, but these are intentionally ignored during dead code analysis
[INFO] [stderr] 
[INFO] [stderr] warning: field `ty` is never read
[INFO] [stderr]    --> src/bolt7.rs:132:9
[INFO] [stderr]     |
[INFO] [stderr] 130 | pub struct ReplyShortChannelIdsEnd {
[INFO] [stderr]     |            ----------------------- field in this struct
[INFO] [stderr] 131 |     #[msg_type = 262]
[INFO] [stderr] 132 |     pub ty: u16,
[INFO] [stderr]     |         ^^
[INFO] [stderr]     |
[INFO] [stderr]     = note: `ReplyShortChannelIdsEnd` has derived impls for the traits `Clone` and `Debug`, but these are intentionally ignored during dead code analysis
[INFO] [stderr] 
[INFO] [stderr] warning: constant `GOSSIP_STORE_LEN_PUSH_BIT` is never used
[INFO] [stderr]   --> src/flags.rs:10:11
[INFO] [stderr]    |
[INFO] [stderr] 10 | pub const GOSSIP_STORE_LEN_PUSH_BIT: u16 = 0x4000;
[INFO] [stderr]    |           ^^^^^^^^^^^^^^^^^^^^^^^^^
[INFO] [stderr] 
[INFO] [stderr] warning: constant `GOSSIP_STORE_LEN_RATELIMIT_BIT` is never used
[INFO] [stderr]   --> src/flags.rs:13:11
[INFO] [stderr]    |
[INFO] [stderr] 13 | pub const GOSSIP_STORE_LEN_RATELIMIT_BIT: u16 = 0x2000;
[INFO] [stderr]    |           ^^^^^^^^^^^^^^^^^^^^^^^^^^^^^^
[INFO] [stderr] 
[INFO] [stderr] warning: field `ty` is never read
[INFO] [stderr]   --> src/gossip_stor_wiregen.rs:12:9
[INFO] [stderr]    |
[INFO] [stderr] 10 | pub struct GossipStoreChanDying {
[INFO] [stderr]    |            -------------------- field in this struct
[INFO] [stderr] 11 |     #[msg_type = 4106]
[INFO] [stderr] 12 |     pub ty: u16,
[INFO] [stderr]    |         ^^
[INFO] [stderr]    |
[INFO] [stderr]    = note: `GossipStoreChanDying` has derived impls for the traits `Clone` and `Debug`, but these are intentionally ignored during dead code analysis
[INFO] [stderr] 
[INFO] [stderr] warning: field `ty` is never read
[INFO] [stderr]   --> src/gossip_stor_wiregen.rs:27:9
[INFO] [stderr]    |
[INFO] [stderr] 25 | pub struct GossipStoreDeleteChan {
[INFO] [stderr]    |            --------------------- field in this struct
[INFO] [stderr] 26 |     #[msg_type = 4103]
[INFO] [stderr] 27 |     pub ty: u16,
[INFO] [stderr]    |         ^^
[INFO] [stderr]    |
[INFO] [stderr]    = note: `GossipStoreDeleteChan` has derived impls for the traits `Clone` and `Debug`, but these are intentionally ignored during dead code analysis
[INFO] [stderr] 
[INFO] [stderr] warning: field `ty` is never read
[INFO] [stderr]   --> src/gossip_stor_wiregen.rs:34:9
[INFO] [stderr]    |
[INFO] [stderr] 32 | pub struct GossipStoreEnded {
[INFO] [stderr]    |            ---------------- field in this struct
[INFO] [stderr] 33 |     #[msg_type = 4105]
[INFO] [stderr] 34 |     pub ty: u16,
[INFO] [stderr]    |         ^^
[INFO] [stderr]    |
[INFO] [stderr]    = note: `GossipStoreEnded` has derived impls for the traits `Clone` and `Debug`, but these are intentionally ignored during dead code analysis
[INFO] [stderr] 
[INFO] [stderr] warning: field `ty` is never read
[INFO] [stderr]   --> src/gossip_stor_wiregen.rs:41:9
[INFO] [stderr]    |
[INFO] [stderr] 39 | pub struct GossipStorePrivateChannelObs {
[INFO] [stderr]    |            ---------------------------- field in this struct
[INFO] [stderr] 40 |     #[msg_type = 4104]
[INFO] [stderr] 41 |     pub ty: u16,
[INFO] [stderr]    |         ^^
[INFO] [stderr]    |
[INFO] [stderr]    = note: `GossipStorePrivateChannelObs` has derived impls for the traits `Clone` and `Debug`, but these are intentionally ignored during dead code analysis
[INFO] [stderr] 
[INFO] [stderr] warning: field `ty` is never read
[INFO] [stderr]   --> src/gossip_stor_wiregen.rs:49:9
[INFO] [stderr]    |
[INFO] [stderr] 47 | pub struct GossipStorePrivateUpdateObs {
[INFO] [stderr]    |            --------------------------- field in this struct
[INFO] [stderr] 48 |     #[msg_type = 4102]
[INFO] [stderr] 49 |     pub ty: u16,
[INFO] [stderr]    |         ^^
[INFO] [stderr]    |
[INFO] [stderr]    = note: `GossipStorePrivateUpdateObs` has derived impls for the traits `Clone` and `Debug`, but these are intentionally ignored during dead code analysis
[INFO] [stderr] 
[INFO] [stderr] warning: field `raw_message` is never read
[INFO] [stderr]   --> src/gossip_types.rs:39:5
[INFO] [stderr]    |
[INFO] [stderr] 36 | pub struct GossipNode {
[INFO] [stderr]    |            ---------- field in this struct
[INFO] [stderr] ...
[INFO] [stderr] 39 |     raw_message: Option<NodeAnnouncement>,
[INFO] [stderr]    |     ^^^^^^^^^^^
[INFO] [stderr]    |
[INFO] [stderr]    = note: `GossipNode` has a derived impl for the trait `Clone`, but this is intentionally ignored during dead code analysis
[INFO] [stderr] 
[INFO] [stderr] warning: fields `crc` and `timestamp` are never read
[INFO] [stderr]    --> src/gossip_types.rs:149:5
[INFO] [stderr]     |
[INFO] [stderr] 146 | pub struct GossipStoredHeader {
[INFO] [stderr]     |            ------------------ fields in this struct
[INFO] [stderr] ...
[INFO] [stderr] 149 |     crc: u32,
[INFO] [stderr]     |     ^^^
[INFO] [stderr] 150 |     timestamp: u32,
[INFO] [stderr]     |     ^^^^^^^^^
[INFO] [stderr]     |
[INFO] [stderr]     = note: `GossipStoredHeader` has a derived impl for the trait `Debug`, but this is intentionally ignored during dead code analysis
[INFO] [stderr] 
[INFO] [stderr] warning: `clightningrpc_gossip_map` (lib) generated 21 warnings (run `cargo fix --lib -p clightningrpc_gossip_map` to apply 1 suggestion)
[INFO] [stderr] warning: `clightningrpc_gossip_map` (lib test) generated 21 warnings (21 duplicates)
[INFO] [stderr]     Finished `test` profile [unoptimized + debuginfo] target(s) in 0.06s
[INFO] [stderr]      Running unittests src/lib.rs (/opt/rustwide/target/debug/deps/clightningrpc_gossip_map-4faf0c0289384171)
[INFO] [stdout] 
[INFO] [stdout] running 1 test
[INFO] [stdout] 2024-12-15T03:13:41.623Z DEBUG clightningrpc_gossip_map Loading gossip map from file `/opt/rustwide/workdir/../contrib/gossip_store`
[INFO] [stdout] test tests::read_gossipmap_from_file ... FAILED
[INFO] [stdout] 
[INFO] [stdout] failures:
[INFO] [stdout] 
[INFO] [stdout] ---- tests::read_gossipmap_from_file stdout ----
[INFO] [stdout] thread 'tests::read_gossipmap_from_file' panicked at src/lib.rs:252:9:
[INFO] [stdout] Err(No such file or directory (os error 2)
[INFO] [stdout] 
[INFO] [stdout] Stack backtrace:
[INFO] [stdout]    0: anyhow::error::<impl core::convert::From<E> for anyhow::Error>::from
[INFO] [stdout]              at /opt/rustwide/cargo-home/registry/src/index.crates.io-6f17d22bba15001f/anyhow-1.0.94/src/backtrace.rs:27:14
[INFO] [stdout]    1: <core::result::Result<T,F> as core::ops::try_trait::FromResidual<core::result::Result<core::convert::Infallible,E>>>::from_residual
[INFO] [stdout]              at /rustc/90b35a6239c3d8bdabc530a6a0816f7ff89a0aaf/library/core/src/result.rs:2010:27
[INFO] [stdout]    2: clightningrpc_gossip_map::GossipMap::from_file
[INFO] [stdout]              at ./src/lib.rs:54:28
[INFO] [stdout]    3: clightningrpc_gossip_map::tests::read_gossipmap_from_file
[INFO] [stdout]              at ./src/lib.rs:251:19
[INFO] [stdout]    4: clightningrpc_gossip_map::tests::read_gossipmap_from_file::{{closure}}
[INFO] [stdout]              at ./src/lib.rs:247:34
[INFO] [stdout]    5: core::ops::function::FnOnce::call_once
[INFO] [stdout]              at /rustc/90b35a6239c3d8bdabc530a6a0816f7ff89a0aaf/library/core/src/ops/function.rs:250:5
[INFO] [stdout]    6: core::ops::function::FnOnce::call_once
[INFO] [stdout]              at /rustc/90b35a6239c3d8bdabc530a6a0816f7ff89a0aaf/library/core/src/ops/function.rs:250:5
[INFO] [stdout]    7: test::__rust_begin_short_backtrace
[INFO] [stdout]              at /rustc/90b35a6239c3d8bdabc530a6a0816f7ff89a0aaf/library/test/src/lib.rs:621:18
[INFO] [stdout]    8: test::run_test_in_process::{{closure}}
[INFO] [stdout]              at /rustc/90b35a6239c3d8bdabc530a6a0816f7ff89a0aaf/library/test/src/lib.rs:644:60
[INFO] [stdout]    9: <core::panic::unwind_safe::AssertUnwindSafe<F> as core::ops::function::FnOnce<()>>::call_once
[INFO] [stdout]              at /rustc/90b35a6239c3d8bdabc530a6a0816f7ff89a0aaf/library/core/src/panic/unwind_safe.rs:272:9
[INFO] [stdout]   10: std::panicking::try::do_call
[INFO] [stdout]              at /rustc/90b35a6239c3d8bdabc530a6a0816f7ff89a0aaf/library/std/src/panicking.rs:557:40
[INFO] [stdout]   11: std::panicking::try
[INFO] [stdout]              at /rustc/90b35a6239c3d8bdabc530a6a0816f7ff89a0aaf/library/std/src/panicking.rs:520:19
[INFO] [stdout]   12: std::panic::catch_unwind
[INFO] [stdout]              at /rustc/90b35a6239c3d8bdabc530a6a0816f7ff89a0aaf/library/std/src/panic.rs:358:14
[INFO] [stdout]   13: test::run_test_in_process
[INFO] [stdout]              at /rustc/90b35a6239c3d8bdabc530a6a0816f7ff89a0aaf/library/test/src/lib.rs:644:27
[INFO] [stdout]   14: test::run_test::{{closure}}
[INFO] [stdout]              at /rustc/90b35a6239c3d8bdabc530a6a0816f7ff89a0aaf/library/test/src/lib.rs:565:43
[INFO] [stdout]   15: test::run_test::{{closure}}
[INFO] [stdout]              at /rustc/90b35a6239c3d8bdabc530a6a0816f7ff89a0aaf/library/test/src/lib.rs:595:41
[INFO] [stdout]   16: std::sys::backtrace::__rust_begin_short_backtrace
[INFO] [stdout]              at /rustc/90b35a6239c3d8bdabc530a6a0816f7ff89a0aaf/library/std/src/sys/backtrace.rs:154:18
[INFO] [stdout]   17: std::thread::Builder::spawn_unchecked_::{{closure}}::{{closure}}
[INFO] [stdout]              at /rustc/90b35a6239c3d8bdabc530a6a0816f7ff89a0aaf/library/std/src/thread/mod.rs:538:17
[INFO] [stdout]   18: <core::panic::unwind_safe::AssertUnwindSafe<F> as core::ops::function::FnOnce<()>>::call_once
[INFO] [stdout]              at /rustc/90b35a6239c3d8bdabc530a6a0816f7ff89a0aaf/library/core/src/panic/unwind_safe.rs:272:9
[INFO] [stdout]   19: std::panicking::try::do_call
[INFO] [stdout]              at /rustc/90b35a6239c3d8bdabc530a6a0816f7ff89a0aaf/library/std/src/panicking.rs:557:40
[INFO] [stdout]   20: std::panicking::try
[INFO] [stdout]              at /rustc/90b35a6239c3d8bdabc530a6a0816f7ff89a0aaf/library/std/src/panicking.rs:520:19
[INFO] [stdout]   21: std::panic::catch_unwind
[INFO] [stdout]              at /rustc/90b35a6239c3d8bdabc530a6a0816f7ff89a0aaf/library/std/src/panic.rs:358:14
[INFO] [stdout]   22: std::thread::Builder::spawn_unchecked_::{{closure}}
[INFO] [stdout]              at /rustc/90b35a6239c3d8bdabc530a6a0816f7ff89a0aaf/library/std/src/thread/mod.rs:537:30
[INFO] [stdout]   23: core::ops::function::FnOnce::call_once{{vtable.shim}}
[INFO] [stdout]              at /rustc/90b35a6239c3d8bdabc530a6a0816f7ff89a0aaf/library/core/src/ops/function.rs:250:5
[INFO] [stdout]   24: <alloc::boxed::Box<F,A> as core::ops::function::FnOnce<Args>>::call_once
[INFO] [stdout]              at /rustc/90b35a6239c3d8bdabc530a6a0816f7ff89a0aaf/library/alloc/src/boxed.rs:2454:9
[INFO] [stdout]   25: <alloc::boxed::Box<F,A> as core::ops::function::FnOnce<Args>>::call_once
[INFO] [stdout]              at /rustc/90b35a6239c3d8bdabc530a6a0816f7ff89a0aaf/library/alloc/src/boxed.rs:2454:9
[INFO] [stdout]   26: std::sys::pal::unix::thread::Thread::new::thread_start
[INFO] [stdout]              at /rustc/90b35a6239c3d8bdabc530a6a0816f7ff89a0aaf/library/std/src/sys/pal/unix/thread.rs:105:17
[INFO] [stdout]   27: <unknown>
[INFO] [stdout]   28: clone)
[INFO] [stdout] stack backtrace:
[INFO] [stdout]    0:     0x639ee993ed1a - std::backtrace_rs::backtrace::libunwind::trace::h5a5b8284f2d0c266
[INFO] [stdout]                                at /rustc/90b35a6239c3d8bdabc530a6a0816f7ff89a0aaf/library/std/src/../../backtrace/src/backtrace/libunwind.rs:116:5
[INFO] [stdout]    1:     0x639ee993ed1a - std::backtrace_rs::backtrace::trace_unsynchronized::h76d4f1c9b0b875e3
[INFO] [stdout]                                at /rustc/90b35a6239c3d8bdabc530a6a0816f7ff89a0aaf/library/std/src/../../backtrace/src/backtrace/mod.rs:66:5
[INFO] [stdout]    2:     0x639ee993ed1a - std::sys::backtrace::_print_fmt::hc4546b8364a537c6
[INFO] [stdout]                                at /rustc/90b35a6239c3d8bdabc530a6a0816f7ff89a0aaf/library/std/src/sys/backtrace.rs:66:9
[INFO] [stdout]    3:     0x639ee993ed1a - <std::sys::backtrace::BacktraceLock::print::DisplayBacktrace as core::fmt::Display>::fmt::h5b6bd5631a6d1f6b
[INFO] [stdout]                                at /rustc/90b35a6239c3d8bdabc530a6a0816f7ff89a0aaf/library/std/src/sys/backtrace.rs:39:26
[INFO] [stdout]    4:     0x639ee9964a53 - core::fmt::rt::Argument::fmt::h270f6602a2b96f62
[INFO] [stdout]                                at /rustc/90b35a6239c3d8bdabc530a6a0816f7ff89a0aaf/library/core/src/fmt/rt.rs:177:76
[INFO] [stdout]    5:     0x639ee9964a53 - core::fmt::write::h7550c97b06c86515
[INFO] [stdout]                                at /rustc/90b35a6239c3d8bdabc530a6a0816f7ff89a0aaf/library/core/src/fmt/mod.rs:1186:21
[INFO] [stdout]    6:     0x639ee993bd13 - std::io::Write::write_fmt::h509ff860e5956e5e
[INFO] [stdout]                                at /rustc/90b35a6239c3d8bdabc530a6a0816f7ff89a0aaf/library/std/src/io/mod.rs:1839:15
[INFO] [stdout]    7:     0x639ee993eb62 - std::sys::backtrace::BacktraceLock::print::h2395ccd2c84ba3aa
[INFO] [stdout]                                at /rustc/90b35a6239c3d8bdabc530a6a0816f7ff89a0aaf/library/std/src/sys/backtrace.rs:42:9
[INFO] [stdout]    8:     0x639ee994017a - std::panicking::default_hook::{{closure}}::he19d4c7230e07961
[INFO] [stdout]                                at /rustc/90b35a6239c3d8bdabc530a6a0816f7ff89a0aaf/library/std/src/panicking.rs:268:22
[INFO] [stdout]    9:     0x639ee993ff84 - std::panicking::default_hook::hf614597d3c67bbdb
[INFO] [stdout]                                at /rustc/90b35a6239c3d8bdabc530a6a0816f7ff89a0aaf/library/std/src/panicking.rs:292:9
[INFO] [stdout]   10:     0x639ee98e1ae9 - <alloc::boxed::Box<F,A> as core::ops::function::Fn<Args>>::call::h39b51ce4599c23d1
[INFO] [stdout]                                at /rustc/90b35a6239c3d8bdabc530a6a0816f7ff89a0aaf/library/alloc/src/boxed.rs:2468:9
[INFO] [stdout]   11:     0x639ee98e1ae9 - test::test_main::{{closure}}::he977ae839a582784
[INFO] [stdout]                                at /rustc/90b35a6239c3d8bdabc530a6a0816f7ff89a0aaf/library/test/src/lib.rs:133:21
[INFO] [stdout]   12:     0x639ee9940818 - <alloc::boxed::Box<F,A> as core::ops::function::Fn<Args>>::call::h9455091b6b06f9fb
[INFO] [stdout]                                at /rustc/90b35a6239c3d8bdabc530a6a0816f7ff89a0aaf/library/alloc/src/boxed.rs:2468:9
[INFO] [stdout]   13:     0x639ee9940818 - std::panicking::rust_panic_with_hook::h8942133a8b252070
[INFO] [stdout]                                at /rustc/90b35a6239c3d8bdabc530a6a0816f7ff89a0aaf/library/std/src/panicking.rs:809:13
[INFO] [stdout]   14:     0x639ee99405da - std::panicking::begin_panic_handler::{{closure}}::hb5f5963570096b29
[INFO] [stdout]                                at /rustc/90b35a6239c3d8bdabc530a6a0816f7ff89a0aaf/library/std/src/panicking.rs:674:13
[INFO] [stdout]   15:     0x639ee993f1f9 - std::sys::backtrace::__rust_end_short_backtrace::h6208cedc1922feda
[INFO] [stdout]                                at /rustc/90b35a6239c3d8bdabc530a6a0816f7ff89a0aaf/library/std/src/sys/backtrace.rs:170:18
[INFO] [stdout]   16:     0x639ee994026c - rust_begin_unwind
[INFO] [stdout]                                at /rustc/90b35a6239c3d8bdabc530a6a0816f7ff89a0aaf/library/std/src/panicking.rs:665:5
[INFO] [stdout]   17:     0x639ee9885b30 - core::panicking::panic_fmt::h0c3082644d1bf418
[INFO] [stdout]                                at /rustc/90b35a6239c3d8bdabc530a6a0816f7ff89a0aaf/library/core/src/panicking.rs:74:14
[INFO] [stdout]   18:     0x639ee98a2c4f - clightningrpc_gossip_map::tests::read_gossipmap_from_file::h7b4f27bd8e36e670
[INFO] [stdout]                                at /opt/rustwide/workdir/src/lib.rs:252:9
[INFO] [stdout]   19:     0x639ee98a29d7 - clightningrpc_gossip_map::tests::read_gossipmap_from_file::{{closure}}::hd6d1dd3a59c03b00
[INFO] [stdout]                                at /opt/rustwide/workdir/src/lib.rs:247:34
[INFO] [stdout]   20:     0x639ee9899906 - core::ops::function::FnOnce::call_once::h235397d416613954
[INFO] [stdout]                                at /rustc/90b35a6239c3d8bdabc530a6a0816f7ff89a0aaf/library/core/src/ops/function.rs:250:5
[INFO] [stdout]   21:     0x639ee98e64ab - core::ops::function::FnOnce::call_once::h109cf8051a59b34e
[INFO] [stdout]                                at /rustc/90b35a6239c3d8bdabc530a6a0816f7ff89a0aaf/library/core/src/ops/function.rs:250:5
[INFO] [stdout]   22:     0x639ee98e64ab - test::__rust_begin_short_backtrace::hf4fff89d377446ba
[INFO] [stdout]                                at /rustc/90b35a6239c3d8bdabc530a6a0816f7ff89a0aaf/library/test/src/lib.rs:621:18
[INFO] [stdout]   23:     0x639ee98e5ce7 - test::run_test_in_process::{{closure}}::h0e39181dd7ee5a43
[INFO] [stdout]                                at /rustc/90b35a6239c3d8bdabc530a6a0816f7ff89a0aaf/library/test/src/lib.rs:644:60
[INFO] [stdout]   24:     0x639ee98e5ce7 - <core::panic::unwind_safe::AssertUnwindSafe<F> as core::ops::function::FnOnce<()>>::call_once::hc5a66a30f0bdfd1f
[INFO] [stdout]                                at /rustc/90b35a6239c3d8bdabc530a6a0816f7ff89a0aaf/library/core/src/panic/unwind_safe.rs:272:9
[INFO] [stdout]   25:     0x639ee98e5ce7 - std::panicking::try::do_call::h873b7cf639554a5e
[INFO] [stdout]                                at /rustc/90b35a6239c3d8bdabc530a6a0816f7ff89a0aaf/library/std/src/panicking.rs:557:40
[INFO] [stdout]   26:     0x639ee98e5ce7 - std::panicking::try::hdb19862fad9c8bd1
[INFO] [stdout]                                at /rustc/90b35a6239c3d8bdabc530a6a0816f7ff89a0aaf/library/std/src/panicking.rs:520:19
[INFO] [stdout]   27:     0x639ee98e5ce7 - std::panic::catch_unwind::h281fe732d236d260
[INFO] [stdout]                                at /rustc/90b35a6239c3d8bdabc530a6a0816f7ff89a0aaf/library/std/src/panic.rs:358:14
[INFO] [stdout]   28:     0x639ee98e5ce7 - test::run_test_in_process::h949b6df8457ed338
[INFO] [stdout]                                at /rustc/90b35a6239c3d8bdabc530a6a0816f7ff89a0aaf/library/test/src/lib.rs:644:27
[INFO] [stdout]   29:     0x639ee98e5ce7 - test::run_test::{{closure}}::h52c556a6d4740e10
[INFO] [stdout]                                at /rustc/90b35a6239c3d8bdabc530a6a0816f7ff89a0aaf/library/test/src/lib.rs:565:43
[INFO] [stdout]   30:     0x639ee98aafc4 - test::run_test::{{closure}}::h4237f6381c45ccb9
[INFO] [stdout]                                at /rustc/90b35a6239c3d8bdabc530a6a0816f7ff89a0aaf/library/test/src/lib.rs:595:41
[INFO] [stdout]   31:     0x639ee98aafc4 - std::sys::backtrace::__rust_begin_short_backtrace::h505c97a579eca628
[INFO] [stdout]                                at /rustc/90b35a6239c3d8bdabc530a6a0816f7ff89a0aaf/library/std/src/sys/backtrace.rs:154:18
[INFO] [stdout]   32:     0x639ee98ae68e - std::thread::Builder::spawn_unchecked_::{{closure}}::{{closure}}::h9e86b2e2bc107ea3
[INFO] [stdout]                                at /rustc/90b35a6239c3d8bdabc530a6a0816f7ff89a0aaf/library/std/src/thread/mod.rs:538:17
[INFO] [stdout]   33:     0x639ee98ae68e - <core::panic::unwind_safe::AssertUnwindSafe<F> as core::ops::function::FnOnce<()>>::call_once::h8b06ddb275ff4a25
[INFO] [stdout]                                at /rustc/90b35a6239c3d8bdabc530a6a0816f7ff89a0aaf/library/core/src/panic/unwind_safe.rs:272:9
[INFO] [stdout]   34:     0x639ee98ae68e - std::panicking::try::do_call::hb26ecd7cd9a9355d
[INFO] [stdout]                                at /rustc/90b35a6239c3d8bdabc530a6a0816f7ff89a0aaf/library/std/src/panicking.rs:557:40
[INFO] [stdout]   35:     0x639ee98ae68e - std::panicking::try::h8ddeca9d705f9069
[INFO] [stdout]                                at /rustc/90b35a6239c3d8bdabc530a6a0816f7ff89a0aaf/library/std/src/panicking.rs:520:19
[INFO] [stdout]   36:     0x639ee98ae68e - std::panic::catch_unwind::h49e1c33078844c46
[INFO] [stdout]                                at /rustc/90b35a6239c3d8bdabc530a6a0816f7ff89a0aaf/library/std/src/panic.rs:358:14
[INFO] [stdout]   37:     0x639ee98ae68e - std::thread::Builder::spawn_unchecked_::{{closure}}::h6073db6ff56ad35d
[INFO] [stdout]                                at /rustc/90b35a6239c3d8bdabc530a6a0816f7ff89a0aaf/library/std/src/thread/mod.rs:537:30
[INFO] [stdout]   38:     0x639ee98ae68e - core::ops::function::FnOnce::call_once{{vtable.shim}}::h2c5a5f3779c774f1
[INFO] [stdout]                                at /rustc/90b35a6239c3d8bdabc530a6a0816f7ff89a0aaf/library/core/src/ops/function.rs:250:5
[INFO] [stdout]   39:     0x639ee9944a7b - <alloc::boxed::Box<F,A> as core::ops::function::FnOnce<Args>>::call_once::hf75717d9f28faebf
[INFO] [stdout]                                at /rustc/90b35a6239c3d8bdabc530a6a0816f7ff89a0aaf/library/alloc/src/boxed.rs:2454:9
[INFO] [stdout]   40:     0x639ee9944a7b - <alloc::boxed::Box<F,A> as core::ops::function::FnOnce<Args>>::call_once::h7bd883a5f3c5f3c1
[INFO] [stdout]                                at /rustc/90b35a6239c3d8bdabc530a6a0816f7ff89a0aaf/library/alloc/src/boxed.rs:2454:9
[INFO] [stdout]   41:     0x639ee9944a7b - std::sys::pal::unix::thread::Thread::new::thread_start::hcc78f3943333fa94
[INFO] [stdout]                                at /rustc/90b35a6239c3d8bdabc530a6a0816f7ff89a0aaf/library/std/src/sys/pal/unix/thread.rs:105:17
[INFO] [stdout]   42:     0x799f7b403ac3 - <unknown>
[INFO] [stdout]   43:     0x799f7b494a04 - clone
[INFO] [stdout]   44:                0x0 - <unknown>
[INFO] [stdout] 
[INFO] [stdout] 
[INFO] [stdout] failures:
[INFO] [stdout]     tests::read_gossipmap_from_file
[INFO] [stdout] 
[INFO] [stdout] test result: FAILED. 0 passed; 1 failed; 0 ignored; 0 measured; 0 filtered out; finished in 0.07s
[INFO] [stdout] 
[INFO] [stderr] error: test failed, to rerun pass `--lib`
[INFO] running `Command { std: "docker" "inspect" "3e648100b34d5d052dbe71ad10b774b558163d93f4c233ad1d92e21c88fcd19b", kill_on_drop: false }`
[INFO] running `Command { std: "docker" "rm" "-f" "3e648100b34d5d052dbe71ad10b774b558163d93f4c233ad1d92e21c88fcd19b", kill_on_drop: false }`
[INFO] [stdout] 3e648100b34d5d052dbe71ad10b774b558163d93f4c233ad1d92e21c88fcd19b
