[INFO] fetching crate clickhouse-rs 1.1.0-alpha.1...
[INFO] testing clickhouse-rs-1.1.0-alpha.1 against beta-2024-12-08 for beta-1.84.0-4-retry
[INFO] extracting crate clickhouse-rs 1.1.0-alpha.1 into /workspace/builds/worker-0-tc2/source
[INFO] validating manifest of crates.io crate clickhouse-rs 1.1.0-alpha.1 on toolchain beta-2024-12-08
[INFO] running `Command { std: CARGO_HOME="/workspace/cargo-home" RUSTUP_HOME="/workspace/rustup-home" "/workspace/cargo-home/bin/cargo" "+beta-2024-12-08" "metadata" "--manifest-path" "Cargo.toml" "--no-deps", kill_on_drop: false }`
[INFO] started tweaking crates.io crate clickhouse-rs 1.1.0-alpha.1
[INFO] finished tweaking crates.io crate clickhouse-rs 1.1.0-alpha.1
[INFO] tweaked toml for crates.io crate clickhouse-rs 1.1.0-alpha.1 written to /workspace/builds/worker-0-tc2/source/Cargo.toml
[INFO] crate crates.io crate clickhouse-rs 1.1.0-alpha.1 already has a lockfile, it will not be regenerated
[INFO] running `Command { std: CARGO_HOME="/workspace/cargo-home" RUSTUP_HOME="/workspace/rustup-home" "/workspace/cargo-home/bin/cargo" "+beta-2024-12-08" "fetch" "--manifest-path" "Cargo.toml", kill_on_drop: false }`
[INFO] running `Command { std: "docker" "create" "-v" "/var/lib/crater-agent-workspace/builds/worker-0-tc2/target:/opt/rustwide/target:rw,Z" "-v" "/var/lib/crater-agent-workspace/builds/worker-0-tc2/source:/opt/rustwide/workdir:ro,Z" "-v" "/var/lib/crater-agent-workspace/cargo-home:/opt/rustwide/cargo-home:ro,Z" "-v" "/var/lib/crater-agent-workspace/rustup-home:/opt/rustwide/rustup-home:ro,Z" "-e" "SOURCE_DIR=/opt/rustwide/workdir" "-e" "CARGO_TARGET_DIR=/opt/rustwide/target" "-e" "CARGO_HOME=/opt/rustwide/cargo-home" "-e" "RUSTUP_HOME=/opt/rustwide/rustup-home" "-w" "/opt/rustwide/workdir" "-m" "1610612736" "--user" "0:0" "--network" "none" "ghcr.io/rust-lang/crates-build-env/linux@sha256:f3a9d4ad9d972b27faf3965f35b62e55ba32bbce8f20bc8fe909558a86702fde" "/opt/rustwide/cargo-home/bin/cargo" "+beta-2024-12-08" "metadata" "--no-deps" "--format-version=1", kill_on_drop: false }`
[INFO] [stdout] 79feb78e4ccad3579df9ba5ca083a9cb6ee9162c04e395889aa9d38b05b77f3c
[INFO] running `Command { std: "docker" "start" "-a" "79feb78e4ccad3579df9ba5ca083a9cb6ee9162c04e395889aa9d38b05b77f3c", kill_on_drop: false }`
[INFO] running `Command { std: "docker" "inspect" "79feb78e4ccad3579df9ba5ca083a9cb6ee9162c04e395889aa9d38b05b77f3c", kill_on_drop: false }`
[INFO] running `Command { std: "docker" "rm" "-f" "79feb78e4ccad3579df9ba5ca083a9cb6ee9162c04e395889aa9d38b05b77f3c", kill_on_drop: false }`
[INFO] [stdout] 79feb78e4ccad3579df9ba5ca083a9cb6ee9162c04e395889aa9d38b05b77f3c
[INFO] running `Command { std: "docker" "create" "-v" "/var/lib/crater-agent-workspace/builds/worker-0-tc2/target:/opt/rustwide/target:rw,Z" "-v" "/var/lib/crater-agent-workspace/builds/worker-0-tc2/source:/opt/rustwide/workdir:ro,Z" "-v" "/var/lib/crater-agent-workspace/cargo-home:/opt/rustwide/cargo-home:ro,Z" "-v" "/var/lib/crater-agent-workspace/rustup-home:/opt/rustwide/rustup-home:ro,Z" "-e" "SOURCE_DIR=/opt/rustwide/workdir" "-e" "CARGO_TARGET_DIR=/opt/rustwide/target" "-e" "CARGO_INCREMENTAL=0" "-e" "RUST_BACKTRACE=full" "-e" "RUSTFLAGS=--cap-lints=warn" "-e" "RUSTDOCFLAGS=--cap-lints=warn" "-e" "CARGO_HOME=/opt/rustwide/cargo-home" "-e" "RUSTUP_HOME=/opt/rustwide/rustup-home" "-w" "/opt/rustwide/workdir" "-m" "1610612736" "--user" "0:0" "--network" "none" "ghcr.io/rust-lang/crates-build-env/linux@sha256:f3a9d4ad9d972b27faf3965f35b62e55ba32bbce8f20bc8fe909558a86702fde" "/opt/rustwide/cargo-home/bin/cargo" "+beta-2024-12-08" "build" "--frozen" "--message-format=json", kill_on_drop: false }`
[INFO] [stdout] 949e26902f9839f20e3cbe6028f7058934fe1d71c69cf1b45b167e804a368778
[INFO] running `Command { std: "docker" "start" "-a" "949e26902f9839f20e3cbe6028f7058934fe1d71c69cf1b45b167e804a368778", kill_on_drop: false }`
[INFO] [stderr]    Compiling proc-macro2 v1.0.66
[INFO] [stderr]    Compiling siphasher v0.3.11
[INFO] [stderr]    Compiling libc v0.2.147
[INFO] [stderr]    Compiling unicode-ident v1.0.11
[INFO] [stderr]    Compiling rand_core v0.6.4
[INFO] [stderr]    Compiling crossbeam-utils v0.8.16
[INFO] [stderr]    Compiling regex-syntax v0.7.5
[INFO] [stderr]    Compiling memoffset v0.9.0
[INFO] [stderr]    Compiling crossbeam-epoch v0.9.15
[INFO] [stderr]    Compiling num-traits v0.2.16
[INFO] [stderr]    Compiling tinyvec_macros v0.1.1
[INFO] [stderr]    Compiling slab v0.4.9
[INFO] [stderr]    Compiling crossbeam-queue v0.3.8
[INFO] [stderr]    Compiling futures-task v0.3.28
[INFO] [stderr]    Compiling serde v1.0.188
[INFO] [stderr]    Compiling tinyvec v1.6.0
[INFO] [stderr]    Compiling futures-core v0.3.28
[INFO] [stderr]    Compiling rand v0.8.5
[INFO] [stderr]    Compiling phf_shared v0.11.2
[INFO] [stderr]    Compiling scopeguard v1.2.0
[INFO] [stderr]    Compiling percent-encoding v2.3.0
[INFO] [stderr]    Compiling futures-util v0.3.28
[INFO] [stderr]    Compiling phf v0.11.2
[INFO] [stderr]    Compiling pin-project-lite v0.2.13
[INFO] [stderr]    Compiling thiserror v1.0.48
[INFO] [stderr]    Compiling unicode-bidi v0.3.13
[INFO] [stderr]    Compiling bytes v1.4.0
[INFO] [stderr]    Compiling form_urlencoded v1.2.0
[INFO] [stderr]    Compiling cc v1.0.83
[INFO] [stderr]    Compiling futures-sink v0.3.28
[INFO] [stderr]    Compiling match_cfg v0.1.0
[INFO] [stderr]    Compiling quote v1.0.33
[INFO] [stderr]    Compiling phf_generator v0.11.2
[INFO] [stderr]    Compiling pin-utils v0.1.0
[INFO] [stderr]    Compiling syn v2.0.31
[INFO] [stderr]    Compiling memchr v2.6.3
[INFO] [stderr]    Compiling uuid v1.4.1
[INFO] [stderr]    Compiling phf_codegen v0.11.2
[INFO] [stderr]    Compiling byteorder v1.4.3
[INFO] [stderr]    Compiling either v1.9.0
[INFO] [stderr]    Compiling socket2 v0.5.3
[INFO] [stderr]    Compiling unicode-normalization v0.1.22
[INFO] [stderr]    Compiling crossbeam-channel v0.5.8
[INFO] [stderr]    Compiling mio v0.8.8
[INFO] [stderr]    Compiling num_cpus v1.16.0
[INFO] [stderr]    Compiling hostname v0.3.1
[INFO] [stderr]    Compiling chrono v0.4.29
[INFO] [stderr]    Compiling crossbeam-deque v0.8.3
[INFO] [stderr]    Compiling idna v0.4.0
[INFO] [stderr]    Compiling lz4-sys v1.9.4
[INFO] [stderr]    Compiling clickhouse-rs-cityhash-sys v0.1.2
[INFO] [stderr]    Compiling tokio v1.32.0
[INFO] [stderr]    Compiling combine v4.6.6
[INFO] [stderr]    Compiling crossbeam v0.8.2
[INFO] [stderr]    Compiling regex-automata v0.3.8
[INFO] [stderr]    Compiling url v2.4.1
[INFO] [stderr]    Compiling log v0.4.20
[INFO] [stderr]    Compiling regex v1.9.5
[INFO] [stderr]    Compiling pin-project-internal v1.1.3
[INFO] [stderr]    Compiling thiserror-impl v1.0.48
[INFO] [stderr]    Compiling futures-macro v0.3.28
[INFO] [stderr]    Compiling parse-zoneinfo v0.3.0
[INFO] [stderr]    Compiling chrono-tz-build v0.2.0
[INFO] [stderr]    Compiling chrono-tz v0.8.3
[INFO] [stderr]    Compiling pin-project v1.1.3
[INFO] [stderr]    Compiling lz4 v1.24.0
[INFO] [stderr]    Compiling clickhouse-rs v1.1.0-alpha.1 (/opt/rustwide/workdir)
[INFO] [stdout] warning: trait `ColumnDataExt` is never used
[INFO] [stdout]   --> src/types/column/column_data.rs:36:18
[INFO] [stdout]    |
[INFO] [stdout] 36 | pub(crate) trait ColumnDataExt {
[INFO] [stdout]    |                  ^^^^^^^^^^^^^
[INFO] [stdout]    |
[INFO] [stdout]    = note: `#[warn(dead_code)]` on by default
[INFO] [stdout] 
[INFO] [stdout] 
[INFO] [stdout] warning: trait `Sliceable` is never used
[INFO] [stdout]   --> src/types/block/mod.rs:46:11
[INFO] [stdout]    |
[INFO] [stdout] 46 | pub trait Sliceable {
[INFO] [stdout]    |           ^^^^^^^^^
[INFO] [stdout] 
[INFO] [stdout] 
[INFO] [stderr]     Finished `dev` profile [unoptimized + debuginfo] target(s) in 45.46s
[INFO] running `Command { std: "docker" "inspect" "949e26902f9839f20e3cbe6028f7058934fe1d71c69cf1b45b167e804a368778", kill_on_drop: false }`
[INFO] running `Command { std: "docker" "rm" "-f" "949e26902f9839f20e3cbe6028f7058934fe1d71c69cf1b45b167e804a368778", kill_on_drop: false }`
[INFO] [stdout] 949e26902f9839f20e3cbe6028f7058934fe1d71c69cf1b45b167e804a368778
[INFO] running `Command { std: "docker" "create" "-v" "/var/lib/crater-agent-workspace/builds/worker-0-tc2/target:/opt/rustwide/target:rw,Z" "-v" "/var/lib/crater-agent-workspace/builds/worker-0-tc2/source:/opt/rustwide/workdir:ro,Z" "-v" "/var/lib/crater-agent-workspace/cargo-home:/opt/rustwide/cargo-home:ro,Z" "-v" "/var/lib/crater-agent-workspace/rustup-home:/opt/rustwide/rustup-home:ro,Z" "-e" "SOURCE_DIR=/opt/rustwide/workdir" "-e" "CARGO_TARGET_DIR=/opt/rustwide/target" "-e" "CARGO_INCREMENTAL=0" "-e" "RUST_BACKTRACE=full" "-e" "RUSTFLAGS=--cap-lints=warn" "-e" "RUSTDOCFLAGS=--cap-lints=warn" "-e" "CARGO_HOME=/opt/rustwide/cargo-home" "-e" "RUSTUP_HOME=/opt/rustwide/rustup-home" "-w" "/opt/rustwide/workdir" "-m" "1610612736" "--user" "0:0" "--network" "none" "ghcr.io/rust-lang/crates-build-env/linux@sha256:f3a9d4ad9d972b27faf3965f35b62e55ba32bbce8f20bc8fe909558a86702fde" "/opt/rustwide/cargo-home/bin/cargo" "+beta-2024-12-08" "test" "--frozen" "--no-run" "--message-format=json", kill_on_drop: false }`
[INFO] [stdout] a163e3243005986ae5959c44fa68e3b382cf749e6d419e70ba61c1ed3329c9d3
[INFO] running `Command { std: "docker" "start" "-a" "a163e3243005986ae5959c44fa68e3b382cf749e6d419e70ba61c1ed3329c9d3", kill_on_drop: false }`
[INFO] [stderr]    Compiling memchr v2.6.3
[INFO] [stderr]    Compiling rustix v0.38.11
[INFO] [stderr]    Compiling getrandom v0.2.10
[INFO] [stderr]    Compiling linux-raw-sys v0.4.5
[INFO] [stderr]    Compiling bitflags v2.4.0
[INFO] [stderr]    Compiling regex-syntax v0.7.5
[INFO] [stderr]    Compiling tokio-macros v2.1.0
[INFO] [stderr]    Compiling termcolor v1.2.0
[INFO] [stderr]    Compiling yansi v0.5.1
[INFO] [stderr]    Compiling rand_core v0.6.4
[INFO] [stderr]    Compiling pretty_assertions v1.4.0
[INFO] [stderr]    Compiling rand_chacha v0.3.1
[INFO] [stderr]    Compiling rand v0.8.5
[INFO] [stderr]    Compiling tokio v1.32.0
[INFO] [stderr]    Compiling aho-corasick v1.0.5
[INFO] [stderr]    Compiling combine v4.6.6
[INFO] [stderr]    Compiling is-terminal v0.4.9
[INFO] [stderr]    Compiling regex-automata v0.3.8
[INFO] [stderr]    Compiling regex v1.9.5
[INFO] [stderr]    Compiling env_logger v0.10.0
[INFO] [stderr]    Compiling clickhouse-rs v1.1.0-alpha.1 (/opt/rustwide/workdir)
[INFO] [stdout] warning: trait `ColumnDataExt` is never used
[INFO] [stdout]   --> src/types/column/column_data.rs:36:18
[INFO] [stdout]    |
[INFO] [stdout] 36 | pub(crate) trait ColumnDataExt {
[INFO] [stdout]    |                  ^^^^^^^^^^^^^
[INFO] [stdout]    |
[INFO] [stdout]    = note: `#[warn(dead_code)]` on by default
[INFO] [stdout] 
[INFO] [stdout] 
[INFO] [stdout] warning: trait `Sliceable` is never used
[INFO] [stdout]   --> src/types/block/mod.rs:46:11
[INFO] [stdout]    |
[INFO] [stdout] 46 | pub trait Sliceable {
[INFO] [stdout]    |           ^^^^^^^^^
[INFO] [stdout] 
[INFO] [stdout] 
[INFO] [stdout] warning: trait `Sliceable` is never used
[INFO] [stdout]   --> src/types/block/mod.rs:46:11
[INFO] [stdout]    |
[INFO] [stdout] 46 | pub trait Sliceable {
[INFO] [stdout]    |           ^^^^^^^^^
[INFO] [stdout]    |
[INFO] [stdout]    = note: `#[warn(dead_code)]` on by default
[INFO] [stdout] 
[INFO] [stdout] 
[INFO] [stderr]     Finished `test` profile [unoptimized + debuginfo] target(s) in 28.94s
[INFO] running `Command { std: "docker" "inspect" "a163e3243005986ae5959c44fa68e3b382cf749e6d419e70ba61c1ed3329c9d3", kill_on_drop: false }`
[INFO] running `Command { std: "docker" "rm" "-f" "a163e3243005986ae5959c44fa68e3b382cf749e6d419e70ba61c1ed3329c9d3", kill_on_drop: false }`
[INFO] [stdout] a163e3243005986ae5959c44fa68e3b382cf749e6d419e70ba61c1ed3329c9d3
[INFO] running `Command { std: "docker" "create" "-v" "/var/lib/crater-agent-workspace/builds/worker-0-tc2/target:/opt/rustwide/target:rw,Z" "-v" "/var/lib/crater-agent-workspace/builds/worker-0-tc2/source:/opt/rustwide/workdir:ro,Z" "-v" "/var/lib/crater-agent-workspace/cargo-home:/opt/rustwide/cargo-home:ro,Z" "-v" "/var/lib/crater-agent-workspace/rustup-home:/opt/rustwide/rustup-home:ro,Z" "-e" "SOURCE_DIR=/opt/rustwide/workdir" "-e" "CARGO_TARGET_DIR=/opt/rustwide/target" "-e" "CARGO_INCREMENTAL=0" "-e" "RUST_BACKTRACE=full" "-e" "RUSTFLAGS=--cap-lints=warn" "-e" "RUSTDOCFLAGS=--cap-lints=warn" "-e" "CARGO_HOME=/opt/rustwide/cargo-home" "-e" "RUSTUP_HOME=/opt/rustwide/rustup-home" "-w" "/opt/rustwide/workdir" "-m" "1610612736" "--user" "0:0" "--network" "none" "ghcr.io/rust-lang/crates-build-env/linux@sha256:f3a9d4ad9d972b27faf3965f35b62e55ba32bbce8f20bc8fe909558a86702fde" "/opt/rustwide/cargo-home/bin/cargo" "+beta-2024-12-08" "test" "--frozen", kill_on_drop: false }`
[INFO] [stdout] a5768752dd9f53d186fb8d6b9129fec9b9fefaf6ec585f10148be40d6cb8377d
[INFO] running `Command { std: "docker" "start" "-a" "a5768752dd9f53d186fb8d6b9129fec9b9fefaf6ec585f10148be40d6cb8377d", kill_on_drop: false }`
[INFO] [stderr] warning: trait `ColumnDataExt` is never used
[INFO] [stderr]   --> src/types/column/column_data.rs:36:18
[INFO] [stderr]    |
[INFO] [stderr] 36 | pub(crate) trait ColumnDataExt {
[INFO] [stderr]    |                  ^^^^^^^^^^^^^
[INFO] [stderr]    |
[INFO] [stderr]    = note: `#[warn(dead_code)]` on by default
[INFO] [stderr] 
[INFO] [stderr] warning: trait `Sliceable` is never used
[INFO] [stderr]   --> src/types/block/mod.rs:46:11
[INFO] [stderr]    |
[INFO] [stderr] 46 | pub trait Sliceable {
[INFO] [stderr]    |           ^^^^^^^^^
[INFO] [stderr] 
[INFO] [stderr] warning: `clickhouse-rs` (lib) generated 2 warnings
[INFO] [stderr] warning: trait `Sliceable` is never used
[INFO] [stderr]   --> src/types/block/mod.rs:46:11
[INFO] [stderr]    |
[INFO] [stderr] 46 | pub trait Sliceable {
[INFO] [stderr]    |           ^^^^^^^^^
[INFO] [stderr]    |
[INFO] [stderr]    = note: `#[warn(dead_code)]` on by default
[INFO] [stderr] 
[INFO] [stderr] warning: `clickhouse-rs` (lib test) generated 1 warning
[INFO] [stderr]     Finished `test` profile [unoptimized + debuginfo] target(s) in 0.19s
[INFO] [stderr]      Running unittests src/lib.rs (/opt/rustwide/target/debug/deps/clickhouse_rs-dcb7af5be4d026db)
[INFO] [stdout] 
[INFO] [stdout] running 148 tests
[INFO] [stdout] test binary::read_ex::test_read_uvarint ... ok
[INFO] [stdout] test binary::uvarint::test::test_put_uvarint ... ok
[INFO] [stdout] test errors::tests::to_io_error_without_recursion ... ok
[INFO] [stdout] test types::block::test::test_chunks ... ok
[INFO] [stdout] test client_info::test_description ... ok
[INFO] [stdout] test test_misc::test_column_name_to_string ... ok
[INFO] [stdout] test types::block::block_info::test::test_read_write_blockinfo ... ok
[INFO] [stdout] test types::block::builder::test::test_push_row ... ok
[INFO] [stdout] test types::block::compressed::test::test_decompress ... ok
[INFO] [stdout] test types::block::test::test_compress_block ... ok
[INFO] [stdout] test types::block::test::test_concat ... ok
[INFO] [stdout] test types::block::test::test_insert_str_array ... ok
[INFO] [stdout] test types::block::test::test_rows ... ok
[INFO] [stdout] test types::block::test::test_write_default ... ok
[INFO] [stdout] test types::block::test::test_decompress_block ... ok
[INFO] [stdout] test types::block::test::test_read_empty_block ... ok
[INFO] [stdout] test types::block::test::test_empty ... ok
[INFO] [stdout] test types::block::test::test_chunks_of_empty_block ... ok
[INFO] [stdout] test types::column::array::test::test_write_and_read ... ok
[INFO] [stdout] test types::column::concat::test::test_build_index ... ok
[INFO] [stdout] test types::column::concat::test::test_concat_column ... ok
[INFO] [stdout] test types::column::concat::test::test_concat_num_column ... ok
[INFO] [stdout] test pool::test::test_get_addr ... ok
[INFO] [stdout] test pool::test::test_wrong_execute ... FAILED
[INFO] [stdout] test pool::test::test_connect ... FAILED
[INFO] [stdout] test pool::test::test_detach ... FAILED
[INFO] [stdout] test pool::test::test_wrong_insert ... FAILED
[INFO] [stdout] test types::column::concat::test::test_find_chunk ... ok
[INFO] [stdout] test types::column::concat::test::test_find_chunk2 ... ok
[INFO] [stdout] test errors::tests::to_std_error_without_recursion ... ok
[INFO] [stdout] test types::block::test::test_write_and_read ... ok
[INFO] [stdout] test types::block::test::test_column_and_rows ... ok
[INFO] [stdout] test types::column::datetime64::test::test_from_datetime ... ok
[INFO] [stdout] test types::column::datetime64::test::test_to_datetime ... ok
[INFO] [stdout] test types::column::factory::test::test_parse_date_time64_without_timezone ... ok
[INFO] [stdout] test types::column::factory::test::test_parse_date_time_without_timezone ... ok
[INFO] [stdout] test types::column::factory::test::test_parse_date_time64 ... ok
[INFO] [stdout] test types::column::factory::test::test_parse_date_time ... ok
[INFO] [stdout] test types::column::factory::test::test_parse_enum16_no_value ... ok
[INFO] [stdout] test types::column::factory::test::test_parse_decimal ... ok
[INFO] [stdout] test types::column::factory::test::test_parse_enum16_single ... ok
[INFO] [stdout] test types::column::factory::test::test_parse_enum16 ... ok
[INFO] [stdout] test types::column::factory::test::test_parse_enum16_single_empty_id ... ok
[INFO] [stdout] test types::column::factory::test::test_parse_enum16_starting_comma ... ok
[INFO] [stdout] test types::column::factory::test::test_parse_enum16_extra_comma ... ok
[INFO] [stdout] test types::column::factory::test::test_parse_enum8 ... ok
[INFO] [stdout] test types::column::concat::test::test_find_chunk5 ... ok
[INFO] [stdout] test types::column::factory::test::test_parse_array_type ... ok
[INFO] [stdout] test types::column::factory::test::test_parse_enum16_no_ident ... ok
[INFO] [stdout] test types::column::factory::test::test_parse_enum8_empty ... ok
[INFO] [stdout] test types::column::date::test::test_create_date ... ok
[INFO] [stdout] test types::column::factory::test::test_parse_enum16_empty_id ... ok
[INFO] [stdout] test types::column::factory::test::test_parse_enum16_empty ... ok
[INFO] [stdout] test types::column::date::test::test_create_date_time ... ok
[INFO] [stdout] test types::column::factory::test::test_parse_enum16_special_chars ... ok
[INFO] [stdout] test types::column::factory::test::test_parse_enum8_no_ident ... ok
[INFO] [stdout] test types::column::factory::test::test_parse_enum8_no_value ... ok
[INFO] [stdout] test types::column::factory::test::test_parse_enum8_empty_id ... ok
[INFO] [stdout] test types::column::factory::test::test_parse_enum8_single ... ok
[INFO] [stdout] test types::column::factory::test::test_parse_enum8_single_empty_id ... ok
[INFO] [stdout] test types::column::factory::test::test_parse_enum8_starting_comma ... ok
[INFO] [stdout] test pool::test::test_many_connection ... FAILED
[INFO] [stdout] test types::column::factory::test::test_parse_simple_agg_fun ... ok
[INFO] [stdout] test types::column::map::test::test_double_iteration ... ok
[INFO] [stdout] test types::column::iter::test::test_map_iter ... ok
[INFO] [stdout] test types::column::factory::test::test_parse_map_type ... ok
[INFO] [stdout] test types::column::map::test::test_get_optional_map_cells ... ok
[INFO] [stdout] test types::column::factory::test::test_parse_enum8_extra_comma ... ok
[INFO] [stdout] test types::decimal::test::test_decimal2str ... ok
[INFO] [stdout] test types::decimal::test::set_scale2 ... ok
[INFO] [stdout] test types::decimal::test::test_eq ... ok
[INFO] [stdout] test types::decimal::test::test_from_f32 ... ok
[INFO] [stdout] test types::decimal::test::test_from_f64 ... ok
[INFO] [stdout] test types::decimal::test::test_internal32 ... ok
[INFO] [stdout] test types::decimal::test::test_internal64 ... ok
[INFO] [stdout] test types::column::string_pool::test::test_get ... ok
[INFO] [stdout] test types::column::list::test::test_push_and_get ... ok
[INFO] [stdout] test types::decimal::test::test_new ... ok
[INFO] [stdout] test types::column::map::test::test_write_and_read ... ok
[INFO] [stdout] test types::column::map::test::test_iteration_optional_maps ... ok
[INFO] [stdout] test types::column::map::test::test_iterate_map_with_optioanl_value ... ok
[INFO] [stdout] test types::column::map::test::test_iteration_included_map ... ok
[INFO] [stdout] test types::column::factory::test::test_parse_nullable_type ... ok
[INFO] [stdout] test types::decimal::test::test_scale ... ok
[INFO] [stdout] test types::column::map::test::test_iteration_simple_map ... ok
[INFO] [stdout] test types::from_sql::test::null_to_datetime ... ok
[INFO] [stdout] test types::column::iter::test::test_complex_iter ... ok
[INFO] [stdout] test types::decimal::test::set_scale1 ... ok
[INFO] [stdout] test types::marshal::test::test_bool ... ok
[INFO] [stdout] test types::marshal::test::test_f32 ... ok
[INFO] [stdout] test types::marshal::test::test_i32 ... ok
[INFO] [stdout] test types::marshal::test::test_i64 ... ok
[INFO] [stdout] test types::marshal::test::test_i16 ... ok
[INFO] [stdout] test types::marshal::test::test_f64 ... ok
[INFO] [stdout] test types::column::factory::test::test_parse_fixed_string ... ok
[INFO] [stdout] test types::marshal::test::test_u8 ... ok
[INFO] [stdout] test types::options::test::test_parse_duration ... ok
[INFO] [stdout] test types::options::test::test_parse_default ... ok
[INFO] [stdout] test types::marshal::test::test_u32 ... ok
[INFO] [stdout] test types::options::test::test_parse_encoded_creds ... ok
[INFO] [stdout] test types::column::string_pool::test::test_allocate ... ok
[INFO] [stdout] test types::options::test::test_parse_hosts ... ok
[INFO] [stdout] test types::from_sql::test::test_bad_convert ... ok
[INFO] [stdout] test types::from_sql::test::test_u8 ... ok
[INFO] [stdout] test types::marshal::test::test_u16 ... ok
[INFO] [stdout] test types::column::list::test::test_push_and_len ... ok
[INFO] [stdout] test types::marshal::test::test_u64 ... ok
[INFO] [stdout] test types::decimal::test::test_display ... ok
[INFO] [stdout] test types::options::test::test_parse_compression ... ok
[INFO] [stdout] test types::options::test::test_parse_opt_duration ... ok
[INFO] [stdout] test types::options::test::test_parse_options ... ok
[INFO] [stdout] test types::options::test::test_parse_with_unknown_setting ... ok
[INFO] [stdout] test types::test_display ... ok
[INFO] [stdout] test types::test_to_string ... ok
[INFO] [stdout] test types::value::test::test_boolean ... ok
[INFO] [stdout] test types::options::test::test_with_setting ... ok
[INFO] [stdout] test types::marshal::test::test_i8 ... ok
[INFO] [stdout] test types::value::test::test_display ... ok
[INFO] [stdout] test types::value::test::test_f32 ... ok
[INFO] [stdout] test types::value::test::test_f64 ... ok
[INFO] [stdout] test types::value::test::test_from_u32 ... ok
[INFO] [stdout] test types::value::test::test_from_date ... ok
[INFO] [stdout] test types::value::test::test_i16 ... ok
[INFO] [stdout] test types::value::test::test_from_datetime_utc ... ok
[INFO] [stdout] test types::value::test::test_i32 ... ok
[INFO] [stdout] test types::value::test::test_i8 ... ok
[INFO] [stdout] test types::value::test::test_into_string ... ok
[INFO] [stdout] test types::value::test::test_into_vec ... ok
[INFO] [stdout] test types::value::test::test_i64 ... ok
[INFO] [stdout] test types::value::test::test_size_of ... ok
[INFO] [stdout] test types::value::test::test_string_from ... ok
[INFO] [stdout] test types::value::test::test_u8 ... ok
[INFO] [stdout] test types::value::test::test_string ... ok
[INFO] [stdout] test types::value::test::test_u64 ... ok
[INFO] [stdout] test types::value::test::test_ipv4 ... ok
[INFO] [stdout] test types::value::test::test_u32 ... ok
[INFO] [stdout] test types::value_ref::test::test_size_of ... ok
[INFO] [stdout] test types::value::test::test_u16 ... ok
[INFO] [stdout] test types::value_ref::test::test_display ... ok
[INFO] [stdout] test types::value_ref::test::test_get_sql_type ... ok
[INFO] [stdout] test types::value::test::test_from_some ... ok
[INFO] [stdout] test types::value::test::test_default_fixed_str ... ok
[INFO] [stdout] test types::value::test::test_value_array_from ... ok
[INFO] [stdout] test types::value::test::test_uuid ... ok
[INFO] [stdout] test types::value_ref::test::test_uuid ... ok
[INFO] [stdout] test types::value_ref::test::test_value_from_ref ... ok
[INFO] [stdout] test types::options::test::test_parse_invalid_url - should panic ... ok
[INFO] [stdout] test types::options::test::test_parse_with_multi_databases - should panic ... ok
[INFO] [stdout] 
[INFO] [stdout] failures:
[INFO] [stdout] 
[INFO] [stdout] ---- pool::test::test_wrong_execute stdout ----
[INFO] [stdout] Error: Connection(IoError(Os { code: 111, kind: ConnectionRefused, message: "Connection refused" }))
[INFO] [stdout] 
[INFO] [stdout] ---- pool::test::test_connect stdout ----
[INFO] [stdout] Error: Connection(IoError(Os { code: 111, kind: ConnectionRefused, message: "Connection refused" }))
[INFO] [stdout] 
[INFO] [stdout] ---- pool::test::test_detach stdout ----
[INFO] [stdout] Error: Connection(IoError(Os { code: 111, kind: ConnectionRefused, message: "Connection refused" }))
[INFO] [stdout] 
[INFO] [stdout] ---- pool::test::test_wrong_insert stdout ----
[INFO] [stdout] Error: Connection(IoError(Os { code: 111, kind: ConnectionRefused, message: "Connection refused" }))
[INFO] [stdout] 
[INFO] [stdout] ---- pool::test::test_many_connection stdout ----
[INFO] [stdout] Error: Connection(IoError(Os { code: 111, kind: ConnectionRefused, message: "Connection refused" }))
[INFO] [stdout] 
[INFO] [stdout] 
[INFO] [stdout] failures:
[INFO] [stdout]     pool::test::test_connect
[INFO] [stdout]     pool::test::test_detach
[INFO] [stdout]     pool::test::test_many_connection
[INFO] [stdout]     pool::test::test_wrong_execute
[INFO] [stdout]     pool::test::test_wrong_insert
[INFO] [stdout] 
[INFO] [stdout] test result: FAILED. 143 passed; 5 failed; 0 ignored; 0 measured; 0 filtered out; finished in 0.17s
[INFO] [stdout] 
[INFO] [stderr] error: test failed, to rerun pass `--lib`
[INFO] running `Command { std: "docker" "inspect" "a5768752dd9f53d186fb8d6b9129fec9b9fefaf6ec585f10148be40d6cb8377d", kill_on_drop: false }`
[INFO] running `Command { std: "docker" "rm" "-f" "a5768752dd9f53d186fb8d6b9129fec9b9fefaf6ec585f10148be40d6cb8377d", kill_on_drop: false }`
[INFO] [stdout] a5768752dd9f53d186fb8d6b9129fec9b9fefaf6ec585f10148be40d6cb8377d
