[INFO] fetching crate clickhouse-rs-async 1.1.0-alpha-async.1...
[INFO] testing clickhouse-rs-async-1.1.0-alpha-async.1 against 1.83.0 for beta-1.84.0-4-retry
[INFO] extracting crate clickhouse-rs-async 1.1.0-alpha-async.1 into /workspace/builds/worker-4-tc1/source
[INFO] validating manifest of crates.io crate clickhouse-rs-async 1.1.0-alpha-async.1 on toolchain 1.83.0
[INFO] running `Command { std: CARGO_HOME="/workspace/cargo-home" RUSTUP_HOME="/workspace/rustup-home" "/workspace/cargo-home/bin/cargo" "+1.83.0" "metadata" "--manifest-path" "Cargo.toml" "--no-deps", kill_on_drop: false }`
[INFO] started tweaking crates.io crate clickhouse-rs-async 1.1.0-alpha-async.1
[INFO] finished tweaking crates.io crate clickhouse-rs-async 1.1.0-alpha-async.1
[INFO] tweaked toml for crates.io crate clickhouse-rs-async 1.1.0-alpha-async.1 written to /workspace/builds/worker-4-tc1/source/Cargo.toml
[INFO] crate crates.io crate clickhouse-rs-async 1.1.0-alpha-async.1 already has a lockfile, it will not be regenerated
[INFO] running `Command { std: CARGO_HOME="/workspace/cargo-home" RUSTUP_HOME="/workspace/rustup-home" "/workspace/cargo-home/bin/cargo" "+1.83.0" "fetch" "--manifest-path" "Cargo.toml", kill_on_drop: false }`
[INFO] [stderr]     Updating crates.io index
[INFO] [stderr]  Downloading crates ...
[INFO] [stderr]   Downloaded clickhouse-rs-cityhash-sys v0.1.2
[INFO] running `Command { std: "docker" "create" "-v" "/var/lib/crater-agent-workspace/builds/worker-4-tc1/target:/opt/rustwide/target:rw,Z" "-v" "/var/lib/crater-agent-workspace/builds/worker-4-tc1/source:/opt/rustwide/workdir:ro,Z" "-v" "/var/lib/crater-agent-workspace/cargo-home:/opt/rustwide/cargo-home:ro,Z" "-v" "/var/lib/crater-agent-workspace/rustup-home:/opt/rustwide/rustup-home:ro,Z" "-e" "SOURCE_DIR=/opt/rustwide/workdir" "-e" "CARGO_TARGET_DIR=/opt/rustwide/target" "-e" "CARGO_HOME=/opt/rustwide/cargo-home" "-e" "RUSTUP_HOME=/opt/rustwide/rustup-home" "-w" "/opt/rustwide/workdir" "-m" "1610612736" "--user" "0:0" "--network" "none" "ghcr.io/rust-lang/crates-build-env/linux@sha256:f3a9d4ad9d972b27faf3965f35b62e55ba32bbce8f20bc8fe909558a86702fde" "/opt/rustwide/cargo-home/bin/cargo" "+1.83.0" "metadata" "--no-deps" "--format-version=1", kill_on_drop: false }`
[INFO] [stdout] b1e68eaeaf8d3dac25029477fc86f9406a7378ee8531396ad49d703487e49088
[INFO] running `Command { std: "docker" "start" "-a" "b1e68eaeaf8d3dac25029477fc86f9406a7378ee8531396ad49d703487e49088", kill_on_drop: false }`
[INFO] running `Command { std: "docker" "inspect" "b1e68eaeaf8d3dac25029477fc86f9406a7378ee8531396ad49d703487e49088", kill_on_drop: false }`
[INFO] running `Command { std: "docker" "rm" "-f" "b1e68eaeaf8d3dac25029477fc86f9406a7378ee8531396ad49d703487e49088", kill_on_drop: false }`
[INFO] [stdout] b1e68eaeaf8d3dac25029477fc86f9406a7378ee8531396ad49d703487e49088
[INFO] running `Command { std: "docker" "create" "-v" "/var/lib/crater-agent-workspace/builds/worker-4-tc1/target:/opt/rustwide/target:rw,Z" "-v" "/var/lib/crater-agent-workspace/builds/worker-4-tc1/source:/opt/rustwide/workdir:ro,Z" "-v" "/var/lib/crater-agent-workspace/cargo-home:/opt/rustwide/cargo-home:ro,Z" "-v" "/var/lib/crater-agent-workspace/rustup-home:/opt/rustwide/rustup-home:ro,Z" "-e" "SOURCE_DIR=/opt/rustwide/workdir" "-e" "CARGO_TARGET_DIR=/opt/rustwide/target" "-e" "CARGO_INCREMENTAL=0" "-e" "RUST_BACKTRACE=full" "-e" "RUSTFLAGS=--cap-lints=warn" "-e" "RUSTDOCFLAGS=--cap-lints=warn" "-e" "CARGO_HOME=/opt/rustwide/cargo-home" "-e" "RUSTUP_HOME=/opt/rustwide/rustup-home" "-w" "/opt/rustwide/workdir" "-m" "1610612736" "--user" "0:0" "--network" "none" "ghcr.io/rust-lang/crates-build-env/linux@sha256:f3a9d4ad9d972b27faf3965f35b62e55ba32bbce8f20bc8fe909558a86702fde" "/opt/rustwide/cargo-home/bin/cargo" "+1.83.0" "build" "--frozen" "--message-format=json", kill_on_drop: false }`
[INFO] [stdout] ad331963064c4a8beb0d1d4de5b41af63e37b70a9cf85fef7320731351dc219e
[INFO] running `Command { std: "docker" "start" "-a" "ad331963064c4a8beb0d1d4de5b41af63e37b70a9cf85fef7320731351dc219e", kill_on_drop: false }`
[INFO] [stderr]    Compiling proc-macro2 v1.0.89
[INFO] [stderr]    Compiling unicode-ident v1.0.13
[INFO] [stderr]    Compiling stable_deref_trait v1.2.0
[INFO] [stderr]    Compiling siphasher v0.3.11
[INFO] [stderr]    Compiling autocfg v1.4.0
[INFO] [stderr]    Compiling writeable v0.5.5
[INFO] [stderr]    Compiling shlex v1.3.0
[INFO] [stderr]    Compiling libc v0.2.161
[INFO] [stderr]    Compiling litemap v0.7.3
[INFO] [stderr]    Compiling rand_core v0.6.4
[INFO] [stderr]    Compiling crossbeam-utils v0.8.20
[INFO] [stderr]    Compiling regex-syntax v0.8.5
[INFO] [stderr]    Compiling icu_locid_transform_data v1.5.0
[INFO] [stderr]    Compiling icu_properties_data v1.5.0
[INFO] [stderr]    Compiling icu_normalizer_data v1.5.0
[INFO] [stderr]    Compiling write16 v1.0.0
[INFO] [stderr]    Compiling phf_shared v0.11.2
[INFO] [stderr]    Compiling utf8_iter v1.0.4
[INFO] [stderr]    Compiling smallvec v1.13.2
[INFO] [stderr]    Compiling utf16_iter v1.0.5
[INFO] [stderr]    Compiling rand v0.8.5
[INFO] [stderr]    Compiling serde v1.0.214
[INFO] [stderr]    Compiling cc v1.1.36
[INFO] [stderr]    Compiling bytes v1.8.0
[INFO] [stderr]    Compiling percent-encoding v2.3.1
[INFO] [stderr]    Compiling thiserror v1.0.68
[INFO] [stderr]    Compiling pin-project-lite v0.2.15
[INFO] [stderr]    Compiling phf v0.11.2
[INFO] [stderr]    Compiling pin-utils v0.1.0
[INFO] [stderr]    Compiling futures-task v0.3.31
[INFO] [stderr]    Compiling futures-core v0.3.31
[INFO] [stderr]    Compiling futures-sink v0.3.31
[INFO] [stderr]    Compiling form_urlencoded v1.2.1
[INFO] [stderr]    Compiling match_cfg v0.1.0
[INFO] [stderr]    Compiling memchr v2.7.4
[INFO] [stderr]    Compiling uuid v1.11.0
[INFO] [stderr]    Compiling byteorder v1.5.0
[INFO] [stderr]    Compiling lazy_static v1.5.0
[INFO] [stderr]    Compiling either v1.13.0
[INFO] [stderr]    Compiling num-traits v0.2.19
[INFO] [stderr]    Compiling slab v0.4.9
[INFO] [stderr]    Compiling cfg-if v1.0.0
[INFO] [stderr]    Compiling phf_generator v0.11.2
[INFO] [stderr]    Compiling crossbeam-epoch v0.9.18
[INFO] [stderr]    Compiling crossbeam-channel v0.5.13
[INFO] [stderr]    Compiling crossbeam-queue v0.3.11
[INFO] [stderr]    Compiling phf_codegen v0.11.2
[INFO] [stderr]    Compiling combine v4.6.7
[INFO] [stderr]    Compiling crossbeam-deque v0.8.5
[INFO] [stderr]    Compiling mio v1.0.2
[INFO] [stderr]    Compiling socket2 v0.5.7
[INFO] [stderr]    Compiling hostname v0.3.1
[INFO] [stderr]    Compiling crossbeam v0.8.4
[INFO] [stderr]    Compiling quote v1.0.37
[INFO] [stderr]    Compiling regex-automata v0.4.8
[INFO] [stderr]    Compiling tokio v1.41.0
[INFO] [stderr]    Compiling lz4-sys v1.11.1+lz4-1.10.0
[INFO] [stderr]    Compiling clickhouse-rs-cityhash-sys v0.1.2
[INFO] [stderr]    Compiling syn v2.0.87
[INFO] [stderr]    Compiling chrono v0.4.38
[INFO] [stderr]    Compiling log v0.4.22
[INFO] [stderr]    Compiling regex v1.11.1
[INFO] [stderr]    Compiling parse-zoneinfo v0.3.1
[INFO] [stderr]    Compiling chrono-tz-build v0.2.1
[INFO] [stderr]    Compiling chrono-tz v0.8.6
[INFO] [stderr]    Compiling synstructure v0.13.1
[INFO] [stderr]    Compiling zerofrom-derive v0.1.4
[INFO] [stderr]    Compiling yoke-derive v0.7.4
[INFO] [stderr]    Compiling zerovec-derive v0.10.3
[INFO] [stderr]    Compiling displaydoc v0.2.5
[INFO] [stderr]    Compiling icu_provider_macros v1.5.0
[INFO] [stderr]    Compiling thiserror-impl v1.0.68
[INFO] [stderr]    Compiling futures-macro v0.3.31
[INFO] [stderr]    Compiling pin-project-internal v1.1.7
[INFO] [stderr]    Compiling futures-util v0.3.31
[INFO] [stderr]    Compiling pin-project v1.1.7
[INFO] [stderr]    Compiling zerofrom v0.1.4
[INFO] [stderr]    Compiling yoke v0.7.4
[INFO] [stderr]    Compiling zerovec v0.10.4
[INFO] [stderr]    Compiling tinystr v0.7.6
[INFO] [stderr]    Compiling icu_collections v1.5.0
[INFO] [stderr]    Compiling icu_locid v1.5.0
[INFO] [stderr]    Compiling icu_provider v1.5.0
[INFO] [stderr]    Compiling icu_locid_transform v1.5.0
[INFO] [stderr]    Compiling icu_properties v1.5.1
[INFO] [stderr]    Compiling icu_normalizer v1.5.0
[INFO] [stderr]    Compiling idna_adapter v1.2.0
[INFO] [stderr]    Compiling idna v1.0.3
[INFO] [stderr]    Compiling url v2.5.3
[INFO] [stderr]    Compiling lz4 v1.28.0
[INFO] [stderr]    Compiling clickhouse-rs-async v1.1.0-alpha-async.1 (/opt/rustwide/workdir)
[INFO] [stdout] warning: elided lifetime has a name
[INFO] [stdout]   --> src/binary/parser.rs:28:68
[INFO] [stdout]    |
[INFO] [stdout] 23 | impl<'i, T: Read> Parser<'i, T> {
[INFO] [stdout]    |      -- lifetime `'i` declared here
[INFO] [stdout] ...
[INFO] [stdout] 28 |     pub(crate) fn new(reader: T, info: &'i TransportInfo) -> Parser<T> {
[INFO] [stdout]    |                                                                    ^ this elided lifetime gets resolved as `'i`
[INFO] [stdout]    |
[INFO] [stdout]    = note: `#[warn(elided_named_lifetimes)]` on by default
[INFO] [stdout] 
[INFO] [stdout] 
[INFO] [stdout] warning: struct `DummyTlsVerifier` is never constructed
[INFO] [stdout]    --> src/connecting_stream.rs:129:8
[INFO] [stdout]     |
[INFO] [stdout] 129 | struct DummyTlsVerifier;
[INFO] [stdout]     |        ^^^^^^^^^^^^^^^^
[INFO] [stdout]     |
[INFO] [stdout]     = note: `#[warn(dead_code)]` on by default
[INFO] [stdout] 
[INFO] [stdout] 
[INFO] [stdout] warning: trait `ColumnDataExt` is never used
[INFO] [stdout]   --> src/types/column/column_data.rs:53:18
[INFO] [stdout]    |
[INFO] [stdout] 53 | pub(crate) trait ColumnDataExt {
[INFO] [stdout]    |                  ^^^^^^^^^^^^^
[INFO] [stdout] 
[INFO] [stdout] 
[INFO] [stdout] warning: trait `Sliceable` is never used
[INFO] [stdout]   --> src/types/block/mod.rs:45:11
[INFO] [stdout]    |
[INFO] [stdout] 45 | pub trait Sliceable {
[INFO] [stdout]    |           ^^^^^^^^^
[INFO] [stdout] 
[INFO] [stdout] 
[INFO] [stderr]     Finished `dev` profile [unoptimized + debuginfo] target(s) in 51.64s
[INFO] running `Command { std: "docker" "inspect" "ad331963064c4a8beb0d1d4de5b41af63e37b70a9cf85fef7320731351dc219e", kill_on_drop: false }`
[INFO] running `Command { std: "docker" "rm" "-f" "ad331963064c4a8beb0d1d4de5b41af63e37b70a9cf85fef7320731351dc219e", kill_on_drop: false }`
[INFO] [stdout] ad331963064c4a8beb0d1d4de5b41af63e37b70a9cf85fef7320731351dc219e
[INFO] running `Command { std: "docker" "create" "-v" "/var/lib/crater-agent-workspace/builds/worker-4-tc1/target:/opt/rustwide/target:rw,Z" "-v" "/var/lib/crater-agent-workspace/builds/worker-4-tc1/source:/opt/rustwide/workdir:ro,Z" "-v" "/var/lib/crater-agent-workspace/cargo-home:/opt/rustwide/cargo-home:ro,Z" "-v" "/var/lib/crater-agent-workspace/rustup-home:/opt/rustwide/rustup-home:ro,Z" "-e" "SOURCE_DIR=/opt/rustwide/workdir" "-e" "CARGO_TARGET_DIR=/opt/rustwide/target" "-e" "CARGO_INCREMENTAL=0" "-e" "RUST_BACKTRACE=full" "-e" "RUSTFLAGS=--cap-lints=warn" "-e" "RUSTDOCFLAGS=--cap-lints=warn" "-e" "CARGO_HOME=/opt/rustwide/cargo-home" "-e" "RUSTUP_HOME=/opt/rustwide/rustup-home" "-w" "/opt/rustwide/workdir" "-m" "1610612736" "--user" "0:0" "--network" "none" "ghcr.io/rust-lang/crates-build-env/linux@sha256:f3a9d4ad9d972b27faf3965f35b62e55ba32bbce8f20bc8fe909558a86702fde" "/opt/rustwide/cargo-home/bin/cargo" "+1.83.0" "test" "--frozen" "--no-run" "--message-format=json", kill_on_drop: false }`
[INFO] [stdout] 23cc1e13bb828e70829986fb28b3b69d76be0ffb70fa0e032c22954c7737a9d6
[INFO] running `Command { std: "docker" "start" "-a" "23cc1e13bb828e70829986fb28b3b69d76be0ffb70fa0e032c22954c7737a9d6", kill_on_drop: false }`
[INFO] [stderr]    Compiling zerocopy-derive v0.7.35
[INFO] [stderr]    Compiling getrandom v0.2.15
[INFO] [stderr]    Compiling aho-corasick v1.1.3
[INFO] [stderr]    Compiling regex-syntax v0.8.5
[INFO] [stderr]    Compiling tokio-macros v2.4.0
[INFO] [stderr]    Compiling is-terminal v0.4.13
[INFO] [stderr]    Compiling yansi v1.0.1
[INFO] [stderr]    Compiling humantime v2.1.0
[INFO] [stderr]    Compiling termcolor v1.4.1
[INFO] [stderr]    Compiling diff v0.1.13
[INFO] [stderr]    Compiling rand_core v0.6.4
[INFO] [stderr]    Compiling pretty_assertions v1.4.1
[INFO] [stderr]    Compiling tokio v1.41.0
[INFO] [stderr]    Compiling zerocopy v0.7.35
[INFO] [stderr]    Compiling regex-automata v0.4.8
[INFO] [stderr]    Compiling ppv-lite86 v0.2.20
[INFO] [stderr]    Compiling rand_chacha v0.3.1
[INFO] [stderr]    Compiling rand v0.8.5
[INFO] [stderr]    Compiling regex v1.11.1
[INFO] [stderr]    Compiling env_logger v0.10.2
[INFO] [stderr]    Compiling clickhouse-rs-async v1.1.0-alpha-async.1 (/opt/rustwide/workdir)
[INFO] [stdout] warning: elided lifetime has a name
[INFO] [stdout]   --> src/binary/parser.rs:28:68
[INFO] [stdout]    |
[INFO] [stdout] 23 | impl<'i, T: Read> Parser<'i, T> {
[INFO] [stdout]    |      -- lifetime `'i` declared here
[INFO] [stdout] ...
[INFO] [stdout] 28 |     pub(crate) fn new(reader: T, info: &'i TransportInfo) -> Parser<T> {
[INFO] [stdout]    |                                                                    ^ this elided lifetime gets resolved as `'i`
[INFO] [stdout]    |
[INFO] [stdout]    = note: `#[warn(elided_named_lifetimes)]` on by default
[INFO] [stdout] 
[INFO] [stdout] 
[INFO] [stdout] warning: elided lifetime has a name
[INFO] [stdout]   --> src/binary/parser.rs:28:68
[INFO] [stdout]    |
[INFO] [stdout] 23 | impl<'i, T: Read> Parser<'i, T> {
[INFO] [stdout]    |      -- lifetime `'i` declared here
[INFO] [stdout] ...
[INFO] [stdout] 28 |     pub(crate) fn new(reader: T, info: &'i TransportInfo) -> Parser<T> {
[INFO] [stdout]    |                                                                    ^ this elided lifetime gets resolved as `'i`
[INFO] [stdout]    |
[INFO] [stdout]    = note: `#[warn(elided_named_lifetimes)]` on by default
[INFO] [stdout] 
[INFO] [stdout] 
[INFO] [stdout] warning: struct `DummyTlsVerifier` is never constructed
[INFO] [stdout]    --> src/connecting_stream.rs:129:8
[INFO] [stdout]     |
[INFO] [stdout] 129 | struct DummyTlsVerifier;
[INFO] [stdout]     |        ^^^^^^^^^^^^^^^^
[INFO] [stdout]     |
[INFO] [stdout]     = note: `#[warn(dead_code)]` on by default
[INFO] [stdout] 
[INFO] [stdout] 
[INFO] [stdout] warning: trait `ColumnDataExt` is never used
[INFO] [stdout]   --> src/types/column/column_data.rs:53:18
[INFO] [stdout]    |
[INFO] [stdout] 53 | pub(crate) trait ColumnDataExt {
[INFO] [stdout]    |                  ^^^^^^^^^^^^^
[INFO] [stdout] 
[INFO] [stdout] 
[INFO] [stdout] warning: trait `Sliceable` is never used
[INFO] [stdout]   --> src/types/block/mod.rs:45:11
[INFO] [stdout]    |
[INFO] [stdout] 45 | pub trait Sliceable {
[INFO] [stdout]    |           ^^^^^^^^^
[INFO] [stdout] 
[INFO] [stdout] 
[INFO] [stdout] warning: struct `DummyTlsVerifier` is never constructed
[INFO] [stdout]    --> src/connecting_stream.rs:129:8
[INFO] [stdout]     |
[INFO] [stdout] 129 | struct DummyTlsVerifier;
[INFO] [stdout]     |        ^^^^^^^^^^^^^^^^
[INFO] [stdout]     |
[INFO] [stdout]     = note: `#[warn(dead_code)]` on by default
[INFO] [stdout] 
[INFO] [stdout] 
[INFO] [stdout] warning: trait `Sliceable` is never used
[INFO] [stdout]   --> src/types/block/mod.rs:45:11
[INFO] [stdout]    |
[INFO] [stdout] 45 | pub trait Sliceable {
[INFO] [stdout]    |           ^^^^^^^^^
[INFO] [stdout] 
[INFO] [stdout] 
[INFO] [stderr]     Finished `test` profile [unoptimized + debuginfo] target(s) in 23.97s
[INFO] running `Command { std: "docker" "inspect" "23cc1e13bb828e70829986fb28b3b69d76be0ffb70fa0e032c22954c7737a9d6", kill_on_drop: false }`
[INFO] running `Command { std: "docker" "rm" "-f" "23cc1e13bb828e70829986fb28b3b69d76be0ffb70fa0e032c22954c7737a9d6", kill_on_drop: false }`
[INFO] [stdout] 23cc1e13bb828e70829986fb28b3b69d76be0ffb70fa0e032c22954c7737a9d6
[INFO] running `Command { std: "docker" "create" "-v" "/var/lib/crater-agent-workspace/builds/worker-4-tc1/target:/opt/rustwide/target:rw,Z" "-v" "/var/lib/crater-agent-workspace/builds/worker-4-tc1/source:/opt/rustwide/workdir:ro,Z" "-v" "/var/lib/crater-agent-workspace/cargo-home:/opt/rustwide/cargo-home:ro,Z" "-v" "/var/lib/crater-agent-workspace/rustup-home:/opt/rustwide/rustup-home:ro,Z" "-e" "SOURCE_DIR=/opt/rustwide/workdir" "-e" "CARGO_TARGET_DIR=/opt/rustwide/target" "-e" "CARGO_INCREMENTAL=0" "-e" "RUST_BACKTRACE=full" "-e" "RUSTFLAGS=--cap-lints=warn" "-e" "RUSTDOCFLAGS=--cap-lints=warn" "-e" "CARGO_HOME=/opt/rustwide/cargo-home" "-e" "RUSTUP_HOME=/opt/rustwide/rustup-home" "-w" "/opt/rustwide/workdir" "-m" "1610612736" "--user" "0:0" "--network" "none" "ghcr.io/rust-lang/crates-build-env/linux@sha256:f3a9d4ad9d972b27faf3965f35b62e55ba32bbce8f20bc8fe909558a86702fde" "/opt/rustwide/cargo-home/bin/cargo" "+1.83.0" "test" "--frozen", kill_on_drop: false }`
[INFO] [stdout] 3de703658aeb427c60ed2c71dc1c1c4a39449b4d1b4d1e860e41c1a0ca23742a
[INFO] running `Command { std: "docker" "start" "-a" "3de703658aeb427c60ed2c71dc1c1c4a39449b4d1b4d1e860e41c1a0ca23742a", kill_on_drop: false }`
[INFO] [stderr] warning: elided lifetime has a name
[INFO] [stderr]   --> src/binary/parser.rs:28:68
[INFO] [stderr]    |
[INFO] [stderr] 23 | impl<'i, T: Read> Parser<'i, T> {
[INFO] [stderr]    |      -- lifetime `'i` declared here
[INFO] [stderr] ...
[INFO] [stderr] 28 |     pub(crate) fn new(reader: T, info: &'i TransportInfo) -> Parser<T> {
[INFO] [stderr]    |                                                                    ^ this elided lifetime gets resolved as `'i`
[INFO] [stderr]    |
[INFO] [stderr]    = note: `#[warn(elided_named_lifetimes)]` on by default
[INFO] [stderr] 
[INFO] [stderr] warning: struct `DummyTlsVerifier` is never constructed
[INFO] [stderr]    --> src/connecting_stream.rs:129:8
[INFO] [stderr]     |
[INFO] [stderr] 129 | struct DummyTlsVerifier;
[INFO] [stderr]     |        ^^^^^^^^^^^^^^^^
[INFO] [stderr]     |
[INFO] [stderr]     = note: `#[warn(dead_code)]` on by default
[INFO] [stderr] 
[INFO] [stderr] warning: trait `ColumnDataExt` is never used
[INFO] [stderr]   --> src/types/column/column_data.rs:53:18
[INFO] [stderr]    |
[INFO] [stderr] 53 | pub(crate) trait ColumnDataExt {
[INFO] [stderr]    |                  ^^^^^^^^^^^^^
[INFO] [stderr] 
[INFO] [stderr] warning: trait `Sliceable` is never used
[INFO] [stderr]   --> src/types/block/mod.rs:45:11
[INFO] [stderr]    |
[INFO] [stderr] 45 | pub trait Sliceable {
[INFO] [stderr]    |           ^^^^^^^^^
[INFO] [stderr] 
[INFO] [stderr] warning: `clickhouse-rs-async` (lib) generated 4 warnings
[INFO] [stderr] warning: `clickhouse-rs-async` (lib test) generated 3 warnings (3 duplicates)
[INFO] [stderr]     Finished `test` profile [unoptimized + debuginfo] target(s) in 0.16s
[INFO] [stderr]      Running unittests src/lib.rs (/opt/rustwide/target/debug/deps/clickhouse_rs_async-8ddd182509ed8893)
[INFO] [stdout] 
[INFO] [stdout] running 151 tests
[INFO] [stdout] test client_info::test_description ... ok
[INFO] [stdout] test errors::tests::to_std_error_without_recursion ... ok
[INFO] [stdout] test errors::tests::to_io_error_without_recursion ... ok
[INFO] [stdout] test binary::uvarint::test::test_put_uvarint ... ok
[INFO] [stdout] test pool::test::test_get_addr ... ok
[INFO] [stdout] test types::block::builder::test::test_push_row ... ok
[INFO] [stdout] test types::block::test::test_concat ... ok
[INFO] [stdout] test types::block::test::test_column_and_rows ... ok
[INFO] [stdout] test types::block::block_info::test::test_read_write_blockinfo ... ok
[INFO] [stdout] test test_misc::test_column_name_to_string ... ok
[INFO] [stdout] test types::block::test::test_empty ... ok
[INFO] [stdout] test types::block::test::test_decompress_block ... ok
[INFO] [stdout] test types::block::test::test_insert_str_array ... ok
[INFO] [stdout] test types::block::test::test_compress_block ... ok
[INFO] [stdout] test binary::read_ex::test_read_uvarint ... ok
[INFO] [stdout] test types::block::test::test_chunks_of_empty_block ... ok
[INFO] [stdout] test types::block::test::test_read_empty_block ... ok
[INFO] [stdout] test types::block::test::test_rows ... ok
[INFO] [stdout] test types::block::test::test_write_default ... ok
[INFO] [stdout] test types::column::concat::test::test_build_index ... ok
[INFO] [stdout] test types::block::test::test_write_and_read ... ok
[INFO] [stdout] test types::column::array::test::test_write_and_read ... ok
[INFO] [stdout] test types::column::concat::test::test_concat_num_column ... ok
[INFO] [stdout] test types::column::concat::test::test_concat_column ... ok
[INFO] [stdout] test types::column::concat::test::test_find_chunk2 ... ok
[INFO] [stdout] test types::block::test::test_chunks ... ok
[INFO] [stdout] test pool::test::test_connect ... FAILED
[INFO] [stdout] test pool::test::test_wrong_execute ... FAILED
[INFO] [stdout] test pool::test::test_wrong_insert ... FAILED
[INFO] [stdout] test types::block::compressed::test::test_decompress ... ok
[INFO] [stdout] test types::column::factory::test::test_parse_date_time64 ... ok
[INFO] [stdout] test types::column::concat::test::test_find_chunk5 ... ok
[INFO] [stdout] test types::column::date::test::test_create_date_time ... ok
[INFO] [stdout] test types::column::datetime64::test::test_from_datetime ... ok
[INFO] [stdout] test types::column::datetime64::test::test_to_datetime ... ok
[INFO] [stdout] test types::column::date::test::test_create_date ... ok
[INFO] [stdout] test types::column::factory::test::test_parse_array_type ... ok
[INFO] [stdout] test pool::test::test_detach ... FAILED
[INFO] [stdout] test types::column::factory::test::test_parse_date_time ... ok
[INFO] [stdout] test types::column::factory::test::test_parse_date_time64_without_timezone ... ok
[INFO] [stdout] test types::column::factory::test::test_parse_decimal ... ok
[INFO] [stdout] test types::column::factory::test::test_parse_enum16 ... ok
[INFO] [stdout] test types::column::factory::test::test_parse_enum16_empty ... ok
[INFO] [stdout] test types::column::factory::test::test_parse_enum16_empty_id ... ok
[INFO] [stdout] test types::column::factory::test::test_parse_enum16_extra_comma ... ok
[INFO] [stdout] test types::column::factory::test::test_parse_enum16_no_value ... ok
[INFO] [stdout] test types::column::factory::test::test_parse_enum16_single_empty_id ... ok
[INFO] [stdout] test types::column::factory::test::test_parse_enum16_starting_comma ... ok
[INFO] [stdout] test types::column::factory::test::test_parse_enum8 ... ok
[INFO] [stdout] test types::column::factory::test::test_parse_enum8_empty ... ok
[INFO] [stdout] test types::column::factory::test::test_parse_enum8_empty_id ... ok
[INFO] [stdout] test types::column::factory::test::test_parse_enum8_extra_comma ... ok
[INFO] [stdout] test types::column::factory::test::test_parse_date_time_without_timezone ... ok
[INFO] [stdout] test types::column::factory::test::test_parse_enum8_no_value ... ok
[INFO] [stdout] test types::column::factory::test::test_parse_enum16_no_ident ... ok
[INFO] [stdout] test types::column::factory::test::test_parse_enum16_single ... ok
[INFO] [stdout] test types::column::factory::test::test_parse_enum8_single ... ok
[INFO] [stdout] test types::column::factory::test::test_parse_enum8_starting_comma ... ok
[INFO] [stdout] test types::column::factory::test::test_parse_enum16_special_chars ... ok
[INFO] [stdout] test types::column::factory::test::test_parse_fixed_string ... ok
[INFO] [stdout] test types::column::factory::test::test_parse_low_cardinality ... ok
[INFO] [stdout] test types::column::factory::test::test_parse_enum8_single_empty_id ... ok
[INFO] [stdout] test types::column::factory::test::test_parse_map_type ... ok
[INFO] [stdout] test types::column::factory::test::test_parse_simple_agg_fun ... ok
[INFO] [stdout] test types::column::factory::test::test_parse_nullable_type ... ok
[INFO] [stdout] test types::column::iter::test::test_complex_iter ... ok
[INFO] [stdout] test types::column::iter::test::test_map_iter ... ok
[INFO] [stdout] test types::column::concat::test::test_find_chunk ... ok
[INFO] [stdout] test types::column::map::test::test_get_optional_map_cells ... ok
[INFO] [stdout] test types::column::map::test::test_iterate_map_with_optioanl_value ... ok
[INFO] [stdout] test types::column::map::test::test_iteration_included_map ... ok
[INFO] [stdout] test types::column::string_pool::test::test_get ... ok
[INFO] [stdout] test types::decimal::test::test_from_f64 ... ok
[INFO] [stdout] test types::column::map::test::test_iteration_optional_maps ... ok
[INFO] [stdout] test types::decimal::test::test_internal32 ... ok
[INFO] [stdout] test types::column::map::test::test_write_and_read ... ok
[INFO] [stdout] test types::column::factory::test::test_parse_enum8_no_ident ... ok
[INFO] [stdout] test types::decimal::test::set_scale1 ... ok
[INFO] [stdout] test types::decimal::test::test_eq ... ok
[INFO] [stdout] test types::decimal::test::test_from_f32 ... ok
[INFO] [stdout] test types::decimal::test::test_internal64 ... ok
[INFO] [stdout] test types::decimal::test::test_scale ... ok
[INFO] [stdout] test types::decimal::test::test_display ... ok
[INFO] [stdout] test types::column::map::test::test_iteration_simple_map ... ok
[INFO] [stdout] test pool::test::test_many_connection ... FAILED
[INFO] [stdout] test types::column::list::test::test_push_and_len ... ok
[INFO] [stdout] test types::decimal::test::set_scale2 ... ok
[INFO] [stdout] test types::decimal::test::test_new ... ok
[INFO] [stdout] test types::from_sql::test::null_to_datetime ... ok
[INFO] [stdout] test types::column::map::test::test_double_iteration ... ok
[INFO] [stdout] test types::marshal::test::test_f32 ... ok
[INFO] [stdout] test types::column::string_pool::test::test_allocate ... ok
[INFO] [stdout] test types::marshal::test::test_i128 ... ok
[INFO] [stdout] test types::decimal::test::test_decimal2str ... ok
[INFO] [stdout] test types::marshal::test::test_i16 ... ok
[INFO] [stdout] test types::column::list::test::test_push_and_get ... ok
[INFO] [stdout] test types::marshal::test::test_i32 ... ok
[INFO] [stdout] test types::marshal::test::test_i64 ... ok
[INFO] [stdout] test types::marshal::test::test_i8 ... ok
[INFO] [stdout] test types::marshal::test::test_u128 ... ok
[INFO] [stdout] test types::marshal::test::test_u16 ... ok
[INFO] [stdout] test types::marshal::test::test_u32 ... ok
[INFO] [stdout] test types::from_sql::test::test_bad_convert ... ok
[INFO] [stdout] test types::from_sql::test::test_u8 ... ok
[INFO] [stdout] test types::marshal::test::test_f64 ... ok
[INFO] [stdout] test types::marshal::test::test_bool ... ok
[INFO] [stdout] test types::marshal::test::test_u8 ... ok
[INFO] [stdout] test types::marshal::test::test_u64 ... ok
[INFO] [stdout] test types::options::test::test_parse_compression ... ok
[INFO] [stdout] test types::options::test::test_parse_default ... ok
[INFO] [stdout] test types::options::test::test_parse_hosts ... ok
[INFO] [stdout] test types::options::test::test_parse_opt_duration ... ok
[INFO] [stdout] test types::value::test::test_f32 ... ok
[INFO] [stdout] test types::value::test::test_f64 ... ok
[INFO] [stdout] test types::value::test::test_from_date ... ok
[INFO] [stdout] test types::options::test::test_parse_options ... ok
[INFO] [stdout] test types::options::test::test_parse_encoded_creds ... ok
[INFO] [stdout] test types::value::test::test_from_datetime_utc ... ok
[INFO] [stdout] test types::options::test::test_parse_with_unknown_setting ... ok
[INFO] [stdout] test types::value::test::test_boolean ... ok
[INFO] [stdout] test types::options::test::test_with_setting ... ok
[INFO] [stdout] test types::test_to_string ... ok
[INFO] [stdout] test types::options::test::test_parse_duration ... ok
[INFO] [stdout] test types::value::test::test_default_fixed_str ... ok
[INFO] [stdout] test types::value::test::test_into_string ... ok
[INFO] [stdout] test types::value::test::test_display ... ok
[INFO] [stdout] test types::test_display ... ok
[INFO] [stdout] test types::value::test::test_ipv4 ... ok
[INFO] [stdout] test types::value::test::test_i8 ... ok
[INFO] [stdout] test types::value::test::test_i64 ... ok
[INFO] [stdout] test types::value::test::test_from_some ... ok
[INFO] [stdout] test types::value::test::test_from_u32 ... ok
[INFO] [stdout] test types::value::test::test_string_from ... ok
[INFO] [stdout] test types::value::test::test_i32 ... ok
[INFO] [stdout] test types::value::test::test_u16 ... ok
[INFO] [stdout] test types::value::test::test_i16 ... ok
[INFO] [stdout] test types::value::test::test_string ... ok
[INFO] [stdout] test types::value::test::test_into_vec ... ok
[INFO] [stdout] test types::value::test::test_u32 ... ok
[INFO] [stdout] test types::value::test::test_u64 ... ok
[INFO] [stdout] test types::value::test::test_u8 ... ok
[INFO] [stdout] test types::value::test::test_uuid ... ok
[INFO] [stdout] test types::value_ref::test::test_display ... ok
[INFO] [stdout] test types::value_ref::test::test_get_sql_type ... ok
[INFO] [stdout] test types::value_ref::test::test_size_of ... ok
[INFO] [stdout] test types::value::test::test_value_array_from ... ok
[INFO] [stdout] test types::value_ref::test::test_uuid ... ok
[INFO] [stdout] test types::value_ref::test::test_value_from_ref ... ok
[INFO] [stdout] test types::options::test::test_parse_invalid_url - should panic ... ok
[INFO] [stdout] test types::options::test::test_parse_with_multi_databases - should panic ... ok
[INFO] [stdout] test types::value::test::test_size_of ... FAILED
[INFO] [stdout] 
[INFO] [stdout] failures:
[INFO] [stdout] 
[INFO] [stdout] ---- pool::test::test_connect stdout ----
[INFO] [stdout] Error: Connection(IoError(Os { code: 111, kind: ConnectionRefused, message: "Connection refused" }))
[INFO] [stdout] 
[INFO] [stdout] ---- pool::test::test_wrong_execute stdout ----
[INFO] [stdout] Error: Connection(IoError(Os { code: 111, kind: ConnectionRefused, message: "Connection refused" }))
[INFO] [stdout] 
[INFO] [stdout] ---- pool::test::test_wrong_insert stdout ----
[INFO] [stdout] Error: Connection(IoError(Os { code: 111, kind: ConnectionRefused, message: "Connection refused" }))
[INFO] [stdout] 
[INFO] [stdout] ---- pool::test::test_detach stdout ----
[INFO] [stdout] Error: Connection(IoError(Os { code: 111, kind: ConnectionRefused, message: "Connection refused" }))
[INFO] [stdout] 
[INFO] [stdout] ---- pool::test::test_many_connection stdout ----
[INFO] [stdout] Error: Connection(IoError(Os { code: 111, kind: ConnectionRefused, message: "Connection refused" }))
[INFO] [stdout] 
[INFO] [stdout] ---- types::value::test::test_size_of stdout ----
[INFO] [stdout] thread 'types::value::test::test_size_of' panicked at src/types/value.rs:809:9:
[INFO] [stdout] assertion `left == right` failed
[INFO] [stdout]   left: 56
[INFO] [stdout]  right: 64
[INFO] [stdout] stack backtrace:
[INFO] [stdout]    0:     0x621a913a2c9a - std::backtrace_rs::backtrace::libunwind::trace::h5a5b8284f2d0c266
[INFO] [stdout]                                at /rustc/90b35a6239c3d8bdabc530a6a0816f7ff89a0aaf/library/std/src/../../backtrace/src/backtrace/libunwind.rs:116:5
[INFO] [stdout]    1:     0x621a913a2c9a - std::backtrace_rs::backtrace::trace_unsynchronized::h76d4f1c9b0b875e3
[INFO] [stdout]                                at /rustc/90b35a6239c3d8bdabc530a6a0816f7ff89a0aaf/library/std/src/../../backtrace/src/backtrace/mod.rs:66:5
[INFO] [stdout]    2:     0x621a913a2c9a - std::sys::backtrace::_print_fmt::hc4546b8364a537c6
[INFO] [stdout]                                at /rustc/90b35a6239c3d8bdabc530a6a0816f7ff89a0aaf/library/std/src/sys/backtrace.rs:66:9
[INFO] [stdout]    3:     0x621a913a2c9a - <std::sys::backtrace::BacktraceLock::print::DisplayBacktrace as core::fmt::Display>::fmt::h5b6bd5631a6d1f6b
[INFO] [stdout]                                at /rustc/90b35a6239c3d8bdabc530a6a0816f7ff89a0aaf/library/std/src/sys/backtrace.rs:39:26
[INFO] [stdout]    4:     0x621a913cb893 - core::fmt::rt::Argument::fmt::h270f6602a2b96f62
[INFO] [stdout]                                at /rustc/90b35a6239c3d8bdabc530a6a0816f7ff89a0aaf/library/core/src/fmt/rt.rs:177:76
[INFO] [stdout]    5:     0x621a913cb893 - core::fmt::write::h7550c97b06c86515
[INFO] [stdout]                                at /rustc/90b35a6239c3d8bdabc530a6a0816f7ff89a0aaf/library/core/src/fmt/mod.rs:1186:21
[INFO] [stdout]    6:     0x621a9139f663 - std::io::Write::write_fmt::h509ff860e5956e5e
[INFO] [stdout]                                at /rustc/90b35a6239c3d8bdabc530a6a0816f7ff89a0aaf/library/std/src/io/mod.rs:1839:15
[INFO] [stdout]    7:     0x621a913a2ae2 - std::sys::backtrace::BacktraceLock::print::h2395ccd2c84ba3aa
[INFO] [stdout]                                at /rustc/90b35a6239c3d8bdabc530a6a0816f7ff89a0aaf/library/std/src/sys/backtrace.rs:42:9
[INFO] [stdout]    8:     0x621a913a40fa - std::panicking::default_hook::{{closure}}::he19d4c7230e07961
[INFO] [stdout]                                at /rustc/90b35a6239c3d8bdabc530a6a0816f7ff89a0aaf/library/std/src/panicking.rs:268:22
[INFO] [stdout]    9:     0x621a913a3f04 - std::panicking::default_hook::hf614597d3c67bbdb
[INFO] [stdout]                                at /rustc/90b35a6239c3d8bdabc530a6a0816f7ff89a0aaf/library/std/src/panicking.rs:292:9
[INFO] [stdout]   10:     0x621a91208b59 - <alloc::boxed::Box<F,A> as core::ops::function::Fn<Args>>::call::h39b51ce4599c23d1
[INFO] [stdout]                                at /rustc/90b35a6239c3d8bdabc530a6a0816f7ff89a0aaf/library/alloc/src/boxed.rs:2468:9
[INFO] [stdout]   11:     0x621a91208b59 - test::test_main::{{closure}}::he977ae839a582784
[INFO] [stdout]                                at /rustc/90b35a6239c3d8bdabc530a6a0816f7ff89a0aaf/library/test/src/lib.rs:133:21
[INFO] [stdout]   12:     0x621a913a4798 - <alloc::boxed::Box<F,A> as core::ops::function::Fn<Args>>::call::h9455091b6b06f9fb
[INFO] [stdout]                                at /rustc/90b35a6239c3d8bdabc530a6a0816f7ff89a0aaf/library/alloc/src/boxed.rs:2468:9
[INFO] [stdout]   13:     0x621a913a4798 - std::panicking::rust_panic_with_hook::h8942133a8b252070
[INFO] [stdout]                                at /rustc/90b35a6239c3d8bdabc530a6a0816f7ff89a0aaf/library/std/src/panicking.rs:809:13
[INFO] [stdout]   14:     0x621a913a455a - std::panicking::begin_panic_handler::{{closure}}::hb5f5963570096b29
[INFO] [stdout]                                at /rustc/90b35a6239c3d8bdabc530a6a0816f7ff89a0aaf/library/std/src/panicking.rs:674:13
[INFO] [stdout]   15:     0x621a913a3179 - std::sys::backtrace::__rust_end_short_backtrace::h6208cedc1922feda
[INFO] [stdout]                                at /rustc/90b35a6239c3d8bdabc530a6a0816f7ff89a0aaf/library/std/src/sys/backtrace.rs:170:18
[INFO] [stdout]   16:     0x621a913a41ec - rust_begin_unwind
[INFO] [stdout]                                at /rustc/90b35a6239c3d8bdabc530a6a0816f7ff89a0aaf/library/std/src/panicking.rs:665:5
[INFO] [stdout]   17:     0x621a90fd5210 - core::panicking::panic_fmt::h0c3082644d1bf418
[INFO] [stdout]                                at /rustc/90b35a6239c3d8bdabc530a6a0816f7ff89a0aaf/library/core/src/panicking.rs:74:14
[INFO] [stdout]   18:     0x621a90fd5675 - core::panicking::assert_failed_inner::h2ddf1fcc067fa858
[INFO] [stdout]   19:     0x621a913425e5 - core::panicking::assert_failed::h53bc99473d223bca
[INFO] [stdout]                                at /rustc/90b35a6239c3d8bdabc530a6a0816f7ff89a0aaf/library/core/src/panicking.rs:367:5
[INFO] [stdout]   20:     0x621a910b1132 - clickhouse_rs_async::types::value::test::test_size_of::h90c520b0383ed7be
[INFO] [stdout]                                at /opt/rustwide/workdir/src/types/value.rs:809:9
[INFO] [stdout]   21:     0x621a910b10b7 - clickhouse_rs_async::types::value::test::test_size_of::{{closure}}::h73bed012c52cdecb
[INFO] [stdout]                                at /opt/rustwide/workdir/src/types/value.rs:807:22
[INFO] [stdout]   22:     0x621a91173f96 - core::ops::function::FnOnce::call_once::hdd5fb12ea0aa117e
[INFO] [stdout]                                at /rustc/90b35a6239c3d8bdabc530a6a0816f7ff89a0aaf/library/core/src/ops/function.rs:250:5
[INFO] [stdout]   23:     0x621a9120d51b - core::ops::function::FnOnce::call_once::h109cf8051a59b34e
[INFO] [stdout]                                at /rustc/90b35a6239c3d8bdabc530a6a0816f7ff89a0aaf/library/core/src/ops/function.rs:250:5
[INFO] [stdout]   24:     0x621a9120d51b - test::__rust_begin_short_backtrace::hf4fff89d377446ba
[INFO] [stdout]                                at /rustc/90b35a6239c3d8bdabc530a6a0816f7ff89a0aaf/library/test/src/lib.rs:621:18
[INFO] [stdout]   25:     0x621a9120cd57 - test::run_test_in_process::{{closure}}::h0e39181dd7ee5a43
[INFO] [stdout]                                at /rustc/90b35a6239c3d8bdabc530a6a0816f7ff89a0aaf/library/test/src/lib.rs:644:60
[INFO] [stdout]   26:     0x621a9120cd57 - <core::panic::unwind_safe::AssertUnwindSafe<F> as core::ops::function::FnOnce<()>>::call_once::hc5a66a30f0bdfd1f
[INFO] [stdout]                                at /rustc/90b35a6239c3d8bdabc530a6a0816f7ff89a0aaf/library/core/src/panic/unwind_safe.rs:272:9
[INFO] [stdout]   27:     0x621a9120cd57 - std::panicking::try::do_call::h873b7cf639554a5e
[INFO] [stdout]                                at /rustc/90b35a6239c3d8bdabc530a6a0816f7ff89a0aaf/library/std/src/panicking.rs:557:40
[INFO] [stdout]   28:     0x621a9120cd57 - std::panicking::try::hdb19862fad9c8bd1
[INFO] [stdout]                                at /rustc/90b35a6239c3d8bdabc530a6a0816f7ff89a0aaf/library/std/src/panicking.rs:520:19
[INFO] [stdout]   29:     0x621a9120cd57 - std::panic::catch_unwind::h281fe732d236d260
[INFO] [stdout]                                at /rustc/90b35a6239c3d8bdabc530a6a0816f7ff89a0aaf/library/std/src/panic.rs:358:14
[INFO] [stdout]   30:     0x621a9120cd57 - test::run_test_in_process::h949b6df8457ed338
[INFO] [stdout]                                at /rustc/90b35a6239c3d8bdabc530a6a0816f7ff89a0aaf/library/test/src/lib.rs:644:27
[INFO] [stdout]   31:     0x621a9120cd57 - test::run_test::{{closure}}::h52c556a6d4740e10
[INFO] [stdout]                                at /rustc/90b35a6239c3d8bdabc530a6a0816f7ff89a0aaf/library/test/src/lib.rs:565:43
[INFO] [stdout]   32:     0x621a911d2034 - test::run_test::{{closure}}::h4237f6381c45ccb9
[INFO] [stdout]                                at /rustc/90b35a6239c3d8bdabc530a6a0816f7ff89a0aaf/library/test/src/lib.rs:595:41
[INFO] [stdout]   33:     0x621a911d2034 - std::sys::backtrace::__rust_begin_short_backtrace::h505c97a579eca628
[INFO] [stdout]                                at /rustc/90b35a6239c3d8bdabc530a6a0816f7ff89a0aaf/library/std/src/sys/backtrace.rs:154:18
[INFO] [stdout]   34:     0x621a911d56fe - std::thread::Builder::spawn_unchecked_::{{closure}}::{{closure}}::h9e86b2e2bc107ea3
[INFO] [stdout]                                at /rustc/90b35a6239c3d8bdabc530a6a0816f7ff89a0aaf/library/std/src/thread/mod.rs:538:17
[INFO] [stdout]   35:     0x621a911d56fe - <core::panic::unwind_safe::AssertUnwindSafe<F> as core::ops::function::FnOnce<()>>::call_once::h8b06ddb275ff4a25
[INFO] [stdout]                                at /rustc/90b35a6239c3d8bdabc530a6a0816f7ff89a0aaf/library/core/src/panic/unwind_safe.rs:272:9
[INFO] [stdout]   36:     0x621a911d56fe - std::panicking::try::do_call::hb26ecd7cd9a9355d
[INFO] [stdout]                                at /rustc/90b35a6239c3d8bdabc530a6a0816f7ff89a0aaf/library/std/src/panicking.rs:557:40
[INFO] [stdout]   37:     0x621a911d56fe - std::panicking::try::h8ddeca9d705f9069
[INFO] [stdout]                                at /rustc/90b35a6239c3d8bdabc530a6a0816f7ff89a0aaf/library/std/src/panicking.rs:520:19
[INFO] [stdout]   38:     0x621a911d56fe - std::panic::catch_unwind::h49e1c33078844c46
[INFO] [stdout]                                at /rustc/90b35a6239c3d8bdabc530a6a0816f7ff89a0aaf/library/std/src/panic.rs:358:14
[INFO] [stdout]   39:     0x621a911d56fe - std::thread::Builder::spawn_unchecked_::{{closure}}::h6073db6ff56ad35d
[INFO] [stdout]                                at /rustc/90b35a6239c3d8bdabc530a6a0816f7ff89a0aaf/library/std/src/thread/mod.rs:537:30
[INFO] [stdout]   40:     0x621a911d56fe - core::ops::function::FnOnce::call_once{{vtable.shim}}::h2c5a5f3779c774f1
[INFO] [stdout]                                at /rustc/90b35a6239c3d8bdabc530a6a0816f7ff89a0aaf/library/core/src/ops/function.rs:250:5
[INFO] [stdout]   41:     0x621a913a864b - <alloc::boxed::Box<F,A> as core::ops::function::FnOnce<Args>>::call_once::hf75717d9f28faebf
[INFO] [stdout]                                at /rustc/90b35a6239c3d8bdabc530a6a0816f7ff89a0aaf/library/alloc/src/boxed.rs:2454:9
[INFO] [stdout]   42:     0x621a913a864b - <alloc::boxed::Box<F,A> as core::ops::function::FnOnce<Args>>::call_once::h7bd883a5f3c5f3c1
[INFO] [stdout]                                at /rustc/90b35a6239c3d8bdabc530a6a0816f7ff89a0aaf/library/alloc/src/boxed.rs:2454:9
[INFO] [stdout]   43:     0x621a913a864b - std::sys::pal::unix::thread::Thread::new::thread_start::hcc78f3943333fa94
[INFO] [stdout]                                at /rustc/90b35a6239c3d8bdabc530a6a0816f7ff89a0aaf/library/std/src/sys/pal/unix/thread.rs:105:17
[INFO] [stdout]   44:     0x7e9f0137eac3 - <unknown>
[INFO] [stdout]   45:     0x7e9f0140fa04 - clone
[INFO] [stdout]   46:                0x0 - <unknown>
[INFO] [stdout] 
[INFO] [stdout] 
[INFO] [stdout] failures:
[INFO] [stdout]     pool::test::test_connect
[INFO] [stdout]     pool::test::test_detach
[INFO] [stdout]     pool::test::test_many_connection
[INFO] [stdout]     pool::test::test_wrong_execute
[INFO] [stdout]     pool::test::test_wrong_insert
[INFO] [stdout]     types::value::test::test_size_of
[INFO] [stdout] 
[INFO] [stdout] test result: FAILED. 145 passed; 6 failed; 0 ignored; 0 measured; 0 filtered out; finished in 0.13s
[INFO] [stdout] 
[INFO] [stderr] error: test failed, to rerun pass `--lib`
[INFO] running `Command { std: "docker" "inspect" "3de703658aeb427c60ed2c71dc1c1c4a39449b4d1b4d1e860e41c1a0ca23742a", kill_on_drop: false }`
[INFO] running `Command { std: "docker" "rm" "-f" "3de703658aeb427c60ed2c71dc1c1c4a39449b4d1b4d1e860e41c1a0ca23742a", kill_on_drop: false }`
[INFO] [stdout] 3de703658aeb427c60ed2c71dc1c1c4a39449b4d1b4d1e860e41c1a0ca23742a
