[INFO] fetching crate clia-tracing-config 0.2.7...
[INFO] testing clia-tracing-config-0.2.7 against 1.83.0 for beta-1.84.0-4-retry
[INFO] extracting crate clia-tracing-config 0.2.7 into /workspace/builds/worker-3-tc1/source
[INFO] validating manifest of crates.io crate clia-tracing-config 0.2.7 on toolchain 1.83.0
[INFO] running `Command { std: CARGO_HOME="/workspace/cargo-home" RUSTUP_HOME="/workspace/rustup-home" "/workspace/cargo-home/bin/cargo" "+1.83.0" "metadata" "--manifest-path" "Cargo.toml" "--no-deps", kill_on_drop: false }`
[INFO] started tweaking crates.io crate clia-tracing-config 0.2.7
[INFO] finished tweaking crates.io crate clia-tracing-config 0.2.7
[INFO] tweaked toml for crates.io crate clia-tracing-config 0.2.7 written to /workspace/builds/worker-3-tc1/source/Cargo.toml
[INFO] running `Command { std: CARGO_HOME="/workspace/cargo-home" RUSTUP_HOME="/workspace/rustup-home" "/workspace/cargo-home/bin/cargo" "+1.83.0" "generate-lockfile" "--manifest-path" "Cargo.toml", kill_on_drop: false }`
[INFO] [stderr]     Updating crates.io index
[INFO] [stderr]      Locking 54 packages to latest compatible versions
[INFO] running `Command { std: CARGO_HOME="/workspace/cargo-home" RUSTUP_HOME="/workspace/rustup-home" "/workspace/cargo-home/bin/cargo" "+1.83.0" "fetch" "--manifest-path" "Cargo.toml", kill_on_drop: false }`
[INFO] [stderr]  Downloading crates ...
[INFO] [stderr]   Downloaded clia-local-offset v0.1.0
[INFO] [stderr]   Downloaded clia-tracing-appender v0.2.5
[INFO] running `Command { std: "docker" "create" "-v" "/var/lib/crater-agent-workspace/builds/worker-3-tc1/target:/opt/rustwide/target:rw,Z" "-v" "/var/lib/crater-agent-workspace/builds/worker-3-tc1/source:/opt/rustwide/workdir:ro,Z" "-v" "/var/lib/crater-agent-workspace/cargo-home:/opt/rustwide/cargo-home:ro,Z" "-v" "/var/lib/crater-agent-workspace/rustup-home:/opt/rustwide/rustup-home:ro,Z" "-e" "SOURCE_DIR=/opt/rustwide/workdir" "-e" "CARGO_TARGET_DIR=/opt/rustwide/target" "-e" "CARGO_HOME=/opt/rustwide/cargo-home" "-e" "RUSTUP_HOME=/opt/rustwide/rustup-home" "-w" "/opt/rustwide/workdir" "-m" "1610612736" "--user" "0:0" "--network" "none" "ghcr.io/rust-lang/crates-build-env/linux@sha256:f3a9d4ad9d972b27faf3965f35b62e55ba32bbce8f20bc8fe909558a86702fde" "/opt/rustwide/cargo-home/bin/cargo" "+1.83.0" "metadata" "--no-deps" "--format-version=1", kill_on_drop: false }`
[INFO] [stdout] b518673a38244271cd7b917c22d320e1d265aafd00783397674c919cfdc001d8
[INFO] running `Command { std: "docker" "start" "-a" "b518673a38244271cd7b917c22d320e1d265aafd00783397674c919cfdc001d8", kill_on_drop: false }`
[INFO] running `Command { std: "docker" "inspect" "b518673a38244271cd7b917c22d320e1d265aafd00783397674c919cfdc001d8", kill_on_drop: false }`
[INFO] running `Command { std: "docker" "rm" "-f" "b518673a38244271cd7b917c22d320e1d265aafd00783397674c919cfdc001d8", kill_on_drop: false }`
[INFO] [stdout] b518673a38244271cd7b917c22d320e1d265aafd00783397674c919cfdc001d8
[INFO] running `Command { std: "docker" "create" "-v" "/var/lib/crater-agent-workspace/builds/worker-3-tc1/target:/opt/rustwide/target:rw,Z" "-v" "/var/lib/crater-agent-workspace/builds/worker-3-tc1/source:/opt/rustwide/workdir:ro,Z" "-v" "/var/lib/crater-agent-workspace/cargo-home:/opt/rustwide/cargo-home:ro,Z" "-v" "/var/lib/crater-agent-workspace/rustup-home:/opt/rustwide/rustup-home:ro,Z" "-e" "SOURCE_DIR=/opt/rustwide/workdir" "-e" "CARGO_TARGET_DIR=/opt/rustwide/target" "-e" "CARGO_INCREMENTAL=0" "-e" "RUST_BACKTRACE=full" "-e" "RUSTFLAGS=--cap-lints=warn" "-e" "RUSTDOCFLAGS=--cap-lints=warn" "-e" "CARGO_HOME=/opt/rustwide/cargo-home" "-e" "RUSTUP_HOME=/opt/rustwide/rustup-home" "-w" "/opt/rustwide/workdir" "-m" "1610612736" "--user" "0:0" "--network" "none" "ghcr.io/rust-lang/crates-build-env/linux@sha256:f3a9d4ad9d972b27faf3965f35b62e55ba32bbce8f20bc8fe909558a86702fde" "/opt/rustwide/cargo-home/bin/cargo" "+1.83.0" "build" "--frozen" "--message-format=json", kill_on_drop: false }`
[INFO] [stdout] d7b5b72b999f76f458cb89c0e1f78b27fb290d07b35a09a16ae1f648ff92a22f
[INFO] running `Command { std: "docker" "start" "-a" "d7b5b72b999f76f458cb89c0e1f78b27fb290d07b35a09a16ae1f648ff92a22f", kill_on_drop: false }`
[INFO] [stderr]    Compiling proc-macro2 v1.0.92
[INFO] [stderr]    Compiling unicode-ident v1.0.14
[INFO] [stderr]    Compiling once_cell v1.20.2
[INFO] [stderr]    Compiling libc v0.2.168
[INFO] [stderr]    Compiling serde v1.0.216
[INFO] [stderr]    Compiling time-core v0.1.2
[INFO] [stderr]    Compiling num-conv v0.1.0
[INFO] [stderr]    Compiling const_fn v0.4.10
[INFO] [stderr]    Compiling powerfmt v0.2.0
[INFO] [stderr]    Compiling itoa v1.0.14
[INFO] [stderr]    Compiling crossbeam-utils v0.8.20
[INFO] [stderr]    Compiling serde_json v1.0.133
[INFO] [stderr]    Compiling regex-syntax v0.8.5
[INFO] [stderr]    Compiling num_threads v0.1.7
[INFO] [stderr]    Compiling regex-syntax v0.6.29
[INFO] [stderr]    Compiling cfg-if v1.0.0
[INFO] [stderr]    Compiling memchr v2.7.4
[INFO] [stderr]    Compiling lazy_static v1.5.0
[INFO] [stderr]    Compiling log v0.4.22
[INFO] [stderr]    Compiling overload v0.1.1
[INFO] [stderr]    Compiling tracing-core v0.1.33
[INFO] [stderr]    Compiling deranged v0.3.11
[INFO] [stderr]    Compiling ryu v1.0.18
[INFO] [stderr]    Compiling time-macros v0.2.19
[INFO] [stderr]    Compiling pin-project-lite v0.2.15
[INFO] [stderr]    Compiling thiserror v1.0.69
[INFO] [stderr]    Compiling nu-ansi-term v0.46.0
[INFO] [stderr]    Compiling thread_local v1.1.8
[INFO] [stderr]    Compiling sharded-slab v0.1.7
[INFO] [stderr]    Compiling smallvec v1.13.2
[INFO] [stderr]    Compiling symlink v0.1.0
[INFO] [stderr]    Compiling tracing-log v0.2.0
[INFO] [stderr]    Compiling tz-rs v0.6.14
[INFO] [stderr]    Compiling crossbeam-channel v0.5.13
[INFO] [stderr]    Compiling quote v1.0.37
[INFO] [stderr]    Compiling regex-automata v0.4.9
[INFO] [stderr]    Compiling syn v2.0.90
[INFO] [stderr]    Compiling time v0.3.37
[INFO] [stderr]    Compiling regex-automata v0.1.10
[INFO] [stderr]    Compiling regex v1.11.1
[INFO] [stderr]    Compiling matchers v0.1.0
[INFO] [stderr]    Compiling clia-local-offset v0.1.0
[INFO] [stderr]    Compiling tracing-serde v0.2.0
[INFO] [stderr]    Compiling tracing-attributes v0.1.28
[INFO] [stderr]    Compiling thiserror-impl v1.0.69
[INFO] [stderr]    Compiling tracing v0.1.41
[INFO] [stderr]    Compiling tracing-subscriber v0.3.19
[INFO] [stderr]    Compiling clia-tracing-appender v0.2.5
[INFO] [stderr]    Compiling clia-tracing-config v0.2.7 (/opt/rustwide/workdir)
[INFO] [stderr]     Finished `dev` profile [unoptimized + debuginfo] target(s) in 16.18s
[INFO] running `Command { std: "docker" "inspect" "d7b5b72b999f76f458cb89c0e1f78b27fb290d07b35a09a16ae1f648ff92a22f", kill_on_drop: false }`
[INFO] running `Command { std: "docker" "rm" "-f" "d7b5b72b999f76f458cb89c0e1f78b27fb290d07b35a09a16ae1f648ff92a22f", kill_on_drop: false }`
[INFO] [stdout] d7b5b72b999f76f458cb89c0e1f78b27fb290d07b35a09a16ae1f648ff92a22f
[INFO] running `Command { std: "docker" "create" "-v" "/var/lib/crater-agent-workspace/builds/worker-3-tc1/target:/opt/rustwide/target:rw,Z" "-v" "/var/lib/crater-agent-workspace/builds/worker-3-tc1/source:/opt/rustwide/workdir:ro,Z" "-v" "/var/lib/crater-agent-workspace/cargo-home:/opt/rustwide/cargo-home:ro,Z" "-v" "/var/lib/crater-agent-workspace/rustup-home:/opt/rustwide/rustup-home:ro,Z" "-e" "SOURCE_DIR=/opt/rustwide/workdir" "-e" "CARGO_TARGET_DIR=/opt/rustwide/target" "-e" "CARGO_INCREMENTAL=0" "-e" "RUST_BACKTRACE=full" "-e" "RUSTFLAGS=--cap-lints=warn" "-e" "RUSTDOCFLAGS=--cap-lints=warn" "-e" "CARGO_HOME=/opt/rustwide/cargo-home" "-e" "RUSTUP_HOME=/opt/rustwide/rustup-home" "-w" "/opt/rustwide/workdir" "-m" "1610612736" "--user" "0:0" "--network" "none" "ghcr.io/rust-lang/crates-build-env/linux@sha256:f3a9d4ad9d972b27faf3965f35b62e55ba32bbce8f20bc8fe909558a86702fde" "/opt/rustwide/cargo-home/bin/cargo" "+1.83.0" "test" "--frozen" "--no-run" "--message-format=json", kill_on_drop: false }`
[INFO] [stdout] 5b4f24c89ac68e99d1959728a7c69e1ad1c9217056239e704357530536501127
[INFO] running `Command { std: "docker" "start" "-a" "5b4f24c89ac68e99d1959728a7c69e1ad1c9217056239e704357530536501127", kill_on_drop: false }`
[INFO] [stderr]    Compiling clia-tracing-config v0.2.7 (/opt/rustwide/workdir)
[INFO] [stderr]     Finished `test` profile [unoptimized + debuginfo] target(s) in 2.63s
[INFO] running `Command { std: "docker" "inspect" "5b4f24c89ac68e99d1959728a7c69e1ad1c9217056239e704357530536501127", kill_on_drop: false }`
[INFO] running `Command { std: "docker" "rm" "-f" "5b4f24c89ac68e99d1959728a7c69e1ad1c9217056239e704357530536501127", kill_on_drop: false }`
[INFO] [stdout] 5b4f24c89ac68e99d1959728a7c69e1ad1c9217056239e704357530536501127
[INFO] running `Command { std: "docker" "create" "-v" "/var/lib/crater-agent-workspace/builds/worker-3-tc1/target:/opt/rustwide/target:rw,Z" "-v" "/var/lib/crater-agent-workspace/builds/worker-3-tc1/source:/opt/rustwide/workdir:ro,Z" "-v" "/var/lib/crater-agent-workspace/cargo-home:/opt/rustwide/cargo-home:ro,Z" "-v" "/var/lib/crater-agent-workspace/rustup-home:/opt/rustwide/rustup-home:ro,Z" "-e" "SOURCE_DIR=/opt/rustwide/workdir" "-e" "CARGO_TARGET_DIR=/opt/rustwide/target" "-e" "CARGO_INCREMENTAL=0" "-e" "RUST_BACKTRACE=full" "-e" "RUSTFLAGS=--cap-lints=warn" "-e" "RUSTDOCFLAGS=--cap-lints=warn" "-e" "CARGO_HOME=/opt/rustwide/cargo-home" "-e" "RUSTUP_HOME=/opt/rustwide/rustup-home" "-w" "/opt/rustwide/workdir" "-m" "1610612736" "--user" "0:0" "--network" "none" "ghcr.io/rust-lang/crates-build-env/linux@sha256:f3a9d4ad9d972b27faf3965f35b62e55ba32bbce8f20bc8fe909558a86702fde" "/opt/rustwide/cargo-home/bin/cargo" "+1.83.0" "test" "--frozen", kill_on_drop: false }`
[INFO] [stdout] 774a9a71409d95ad617e253ba323fb3d63f2241412a75061590739eae2568b67
[INFO] running `Command { std: "docker" "start" "-a" "774a9a71409d95ad617e253ba323fb3d63f2241412a75061590739eae2568b67", kill_on_drop: false }`
[INFO] [stderr]     Finished `test` profile [unoptimized + debuginfo] target(s) in 0.05s
[INFO] [stderr]      Running unittests src/lib.rs (/opt/rustwide/target/debug/deps/clia_tracing_config-1c2b29869c1d431c)
[INFO] [stdout] 
[INFO] [stdout] running 1 test
[INFO] [stdout] test tests::it_works ... FAILED
[INFO] [stdout] 
[INFO] [stdout] failures:
[INFO] [stdout] 
[INFO] [stdout] ---- tests::it_works stdout ----
[INFO] [stdout] thread 'tests::it_works' panicked at /opt/rustwide/cargo-home/registry/src/index.crates.io-6f17d22bba15001f/clia-tracing-appender-0.2.5/src/rolling.rs:155:14:
[INFO] [stdout] initializing rolling file appender failed: InitError { context: "failed to create log directory", source: Os { code: 30, kind: ReadOnlyFilesystem, message: "Read-only file system" } }
[INFO] [stdout] stack backtrace:
[INFO] [stdout]    0:     0x60174fc6e16a - std::backtrace_rs::backtrace::libunwind::trace::h5a5b8284f2d0c266
[INFO] [stdout]                                at /rustc/90b35a6239c3d8bdabc530a6a0816f7ff89a0aaf/library/std/src/../../backtrace/src/backtrace/libunwind.rs:116:5
[INFO] [stdout]    1:     0x60174fc6e16a - std::backtrace_rs::backtrace::trace_unsynchronized::h76d4f1c9b0b875e3
[INFO] [stdout]                                at /rustc/90b35a6239c3d8bdabc530a6a0816f7ff89a0aaf/library/std/src/../../backtrace/src/backtrace/mod.rs:66:5
[INFO] [stdout]    2:     0x60174fc6e16a - std::sys::backtrace::_print_fmt::hc4546b8364a537c6
[INFO] [stdout]                                at /rustc/90b35a6239c3d8bdabc530a6a0816f7ff89a0aaf/library/std/src/sys/backtrace.rs:66:9
[INFO] [stdout]    3:     0x60174fc6e16a - <std::sys::backtrace::BacktraceLock::print::DisplayBacktrace as core::fmt::Display>::fmt::h5b6bd5631a6d1f6b
[INFO] [stdout]                                at /rustc/90b35a6239c3d8bdabc530a6a0816f7ff89a0aaf/library/std/src/sys/backtrace.rs:39:26
[INFO] [stdout]    4:     0x60174fc95dc3 - core::fmt::rt::Argument::fmt::h270f6602a2b96f62
[INFO] [stdout]                                at /rustc/90b35a6239c3d8bdabc530a6a0816f7ff89a0aaf/library/core/src/fmt/rt.rs:177:76
[INFO] [stdout]    5:     0x60174fc95dc3 - core::fmt::write::h7550c97b06c86515
[INFO] [stdout]                                at /rustc/90b35a6239c3d8bdabc530a6a0816f7ff89a0aaf/library/core/src/fmt/mod.rs:1186:21
[INFO] [stdout]    6:     0x60174fc6b0f3 - std::io::Write::write_fmt::h509ff860e5956e5e
[INFO] [stdout]                                at /rustc/90b35a6239c3d8bdabc530a6a0816f7ff89a0aaf/library/std/src/io/mod.rs:1839:15
[INFO] [stdout]    7:     0x60174fc6dfb2 - std::sys::backtrace::BacktraceLock::print::h2395ccd2c84ba3aa
[INFO] [stdout]                                at /rustc/90b35a6239c3d8bdabc530a6a0816f7ff89a0aaf/library/std/src/sys/backtrace.rs:42:9
[INFO] [stdout]    8:     0x60174fc6f5ca - std::panicking::default_hook::{{closure}}::he19d4c7230e07961
[INFO] [stdout]                                at /rustc/90b35a6239c3d8bdabc530a6a0816f7ff89a0aaf/library/std/src/panicking.rs:268:22
[INFO] [stdout]    9:     0x60174fc6f3d4 - std::panicking::default_hook::hf614597d3c67bbdb
[INFO] [stdout]                                at /rustc/90b35a6239c3d8bdabc530a6a0816f7ff89a0aaf/library/std/src/panicking.rs:292:9
[INFO] [stdout]   10:     0x60174f933619 - <alloc::boxed::Box<F,A> as core::ops::function::Fn<Args>>::call::h39b51ce4599c23d1
[INFO] [stdout]                                at /rustc/90b35a6239c3d8bdabc530a6a0816f7ff89a0aaf/library/alloc/src/boxed.rs:2468:9
[INFO] [stdout]   11:     0x60174f933619 - test::test_main::{{closure}}::he977ae839a582784
[INFO] [stdout]                                at /rustc/90b35a6239c3d8bdabc530a6a0816f7ff89a0aaf/library/test/src/lib.rs:133:21
[INFO] [stdout]   12:     0x60174fc6fc68 - <alloc::boxed::Box<F,A> as core::ops::function::Fn<Args>>::call::h9455091b6b06f9fb
[INFO] [stdout]                                at /rustc/90b35a6239c3d8bdabc530a6a0816f7ff89a0aaf/library/alloc/src/boxed.rs:2468:9
[INFO] [stdout]   13:     0x60174fc6fc68 - std::panicking::rust_panic_with_hook::h8942133a8b252070
[INFO] [stdout]                                at /rustc/90b35a6239c3d8bdabc530a6a0816f7ff89a0aaf/library/std/src/panicking.rs:809:13
[INFO] [stdout]   14:     0x60174fc6fa2a - std::panicking::begin_panic_handler::{{closure}}::hb5f5963570096b29
[INFO] [stdout]                                at /rustc/90b35a6239c3d8bdabc530a6a0816f7ff89a0aaf/library/std/src/panicking.rs:674:13
[INFO] [stdout]   15:     0x60174fc6e649 - std::sys::backtrace::__rust_end_short_backtrace::h6208cedc1922feda
[INFO] [stdout]                                at /rustc/90b35a6239c3d8bdabc530a6a0816f7ff89a0aaf/library/std/src/sys/backtrace.rs:170:18
[INFO] [stdout]   16:     0x60174fc6f6bc - rust_begin_unwind
[INFO] [stdout]                                at /rustc/90b35a6239c3d8bdabc530a6a0816f7ff89a0aaf/library/std/src/panicking.rs:665:5
[INFO] [stdout]   17:     0x60174f88a270 - core::panicking::panic_fmt::h0c3082644d1bf418
[INFO] [stdout]                                at /rustc/90b35a6239c3d8bdabc530a6a0816f7ff89a0aaf/library/core/src/panicking.rs:74:14
[INFO] [stdout]   18:     0x60174f88a6f6 - core::result::unwrap_failed::hd20b4aa073bda1e2
[INFO] [stdout]                                at /rustc/90b35a6239c3d8bdabc530a6a0816f7ff89a0aaf/library/core/src/result.rs:1700:5
[INFO] [stdout]   19:     0x60174f8f5468 - core::result::Result<T,E>::expect::ha75fd4f32eab8b16
[INFO] [stdout]                                at /rustc/90b35a6239c3d8bdabc530a6a0816f7ff89a0aaf/library/core/src/result.rs:1061:23
[INFO] [stdout]   20:     0x60174f8cb7fc - clia_tracing_appender::rolling::RollingFileAppender::new::hd66868f633379be4
[INFO] [stdout]                                at /opt/rustwide/cargo-home/registry/src/index.crates.io-6f17d22bba15001f/clia-tracing-appender-0.2.5/src/rolling.rs:151:9
[INFO] [stdout]   21:     0x60174f8cc4b8 - clia_tracing_appender::rolling::daily::h087805ee1f786c67
[INFO] [stdout]                                at /opt/rustwide/cargo-home/registry/src/index.crates.io-6f17d22bba15001f/clia-tracing-appender-0.2.5/src/rolling.rs:375:5
[INFO] [stdout]   22:     0x60174f8efd2c - clia_tracing_config::TracingConfig::init::h0b4d60911ca14d76
[INFO] [stdout]                                at /opt/rustwide/workdir/src/lib.rs:161:17
[INFO] [stdout]   23:     0x60174f8cce1b - clia_tracing_config::tests::it_works::h3a524622d31450ef
[INFO] [stdout]                                at /opt/rustwide/workdir/src/lib.rs:276:22
[INFO] [stdout]   24:     0x60174f8ccd27 - clia_tracing_config::tests::it_works::{{closure}}::hb7641bcc9a4e7d20
[INFO] [stdout]                                at /opt/rustwide/workdir/src/lib.rs:275:18
[INFO] [stdout]   25:     0x60174f8c15b6 - core::ops::function::FnOnce::call_once::h3dcc1ab0bd3dc0e4
[INFO] [stdout]                                at /rustc/90b35a6239c3d8bdabc530a6a0816f7ff89a0aaf/library/core/src/ops/function.rs:250:5
[INFO] [stdout]   26:     0x60174f937fdb - core::ops::function::FnOnce::call_once::h109cf8051a59b34e
[INFO] [stdout]                                at /rustc/90b35a6239c3d8bdabc530a6a0816f7ff89a0aaf/library/core/src/ops/function.rs:250:5
[INFO] [stdout]   27:     0x60174f937fdb - test::__rust_begin_short_backtrace::hf4fff89d377446ba
[INFO] [stdout]                                at /rustc/90b35a6239c3d8bdabc530a6a0816f7ff89a0aaf/library/test/src/lib.rs:621:18
[INFO] [stdout]   28:     0x60174f937817 - test::run_test_in_process::{{closure}}::h0e39181dd7ee5a43
[INFO] [stdout]                                at /rustc/90b35a6239c3d8bdabc530a6a0816f7ff89a0aaf/library/test/src/lib.rs:644:60
[INFO] [stdout]   29:     0x60174f937817 - <core::panic::unwind_safe::AssertUnwindSafe<F> as core::ops::function::FnOnce<()>>::call_once::hc5a66a30f0bdfd1f
[INFO] [stdout]                                at /rustc/90b35a6239c3d8bdabc530a6a0816f7ff89a0aaf/library/core/src/panic/unwind_safe.rs:272:9
[INFO] [stdout]   30:     0x60174f937817 - std::panicking::try::do_call::h873b7cf639554a5e
[INFO] [stdout]                                at /rustc/90b35a6239c3d8bdabc530a6a0816f7ff89a0aaf/library/std/src/panicking.rs:557:40
[INFO] [stdout]   31:     0x60174f937817 - std::panicking::try::hdb19862fad9c8bd1
[INFO] [stdout]                                at /rustc/90b35a6239c3d8bdabc530a6a0816f7ff89a0aaf/library/std/src/panicking.rs:520:19
[INFO] [stdout]   32:     0x60174f937817 - std::panic::catch_unwind::h281fe732d236d260
[INFO] [stdout]                                at /rustc/90b35a6239c3d8bdabc530a6a0816f7ff89a0aaf/library/std/src/panic.rs:358:14
[INFO] [stdout]   33:     0x60174f937817 - test::run_test_in_process::h949b6df8457ed338
[INFO] [stdout]                                at /rustc/90b35a6239c3d8bdabc530a6a0816f7ff89a0aaf/library/test/src/lib.rs:644:27
[INFO] [stdout]   34:     0x60174f937817 - test::run_test::{{closure}}::h52c556a6d4740e10
[INFO] [stdout]                                at /rustc/90b35a6239c3d8bdabc530a6a0816f7ff89a0aaf/library/test/src/lib.rs:565:43
[INFO] [stdout]   35:     0x60174f8fcaf4 - test::run_test::{{closure}}::h4237f6381c45ccb9
[INFO] [stdout]                                at /rustc/90b35a6239c3d8bdabc530a6a0816f7ff89a0aaf/library/test/src/lib.rs:595:41
[INFO] [stdout]   36:     0x60174f8fcaf4 - std::sys::backtrace::__rust_begin_short_backtrace::h505c97a579eca628
[INFO] [stdout]                                at /rustc/90b35a6239c3d8bdabc530a6a0816f7ff89a0aaf/library/std/src/sys/backtrace.rs:154:18
[INFO] [stdout]   37:     0x60174f9001be - std::thread::Builder::spawn_unchecked_::{{closure}}::{{closure}}::h9e86b2e2bc107ea3
[INFO] [stdout]                                at /rustc/90b35a6239c3d8bdabc530a6a0816f7ff89a0aaf/library/std/src/thread/mod.rs:538:17
[INFO] [stdout]   38:     0x60174f9001be - <core::panic::unwind_safe::AssertUnwindSafe<F> as core::ops::function::FnOnce<()>>::call_once::h8b06ddb275ff4a25
[INFO] [stdout]                                at /rustc/90b35a6239c3d8bdabc530a6a0816f7ff89a0aaf/library/core/src/panic/unwind_safe.rs:272:9
[INFO] [stdout]   39:     0x60174f9001be - std::panicking::try::do_call::hb26ecd7cd9a9355d
[INFO] [stdout]                                at /rustc/90b35a6239c3d8bdabc530a6a0816f7ff89a0aaf/library/std/src/panicking.rs:557:40
[INFO] [stdout]   40:     0x60174f9001be - std::panicking::try::h8ddeca9d705f9069
[INFO] [stdout]                                at /rustc/90b35a6239c3d8bdabc530a6a0816f7ff89a0aaf/library/std/src/panicking.rs:520:19
[INFO] [stdout]   41:     0x60174f9001be - std::panic::catch_unwind::h49e1c33078844c46
[INFO] [stdout]                                at /rustc/90b35a6239c3d8bdabc530a6a0816f7ff89a0aaf/library/std/src/panic.rs:358:14
[INFO] [stdout]   42:     0x60174f9001be - std::thread::Builder::spawn_unchecked_::{{closure}}::h6073db6ff56ad35d
[INFO] [stdout]                                at /rustc/90b35a6239c3d8bdabc530a6a0816f7ff89a0aaf/library/std/src/thread/mod.rs:537:30
[INFO] [stdout]   43:     0x60174f9001be - core::ops::function::FnOnce::call_once{{vtable.shim}}::h2c5a5f3779c774f1
[INFO] [stdout]                                at /rustc/90b35a6239c3d8bdabc530a6a0816f7ff89a0aaf/library/core/src/ops/function.rs:250:5
[INFO] [stdout]   44:     0x60174fc742cb - <alloc::boxed::Box<F,A> as core::ops::function::FnOnce<Args>>::call_once::hf75717d9f28faebf
[INFO] [stdout]                                at /rustc/90b35a6239c3d8bdabc530a6a0816f7ff89a0aaf/library/alloc/src/boxed.rs:2454:9
[INFO] [stdout]   45:     0x60174fc742cb - <alloc::boxed::Box<F,A> as core::ops::function::FnOnce<Args>>::call_once::h7bd883a5f3c5f3c1
[INFO] [stdout]                                at /rustc/90b35a6239c3d8bdabc530a6a0816f7ff89a0aaf/library/alloc/src/boxed.rs:2454:9
[INFO] [stdout]   46:     0x60174fc742cb - std::sys::pal::unix::thread::Thread::new::thread_start::hcc78f3943333fa94
[INFO] [stdout]                                at /rustc/90b35a6239c3d8bdabc530a6a0816f7ff89a0aaf/library/std/src/sys/pal/unix/thread.rs:105:17
[INFO] [stdout]   47:     0x774d54c92ac3 - <unknown>
[INFO] [stdout]   48:     0x774d54d23a04 - clone
[INFO] [stdout]   49:                0x0 - <unknown>
[INFO] [stdout] 
[INFO] [stdout] 
[INFO] [stdout] failures:
[INFO] [stdout]     tests::it_works
[INFO] [stdout] 
[INFO] [stdout] test result: FAILED. 0 passed; 1 failed; 0 ignored; 0 measured; 0 filtered out; finished in 0.02s
[INFO] [stdout] 
[INFO] [stderr] error: test failed, to rerun pass `--lib`
[INFO] running `Command { std: "docker" "inspect" "774a9a71409d95ad617e253ba323fb3d63f2241412a75061590739eae2568b67", kill_on_drop: false }`
[INFO] running `Command { std: "docker" "rm" "-f" "774a9a71409d95ad617e253ba323fb3d63f2241412a75061590739eae2568b67", kill_on_drop: false }`
[INFO] [stdout] 774a9a71409d95ad617e253ba323fb3d63f2241412a75061590739eae2568b67
