[INFO] fetching crate clia-ntex-cors-mod 0.4.0...
[INFO] testing clia-ntex-cors-mod-0.4.0 against beta-2024-12-08 for beta-1.84.0-4-retry
[INFO] extracting crate clia-ntex-cors-mod 0.4.0 into /workspace/builds/worker-0-tc2/source
[INFO] validating manifest of crates.io crate clia-ntex-cors-mod 0.4.0 on toolchain beta-2024-12-08
[INFO] running `Command { std: CARGO_HOME="/workspace/cargo-home" RUSTUP_HOME="/workspace/rustup-home" "/workspace/cargo-home/bin/cargo" "+beta-2024-12-08" "metadata" "--manifest-path" "Cargo.toml" "--no-deps", kill_on_drop: false }`
[INFO] started tweaking crates.io crate clia-ntex-cors-mod 0.4.0
[INFO] finished tweaking crates.io crate clia-ntex-cors-mod 0.4.0
[INFO] tweaked toml for crates.io crate clia-ntex-cors-mod 0.4.0 written to /workspace/builds/worker-0-tc2/source/Cargo.toml
[INFO] running `Command { std: CARGO_HOME="/workspace/cargo-home" RUSTUP_HOME="/workspace/rustup-home" "/workspace/cargo-home/bin/cargo" "+beta-2024-12-08" "generate-lockfile" "--manifest-path" "Cargo.toml", kill_on_drop: false }`
[INFO] [stderr]     Updating crates.io index
[INFO] [stderr]      Locking 112 packages to latest compatible versions
[INFO] [stderr]       Adding derive_more v0.99.18 (available: v1.0.0)
[INFO] [stderr]       Adding ntex v0.7.17 (available: v2.10.0)
[INFO] running `Command { std: CARGO_HOME="/workspace/cargo-home" RUSTUP_HOME="/workspace/rustup-home" "/workspace/cargo-home/bin/cargo" "+beta-2024-12-08" "fetch" "--manifest-path" "Cargo.toml", kill_on_drop: false }`
[INFO] running `Command { std: "docker" "create" "-v" "/var/lib/crater-agent-workspace/builds/worker-0-tc2/target:/opt/rustwide/target:rw,Z" "-v" "/var/lib/crater-agent-workspace/builds/worker-0-tc2/source:/opt/rustwide/workdir:ro,Z" "-v" "/var/lib/crater-agent-workspace/cargo-home:/opt/rustwide/cargo-home:ro,Z" "-v" "/var/lib/crater-agent-workspace/rustup-home:/opt/rustwide/rustup-home:ro,Z" "-e" "SOURCE_DIR=/opt/rustwide/workdir" "-e" "CARGO_TARGET_DIR=/opt/rustwide/target" "-e" "CARGO_HOME=/opt/rustwide/cargo-home" "-e" "RUSTUP_HOME=/opt/rustwide/rustup-home" "-w" "/opt/rustwide/workdir" "-m" "1610612736" "--user" "0:0" "--network" "none" "ghcr.io/rust-lang/crates-build-env/linux@sha256:f3a9d4ad9d972b27faf3965f35b62e55ba32bbce8f20bc8fe909558a86702fde" "/opt/rustwide/cargo-home/bin/cargo" "+beta-2024-12-08" "metadata" "--no-deps" "--format-version=1", kill_on_drop: false }`
[INFO] [stdout] 4aa92dddba9cc8f5152cf9b9a759b5b7fc29a4d97f0b1f862ab663e7ec4eb4bf
[INFO] running `Command { std: "docker" "start" "-a" "4aa92dddba9cc8f5152cf9b9a759b5b7fc29a4d97f0b1f862ab663e7ec4eb4bf", kill_on_drop: false }`
[INFO] running `Command { std: "docker" "inspect" "4aa92dddba9cc8f5152cf9b9a759b5b7fc29a4d97f0b1f862ab663e7ec4eb4bf", kill_on_drop: false }`
[INFO] running `Command { std: "docker" "rm" "-f" "4aa92dddba9cc8f5152cf9b9a759b5b7fc29a4d97f0b1f862ab663e7ec4eb4bf", kill_on_drop: false }`
[INFO] [stdout] 4aa92dddba9cc8f5152cf9b9a759b5b7fc29a4d97f0b1f862ab663e7ec4eb4bf
[INFO] running `Command { std: "docker" "create" "-v" "/var/lib/crater-agent-workspace/builds/worker-0-tc2/target:/opt/rustwide/target:rw,Z" "-v" "/var/lib/crater-agent-workspace/builds/worker-0-tc2/source:/opt/rustwide/workdir:ro,Z" "-v" "/var/lib/crater-agent-workspace/cargo-home:/opt/rustwide/cargo-home:ro,Z" "-v" "/var/lib/crater-agent-workspace/rustup-home:/opt/rustwide/rustup-home:ro,Z" "-e" "SOURCE_DIR=/opt/rustwide/workdir" "-e" "CARGO_TARGET_DIR=/opt/rustwide/target" "-e" "CARGO_INCREMENTAL=0" "-e" "RUST_BACKTRACE=full" "-e" "RUSTFLAGS=--cap-lints=warn" "-e" "RUSTDOCFLAGS=--cap-lints=warn" "-e" "CARGO_HOME=/opt/rustwide/cargo-home" "-e" "RUSTUP_HOME=/opt/rustwide/rustup-home" "-w" "/opt/rustwide/workdir" "-m" "1610612736" "--user" "0:0" "--network" "none" "ghcr.io/rust-lang/crates-build-env/linux@sha256:f3a9d4ad9d972b27faf3965f35b62e55ba32bbce8f20bc8fe909558a86702fde" "/opt/rustwide/cargo-home/bin/cargo" "+beta-2024-12-08" "build" "--frozen" "--message-format=json", kill_on_drop: false }`
[INFO] [stdout] 702cb68047d49131ed96ee23b02667e6e1fdc46be8e9572f30f52d2e92295186
[INFO] running `Command { std: "docker" "start" "-a" "702cb68047d49131ed96ee23b02667e6e1fdc46be8e9572f30f52d2e92295186", kill_on_drop: false }`
[INFO] [stderr]    Compiling proc-macro2 v1.0.92
[INFO] [stderr]    Compiling unicode-ident v1.0.14
[INFO] [stderr]    Compiling pin-project-lite v0.2.15
[INFO] [stderr]    Compiling futures-core v0.3.31
[INFO] [stderr]    Compiling crossbeam-utils v0.8.20
[INFO] [stderr]    Compiling libc v0.2.168
[INFO] [stderr]    Compiling autocfg v1.4.0
[INFO] [stderr]    Compiling serde v1.0.216
[INFO] [stderr]    Compiling bitflags v2.6.0
[INFO] [stderr]    Compiling parking v2.2.1
[INFO] [stderr]    Compiling bytes v1.9.0
[INFO] [stderr]    Compiling futures-sink v0.3.31
[INFO] [stderr]    Compiling log v0.4.22
[INFO] [stderr]    Compiling ntex-rt v0.4.23
[INFO] [stderr]    Compiling byteorder v1.5.0
[INFO] [stderr]    Compiling slab v0.4.9
[INFO] [stderr]    Compiling version_check v0.9.5
[INFO] [stderr]    Compiling typenum v1.17.0
[INFO] [stderr]    Compiling fxhash v0.2.1
[INFO] [stderr]    Compiling oneshot v0.1.8
[INFO] [stderr]    Compiling concurrent-queue v2.5.0
[INFO] [stderr]    Compiling itoa v1.0.14
[INFO] [stderr]    Compiling generic-array v0.14.7
[INFO] [stderr]    Compiling futures-timer v3.0.3
[INFO] [stderr]    Compiling ntex-service v1.2.7
[INFO] [stderr]    Compiling fnv v1.0.7
[INFO] [stderr]    Compiling event-listener v5.3.1
[INFO] [stderr]    Compiling http v1.2.0
[INFO] [stderr]    Compiling quote v1.0.37
[INFO] [stderr]    Compiling syn v2.0.90
[INFO] [stderr]    Compiling event-listener-strategy v0.5.3
[INFO] [stderr]    Compiling thiserror v1.0.69
[INFO] [stderr]    Compiling async-channel v2.3.1
[INFO] [stderr]    Compiling memchr v2.7.4
[INFO] [stderr]    Compiling rustix v0.38.42
[INFO] [stderr]    Compiling syn v1.0.109
[INFO] [stderr]    Compiling cfg-if v1.0.0
[INFO] [stderr]    Compiling regex-syntax v0.8.5
[INFO] [stderr]    Compiling futures-channel v0.3.31
[INFO] [stderr]    Compiling tracing-core v0.1.33
[INFO] [stderr]    Compiling ryu v1.0.18
[INFO] [stderr]    Compiling percent-encoding v2.3.1
[INFO] [stderr]    Compiling serde_json v1.0.133
[INFO] [stderr]    Compiling mio v1.0.3
[INFO] [stderr]    Compiling socket2 v0.5.8
[INFO] [stderr]    Compiling signal-hook-registry v1.4.2
[INFO] [stderr]    Compiling futures-task v0.3.31
[INFO] [stderr]    Compiling pin-utils v0.1.0
[INFO] [stderr]    Compiling futures-io v0.3.31
[INFO] [stderr]    Compiling block-buffer v0.10.4
[INFO] [stderr]    Compiling crypto-common v0.1.6
[INFO] [stderr]    Compiling linux-raw-sys v0.4.14
[INFO] [stderr]    Compiling httparse v1.9.5
[INFO] [stderr]    Compiling digest v0.10.7
[INFO] [stderr]    Compiling tokio v1.42.0
[INFO] [stderr]    Compiling form_urlencoded v1.2.1
[INFO] [stderr]    Compiling tracing v0.1.41
[INFO] [stderr]    Compiling cpufeatures v0.2.16
[INFO] [stderr]    Compiling nanorand v0.7.0
[INFO] [stderr]    Compiling sha-1 v0.10.1
[INFO] [stderr]    Compiling regex-automata v0.4.9
[INFO] [stderr]    Compiling encoding_rs v0.8.35
[INFO] [stderr]    Compiling httpdate v1.0.3
[INFO] [stderr]    Compiling mime v0.3.17
[INFO] [stderr]    Compiling base64 v0.21.7
[INFO] [stderr]    Compiling regex v1.11.1
[INFO] [stderr]    Compiling convert_case v0.4.0
[INFO] [stderr]    Compiling polling v3.7.4
[INFO] [stderr]    Compiling serde_derive v1.0.216
[INFO] [stderr]    Compiling thiserror-impl v1.0.69
[INFO] [stderr]    Compiling futures-macro v0.3.31
[INFO] [stderr]    Compiling ntex-util v0.3.4
[INFO] [stderr]    Compiling derive_more v0.99.18
[INFO] [stderr]    Compiling ntex-macros v0.1.3
[INFO] [stderr]    Compiling futures-util v0.3.31
[INFO] [stderr]    Compiling futures-executor v0.3.31
[INFO] [stderr]    Compiling futures v0.3.31
[INFO] [stderr]    Compiling ntex-bytes v0.1.27
[INFO] [stderr]    Compiling serde_urlencoded v0.7.1
[INFO] [stderr]    Compiling ntex-codec v0.6.2
[INFO] [stderr]    Compiling ntex-http v0.1.13
[INFO] [stderr]    Compiling ntex-router v0.5.3
[INFO] [stderr]    Compiling ntex-io v0.3.17
[INFO] [stderr]    Compiling ntex-tokio v0.3.1
[INFO] [stderr]    Compiling ntex-tls v0.3.3
[INFO] [stderr]    Compiling ntex-connect v0.3.4
[INFO] [stderr]    Compiling ntex-h2 v0.4.4
[INFO] [stderr]    Compiling ntex v0.7.17
[INFO] [stderr]    Compiling clia-ntex-cors-mod v0.4.0 (/opt/rustwide/workdir)
[INFO] [stderr]     Finished `dev` profile [unoptimized + debuginfo] target(s) in 1m 32s
[INFO] running `Command { std: "docker" "inspect" "702cb68047d49131ed96ee23b02667e6e1fdc46be8e9572f30f52d2e92295186", kill_on_drop: false }`
[INFO] running `Command { std: "docker" "rm" "-f" "702cb68047d49131ed96ee23b02667e6e1fdc46be8e9572f30f52d2e92295186", kill_on_drop: false }`
[INFO] [stdout] 702cb68047d49131ed96ee23b02667e6e1fdc46be8e9572f30f52d2e92295186
[INFO] running `Command { std: "docker" "create" "-v" "/var/lib/crater-agent-workspace/builds/worker-0-tc2/target:/opt/rustwide/target:rw,Z" "-v" "/var/lib/crater-agent-workspace/builds/worker-0-tc2/source:/opt/rustwide/workdir:ro,Z" "-v" "/var/lib/crater-agent-workspace/cargo-home:/opt/rustwide/cargo-home:ro,Z" "-v" "/var/lib/crater-agent-workspace/rustup-home:/opt/rustwide/rustup-home:ro,Z" "-e" "SOURCE_DIR=/opt/rustwide/workdir" "-e" "CARGO_TARGET_DIR=/opt/rustwide/target" "-e" "CARGO_INCREMENTAL=0" "-e" "RUST_BACKTRACE=full" "-e" "RUSTFLAGS=--cap-lints=warn" "-e" "RUSTDOCFLAGS=--cap-lints=warn" "-e" "CARGO_HOME=/opt/rustwide/cargo-home" "-e" "RUSTUP_HOME=/opt/rustwide/rustup-home" "-w" "/opt/rustwide/workdir" "-m" "1610612736" "--user" "0:0" "--network" "none" "ghcr.io/rust-lang/crates-build-env/linux@sha256:f3a9d4ad9d972b27faf3965f35b62e55ba32bbce8f20bc8fe909558a86702fde" "/opt/rustwide/cargo-home/bin/cargo" "+beta-2024-12-08" "test" "--frozen" "--no-run" "--message-format=json", kill_on_drop: false }`
[INFO] [stdout] 5975a4c3b1d5e1f38278b238f0879f1996e1ea49b61258d0abd2190e1b4ae93d
[INFO] running `Command { std: "docker" "start" "-a" "5975a4c3b1d5e1f38278b238f0879f1996e1ea49b61258d0abd2190e1b4ae93d", kill_on_drop: false }`
[INFO] [stderr]    Compiling clia-ntex-cors-mod v0.4.0 (/opt/rustwide/workdir)
[INFO] [stdout] warning: variable does not need to be mutable
[INFO] [stdout]    --> src/lib.rs:824:13
[INFO] [stdout]     |
[INFO] [stdout] 824 |         let mut cors: Pipeline<_> = Cors::new()
[INFO] [stdout]     |             ----^^^^
[INFO] [stdout]     |             |
[INFO] [stdout]     |             help: remove this `mut`
[INFO] [stdout]     |
[INFO] [stdout]     = note: `#[warn(unused_mut)]` on by default
[INFO] [stdout] 
[INFO] [stdout] 
[INFO] [stderr]     Finished `test` profile [unoptimized + debuginfo] target(s) in 5.67s
[INFO] running `Command { std: "docker" "inspect" "5975a4c3b1d5e1f38278b238f0879f1996e1ea49b61258d0abd2190e1b4ae93d", kill_on_drop: false }`
[INFO] running `Command { std: "docker" "rm" "-f" "5975a4c3b1d5e1f38278b238f0879f1996e1ea49b61258d0abd2190e1b4ae93d", kill_on_drop: false }`
[INFO] [stdout] 5975a4c3b1d5e1f38278b238f0879f1996e1ea49b61258d0abd2190e1b4ae93d
[INFO] running `Command { std: "docker" "create" "-v" "/var/lib/crater-agent-workspace/builds/worker-0-tc2/target:/opt/rustwide/target:rw,Z" "-v" "/var/lib/crater-agent-workspace/builds/worker-0-tc2/source:/opt/rustwide/workdir:ro,Z" "-v" "/var/lib/crater-agent-workspace/cargo-home:/opt/rustwide/cargo-home:ro,Z" "-v" "/var/lib/crater-agent-workspace/rustup-home:/opt/rustwide/rustup-home:ro,Z" "-e" "SOURCE_DIR=/opt/rustwide/workdir" "-e" "CARGO_TARGET_DIR=/opt/rustwide/target" "-e" "CARGO_INCREMENTAL=0" "-e" "RUST_BACKTRACE=full" "-e" "RUSTFLAGS=--cap-lints=warn" "-e" "RUSTDOCFLAGS=--cap-lints=warn" "-e" "CARGO_HOME=/opt/rustwide/cargo-home" "-e" "RUSTUP_HOME=/opt/rustwide/rustup-home" "-w" "/opt/rustwide/workdir" "-m" "1610612736" "--user" "0:0" "--network" "none" "ghcr.io/rust-lang/crates-build-env/linux@sha256:f3a9d4ad9d972b27faf3965f35b62e55ba32bbce8f20bc8fe909558a86702fde" "/opt/rustwide/cargo-home/bin/cargo" "+beta-2024-12-08" "test" "--frozen", kill_on_drop: false }`
[INFO] [stdout] f2c7c9e938f39c7d8a422ae9163e7a65ce6e81ffd9af1b3544544f3a7ae202c6
[INFO] running `Command { std: "docker" "start" "-a" "f2c7c9e938f39c7d8a422ae9163e7a65ce6e81ffd9af1b3544544f3a7ae202c6", kill_on_drop: false }`
[INFO] [stderr] warning: variable does not need to be mutable
[INFO] [stderr]    --> src/lib.rs:824:13
[INFO] [stderr]     |
[INFO] [stderr] 824 |         let mut cors: Pipeline<_> = Cors::new()
[INFO] [stderr]     |             ----^^^^
[INFO] [stderr]     |             |
[INFO] [stderr]     |             help: remove this `mut`
[INFO] [stderr]     |
[INFO] [stderr]     = note: `#[warn(unused_mut)]` on by default
[INFO] [stderr] 
[INFO] [stderr] warning: `clia-ntex-cors-mod` (lib test) generated 1 warning (run `cargo fix --lib -p clia-ntex-cors-mod --tests` to apply 1 suggestion)
[INFO] [stderr]     Finished `test` profile [unoptimized + debuginfo] target(s) in 0.12s
[INFO] [stderr]      Running unittests src/lib.rs (/opt/rustwide/target/debug/deps/clia_ntex_cors_mod-f3a8a6bc828ccb38)
[INFO] [stdout] 
[INFO] [stdout] running 10 tests
[INFO] [stdout] test tests::test_no_origin_response ... ok
[INFO] [stdout] test tests::default ... ok
[INFO] [stdout] test tests::test_multiple_origins_preflight ... ok
[INFO] [stdout] test tests::test_preflight ... ok
[INFO] [stdout] test tests::test_response ... ok
[INFO] [stdout] test tests::test_multiple_origins ... ok
[INFO] [stdout] test tests::test_validate_origin ... ok
[INFO] [stdout] test tests::validate_origin_allows_all_origins ... ok
[INFO] [stdout] test tests::cors_validates_illegal_allow_credentials - should panic ... ok
[INFO] [stdout] test tests::test_validate_not_allowed_origin - should panic ... ok
[INFO] [stdout] 
[INFO] [stdout] test result: ok. 10 passed; 0 failed; 0 ignored; 0 measured; 0 filtered out; finished in 0.14s
[INFO] [stdout] 
[INFO] [stderr]    Doc-tests clia_ntex_cors_mod
[INFO] [stdout] 
[INFO] [stdout] running 2 tests
[INFO] [stdout] test src/lib.rs - (line 14) - compile ... FAILED
[INFO] [stdout] test src/lib.rs - Cors (line 157) ... FAILED
[INFO] [stdout] 
[INFO] [stdout] failures:
[INFO] [stdout] 
[INFO] [stdout] ---- src/lib.rs - (line 14) stdout ----
[INFO] [stdout] error[E0432]: unresolved import `ntex_cors`
[INFO] [stdout]  --> src/lib.rs:15:5
[INFO] [stdout]   |
[INFO] [stdout] 2 | use ntex_cors::Cors;
[INFO] [stdout]   |     ^^^^^^^^^ use of undeclared crate or module `ntex_cors`
[INFO] [stdout] 
[INFO] [stdout] error: aborting due to 1 previous error
[INFO] [stdout] 
[INFO] [stdout] For more information about this error, try `rustc --explain E0432`.
[INFO] [stdout] Couldn't compile the test.
[INFO] [stdout] ---- src/lib.rs - Cors (line 157) stdout ----
[INFO] [stdout] error[E0432]: unresolved import `ntex_cors`
[INFO] [stdout]  --> src/lib.rs:158:5
[INFO] [stdout]   |
[INFO] [stdout] 3 | use ntex_cors::Cors;
[INFO] [stdout]   |     ^^^^^^^^^ use of undeclared crate or module `ntex_cors`
[INFO] [stdout] 
[INFO] [stdout] error: aborting due to 1 previous error
[INFO] [stdout] 
[INFO] [stdout] For more information about this error, try `rustc --explain E0432`.
[INFO] [stdout] Couldn't compile the test.
[INFO] [stdout] 
[INFO] [stdout] failures:
[INFO] [stdout]     src/lib.rs - (line 14)
[INFO] [stdout]     src/lib.rs - Cors (line 157)
[INFO] [stdout] 
[INFO] [stdout] test result: FAILED. 0 passed; 2 failed; 0 ignored; 0 measured; 0 filtered out; finished in 0.15s
[INFO] [stdout] 
[INFO] [stderr] error: doctest failed, to rerun pass `--doc`
[INFO] running `Command { std: "docker" "inspect" "f2c7c9e938f39c7d8a422ae9163e7a65ce6e81ffd9af1b3544544f3a7ae202c6", kill_on_drop: false }`
[INFO] running `Command { std: "docker" "rm" "-f" "f2c7c9e938f39c7d8a422ae9163e7a65ce6e81ffd9af1b3544544f3a7ae202c6", kill_on_drop: false }`
[INFO] [stdout] f2c7c9e938f39c7d8a422ae9163e7a65ce6e81ffd9af1b3544544f3a7ae202c6
