[INFO] fetching crate cli-prompts 0.1.0...
[INFO] testing cli-prompts-0.1.0 against beta-2024-12-08 for beta-1.84.0-4-retry
[INFO] extracting crate cli-prompts 0.1.0 into /workspace/builds/worker-2-tc2/source
[INFO] validating manifest of crates.io crate cli-prompts 0.1.0 on toolchain beta-2024-12-08
[INFO] running `Command { std: CARGO_HOME="/workspace/cargo-home" RUSTUP_HOME="/workspace/rustup-home" "/workspace/cargo-home/bin/cargo" "+beta-2024-12-08" "metadata" "--manifest-path" "Cargo.toml" "--no-deps", kill_on_drop: false }`
[INFO] started tweaking crates.io crate cli-prompts 0.1.0
[INFO] finished tweaking crates.io crate cli-prompts 0.1.0
[INFO] tweaked toml for crates.io crate cli-prompts 0.1.0 written to /workspace/builds/worker-2-tc2/source/Cargo.toml
[INFO] crate crates.io crate cli-prompts 0.1.0 already has a lockfile, it will not be regenerated
[INFO] running `Command { std: CARGO_HOME="/workspace/cargo-home" RUSTUP_HOME="/workspace/rustup-home" "/workspace/cargo-home/bin/cargo" "+beta-2024-12-08" "fetch" "--manifest-path" "Cargo.toml", kill_on_drop: false }`
[INFO] running `Command { std: "docker" "create" "-v" "/var/lib/crater-agent-workspace/builds/worker-2-tc2/target:/opt/rustwide/target:rw,Z" "-v" "/var/lib/crater-agent-workspace/builds/worker-2-tc2/source:/opt/rustwide/workdir:ro,Z" "-v" "/var/lib/crater-agent-workspace/cargo-home:/opt/rustwide/cargo-home:ro,Z" "-v" "/var/lib/crater-agent-workspace/rustup-home:/opt/rustwide/rustup-home:ro,Z" "-e" "SOURCE_DIR=/opt/rustwide/workdir" "-e" "CARGO_TARGET_DIR=/opt/rustwide/target" "-e" "CARGO_HOME=/opt/rustwide/cargo-home" "-e" "RUSTUP_HOME=/opt/rustwide/rustup-home" "-w" "/opt/rustwide/workdir" "-m" "1610612736" "--user" "0:0" "--network" "none" "ghcr.io/rust-lang/crates-build-env/linux@sha256:f3a9d4ad9d972b27faf3965f35b62e55ba32bbce8f20bc8fe909558a86702fde" "/opt/rustwide/cargo-home/bin/cargo" "+beta-2024-12-08" "metadata" "--no-deps" "--format-version=1", kill_on_drop: false }`
[INFO] [stdout] cf04cc1392d60b94d33a77b4d29214f0a3e37a0fa0ed1977c872fae605e2f939
[INFO] running `Command { std: "docker" "start" "-a" "cf04cc1392d60b94d33a77b4d29214f0a3e37a0fa0ed1977c872fae605e2f939", kill_on_drop: false }`
[INFO] running `Command { std: "docker" "inspect" "cf04cc1392d60b94d33a77b4d29214f0a3e37a0fa0ed1977c872fae605e2f939", kill_on_drop: false }`
[INFO] running `Command { std: "docker" "rm" "-f" "cf04cc1392d60b94d33a77b4d29214f0a3e37a0fa0ed1977c872fae605e2f939", kill_on_drop: false }`
[INFO] [stdout] cf04cc1392d60b94d33a77b4d29214f0a3e37a0fa0ed1977c872fae605e2f939
[INFO] running `Command { std: "docker" "create" "-v" "/var/lib/crater-agent-workspace/builds/worker-2-tc2/target:/opt/rustwide/target:rw,Z" "-v" "/var/lib/crater-agent-workspace/builds/worker-2-tc2/source:/opt/rustwide/workdir:ro,Z" "-v" "/var/lib/crater-agent-workspace/cargo-home:/opt/rustwide/cargo-home:ro,Z" "-v" "/var/lib/crater-agent-workspace/rustup-home:/opt/rustwide/rustup-home:ro,Z" "-e" "SOURCE_DIR=/opt/rustwide/workdir" "-e" "CARGO_TARGET_DIR=/opt/rustwide/target" "-e" "CARGO_INCREMENTAL=0" "-e" "RUST_BACKTRACE=full" "-e" "RUSTFLAGS=--cap-lints=warn" "-e" "RUSTDOCFLAGS=--cap-lints=warn" "-e" "CARGO_HOME=/opt/rustwide/cargo-home" "-e" "RUSTUP_HOME=/opt/rustwide/rustup-home" "-w" "/opt/rustwide/workdir" "-m" "1610612736" "--user" "0:0" "--network" "none" "ghcr.io/rust-lang/crates-build-env/linux@sha256:f3a9d4ad9d972b27faf3965f35b62e55ba32bbce8f20bc8fe909558a86702fde" "/opt/rustwide/cargo-home/bin/cargo" "+beta-2024-12-08" "build" "--frozen" "--message-format=json", kill_on_drop: false }`
[INFO] [stdout] 082addcf9924c5a6e5ff2ec6baf5466525f19c8b8b43e6d7a52207e5948dcedf
[INFO] running `Command { std: "docker" "start" "-a" "082addcf9924c5a6e5ff2ec6baf5466525f19c8b8b43e6d7a52207e5948dcedf", kill_on_drop: false }`
[INFO] [stderr]    Compiling libc v0.2.117
[INFO] [stderr]    Compiling cfg-if v1.0.0
[INFO] [stderr]    Compiling log v0.4.14
[INFO] [stderr]    Compiling signal-hook v0.3.13
[INFO] [stderr]    Compiling parking_lot_core v0.9.1
[INFO] [stderr]    Compiling smallvec v1.8.0
[INFO] [stderr]    Compiling scopeguard v1.1.0
[INFO] [stderr]    Compiling bitflags v1.3.2
[INFO] [stderr]    Compiling lock_api v0.4.6
[INFO] [stderr]    Compiling signal-hook-registry v1.4.0
[INFO] [stderr]    Compiling mio v0.7.14
[INFO] [stderr]    Compiling parking_lot v0.12.0
[INFO] [stderr]    Compiling signal-hook-mio v0.2.1
[INFO] [stderr]    Compiling crossterm v0.23.0
[INFO] [stderr]    Compiling cli-prompts v0.1.0 (/opt/rustwide/workdir)
[INFO] [stderr]     Finished `dev` profile [unoptimized + debuginfo] target(s) in 6.87s
[INFO] running `Command { std: "docker" "inspect" "082addcf9924c5a6e5ff2ec6baf5466525f19c8b8b43e6d7a52207e5948dcedf", kill_on_drop: false }`
[INFO] running `Command { std: "docker" "rm" "-f" "082addcf9924c5a6e5ff2ec6baf5466525f19c8b8b43e6d7a52207e5948dcedf", kill_on_drop: false }`
[INFO] [stdout] 082addcf9924c5a6e5ff2ec6baf5466525f19c8b8b43e6d7a52207e5948dcedf
[INFO] running `Command { std: "docker" "create" "-v" "/var/lib/crater-agent-workspace/builds/worker-2-tc2/target:/opt/rustwide/target:rw,Z" "-v" "/var/lib/crater-agent-workspace/builds/worker-2-tc2/source:/opt/rustwide/workdir:ro,Z" "-v" "/var/lib/crater-agent-workspace/cargo-home:/opt/rustwide/cargo-home:ro,Z" "-v" "/var/lib/crater-agent-workspace/rustup-home:/opt/rustwide/rustup-home:ro,Z" "-e" "SOURCE_DIR=/opt/rustwide/workdir" "-e" "CARGO_TARGET_DIR=/opt/rustwide/target" "-e" "CARGO_INCREMENTAL=0" "-e" "RUST_BACKTRACE=full" "-e" "RUSTFLAGS=--cap-lints=warn" "-e" "RUSTDOCFLAGS=--cap-lints=warn" "-e" "CARGO_HOME=/opt/rustwide/cargo-home" "-e" "RUSTUP_HOME=/opt/rustwide/rustup-home" "-w" "/opt/rustwide/workdir" "-m" "1610612736" "--user" "0:0" "--network" "none" "ghcr.io/rust-lang/crates-build-env/linux@sha256:f3a9d4ad9d972b27faf3965f35b62e55ba32bbce8f20bc8fe909558a86702fde" "/opt/rustwide/cargo-home/bin/cargo" "+beta-2024-12-08" "test" "--frozen" "--no-run" "--message-format=json", kill_on_drop: false }`
[INFO] [stdout] 4b63d50bb0fb0e7606300cf0362716efff28656240a3f09789465e0d069eee21
[INFO] running `Command { std: "docker" "start" "-a" "4b63d50bb0fb0e7606300cf0362716efff28656240a3f09789465e0d069eee21", kill_on_drop: false }`
[INFO] [stderr]    Compiling cli-prompts v0.1.0 (/opt/rustwide/workdir)
[INFO] [stderr]     Finished `test` profile [unoptimized + debuginfo] target(s) in 2.07s
[INFO] running `Command { std: "docker" "inspect" "4b63d50bb0fb0e7606300cf0362716efff28656240a3f09789465e0d069eee21", kill_on_drop: false }`
[INFO] running `Command { std: "docker" "rm" "-f" "4b63d50bb0fb0e7606300cf0362716efff28656240a3f09789465e0d069eee21", kill_on_drop: false }`
[INFO] [stdout] 4b63d50bb0fb0e7606300cf0362716efff28656240a3f09789465e0d069eee21
[INFO] running `Command { std: "docker" "create" "-v" "/var/lib/crater-agent-workspace/builds/worker-2-tc2/target:/opt/rustwide/target:rw,Z" "-v" "/var/lib/crater-agent-workspace/builds/worker-2-tc2/source:/opt/rustwide/workdir:ro,Z" "-v" "/var/lib/crater-agent-workspace/cargo-home:/opt/rustwide/cargo-home:ro,Z" "-v" "/var/lib/crater-agent-workspace/rustup-home:/opt/rustwide/rustup-home:ro,Z" "-e" "SOURCE_DIR=/opt/rustwide/workdir" "-e" "CARGO_TARGET_DIR=/opt/rustwide/target" "-e" "CARGO_INCREMENTAL=0" "-e" "RUST_BACKTRACE=full" "-e" "RUSTFLAGS=--cap-lints=warn" "-e" "RUSTDOCFLAGS=--cap-lints=warn" "-e" "CARGO_HOME=/opt/rustwide/cargo-home" "-e" "RUSTUP_HOME=/opt/rustwide/rustup-home" "-w" "/opt/rustwide/workdir" "-m" "1610612736" "--user" "0:0" "--network" "none" "ghcr.io/rust-lang/crates-build-env/linux@sha256:f3a9d4ad9d972b27faf3965f35b62e55ba32bbce8f20bc8fe909558a86702fde" "/opt/rustwide/cargo-home/bin/cargo" "+beta-2024-12-08" "test" "--frozen", kill_on_drop: false }`
[INFO] [stdout] db7a45654f1ce42091e66222dcf22a5eddc0bed8671fa2f5f0cc93c35f4577b9
[INFO] running `Command { std: "docker" "start" "-a" "db7a45654f1ce42091e66222dcf22a5eddc0bed8671fa2f5f0cc93c35f4577b9", kill_on_drop: false }`
[INFO] [stderr]     Finished `test` profile [unoptimized + debuginfo] target(s) in 0.05s
[INFO] [stderr]      Running unittests src/lib.rs (/opt/rustwide/target/debug/deps/cli_prompts-766a1f7e001a5124)
[INFO] [stdout] 
[INFO] [stdout] running 0 tests
[INFO] [stdout] 
[INFO] [stdout] test result: ok. 0 passed; 0 failed; 0 ignored; 0 measured; 0 filtered out; finished in 0.00s
[INFO] [stdout] 
[INFO] [stderr]    Doc-tests cli_prompts
[INFO] [stdout] 
[INFO] [stdout] running 6 tests
[INFO] [stdout] test src/prompts/input.rs - prompts::input::Input (line 17) ... FAILED
[INFO] [stdout] test src/prompts/mod.rs - prompts::Prompt (line 53) ... ok
[INFO] [stdout] test src/lib.rs - (line 21) ... ok
[INFO] [stdout] test src/prompts/options/selection.rs - prompts::options::selection::Selection (line 15) ... ok
[INFO] [stdout] test src/prompts/confirmation.rs - prompts::confirmation::Confirmation (line 10) ... ok
[INFO] [stdout] test src/prompts/options/multiselect.rs - prompts::options::multiselect::Multiselect (line 16) ... ok
[INFO] [stdout] 
[INFO] [stdout] failures:
[INFO] [stdout] 
[INFO] [stdout] ---- src/prompts/input.rs - prompts::input::Input (line 17) stdout ----
[INFO] [stdout] error[E0170]: pattern binding `Interrupt` is named the same as one of the variants of the type `cli_prompts::prompts::AbortReason`
[INFO] [stdout]   --> src/prompts/input.rs:44:13
[INFO] [stdout]    |
[INFO] [stdout] 29 |             Interrupt => println!("The prompt was interrupted by pressing the ESC key"),
[INFO] [stdout]    |             ^^^^^^^^^ help: to match on the variant, qualify the path: `cli_prompts::prompts::AbortReason::Interrupt`
[INFO] [stdout]    |
[INFO] [stdout]    = note: `#[deny(bindings_with_variant_name)]` on by default
[INFO] [stdout] 
[INFO] [stdout] warning: variable `Interrupt` should have a snake case name
[INFO] [stdout]   --> src/prompts/input.rs:44:13
[INFO] [stdout]    |
[INFO] [stdout] 29 |             Interrupt => println!("The prompt was interrupted by pressing the ESC key"),
[INFO] [stdout]    |             ^^^^^^^^^ help: convert the identifier to snake case (notice the capitalization): `interrupt`
[INFO] [stdout]    |
[INFO] [stdout]    = note: `#[warn(non_snake_case)]` on by default
[INFO] [stdout] 
[INFO] [stdout] error: aborting due to 1 previous error; 1 warning emitted
[INFO] [stdout] 
[INFO] [stdout] For more information about this error, try `rustc --explain E0170`.
[INFO] [stdout] Couldn't compile the test.
[INFO] [stdout] 
[INFO] [stdout] failures:
[INFO] [stdout]     src/prompts/input.rs - prompts::input::Input (line 17)
[INFO] [stdout] 
[INFO] [stdout] test result: FAILED. 5 passed; 1 failed; 0 ignored; 0 measured; 0 filtered out; finished in 2.07s
[INFO] [stdout] 
[INFO] [stderr] error: doctest failed, to rerun pass `--doc`
[INFO] running `Command { std: "docker" "inspect" "db7a45654f1ce42091e66222dcf22a5eddc0bed8671fa2f5f0cc93c35f4577b9", kill_on_drop: false }`
[INFO] running `Command { std: "docker" "rm" "-f" "db7a45654f1ce42091e66222dcf22a5eddc0bed8671fa2f5f0cc93c35f4577b9", kill_on_drop: false }`
[INFO] [stdout] db7a45654f1ce42091e66222dcf22a5eddc0bed8671fa2f5f0cc93c35f4577b9
