[INFO] fetching crate cli-pdf-to-text 0.1.11...
[INFO] testing cli-pdf-to-text-0.1.11 against 1.83.0 for beta-1.84.0-4-retry
[INFO] extracting crate cli-pdf-to-text 0.1.11 into /workspace/builds/worker-7-tc1/source
[INFO] validating manifest of crates.io crate cli-pdf-to-text 0.1.11 on toolchain 1.83.0
[INFO] running `Command { std: CARGO_HOME="/workspace/cargo-home" RUSTUP_HOME="/workspace/rustup-home" "/workspace/cargo-home/bin/cargo" "+1.83.0" "metadata" "--manifest-path" "Cargo.toml" "--no-deps", kill_on_drop: false }`
[INFO] started tweaking crates.io crate cli-pdf-to-text 0.1.11
[INFO] removed 0 missing tests
[INFO] finished tweaking crates.io crate cli-pdf-to-text 0.1.11
[INFO] tweaked toml for crates.io crate cli-pdf-to-text 0.1.11 written to /workspace/builds/worker-7-tc1/source/Cargo.toml
[INFO] crate crates.io crate cli-pdf-to-text 0.1.11 already has a lockfile, it will not be regenerated
[INFO] running `Command { std: CARGO_HOME="/workspace/cargo-home" RUSTUP_HOME="/workspace/rustup-home" "/workspace/cargo-home/bin/cargo" "+1.83.0" "fetch" "--manifest-path" "Cargo.toml", kill_on_drop: false }`
[INFO] [stderr]     Updating crates.io index
[INFO] [stderr]  Downloading crates ...
[INFO] [stderr]   Downloaded adobe-cmap-parser v0.4.1
[INFO] [stderr]   Downloaded redirect-stderr v0.1.10
[INFO] [stderr]   Downloaded postscript v0.14.1
[INFO] [stderr]   Downloaded pdf-extract v0.7.10
[INFO] [stderr]   Downloaded lopdf v0.32.0
[INFO] running `Command { std: "docker" "create" "-v" "/var/lib/crater-agent-workspace/builds/worker-7-tc1/target:/opt/rustwide/target:rw,Z" "-v" "/var/lib/crater-agent-workspace/builds/worker-7-tc1/source:/opt/rustwide/workdir:ro,Z" "-v" "/var/lib/crater-agent-workspace/cargo-home:/opt/rustwide/cargo-home:ro,Z" "-v" "/var/lib/crater-agent-workspace/rustup-home:/opt/rustwide/rustup-home:ro,Z" "-e" "SOURCE_DIR=/opt/rustwide/workdir" "-e" "CARGO_TARGET_DIR=/opt/rustwide/target" "-e" "CARGO_HOME=/opt/rustwide/cargo-home" "-e" "RUSTUP_HOME=/opt/rustwide/rustup-home" "-w" "/opt/rustwide/workdir" "-m" "1610612736" "--user" "0:0" "--network" "none" "ghcr.io/rust-lang/crates-build-env/linux@sha256:f3a9d4ad9d972b27faf3965f35b62e55ba32bbce8f20bc8fe909558a86702fde" "/opt/rustwide/cargo-home/bin/cargo" "+1.83.0" "metadata" "--no-deps" "--format-version=1", kill_on_drop: false }`
[INFO] [stdout] 7890eb91b5bf6537357ec44e875c45d7790eb14937aced8c9f15aada45793492
[INFO] running `Command { std: "docker" "start" "-a" "7890eb91b5bf6537357ec44e875c45d7790eb14937aced8c9f15aada45793492", kill_on_drop: false }`
[INFO] running `Command { std: "docker" "inspect" "7890eb91b5bf6537357ec44e875c45d7790eb14937aced8c9f15aada45793492", kill_on_drop: false }`
[INFO] running `Command { std: "docker" "rm" "-f" "7890eb91b5bf6537357ec44e875c45d7790eb14937aced8c9f15aada45793492", kill_on_drop: false }`
[INFO] [stdout] 7890eb91b5bf6537357ec44e875c45d7790eb14937aced8c9f15aada45793492
[INFO] running `Command { std: "docker" "create" "-v" "/var/lib/crater-agent-workspace/builds/worker-7-tc1/target:/opt/rustwide/target:rw,Z" "-v" "/var/lib/crater-agent-workspace/builds/worker-7-tc1/source:/opt/rustwide/workdir:ro,Z" "-v" "/var/lib/crater-agent-workspace/cargo-home:/opt/rustwide/cargo-home:ro,Z" "-v" "/var/lib/crater-agent-workspace/rustup-home:/opt/rustwide/rustup-home:ro,Z" "-e" "SOURCE_DIR=/opt/rustwide/workdir" "-e" "CARGO_TARGET_DIR=/opt/rustwide/target" "-e" "CARGO_INCREMENTAL=0" "-e" "RUST_BACKTRACE=full" "-e" "RUSTFLAGS=--cap-lints=warn" "-e" "RUSTDOCFLAGS=--cap-lints=warn" "-e" "CARGO_HOME=/opt/rustwide/cargo-home" "-e" "RUSTUP_HOME=/opt/rustwide/rustup-home" "-w" "/opt/rustwide/workdir" "-m" "1610612736" "--user" "0:0" "--network" "none" "ghcr.io/rust-lang/crates-build-env/linux@sha256:f3a9d4ad9d972b27faf3965f35b62e55ba32bbce8f20bc8fe909558a86702fde" "/opt/rustwide/cargo-home/bin/cargo" "+1.83.0" "build" "--frozen" "--message-format=json", kill_on_drop: false }`
[INFO] [stdout] 625e2fe4ba8fc8c77fa37b47cea5b5cc65a074c952569caa0022801e028795d7
[INFO] running `Command { std: "docker" "start" "-a" "625e2fe4ba8fc8c77fa37b47cea5b5cc65a074c952569caa0022801e028795d7", kill_on_drop: false }`
[INFO] [stderr]    Compiling typenum v1.17.0
[INFO] [stderr]    Compiling version_check v0.9.5
[INFO] [stderr]    Compiling cfg-if v1.0.0
[INFO] [stderr]    Compiling autocfg v1.4.0
[INFO] [stderr]    Compiling crossbeam-utils v0.8.20
[INFO] [stderr]    Compiling powerfmt v0.2.0
[INFO] [stderr]    Compiling adler2 v2.0.0
[INFO] [stderr]    Compiling minimal-lexical v0.2.1
[INFO] [stderr]    Compiling memchr v2.7.4
[INFO] [stderr]    Compiling time-core v0.1.2
[INFO] [stderr]    Compiling rayon-core v1.12.1
[INFO] [stderr]    Compiling num-conv v0.1.0
[INFO] [stderr]    Compiling itoa v1.0.14
[INFO] [stderr]    Compiling tinyvec_macros v0.1.1
[INFO] [stderr]    Compiling log v0.4.22
[INFO] [stderr]    Compiling weezl v0.1.8
[INFO] [stderr]    Compiling crc32fast v1.4.2
[INFO] [stderr]    Compiling deranged v0.3.11
[INFO] [stderr]    Compiling miniz_oxide v0.8.0
[INFO] [stderr]    Compiling encoding_rs v0.8.35
[INFO] [stderr]    Compiling libc v0.2.165
[INFO] [stderr]    Compiling pom v1.1.0
[INFO] [stderr]    Compiling tinyvec v1.8.0
[INFO] [stderr]    Compiling md5 v0.7.0
[INFO] [stderr]    Compiling equivalent v1.0.1
[INFO] [stderr]    Compiling hashbrown v0.15.2
[INFO] [stderr]    Compiling linked-hash-map v0.5.6
[INFO] [stderr]    Compiling iana-time-zone v0.1.61
[INFO] [stderr]    Compiling generic-array v0.14.7
[INFO] [stderr]    Compiling either v1.13.0
[INFO] [stderr]    Compiling num-traits v0.2.19
[INFO] [stderr]    Compiling type1-encoding-parser v0.1.0
[INFO] [stderr]    Compiling adobe-cmap-parser v0.4.1
[INFO] [stderr]    Compiling unicode-normalization v0.1.24
[INFO] [stderr]    Compiling postscript v0.14.1
[INFO] [stderr]    Compiling rangemap v1.5.1
[INFO] [stderr]    Compiling unicode-width v0.1.14
[INFO] [stderr]    Compiling flate2 v1.0.35
[INFO] [stderr]    Compiling crossbeam-epoch v0.9.18
[INFO] [stderr]    Compiling nom v7.1.3
[INFO] [stderr]    Compiling getopts v0.2.21
[INFO] [stderr]    Compiling time v0.3.36
[INFO] [stderr]    Compiling indexmap v2.6.0
[INFO] [stderr]    Compiling redirect-stderr v0.1.10
[INFO] [stderr]    Compiling crossbeam-deque v0.8.5
[INFO] [stderr]    Compiling euclid v0.20.14
[INFO] [stderr]    Compiling chrono v0.4.38
[INFO] [stderr]    Compiling rayon v1.10.0
[INFO] [stderr]    Compiling block-buffer v0.10.4
[INFO] [stderr]    Compiling crypto-common v0.1.6
[INFO] [stderr]    Compiling digest v0.10.7
[INFO] [stderr]    Compiling md-5 v0.10.6
[INFO] [stderr]    Compiling lopdf v0.32.0
[INFO] [stderr]    Compiling lopdf v0.34.0
[INFO] [stderr]    Compiling pdf-extract v0.7.10
[INFO] [stderr]    Compiling cli-pdf-to-text v0.1.11 (/opt/rustwide/workdir)
[INFO] [stderr]     Finished `dev` profile [unoptimized + debuginfo] target(s) in 25.39s
[INFO] running `Command { std: "docker" "inspect" "625e2fe4ba8fc8c77fa37b47cea5b5cc65a074c952569caa0022801e028795d7", kill_on_drop: false }`
[INFO] running `Command { std: "docker" "rm" "-f" "625e2fe4ba8fc8c77fa37b47cea5b5cc65a074c952569caa0022801e028795d7", kill_on_drop: false }`
[INFO] [stdout] 625e2fe4ba8fc8c77fa37b47cea5b5cc65a074c952569caa0022801e028795d7
[INFO] running `Command { std: "docker" "create" "-v" "/var/lib/crater-agent-workspace/builds/worker-7-tc1/target:/opt/rustwide/target:rw,Z" "-v" "/var/lib/crater-agent-workspace/builds/worker-7-tc1/source:/opt/rustwide/workdir:ro,Z" "-v" "/var/lib/crater-agent-workspace/cargo-home:/opt/rustwide/cargo-home:ro,Z" "-v" "/var/lib/crater-agent-workspace/rustup-home:/opt/rustwide/rustup-home:ro,Z" "-e" "SOURCE_DIR=/opt/rustwide/workdir" "-e" "CARGO_TARGET_DIR=/opt/rustwide/target" "-e" "CARGO_INCREMENTAL=0" "-e" "RUST_BACKTRACE=full" "-e" "RUSTFLAGS=--cap-lints=warn" "-e" "RUSTDOCFLAGS=--cap-lints=warn" "-e" "CARGO_HOME=/opt/rustwide/cargo-home" "-e" "RUSTUP_HOME=/opt/rustwide/rustup-home" "-w" "/opt/rustwide/workdir" "-m" "1610612736" "--user" "0:0" "--network" "none" "ghcr.io/rust-lang/crates-build-env/linux@sha256:f3a9d4ad9d972b27faf3965f35b62e55ba32bbce8f20bc8fe909558a86702fde" "/opt/rustwide/cargo-home/bin/cargo" "+1.83.0" "test" "--frozen" "--no-run" "--message-format=json", kill_on_drop: false }`
[INFO] [stdout] 56a974e8c99b5da69e43cf90f203bcb8ab151ea8b41b8e7ffb9f1d61ff140c61
[INFO] running `Command { std: "docker" "start" "-a" "56a974e8c99b5da69e43cf90f203bcb8ab151ea8b41b8e7ffb9f1d61ff140c61", kill_on_drop: false }`
[INFO] [stderr]    Compiling cli-pdf-to-text v0.1.11 (/opt/rustwide/workdir)
[INFO] [stderr]     Finished `test` profile [unoptimized + debuginfo] target(s) in 1.00s
[INFO] running `Command { std: "docker" "inspect" "56a974e8c99b5da69e43cf90f203bcb8ab151ea8b41b8e7ffb9f1d61ff140c61", kill_on_drop: false }`
[INFO] running `Command { std: "docker" "rm" "-f" "56a974e8c99b5da69e43cf90f203bcb8ab151ea8b41b8e7ffb9f1d61ff140c61", kill_on_drop: false }`
[INFO] [stdout] 56a974e8c99b5da69e43cf90f203bcb8ab151ea8b41b8e7ffb9f1d61ff140c61
[INFO] running `Command { std: "docker" "create" "-v" "/var/lib/crater-agent-workspace/builds/worker-7-tc1/target:/opt/rustwide/target:rw,Z" "-v" "/var/lib/crater-agent-workspace/builds/worker-7-tc1/source:/opt/rustwide/workdir:ro,Z" "-v" "/var/lib/crater-agent-workspace/cargo-home:/opt/rustwide/cargo-home:ro,Z" "-v" "/var/lib/crater-agent-workspace/rustup-home:/opt/rustwide/rustup-home:ro,Z" "-e" "SOURCE_DIR=/opt/rustwide/workdir" "-e" "CARGO_TARGET_DIR=/opt/rustwide/target" "-e" "CARGO_INCREMENTAL=0" "-e" "RUST_BACKTRACE=full" "-e" "RUSTFLAGS=--cap-lints=warn" "-e" "RUSTDOCFLAGS=--cap-lints=warn" "-e" "CARGO_HOME=/opt/rustwide/cargo-home" "-e" "RUSTUP_HOME=/opt/rustwide/rustup-home" "-w" "/opt/rustwide/workdir" "-m" "1610612736" "--user" "0:0" "--network" "none" "ghcr.io/rust-lang/crates-build-env/linux@sha256:f3a9d4ad9d972b27faf3965f35b62e55ba32bbce8f20bc8fe909558a86702fde" "/opt/rustwide/cargo-home/bin/cargo" "+1.83.0" "test" "--frozen", kill_on_drop: false }`
[INFO] [stdout] b3a7d7f1a5c3e8e68e1bc2e408895b42a1bd5d730af5a2fbfe97b3f857af27ab
[INFO] running `Command { std: "docker" "start" "-a" "b3a7d7f1a5c3e8e68e1bc2e408895b42a1bd5d730af5a2fbfe97b3f857af27ab", kill_on_drop: false }`
[INFO] [stderr]     Finished `test` profile [unoptimized + debuginfo] target(s) in 0.07s
[INFO] [stderr]      Running unittests src/lib.rs (/opt/rustwide/target/debug/deps/cli_pdf_to_text-a09da1d626d59f5e)
[INFO] [stdout] 
[INFO] [stdout] running 0 tests
[INFO] [stdout] 
[INFO] [stdout] test result: ok. 0 passed; 0 failed; 0 ignored; 0 measured; 0 filtered out; finished in 0.00s
[INFO] [stdout] 
[INFO] [stderr]      Running unittests src/main.rs (/opt/rustwide/target/debug/deps/cli_pdf_to_text-b779de072fbb0266)
[INFO] [stdout] 
[INFO] [stdout] running 0 tests
[INFO] [stdout] 
[INFO] [stdout] test result: ok. 0 passed; 0 failed; 0 ignored; 0 measured; 0 filtered out; finished in 0.00s
[INFO] [stdout] 
[INFO] [stderr]      Running tests/cli_test.rs (/opt/rustwide/target/debug/deps/cli_test-22cf1659d675c730)
[INFO] [stdout] 
[INFO] [stdout] running 1 test
[INFO] [stdout] test tests::test_end_to_end ... FAILED
[INFO] [stderr] error: test failed, to rerun pass `--test cli_test`
[INFO] [stdout] 
[INFO] [stdout] failures:
[INFO] [stdout] 
[INFO] [stdout] ---- tests::test_end_to_end stdout ----
[INFO] [stdout] thread 'tests::test_end_to_end' panicked at tests/cli_test.rs:141:54:
[INFO] [stdout] called `Result::unwrap()` on an `Err` value: Os { code: 2, kind: NotFound, message: "No such file or directory" }
[INFO] [stdout] stack backtrace:
[INFO] [stdout]    0:     0x5fc8bc0c3e2a - std::backtrace_rs::backtrace::libunwind::trace::h5a5b8284f2d0c266
[INFO] [stdout]                                at /rustc/90b35a6239c3d8bdabc530a6a0816f7ff89a0aaf/library/std/src/../../backtrace/src/backtrace/libunwind.rs:116:5
[INFO] [stdout]    1:     0x5fc8bc0c3e2a - std::backtrace_rs::backtrace::trace_unsynchronized::h76d4f1c9b0b875e3
[INFO] [stdout]                                at /rustc/90b35a6239c3d8bdabc530a6a0816f7ff89a0aaf/library/std/src/../../backtrace/src/backtrace/mod.rs:66:5
[INFO] [stdout]    2:     0x5fc8bc0c3e2a - std::sys::backtrace::_print_fmt::hc4546b8364a537c6
[INFO] [stdout]                                at /rustc/90b35a6239c3d8bdabc530a6a0816f7ff89a0aaf/library/std/src/sys/backtrace.rs:66:9
[INFO] [stdout]    3:     0x5fc8bc0c3e2a - <std::sys::backtrace::BacktraceLock::print::DisplayBacktrace as core::fmt::Display>::fmt::h5b6bd5631a6d1f6b
[INFO] [stdout]                                at /rustc/90b35a6239c3d8bdabc530a6a0816f7ff89a0aaf/library/std/src/sys/backtrace.rs:39:26
[INFO] [stdout]    4:     0x5fc8bc0e92e3 - core::fmt::rt::Argument::fmt::h270f6602a2b96f62
[INFO] [stdout]                                at /rustc/90b35a6239c3d8bdabc530a6a0816f7ff89a0aaf/library/core/src/fmt/rt.rs:177:76
[INFO] [stdout]    5:     0x5fc8bc0e92e3 - core::fmt::write::h7550c97b06c86515
[INFO] [stdout]                                at /rustc/90b35a6239c3d8bdabc530a6a0816f7ff89a0aaf/library/core/src/fmt/mod.rs:1186:21
[INFO] [stdout]    6:     0x5fc8bc0c0dd3 - std::io::Write::write_fmt::h509ff860e5956e5e
[INFO] [stdout]                                at /rustc/90b35a6239c3d8bdabc530a6a0816f7ff89a0aaf/library/std/src/io/mod.rs:1839:15
[INFO] [stdout]    7:     0x5fc8bc0c3c72 - std::sys::backtrace::BacktraceLock::print::h2395ccd2c84ba3aa
[INFO] [stdout]                                at /rustc/90b35a6239c3d8bdabc530a6a0816f7ff89a0aaf/library/std/src/sys/backtrace.rs:42:9
[INFO] [stdout]    8:     0x5fc8bc0c528a - std::panicking::default_hook::{{closure}}::he19d4c7230e07961
[INFO] [stdout]                                at /rustc/90b35a6239c3d8bdabc530a6a0816f7ff89a0aaf/library/std/src/panicking.rs:268:22
[INFO] [stdout]    9:     0x5fc8bc0c5094 - std::panicking::default_hook::hf614597d3c67bbdb
[INFO] [stdout]                                at /rustc/90b35a6239c3d8bdabc530a6a0816f7ff89a0aaf/library/std/src/panicking.rs:292:9
[INFO] [stdout]   10:     0x5fc8bc08da69 - <alloc::boxed::Box<F,A> as core::ops::function::Fn<Args>>::call::h39b51ce4599c23d1
[INFO] [stdout]                                at /rustc/90b35a6239c3d8bdabc530a6a0816f7ff89a0aaf/library/alloc/src/boxed.rs:2468:9
[INFO] [stdout]   11:     0x5fc8bc08da69 - test::test_main::{{closure}}::he977ae839a582784
[INFO] [stdout]                                at /rustc/90b35a6239c3d8bdabc530a6a0816f7ff89a0aaf/library/test/src/lib.rs:133:21
[INFO] [stdout]   12:     0x5fc8bc0c5928 - <alloc::boxed::Box<F,A> as core::ops::function::Fn<Args>>::call::h9455091b6b06f9fb
[INFO] [stdout]                                at /rustc/90b35a6239c3d8bdabc530a6a0816f7ff89a0aaf/library/alloc/src/boxed.rs:2468:9
[INFO] [stdout]   13:     0x5fc8bc0c5928 - std::panicking::rust_panic_with_hook::h8942133a8b252070
[INFO] [stdout]                                at /rustc/90b35a6239c3d8bdabc530a6a0816f7ff89a0aaf/library/std/src/panicking.rs:809:13
[INFO] [stdout]   14:     0x5fc8bc0c56ea - std::panicking::begin_panic_handler::{{closure}}::hb5f5963570096b29
[INFO] [stdout]                                at /rustc/90b35a6239c3d8bdabc530a6a0816f7ff89a0aaf/library/std/src/panicking.rs:674:13
[INFO] [stdout]   15:     0x5fc8bc0c4309 - std::sys::backtrace::__rust_end_short_backtrace::h6208cedc1922feda
[INFO] [stdout]                                at /rustc/90b35a6239c3d8bdabc530a6a0816f7ff89a0aaf/library/std/src/sys/backtrace.rs:170:18
[INFO] [stdout]   16:     0x5fc8bc0c537c - rust_begin_unwind
[INFO] [stdout]                                at /rustc/90b35a6239c3d8bdabc530a6a0816f7ff89a0aaf/library/std/src/panicking.rs:665:5
[INFO] [stdout]   17:     0x5fc8bc050a60 - core::panicking::panic_fmt::h0c3082644d1bf418
[INFO] [stdout]                                at /rustc/90b35a6239c3d8bdabc530a6a0816f7ff89a0aaf/library/core/src/panicking.rs:74:14
[INFO] [stdout]   18:     0x5fc8bc050e06 - core::result::unwrap_failed::hd20b4aa073bda1e2
[INFO] [stdout]                                at /rustc/90b35a6239c3d8bdabc530a6a0816f7ff89a0aaf/library/core/src/result.rs:1700:5
[INFO] [stdout]   19:     0x5fc8bc054cd8 - core::result::Result<T,E>::unwrap::ha6ca037c16dac374
[INFO] [stdout]                                at /rustc/90b35a6239c3d8bdabc530a6a0816f7ff89a0aaf/library/core/src/result.rs:1104:23
[INFO] [stdout]   20:     0x5fc8bc054cd8 - cli_test::tests::test_end_to_end::h8dc0085add8d67c6
[INFO] [stdout]                                at /opt/rustwide/workdir/tests/cli_test.rs:141:7
[INFO] [stdout]   21:     0x5fc8bc054bf7 - cli_test::tests::test_end_to_end::{{closure}}::h238ff93c038647f6
[INFO] [stdout]                                at /opt/rustwide/workdir/tests/cli_test.rs:123:23
[INFO] [stdout]   22:     0x5fc8bc051e56 - core::ops::function::FnOnce::call_once::h22cb4e5b3ced4e1d
[INFO] [stdout]                                at /rustc/90b35a6239c3d8bdabc530a6a0816f7ff89a0aaf/library/core/src/ops/function.rs:250:5
[INFO] [stdout]   23:     0x5fc8bc09242b - core::ops::function::FnOnce::call_once::h109cf8051a59b34e
[INFO] [stdout]                                at /rustc/90b35a6239c3d8bdabc530a6a0816f7ff89a0aaf/library/core/src/ops/function.rs:250:5
[INFO] [stdout]   24:     0x5fc8bc09242b - test::__rust_begin_short_backtrace::hf4fff89d377446ba
[INFO] [stdout]                                at /rustc/90b35a6239c3d8bdabc530a6a0816f7ff89a0aaf/library/test/src/lib.rs:621:18
[INFO] [stdout]   25:     0x5fc8bc091c67 - test::run_test_in_process::{{closure}}::h0e39181dd7ee5a43
[INFO] [stdout]                                at /rustc/90b35a6239c3d8bdabc530a6a0816f7ff89a0aaf/library/test/src/lib.rs:644:60
[INFO] [stdout]   26:     0x5fc8bc091c67 - <core::panic::unwind_safe::AssertUnwindSafe<F> as core::ops::function::FnOnce<()>>::call_once::hc5a66a30f0bdfd1f
[INFO] [stdout]                                at /rustc/90b35a6239c3d8bdabc530a6a0816f7ff89a0aaf/library/core/src/panic/unwind_safe.rs:272:9
[INFO] [stdout]   27:     0x5fc8bc091c67 - std::panicking::try::do_call::h873b7cf639554a5e
[INFO] [stdout]                                at /rustc/90b35a6239c3d8bdabc530a6a0816f7ff89a0aaf/library/std/src/panicking.rs:557:40
[INFO] [stdout]   28:     0x5fc8bc091c67 - std::panicking::try::hdb19862fad9c8bd1
[INFO] [stdout]                                at /rustc/90b35a6239c3d8bdabc530a6a0816f7ff89a0aaf/library/std/src/panicking.rs:520:19
[INFO] [stdout]   29:     0x5fc8bc091c67 - std::panic::catch_unwind::h281fe732d236d260
[INFO] [stdout]                                at /rustc/90b35a6239c3d8bdabc530a6a0816f7ff89a0aaf/library/std/src/panic.rs:358:14
[INFO] [stdout]   30:     0x5fc8bc091c67 - test::run_test_in_process::h949b6df8457ed338
[INFO] [stdout]                                at /rustc/90b35a6239c3d8bdabc530a6a0816f7ff89a0aaf/library/test/src/lib.rs:644:27
[INFO] [stdout]   31:     0x5fc8bc091c67 - test::run_test::{{closure}}::h52c556a6d4740e10
[INFO] [stdout]                                at /rustc/90b35a6239c3d8bdabc530a6a0816f7ff89a0aaf/library/test/src/lib.rs:565:43
[INFO] [stdout]   32:     0x5fc8bc056f44 - test::run_test::{{closure}}::h4237f6381c45ccb9
[INFO] [stdout]                                at /rustc/90b35a6239c3d8bdabc530a6a0816f7ff89a0aaf/library/test/src/lib.rs:595:41
[INFO] [stdout]   33:     0x5fc8bc056f44 - std::sys::backtrace::__rust_begin_short_backtrace::h505c97a579eca628
[INFO] [stdout]                                at /rustc/90b35a6239c3d8bdabc530a6a0816f7ff89a0aaf/library/std/src/sys/backtrace.rs:154:18
[INFO] [stdout]   34:     0x5fc8bc05a60e - std::thread::Builder::spawn_unchecked_::{{closure}}::{{closure}}::h9e86b2e2bc107ea3
[INFO] [stdout]                                at /rustc/90b35a6239c3d8bdabc530a6a0816f7ff89a0aaf/library/std/src/thread/mod.rs:538:17
[INFO] [stdout]   35:     0x5fc8bc05a60e - <core::panic::unwind_safe::AssertUnwindSafe<F> as core::ops::function::FnOnce<()>>::call_once::h8b06ddb275ff4a25
[INFO] [stdout]                                at /rustc/90b35a6239c3d8bdabc530a6a0816f7ff89a0aaf/library/core/src/panic/unwind_safe.rs:272:9
[INFO] [stdout]   36:     0x5fc8bc05a60e - std::panicking::try::do_call::hb26ecd7cd9a9355d
[INFO] [stdout]                                at /rustc/90b35a6239c3d8bdabc530a6a0816f7ff89a0aaf/library/std/src/panicking.rs:557:40
[INFO] [stdout]   37:     0x5fc8bc05a60e - std::panicking::try::h8ddeca9d705f9069
[INFO] [stdout]                                at /rustc/90b35a6239c3d8bdabc530a6a0816f7ff89a0aaf/library/std/src/panicking.rs:520:19
[INFO] [stdout]   38:     0x5fc8bc05a60e - std::panic::catch_unwind::h49e1c33078844c46
[INFO] [stdout]                                at /rustc/90b35a6239c3d8bdabc530a6a0816f7ff89a0aaf/library/std/src/panic.rs:358:14
[INFO] [stdout]   39:     0x5fc8bc05a60e - std::thread::Builder::spawn_unchecked_::{{closure}}::h6073db6ff56ad35d
[INFO] [stdout]                                at /rustc/90b35a6239c3d8bdabc530a6a0816f7ff89a0aaf/library/std/src/thread/mod.rs:537:30
[INFO] [stdout]   40:     0x5fc8bc05a60e - core::ops::function::FnOnce::call_once{{vtable.shim}}::h2c5a5f3779c774f1
[INFO] [stdout]                                at /rustc/90b35a6239c3d8bdabc530a6a0816f7ff89a0aaf/library/core/src/ops/function.rs:250:5
[INFO] [stdout]   41:     0x5fc8bc0c968b - <alloc::boxed::Box<F,A> as core::ops::function::FnOnce<Args>>::call_once::hf75717d9f28faebf
[INFO] [stdout]                                at /rustc/90b35a6239c3d8bdabc530a6a0816f7ff89a0aaf/library/alloc/src/boxed.rs:2454:9
[INFO] [stdout]   42:     0x5fc8bc0c968b - <alloc::boxed::Box<F,A> as core::ops::function::FnOnce<Args>>::call_once::h7bd883a5f3c5f3c1
[INFO] [stdout]                                at /rustc/90b35a6239c3d8bdabc530a6a0816f7ff89a0aaf/library/alloc/src/boxed.rs:2454:9
[INFO] [stdout]   43:     0x5fc8bc0c968b - std::sys::pal::unix::thread::Thread::new::thread_start::hcc78f3943333fa94
[INFO] [stdout]                                at /rustc/90b35a6239c3d8bdabc530a6a0816f7ff89a0aaf/library/std/src/sys/pal/unix/thread.rs:105:17
[INFO] [stdout]   44:     0x7b0b93802ac3 - <unknown>
[INFO] [stdout]   45:     0x7b0b93893a04 - clone
[INFO] [stdout]   46:                0x0 - <unknown>
[INFO] [stdout] 
[INFO] [stdout] 
[INFO] [stdout] failures:
[INFO] [stdout]     tests::test_end_to_end
[INFO] [stdout] 
[INFO] [stdout] test result: FAILED. 0 passed; 1 failed; 0 ignored; 0 measured; 0 filtered out; finished in 0.04s
[INFO] [stdout] 
[INFO] running `Command { std: "docker" "inspect" "b3a7d7f1a5c3e8e68e1bc2e408895b42a1bd5d730af5a2fbfe97b3f857af27ab", kill_on_drop: false }`
[INFO] running `Command { std: "docker" "rm" "-f" "b3a7d7f1a5c3e8e68e1bc2e408895b42a1bd5d730af5a2fbfe97b3f857af27ab", kill_on_drop: false }`
[INFO] [stdout] b3a7d7f1a5c3e8e68e1bc2e408895b42a1bd5d730af5a2fbfe97b3f857af27ab
