[INFO] fetching crate cli-config 0.1.0...
[INFO] testing cli-config-0.1.0 against beta-2024-12-08 for beta-1.84.0-4-retry
[INFO] extracting crate cli-config 0.1.0 into /workspace/builds/worker-3-tc2/source
[INFO] validating manifest of crates.io crate cli-config 0.1.0 on toolchain beta-2024-12-08
[INFO] running `Command { std: CARGO_HOME="/workspace/cargo-home" RUSTUP_HOME="/workspace/rustup-home" "/workspace/cargo-home/bin/cargo" "+beta-2024-12-08" "metadata" "--manifest-path" "Cargo.toml" "--no-deps", kill_on_drop: false }`
[INFO] started tweaking crates.io crate cli-config 0.1.0
[INFO] finished tweaking crates.io crate cli-config 0.1.0
[INFO] tweaked toml for crates.io crate cli-config 0.1.0 written to /workspace/builds/worker-3-tc2/source/Cargo.toml
[INFO] running `Command { std: CARGO_HOME="/workspace/cargo-home" RUSTUP_HOME="/workspace/rustup-home" "/workspace/cargo-home/bin/cargo" "+beta-2024-12-08" "generate-lockfile" "--manifest-path" "Cargo.toml", kill_on_drop: false }`
[INFO] [stderr]     Updating crates.io index
[INFO] [stderr]      Locking 50 packages to latest compatible versions
[INFO] [stderr]       Adding dirs v4.0.0 (available: v5.0.1)
[INFO] [stderr]       Adding thiserror v1.0.69 (available: v2.0.7)
[INFO] [stderr]       Adding toml v0.5.11 (available: v0.8.19)
[INFO] running `Command { std: CARGO_HOME="/workspace/cargo-home" RUSTUP_HOME="/workspace/rustup-home" "/workspace/cargo-home/bin/cargo" "+beta-2024-12-08" "fetch" "--manifest-path" "Cargo.toml", kill_on_drop: false }`
[INFO] running `Command { std: "docker" "create" "-v" "/var/lib/crater-agent-workspace/builds/worker-3-tc2/target:/opt/rustwide/target:rw,Z" "-v" "/var/lib/crater-agent-workspace/builds/worker-3-tc2/source:/opt/rustwide/workdir:ro,Z" "-v" "/var/lib/crater-agent-workspace/cargo-home:/opt/rustwide/cargo-home:ro,Z" "-v" "/var/lib/crater-agent-workspace/rustup-home:/opt/rustwide/rustup-home:ro,Z" "-e" "SOURCE_DIR=/opt/rustwide/workdir" "-e" "CARGO_TARGET_DIR=/opt/rustwide/target" "-e" "CARGO_HOME=/opt/rustwide/cargo-home" "-e" "RUSTUP_HOME=/opt/rustwide/rustup-home" "-w" "/opt/rustwide/workdir" "-m" "1610612736" "--user" "0:0" "--network" "none" "ghcr.io/rust-lang/crates-build-env/linux@sha256:f3a9d4ad9d972b27faf3965f35b62e55ba32bbce8f20bc8fe909558a86702fde" "/opt/rustwide/cargo-home/bin/cargo" "+beta-2024-12-08" "metadata" "--no-deps" "--format-version=1", kill_on_drop: false }`
[INFO] [stdout] efcdad321640cf928df588e4a3eb6e4e49e0d2d317ab177d330daf55c80c7445
[INFO] running `Command { std: "docker" "start" "-a" "efcdad321640cf928df588e4a3eb6e4e49e0d2d317ab177d330daf55c80c7445", kill_on_drop: false }`
[INFO] running `Command { std: "docker" "inspect" "efcdad321640cf928df588e4a3eb6e4e49e0d2d317ab177d330daf55c80c7445", kill_on_drop: false }`
[INFO] running `Command { std: "docker" "rm" "-f" "efcdad321640cf928df588e4a3eb6e4e49e0d2d317ab177d330daf55c80c7445", kill_on_drop: false }`
[INFO] [stdout] efcdad321640cf928df588e4a3eb6e4e49e0d2d317ab177d330daf55c80c7445
[INFO] running `Command { std: "docker" "create" "-v" "/var/lib/crater-agent-workspace/builds/worker-3-tc2/target:/opt/rustwide/target:rw,Z" "-v" "/var/lib/crater-agent-workspace/builds/worker-3-tc2/source:/opt/rustwide/workdir:ro,Z" "-v" "/var/lib/crater-agent-workspace/cargo-home:/opt/rustwide/cargo-home:ro,Z" "-v" "/var/lib/crater-agent-workspace/rustup-home:/opt/rustwide/rustup-home:ro,Z" "-e" "SOURCE_DIR=/opt/rustwide/workdir" "-e" "CARGO_TARGET_DIR=/opt/rustwide/target" "-e" "CARGO_INCREMENTAL=0" "-e" "RUST_BACKTRACE=full" "-e" "RUSTFLAGS=--cap-lints=warn" "-e" "RUSTDOCFLAGS=--cap-lints=warn" "-e" "CARGO_HOME=/opt/rustwide/cargo-home" "-e" "RUSTUP_HOME=/opt/rustwide/rustup-home" "-w" "/opt/rustwide/workdir" "-m" "1610612736" "--user" "0:0" "--network" "none" "ghcr.io/rust-lang/crates-build-env/linux@sha256:f3a9d4ad9d972b27faf3965f35b62e55ba32bbce8f20bc8fe909558a86702fde" "/opt/rustwide/cargo-home/bin/cargo" "+beta-2024-12-08" "build" "--frozen" "--message-format=json", kill_on_drop: false }`
[INFO] [stdout] 0737590182c607bd31b9d5233a8abcd7386002b2579b1e9542016f0a0d797e8a
[INFO] running `Command { std: "docker" "start" "-a" "0737590182c607bd31b9d5233a8abcd7386002b2579b1e9542016f0a0d797e8a", kill_on_drop: false }`
[INFO] [stderr]    Compiling proc-macro2 v1.0.92
[INFO] [stderr]    Compiling unicode-ident v1.0.14
[INFO] [stderr]    Compiling libc v0.2.168
[INFO] [stderr]    Compiling serde v1.0.216
[INFO] [stderr]    Compiling thiserror v1.0.69
[INFO] [stderr]    Compiling anyhow v1.0.94
[INFO] [stderr]    Compiling remove_dir_all v0.5.3
[INFO] [stderr]    Compiling xdg v2.5.2
[INFO] [stderr]    Compiling home v0.5.9
[INFO] [stderr]    Compiling quote v1.0.37
[INFO] [stderr]    Compiling syn v2.0.90
[INFO] [stderr]    Compiling dirs-sys v0.3.7
[INFO] [stderr]    Compiling rand v0.4.6
[INFO] [stderr]    Compiling dirs v4.0.0
[INFO] [stderr]    Compiling tempdir v0.3.7
[INFO] [stderr]    Compiling serde_derive v1.0.216
[INFO] [stderr]    Compiling thiserror-impl v1.0.69
[INFO] [stderr]    Compiling cli-config v0.1.0 (/opt/rustwide/workdir)
[INFO] [stderr]     Finished `dev` profile [unoptimized + debuginfo] target(s) in 19.29s
[INFO] running `Command { std: "docker" "inspect" "0737590182c607bd31b9d5233a8abcd7386002b2579b1e9542016f0a0d797e8a", kill_on_drop: false }`
[INFO] running `Command { std: "docker" "rm" "-f" "0737590182c607bd31b9d5233a8abcd7386002b2579b1e9542016f0a0d797e8a", kill_on_drop: false }`
[INFO] [stdout] 0737590182c607bd31b9d5233a8abcd7386002b2579b1e9542016f0a0d797e8a
[INFO] running `Command { std: "docker" "create" "-v" "/var/lib/crater-agent-workspace/builds/worker-3-tc2/target:/opt/rustwide/target:rw,Z" "-v" "/var/lib/crater-agent-workspace/builds/worker-3-tc2/source:/opt/rustwide/workdir:ro,Z" "-v" "/var/lib/crater-agent-workspace/cargo-home:/opt/rustwide/cargo-home:ro,Z" "-v" "/var/lib/crater-agent-workspace/rustup-home:/opt/rustwide/rustup-home:ro,Z" "-e" "SOURCE_DIR=/opt/rustwide/workdir" "-e" "CARGO_TARGET_DIR=/opt/rustwide/target" "-e" "CARGO_INCREMENTAL=0" "-e" "RUST_BACKTRACE=full" "-e" "RUSTFLAGS=--cap-lints=warn" "-e" "RUSTDOCFLAGS=--cap-lints=warn" "-e" "CARGO_HOME=/opt/rustwide/cargo-home" "-e" "RUSTUP_HOME=/opt/rustwide/rustup-home" "-w" "/opt/rustwide/workdir" "-m" "1610612736" "--user" "0:0" "--network" "none" "ghcr.io/rust-lang/crates-build-env/linux@sha256:f3a9d4ad9d972b27faf3965f35b62e55ba32bbce8f20bc8fe909558a86702fde" "/opt/rustwide/cargo-home/bin/cargo" "+beta-2024-12-08" "test" "--frozen" "--no-run" "--message-format=json", kill_on_drop: false }`
[INFO] [stdout] 6f7221eb3f56a4514133cc1cd30603ee513c0b874f8027b9d6627263192e6466
[INFO] running `Command { std: "docker" "start" "-a" "6f7221eb3f56a4514133cc1cd30603ee513c0b874f8027b9d6627263192e6466", kill_on_drop: false }`
[INFO] [stderr]    Compiling cli-config v0.1.0 (/opt/rustwide/workdir)
[INFO] [stderr]     Finished `test` profile [unoptimized + debuginfo] target(s) in 0.64s
[INFO] running `Command { std: "docker" "inspect" "6f7221eb3f56a4514133cc1cd30603ee513c0b874f8027b9d6627263192e6466", kill_on_drop: false }`
[INFO] running `Command { std: "docker" "rm" "-f" "6f7221eb3f56a4514133cc1cd30603ee513c0b874f8027b9d6627263192e6466", kill_on_drop: false }`
[INFO] [stdout] 6f7221eb3f56a4514133cc1cd30603ee513c0b874f8027b9d6627263192e6466
[INFO] running `Command { std: "docker" "create" "-v" "/var/lib/crater-agent-workspace/builds/worker-3-tc2/target:/opt/rustwide/target:rw,Z" "-v" "/var/lib/crater-agent-workspace/builds/worker-3-tc2/source:/opt/rustwide/workdir:ro,Z" "-v" "/var/lib/crater-agent-workspace/cargo-home:/opt/rustwide/cargo-home:ro,Z" "-v" "/var/lib/crater-agent-workspace/rustup-home:/opt/rustwide/rustup-home:ro,Z" "-e" "SOURCE_DIR=/opt/rustwide/workdir" "-e" "CARGO_TARGET_DIR=/opt/rustwide/target" "-e" "CARGO_INCREMENTAL=0" "-e" "RUST_BACKTRACE=full" "-e" "RUSTFLAGS=--cap-lints=warn" "-e" "RUSTDOCFLAGS=--cap-lints=warn" "-e" "CARGO_HOME=/opt/rustwide/cargo-home" "-e" "RUSTUP_HOME=/opt/rustwide/rustup-home" "-w" "/opt/rustwide/workdir" "-m" "1610612736" "--user" "0:0" "--network" "none" "ghcr.io/rust-lang/crates-build-env/linux@sha256:f3a9d4ad9d972b27faf3965f35b62e55ba32bbce8f20bc8fe909558a86702fde" "/opt/rustwide/cargo-home/bin/cargo" "+beta-2024-12-08" "test" "--frozen", kill_on_drop: false }`
[INFO] [stdout] ae62ada7afa6b5de582bf5b8ddf320e42e5fce0187888e9f17deef6cc8abadc6
[INFO] running `Command { std: "docker" "start" "-a" "ae62ada7afa6b5de582bf5b8ddf320e42e5fce0187888e9f17deef6cc8abadc6", kill_on_drop: false }`
[INFO] [stderr]     Finished `test` profile [unoptimized + debuginfo] target(s) in 0.04s
[INFO] [stderr]      Running unittests src/lib.rs (/opt/rustwide/target/debug/deps/cli_config-3447b1847ea050ea)
[INFO] [stdout] 
[INFO] [stdout] running 0 tests
[INFO] [stdout] 
[INFO] [stdout] test result: ok. 0 passed; 0 failed; 0 ignored; 0 measured; 0 filtered out; finished in 0.00s
[INFO] [stdout] 
[INFO] [stderr]    Doc-tests cli_config
[INFO] [stdout] 
[INFO] [stdout] running 1 test
[INFO] [stdout] test src/core.rs - core::init (line 88) ... FAILED
[INFO] [stdout] 
[INFO] [stdout] failures:
[INFO] [stdout] 
[INFO] [stdout] ---- src/core.rs - core::init (line 88) stdout ----
[INFO] [stdout] error[E0432]: unresolved import `cli_config::fs::JSONFile`
[INFO] [stdout]   --> src/core.rs:90:5
[INFO] [stdout]    |
[INFO] [stdout] 5  | use cli_config::fs::JSONFile;
[INFO] [stdout]    |     ^^^^^^^^^^^^^^^^^^^^^^^^ no `JSONFile` in `fs`
[INFO] [stdout]    |
[INFO] [stdout] note: found an item that was configured out
[INFO] [stdout]   --> /opt/rustwide/workdir/src/fs.rs:30:11
[INFO] [stdout]    |
[INFO] [stdout] 30 | pub trait JSONFile
[INFO] [stdout]    |           ^^^^^^^^
[INFO] [stdout] note: the item is gated behind the `json` feature
[INFO] [stdout]   --> /opt/rustwide/workdir/src/fs.rs:29:7
[INFO] [stdout]    |
[INFO] [stdout] 29 | #[cfg(feature = "json")]
[INFO] [stdout]    |       ^^^^^^^^^^^^^^^^
[INFO] [stdout] 
[INFO] [stdout] error: aborting due to 1 previous error
[INFO] [stdout] 
[INFO] [stdout] For more information about this error, try `rustc --explain E0432`.
[INFO] [stdout] Couldn't compile the test.
[INFO] [stdout] 
[INFO] [stdout] failures:
[INFO] [stdout]     src/core.rs - core::init (line 88)
[INFO] [stdout] 
[INFO] [stdout] test result: FAILED. 0 passed; 1 failed; 0 ignored; 0 measured; 0 filtered out; finished in 0.16s
[INFO] [stdout] 
[INFO] [stderr] error: doctest failed, to rerun pass `--doc`
[INFO] running `Command { std: "docker" "inspect" "ae62ada7afa6b5de582bf5b8ddf320e42e5fce0187888e9f17deef6cc8abadc6", kill_on_drop: false }`
[INFO] running `Command { std: "docker" "rm" "-f" "ae62ada7afa6b5de582bf5b8ddf320e42e5fce0187888e9f17deef6cc8abadc6", kill_on_drop: false }`
[INFO] [stdout] ae62ada7afa6b5de582bf5b8ddf320e42e5fce0187888e9f17deef6cc8abadc6
