[INFO] fetching crate cli-animate 0.1.0...
[INFO] testing cli-animate-0.1.0 against beta-2024-12-08 for beta-1.84.0-4-retry
[INFO] extracting crate cli-animate 0.1.0 into /workspace/builds/worker-1-tc2/source
[INFO] validating manifest of crates.io crate cli-animate 0.1.0 on toolchain beta-2024-12-08
[INFO] running `Command { std: CARGO_HOME="/workspace/cargo-home" RUSTUP_HOME="/workspace/rustup-home" "/workspace/cargo-home/bin/cargo" "+beta-2024-12-08" "metadata" "--manifest-path" "Cargo.toml" "--no-deps", kill_on_drop: false }`
[INFO] started tweaking crates.io crate cli-animate 0.1.0
[INFO] finished tweaking crates.io crate cli-animate 0.1.0
[INFO] tweaked toml for crates.io crate cli-animate 0.1.0 written to /workspace/builds/worker-1-tc2/source/Cargo.toml
[INFO] crate crates.io crate cli-animate 0.1.0 already has a lockfile, it will not be regenerated
[INFO] running `Command { std: CARGO_HOME="/workspace/cargo-home" RUSTUP_HOME="/workspace/rustup-home" "/workspace/cargo-home/bin/cargo" "+beta-2024-12-08" "fetch" "--manifest-path" "Cargo.toml", kill_on_drop: false }`
[INFO] running `Command { std: "docker" "create" "-v" "/var/lib/crater-agent-workspace/builds/worker-1-tc2/target:/opt/rustwide/target:rw,Z" "-v" "/var/lib/crater-agent-workspace/builds/worker-1-tc2/source:/opt/rustwide/workdir:ro,Z" "-v" "/var/lib/crater-agent-workspace/cargo-home:/opt/rustwide/cargo-home:ro,Z" "-v" "/var/lib/crater-agent-workspace/rustup-home:/opt/rustwide/rustup-home:ro,Z" "-e" "SOURCE_DIR=/opt/rustwide/workdir" "-e" "CARGO_TARGET_DIR=/opt/rustwide/target" "-e" "CARGO_HOME=/opt/rustwide/cargo-home" "-e" "RUSTUP_HOME=/opt/rustwide/rustup-home" "-w" "/opt/rustwide/workdir" "-m" "1610612736" "--user" "0:0" "--network" "none" "ghcr.io/rust-lang/crates-build-env/linux@sha256:f3a9d4ad9d972b27faf3965f35b62e55ba32bbce8f20bc8fe909558a86702fde" "/opt/rustwide/cargo-home/bin/cargo" "+beta-2024-12-08" "metadata" "--no-deps" "--format-version=1", kill_on_drop: false }`
[INFO] [stdout] b9bbac12518c64bb431d591f85035a944e89965b40ccce0884d0f008e7fa665c
[INFO] running `Command { std: "docker" "start" "-a" "b9bbac12518c64bb431d591f85035a944e89965b40ccce0884d0f008e7fa665c", kill_on_drop: false }`
[INFO] running `Command { std: "docker" "inspect" "b9bbac12518c64bb431d591f85035a944e89965b40ccce0884d0f008e7fa665c", kill_on_drop: false }`
[INFO] running `Command { std: "docker" "rm" "-f" "b9bbac12518c64bb431d591f85035a944e89965b40ccce0884d0f008e7fa665c", kill_on_drop: false }`
[INFO] [stdout] b9bbac12518c64bb431d591f85035a944e89965b40ccce0884d0f008e7fa665c
[INFO] running `Command { std: "docker" "create" "-v" "/var/lib/crater-agent-workspace/builds/worker-1-tc2/target:/opt/rustwide/target:rw,Z" "-v" "/var/lib/crater-agent-workspace/builds/worker-1-tc2/source:/opt/rustwide/workdir:ro,Z" "-v" "/var/lib/crater-agent-workspace/cargo-home:/opt/rustwide/cargo-home:ro,Z" "-v" "/var/lib/crater-agent-workspace/rustup-home:/opt/rustwide/rustup-home:ro,Z" "-e" "SOURCE_DIR=/opt/rustwide/workdir" "-e" "CARGO_TARGET_DIR=/opt/rustwide/target" "-e" "CARGO_INCREMENTAL=0" "-e" "RUST_BACKTRACE=full" "-e" "RUSTFLAGS=--cap-lints=warn" "-e" "RUSTDOCFLAGS=--cap-lints=warn" "-e" "CARGO_HOME=/opt/rustwide/cargo-home" "-e" "RUSTUP_HOME=/opt/rustwide/rustup-home" "-w" "/opt/rustwide/workdir" "-m" "1610612736" "--user" "0:0" "--network" "none" "ghcr.io/rust-lang/crates-build-env/linux@sha256:f3a9d4ad9d972b27faf3965f35b62e55ba32bbce8f20bc8fe909558a86702fde" "/opt/rustwide/cargo-home/bin/cargo" "+beta-2024-12-08" "build" "--frozen" "--message-format=json", kill_on_drop: false }`
[INFO] [stdout] f327a97b1ac1f1fc8298dd5e891536e1d10f6aeb12469432ec6e0d254585c54d
[INFO] running `Command { std: "docker" "start" "-a" "f327a97b1ac1f1fc8298dd5e891536e1d10f6aeb12469432ec6e0d254585c54d", kill_on_drop: false }`
[INFO] [stderr]    Compiling cli-animate v0.1.0 (/opt/rustwide/workdir)
[INFO] [stderr]     Finished `dev` profile [unoptimized + debuginfo] target(s) in 0.50s
[INFO] running `Command { std: "docker" "inspect" "f327a97b1ac1f1fc8298dd5e891536e1d10f6aeb12469432ec6e0d254585c54d", kill_on_drop: false }`
[INFO] running `Command { std: "docker" "rm" "-f" "f327a97b1ac1f1fc8298dd5e891536e1d10f6aeb12469432ec6e0d254585c54d", kill_on_drop: false }`
[INFO] [stdout] f327a97b1ac1f1fc8298dd5e891536e1d10f6aeb12469432ec6e0d254585c54d
[INFO] running `Command { std: "docker" "create" "-v" "/var/lib/crater-agent-workspace/builds/worker-1-tc2/target:/opt/rustwide/target:rw,Z" "-v" "/var/lib/crater-agent-workspace/builds/worker-1-tc2/source:/opt/rustwide/workdir:ro,Z" "-v" "/var/lib/crater-agent-workspace/cargo-home:/opt/rustwide/cargo-home:ro,Z" "-v" "/var/lib/crater-agent-workspace/rustup-home:/opt/rustwide/rustup-home:ro,Z" "-e" "SOURCE_DIR=/opt/rustwide/workdir" "-e" "CARGO_TARGET_DIR=/opt/rustwide/target" "-e" "CARGO_INCREMENTAL=0" "-e" "RUST_BACKTRACE=full" "-e" "RUSTFLAGS=--cap-lints=warn" "-e" "RUSTDOCFLAGS=--cap-lints=warn" "-e" "CARGO_HOME=/opt/rustwide/cargo-home" "-e" "RUSTUP_HOME=/opt/rustwide/rustup-home" "-w" "/opt/rustwide/workdir" "-m" "1610612736" "--user" "0:0" "--network" "none" "ghcr.io/rust-lang/crates-build-env/linux@sha256:f3a9d4ad9d972b27faf3965f35b62e55ba32bbce8f20bc8fe909558a86702fde" "/opt/rustwide/cargo-home/bin/cargo" "+beta-2024-12-08" "test" "--frozen" "--no-run" "--message-format=json", kill_on_drop: false }`
[INFO] [stdout] b1563a11f03cc071f2a5a5669424b48866273fc14b66a851479d793f32c3315b
[INFO] running `Command { std: "docker" "start" "-a" "b1563a11f03cc071f2a5a5669424b48866273fc14b66a851479d793f32c3315b", kill_on_drop: false }`
[INFO] [stderr]    Compiling cli-animate v0.1.0 (/opt/rustwide/workdir)
[INFO] [stderr]     Finished `test` profile [unoptimized + debuginfo] target(s) in 0.76s
[INFO] running `Command { std: "docker" "inspect" "b1563a11f03cc071f2a5a5669424b48866273fc14b66a851479d793f32c3315b", kill_on_drop: false }`
[INFO] running `Command { std: "docker" "rm" "-f" "b1563a11f03cc071f2a5a5669424b48866273fc14b66a851479d793f32c3315b", kill_on_drop: false }`
[INFO] [stdout] b1563a11f03cc071f2a5a5669424b48866273fc14b66a851479d793f32c3315b
[INFO] running `Command { std: "docker" "create" "-v" "/var/lib/crater-agent-workspace/builds/worker-1-tc2/target:/opt/rustwide/target:rw,Z" "-v" "/var/lib/crater-agent-workspace/builds/worker-1-tc2/source:/opt/rustwide/workdir:ro,Z" "-v" "/var/lib/crater-agent-workspace/cargo-home:/opt/rustwide/cargo-home:ro,Z" "-v" "/var/lib/crater-agent-workspace/rustup-home:/opt/rustwide/rustup-home:ro,Z" "-e" "SOURCE_DIR=/opt/rustwide/workdir" "-e" "CARGO_TARGET_DIR=/opt/rustwide/target" "-e" "CARGO_INCREMENTAL=0" "-e" "RUST_BACKTRACE=full" "-e" "RUSTFLAGS=--cap-lints=warn" "-e" "RUSTDOCFLAGS=--cap-lints=warn" "-e" "CARGO_HOME=/opt/rustwide/cargo-home" "-e" "RUSTUP_HOME=/opt/rustwide/rustup-home" "-w" "/opt/rustwide/workdir" "-m" "1610612736" "--user" "0:0" "--network" "none" "ghcr.io/rust-lang/crates-build-env/linux@sha256:f3a9d4ad9d972b27faf3965f35b62e55ba32bbce8f20bc8fe909558a86702fde" "/opt/rustwide/cargo-home/bin/cargo" "+beta-2024-12-08" "test" "--frozen", kill_on_drop: false }`
[INFO] [stdout] e3b2a9a5613b92df83a5bad15aed4010684fe86b4b6034a2adf21009dae28732
[INFO] running `Command { std: "docker" "start" "-a" "e3b2a9a5613b92df83a5bad15aed4010684fe86b4b6034a2adf21009dae28732", kill_on_drop: false }`
[INFO] [stderr]     Finished `test` profile [unoptimized + debuginfo] target(s) in 0.02s
[INFO] [stdout] 
[INFO] [stderr]      Running unittests src/lib.rs (/opt/rustwide/target/debug/deps/cli_animate-41b99cbabf6687b1)
[INFO] [stdout] running 1 test
[INFO] [stdout] test progress::tests::test_update_progress_success ... ok
[INFO] [stderr]    Doc-tests cli_animate
[INFO] [stdout] 
[INFO] [stdout] test result: ok. 1 passed; 0 failed; 0 ignored; 0 measured; 0 filtered out; finished in 0.00s
[INFO] [stdout] 
[INFO] [stdout] 
[INFO] [stdout] running 1 test
[INFO] [stdout] test src/lib.rs - (line 24) ... FAILED
[INFO] [stdout] 
[INFO] [stdout] failures:
[INFO] [stdout] 
[INFO] [stdout] ---- src/lib.rs - (line 24) stdout ----
[INFO] [stdout] error[E0061]: this function takes 2 arguments but 1 argument was supplied
[INFO] [stdout]   --> src/lib.rs:37:20
[INFO] [stdout]    |
[INFO] [stdout] 15 |     let mut menu = InteractiveMenu::new(options.clone());
[INFO] [stdout]    |                    ^^^^^^^^^^^^^^^^^^^^----------------- argument #2 of type `cli_animate::interactive_menu::Style` is missing
[INFO] [stdout]    |
[INFO] [stdout] note: associated function defined here
[INFO] [stdout]   --> /opt/rustwide/workdir/src/interactive_menu.rs:67:12
[INFO] [stdout]    |
[INFO] [stdout] 67 |     pub fn new(options: Vec<String>, style: Style) -> Self {
[INFO] [stdout]    |            ^^^
[INFO] [stdout] help: provide the argument
[INFO] [stdout]    |
[INFO] [stdout] 15 |     let mut menu = InteractiveMenu::new(options.clone(), /* cli_animate::interactive_menu::Style */);
[INFO] [stdout]    |                                        ~~~~~~~~~~~~~~~~~~~~~~~~~~~~~~~~~~~~~~~~~~~~~~~~~~~~~~~~~~~~~
[INFO] [stdout] 
[INFO] [stdout] error: aborting due to 1 previous error
[INFO] [stdout] 
[INFO] [stdout] For more information about this error, try `rustc --explain E0061`.
[INFO] [stdout] Couldn't compile the test.
[INFO] [stdout] 
[INFO] [stdout] failures:
[INFO] [stdout]     src/lib.rs - (line 24)
[INFO] [stdout] 
[INFO] [stdout] test result: FAILED. 0 passed; 1 failed; 0 ignored; 0 measured; 0 filtered out; finished in 0.07s
[INFO] [stdout] 
[INFO] [stderr] error: doctest failed, to rerun pass `--doc`
[INFO] running `Command { std: "docker" "inspect" "e3b2a9a5613b92df83a5bad15aed4010684fe86b4b6034a2adf21009dae28732", kill_on_drop: false }`
[INFO] running `Command { std: "docker" "rm" "-f" "e3b2a9a5613b92df83a5bad15aed4010684fe86b4b6034a2adf21009dae28732", kill_on_drop: false }`
[INFO] [stdout] e3b2a9a5613b92df83a5bad15aed4010684fe86b4b6034a2adf21009dae28732
