[INFO] fetching crate clg 0.0.3...
[INFO] testing clg-0.0.3 against beta-2024-12-08 for beta-1.84.0-4-retry
[INFO] extracting crate clg 0.0.3 into /workspace/builds/worker-3-tc2/source
[INFO] validating manifest of crates.io crate clg 0.0.3 on toolchain beta-2024-12-08
[INFO] running `Command { std: CARGO_HOME="/workspace/cargo-home" RUSTUP_HOME="/workspace/rustup-home" "/workspace/cargo-home/bin/cargo" "+beta-2024-12-08" "metadata" "--manifest-path" "Cargo.toml" "--no-deps", kill_on_drop: false }`
[INFO] started tweaking crates.io crate clg 0.0.3
[INFO] finished tweaking crates.io crate clg 0.0.3
[INFO] tweaked toml for crates.io crate clg 0.0.3 written to /workspace/builds/worker-3-tc2/source/Cargo.toml
[INFO] running `Command { std: CARGO_HOME="/workspace/cargo-home" RUSTUP_HOME="/workspace/rustup-home" "/workspace/cargo-home/bin/cargo" "+beta-2024-12-08" "generate-lockfile" "--manifest-path" "Cargo.toml", kill_on_drop: false }`
[INFO] [stderr]     Updating crates.io index
[INFO] [stderr]      Locking 25 packages to latest compatible versions
[INFO] running `Command { std: CARGO_HOME="/workspace/cargo-home" RUSTUP_HOME="/workspace/rustup-home" "/workspace/cargo-home/bin/cargo" "+beta-2024-12-08" "fetch" "--manifest-path" "Cargo.toml", kill_on_drop: false }`
[INFO] running `Command { std: "docker" "create" "-v" "/var/lib/crater-agent-workspace/builds/worker-3-tc2/target:/opt/rustwide/target:rw,Z" "-v" "/var/lib/crater-agent-workspace/builds/worker-3-tc2/source:/opt/rustwide/workdir:ro,Z" "-v" "/var/lib/crater-agent-workspace/cargo-home:/opt/rustwide/cargo-home:ro,Z" "-v" "/var/lib/crater-agent-workspace/rustup-home:/opt/rustwide/rustup-home:ro,Z" "-e" "SOURCE_DIR=/opt/rustwide/workdir" "-e" "CARGO_TARGET_DIR=/opt/rustwide/target" "-e" "CARGO_HOME=/opt/rustwide/cargo-home" "-e" "RUSTUP_HOME=/opt/rustwide/rustup-home" "-w" "/opt/rustwide/workdir" "-m" "1610612736" "--user" "0:0" "--network" "none" "ghcr.io/rust-lang/crates-build-env/linux@sha256:f3a9d4ad9d972b27faf3965f35b62e55ba32bbce8f20bc8fe909558a86702fde" "/opt/rustwide/cargo-home/bin/cargo" "+beta-2024-12-08" "metadata" "--no-deps" "--format-version=1", kill_on_drop: false }`
[INFO] [stdout] 31dcd40a13b467ff67070e012cac8ed8e82b7cb6667108a447363a71a21dc5f3
[INFO] running `Command { std: "docker" "start" "-a" "31dcd40a13b467ff67070e012cac8ed8e82b7cb6667108a447363a71a21dc5f3", kill_on_drop: false }`
[INFO] running `Command { std: "docker" "inspect" "31dcd40a13b467ff67070e012cac8ed8e82b7cb6667108a447363a71a21dc5f3", kill_on_drop: false }`
[INFO] running `Command { std: "docker" "rm" "-f" "31dcd40a13b467ff67070e012cac8ed8e82b7cb6667108a447363a71a21dc5f3", kill_on_drop: false }`
[INFO] [stdout] 31dcd40a13b467ff67070e012cac8ed8e82b7cb6667108a447363a71a21dc5f3
[INFO] running `Command { std: "docker" "create" "-v" "/var/lib/crater-agent-workspace/builds/worker-3-tc2/target:/opt/rustwide/target:rw,Z" "-v" "/var/lib/crater-agent-workspace/builds/worker-3-tc2/source:/opt/rustwide/workdir:ro,Z" "-v" "/var/lib/crater-agent-workspace/cargo-home:/opt/rustwide/cargo-home:ro,Z" "-v" "/var/lib/crater-agent-workspace/rustup-home:/opt/rustwide/rustup-home:ro,Z" "-e" "SOURCE_DIR=/opt/rustwide/workdir" "-e" "CARGO_TARGET_DIR=/opt/rustwide/target" "-e" "CARGO_INCREMENTAL=0" "-e" "RUST_BACKTRACE=full" "-e" "RUSTFLAGS=--cap-lints=warn" "-e" "RUSTDOCFLAGS=--cap-lints=warn" "-e" "CARGO_HOME=/opt/rustwide/cargo-home" "-e" "RUSTUP_HOME=/opt/rustwide/rustup-home" "-w" "/opt/rustwide/workdir" "-m" "1610612736" "--user" "0:0" "--network" "none" "ghcr.io/rust-lang/crates-build-env/linux@sha256:f3a9d4ad9d972b27faf3965f35b62e55ba32bbce8f20bc8fe909558a86702fde" "/opt/rustwide/cargo-home/bin/cargo" "+beta-2024-12-08" "build" "--frozen" "--message-format=json", kill_on_drop: false }`
[INFO] [stdout] f8d57e16be4cc3579c45ad058e4c2354f06d974b85ec2a963df1a8455d0b4f26
[INFO] running `Command { std: "docker" "start" "-a" "f8d57e16be4cc3579c45ad058e4c2354f06d974b85ec2a963df1a8455d0b4f26", kill_on_drop: false }`
[INFO] [stderr]    Compiling proc-macro2 v1.0.92
[INFO] [stderr]    Compiling unicode-ident v1.0.14
[INFO] [stderr]    Compiling wasm-bindgen-shared v0.2.99
[INFO] [stderr]    Compiling log v0.4.22
[INFO] [stderr]    Compiling bumpalo v3.16.0
[INFO] [stderr]    Compiling wasm-bindgen v0.2.99
[INFO] [stderr]    Compiling libc v0.2.168
[INFO] [stderr]    Compiling cfg-if v1.0.0
[INFO] [stderr]    Compiling once_cell v1.20.2
[INFO] [stderr]    Compiling owo-colors v4.1.0
[INFO] [stderr]    Compiling powerfmt v0.2.0
[INFO] [stderr]    Compiling num_threads v0.1.7
[INFO] [stderr]    Compiling deranged v0.3.11
[INFO] [stderr]    Compiling time-core v0.1.2
[INFO] [stderr]    Compiling num-conv v0.1.0
[INFO] [stderr]    Compiling quote v1.0.37
[INFO] [stderr]    Compiling syn v2.0.90
[INFO] [stderr]    Compiling time v0.3.37
[INFO] [stderr]    Compiling wasm-bindgen-backend v0.2.99
[INFO] [stderr]    Compiling wasm-bindgen-macro-support v0.2.99
[INFO] [stderr]    Compiling wasm-bindgen-macro v0.2.99
[INFO] [stderr]    Compiling js-sys v0.3.76
[INFO] [stderr]    Compiling web-sys v0.3.76
[INFO] [stderr]    Compiling clg v0.0.3 (/opt/rustwide/workdir)
[INFO] [stdout] warning: unexpected `cfg` condition value: `wam32`
[INFO] [stdout]  --> src/lib.rs:8:9
[INFO] [stdout]   |
[INFO] [stdout] 8 |     any(target_arch = "wam32", target_arch = "wasm64"),
[INFO] [stdout]   |         ^^^^^^^^^^^^^^-------
[INFO] [stdout]   |                       |
[INFO] [stdout]   |                       help: there is a expected value with a similar name: `"wasm32"`
[INFO] [stdout]   |
[INFO] [stdout]   = note: expected values for `target_arch` are: `aarch64`, `arm`, `arm64ec`, `avr`, `bpf`, `csky`, `hexagon`, `loongarch64`, `m68k`, `mips`, `mips32r6`, `mips64`, `mips64r6`, `msp430`, `nvptx64`, `powerpc`, `powerpc64`, `riscv32`, `riscv64`, `s390x`, `sparc`, `sparc64`, `wasm32`, `wasm64`, `x86`, `x86_64`, and `xtensa`
[INFO] [stdout]   = note: see <https://doc.rust-lang.org/nightly/rustc/check-cfg/cargo-specifics.html> for more information about checking conditional configuration
[INFO] [stdout]   = note: `#[warn(unexpected_cfgs)]` on by default
[INFO] [stdout] 
[INFO] [stdout] 
[INFO] [stdout] warning: unexpected `cfg` condition value: `wam32`
[INFO] [stdout]   --> src/lib.rs:14:9
[INFO] [stdout]    |
[INFO] [stdout] 14 |     any(target_arch = "wam32", target_arch = "wasm64"),
[INFO] [stdout]    |         ^^^^^^^^^^^^^^-------
[INFO] [stdout]    |                       |
[INFO] [stdout]    |                       help: there is a expected value with a similar name: `"wasm32"`
[INFO] [stdout]    |
[INFO] [stdout]    = note: expected values for `target_arch` are: `aarch64`, `arm`, `arm64ec`, `avr`, `bpf`, `csky`, `hexagon`, `loongarch64`, `m68k`, `mips`, `mips32r6`, `mips64`, `mips64r6`, `msp430`, `nvptx64`, `powerpc`, `powerpc64`, `riscv32`, `riscv64`, `s390x`, `sparc`, `sparc64`, `wasm32`, `wasm64`, `x86`, `x86_64`, and `xtensa`
[INFO] [stdout]    = note: see <https://doc.rust-lang.org/nightly/rustc/check-cfg/cargo-specifics.html> for more information about checking conditional configuration
[INFO] [stdout] 
[INFO] [stdout] 
[INFO] [stderr]     Finished `dev` profile [unoptimized + debuginfo] target(s) in 23.60s
[INFO] running `Command { std: "docker" "inspect" "f8d57e16be4cc3579c45ad058e4c2354f06d974b85ec2a963df1a8455d0b4f26", kill_on_drop: false }`
[INFO] running `Command { std: "docker" "rm" "-f" "f8d57e16be4cc3579c45ad058e4c2354f06d974b85ec2a963df1a8455d0b4f26", kill_on_drop: false }`
[INFO] [stdout] f8d57e16be4cc3579c45ad058e4c2354f06d974b85ec2a963df1a8455d0b4f26
[INFO] running `Command { std: "docker" "create" "-v" "/var/lib/crater-agent-workspace/builds/worker-3-tc2/target:/opt/rustwide/target:rw,Z" "-v" "/var/lib/crater-agent-workspace/builds/worker-3-tc2/source:/opt/rustwide/workdir:ro,Z" "-v" "/var/lib/crater-agent-workspace/cargo-home:/opt/rustwide/cargo-home:ro,Z" "-v" "/var/lib/crater-agent-workspace/rustup-home:/opt/rustwide/rustup-home:ro,Z" "-e" "SOURCE_DIR=/opt/rustwide/workdir" "-e" "CARGO_TARGET_DIR=/opt/rustwide/target" "-e" "CARGO_INCREMENTAL=0" "-e" "RUST_BACKTRACE=full" "-e" "RUSTFLAGS=--cap-lints=warn" "-e" "RUSTDOCFLAGS=--cap-lints=warn" "-e" "CARGO_HOME=/opt/rustwide/cargo-home" "-e" "RUSTUP_HOME=/opt/rustwide/rustup-home" "-w" "/opt/rustwide/workdir" "-m" "1610612736" "--user" "0:0" "--network" "none" "ghcr.io/rust-lang/crates-build-env/linux@sha256:f3a9d4ad9d972b27faf3965f35b62e55ba32bbce8f20bc8fe909558a86702fde" "/opt/rustwide/cargo-home/bin/cargo" "+beta-2024-12-08" "test" "--frozen" "--no-run" "--message-format=json", kill_on_drop: false }`
[INFO] [stdout] a541f1e6e6bc5743b80b35cd568cc6b873a13e47f18fa6a48efd86db4c9b5868
[INFO] running `Command { std: "docker" "start" "-a" "a541f1e6e6bc5743b80b35cd568cc6b873a13e47f18fa6a48efd86db4c9b5868", kill_on_drop: false }`
[INFO] [stdout] warning: unexpected `cfg` condition value: `wam32`
[INFO] [stdout]  --> src/lib.rs:8:9
[INFO] [stdout]   |
[INFO] [stdout] 8 |     any(target_arch = "wam32", target_arch = "wasm64"),
[INFO] [stdout]   |         ^^^^^^^^^^^^^^-------
[INFO] [stdout]   |                       |
[INFO] [stdout]   |                       help: there is a expected value with a similar name: `"wasm32"`
[INFO] [stdout]   |
[INFO] [stdout]   = note: expected values for `target_arch` are: `aarch64`, `arm`, `arm64ec`, `avr`, `bpf`, `csky`, `hexagon`, `loongarch64`, `m68k`, `mips`, `mips32r6`, `mips64`, `mips64r6`, `msp430`, `nvptx64`, `powerpc`, `powerpc64`, `riscv32`, `riscv64`, `s390x`, `sparc`, `sparc64`, `wasm32`, `wasm64`, `x86`, `x86_64`, and `xtensa`
[INFO] [stdout]   = note: see <https://doc.rust-lang.org/nightly/rustc/check-cfg/cargo-specifics.html> for more information about checking conditional configuration
[INFO] [stdout]   = note: `#[warn(unexpected_cfgs)]` on by default
[INFO] [stdout] 
[INFO] [stdout] 
[INFO] [stdout] warning: unexpected `cfg` condition value: `wam32`
[INFO] [stdout]   --> src/lib.rs:14:9
[INFO] [stdout]    |
[INFO] [stdout] 14 |     any(target_arch = "wam32", target_arch = "wasm64"),
[INFO] [stdout]    |         ^^^^^^^^^^^^^^-------
[INFO] [stdout]    |                       |
[INFO] [stdout]    |                       help: there is a expected value with a similar name: `"wasm32"`
[INFO] [stdout]    |
[INFO] [stdout]    = note: expected values for `target_arch` are: `aarch64`, `arm`, `arm64ec`, `avr`, `bpf`, `csky`, `hexagon`, `loongarch64`, `m68k`, `mips`, `mips32r6`, `mips64`, `mips64r6`, `msp430`, `nvptx64`, `powerpc`, `powerpc64`, `riscv32`, `riscv64`, `s390x`, `sparc`, `sparc64`, `wasm32`, `wasm64`, `x86`, `x86_64`, and `xtensa`
[INFO] [stdout]    = note: see <https://doc.rust-lang.org/nightly/rustc/check-cfg/cargo-specifics.html> for more information about checking conditional configuration
[INFO] [stdout] 
[INFO] [stdout] 
[INFO] [stderr]    Compiling clg v0.0.3 (/opt/rustwide/workdir)
[INFO] [stdout] warning: unexpected `cfg` condition value: `wam32`
[INFO] [stdout]  --> src/lib.rs:8:9
[INFO] [stdout]   |
[INFO] [stdout] 8 |     any(target_arch = "wam32", target_arch = "wasm64"),
[INFO] [stdout]   |         ^^^^^^^^^^^^^^-------
[INFO] [stdout]   |                       |
[INFO] [stdout]   |                       help: there is a expected value with a similar name: `"wasm32"`
[INFO] [stdout]   |
[INFO] [stdout]   = note: expected values for `target_arch` are: `aarch64`, `arm`, `arm64ec`, `avr`, `bpf`, `csky`, `hexagon`, `loongarch64`, `m68k`, `mips`, `mips32r6`, `mips64`, `mips64r6`, `msp430`, `nvptx64`, `powerpc`, `powerpc64`, `riscv32`, `riscv64`, `s390x`, `sparc`, `sparc64`, `wasm32`, `wasm64`, `x86`, `x86_64`, and `xtensa`
[INFO] [stdout]   = note: see <https://doc.rust-lang.org/nightly/rustc/check-cfg/cargo-specifics.html> for more information about checking conditional configuration
[INFO] [stdout]   = note: `#[warn(unexpected_cfgs)]` on by default
[INFO] [stdout] 
[INFO] [stdout] 
[INFO] [stdout] warning: unexpected `cfg` condition value: `wam32`
[INFO] [stdout]   --> src/lib.rs:14:9
[INFO] [stdout]    |
[INFO] [stdout] 14 |     any(target_arch = "wam32", target_arch = "wasm64"),
[INFO] [stdout]    |         ^^^^^^^^^^^^^^-------
[INFO] [stdout]    |                       |
[INFO] [stdout]    |                       help: there is a expected value with a similar name: `"wasm32"`
[INFO] [stdout]    |
[INFO] [stdout]    = note: expected values for `target_arch` are: `aarch64`, `arm`, `arm64ec`, `avr`, `bpf`, `csky`, `hexagon`, `loongarch64`, `m68k`, `mips`, `mips32r6`, `mips64`, `mips64r6`, `msp430`, `nvptx64`, `powerpc`, `powerpc64`, `riscv32`, `riscv64`, `s390x`, `sparc`, `sparc64`, `wasm32`, `wasm64`, `x86`, `x86_64`, and `xtensa`
[INFO] [stdout]    = note: see <https://doc.rust-lang.org/nightly/rustc/check-cfg/cargo-specifics.html> for more information about checking conditional configuration
[INFO] [stdout] 
[INFO] [stdout] 
[INFO] [stderr]     Finished `test` profile [unoptimized + debuginfo] target(s) in 0.68s
[INFO] running `Command { std: "docker" "inspect" "a541f1e6e6bc5743b80b35cd568cc6b873a13e47f18fa6a48efd86db4c9b5868", kill_on_drop: false }`
[INFO] running `Command { std: "docker" "rm" "-f" "a541f1e6e6bc5743b80b35cd568cc6b873a13e47f18fa6a48efd86db4c9b5868", kill_on_drop: false }`
[INFO] [stdout] a541f1e6e6bc5743b80b35cd568cc6b873a13e47f18fa6a48efd86db4c9b5868
[INFO] running `Command { std: "docker" "create" "-v" "/var/lib/crater-agent-workspace/builds/worker-3-tc2/target:/opt/rustwide/target:rw,Z" "-v" "/var/lib/crater-agent-workspace/builds/worker-3-tc2/source:/opt/rustwide/workdir:ro,Z" "-v" "/var/lib/crater-agent-workspace/cargo-home:/opt/rustwide/cargo-home:ro,Z" "-v" "/var/lib/crater-agent-workspace/rustup-home:/opt/rustwide/rustup-home:ro,Z" "-e" "SOURCE_DIR=/opt/rustwide/workdir" "-e" "CARGO_TARGET_DIR=/opt/rustwide/target" "-e" "CARGO_INCREMENTAL=0" "-e" "RUST_BACKTRACE=full" "-e" "RUSTFLAGS=--cap-lints=warn" "-e" "RUSTDOCFLAGS=--cap-lints=warn" "-e" "CARGO_HOME=/opt/rustwide/cargo-home" "-e" "RUSTUP_HOME=/opt/rustwide/rustup-home" "-w" "/opt/rustwide/workdir" "-m" "1610612736" "--user" "0:0" "--network" "none" "ghcr.io/rust-lang/crates-build-env/linux@sha256:f3a9d4ad9d972b27faf3965f35b62e55ba32bbce8f20bc8fe909558a86702fde" "/opt/rustwide/cargo-home/bin/cargo" "+beta-2024-12-08" "test" "--frozen", kill_on_drop: false }`
[INFO] [stdout] 37d92587371764f3850caece5a6e12d00bab3d39225f6b30a31cae149707e382
[INFO] running `Command { std: "docker" "start" "-a" "37d92587371764f3850caece5a6e12d00bab3d39225f6b30a31cae149707e382", kill_on_drop: false }`
[INFO] [stderr] warning: unexpected `cfg` condition value: `wam32`
[INFO] [stderr]  --> src/lib.rs:8:9
[INFO] [stderr]   |
[INFO] [stderr] 8 |     any(target_arch = "wam32", target_arch = "wasm64"),
[INFO] [stderr]   |         ^^^^^^^^^^^^^^-------
[INFO] [stderr]   |                       |
[INFO] [stderr]   |                       help: there is a expected value with a similar name: `"wasm32"`
[INFO] [stderr]   |
[INFO] [stderr]   = note: expected values for `target_arch` are: `aarch64`, `arm`, `arm64ec`, `avr`, `bpf`, `csky`, `hexagon`, `loongarch64`, `m68k`, `mips`, `mips32r6`, `mips64`, `mips64r6`, `msp430`, `nvptx64`, `powerpc`, `powerpc64`, `riscv32`, `riscv64`, `s390x`, `sparc`, `sparc64`, `wasm32`, `wasm64`, `x86`, `x86_64`, and `xtensa`
[INFO] [stderr]   = note: see <https://doc.rust-lang.org/nightly/rustc/check-cfg/cargo-specifics.html> for more information about checking conditional configuration
[INFO] [stderr]   = note: `#[warn(unexpected_cfgs)]` on by default
[INFO] [stderr] 
[INFO] [stderr] warning: unexpected `cfg` condition value: `wam32`
[INFO] [stderr]   --> src/lib.rs:14:9
[INFO] [stderr]    |
[INFO] [stderr] 14 |     any(target_arch = "wam32", target_arch = "wasm64"),
[INFO] [stderr]    |         ^^^^^^^^^^^^^^-------
[INFO] [stderr]    |                       |
[INFO] [stderr]    |                       help: there is a expected value with a similar name: `"wasm32"`
[INFO] [stderr]    |
[INFO] [stderr]    = note: expected values for `target_arch` are: `aarch64`, `arm`, `arm64ec`, `avr`, `bpf`, `csky`, `hexagon`, `loongarch64`, `m68k`, `mips`, `mips32r6`, `mips64`, `mips64r6`, `msp430`, `nvptx64`, `powerpc`, `powerpc64`, `riscv32`, `riscv64`, `s390x`, `sparc`, `sparc64`, `wasm32`, `wasm64`, `x86`, `x86_64`, and `xtensa`
[INFO] [stderr]    = note: see <https://doc.rust-lang.org/nightly/rustc/check-cfg/cargo-specifics.html> for more information about checking conditional configuration
[INFO] [stderr] 
[INFO] [stderr] warning: `clg` (lib) generated 2 warnings
[INFO] [stderr] warning: `clg` (lib test) generated 2 warnings (2 duplicates)
[INFO] [stderr]     Finished `test` profile [unoptimized + debuginfo] target(s) in 0.09s
[INFO] [stderr]      Running unittests src/lib.rs (/opt/rustwide/target/debug/deps/clg-b2d99d35681cda6d)
[INFO] [stdout] 
[INFO] [stdout] running 0 tests
[INFO] [stdout] 
[INFO] [stdout] test result: ok. 0 passed; 0 failed; 0 ignored; 0 measured; 0 filtered out; finished in 0.00s
[INFO] [stdout] 
[INFO] [stderr]    Doc-tests clg
[INFO] [stdout] 
[INFO] [stdout] running 17 tests
[INFO] [stdout] test src/logger.rs - logger::ConsoleLogger::get_level_num::_::__wasm_bindgen_generated__clg_ConsoleLogger_get_level_num (line 89) - compile ... FAILED
[INFO] [stdout] test src/logger.rs - logger::ConsoleLogger::get_level_num (line 89) - compile ... FAILED
[INFO] [stdout] test src/logger.rs - logger::ConsoleLogger::output (line 103) - compile ... FAILED
[INFO] [stdout] test src/logger.rs - logger::ConsoleLogger::init (line 17) ... FAILED
[INFO] [stdout] test src/log_level.rs - log_level::_::__wasm_bindgen_generated__clg_newLogLevel (line 26) - compile ... FAILED
[INFO] [stdout] test src/log_level.rs - log_level::new_log_level (line 26) - compile ... FAILED
[INFO] [stdout] test src/logger.rs - logger::ConsoleLogger::output::_::__wasm_bindgen_generated__clg_ConsoleLogger_output (line 103) - compile ... FAILED
[INFO] [stdout] test src/logger.rs - logger::ConsoleLogger::init::_::__wasm_bindgen_generated__clg_ConsoleLogger_init (line 17) ... FAILED
[INFO] [stdout] test src/logger.rs - logger::ConsoleLogger::output (line 116) - compile ... FAILED
[INFO] [stdout] test src/macros.rs - macros::c_err (line 36) - compile ... FAILED
[INFO] [stdout] test src/macros.rs - macros::c_warn (line 54) - compile ... FAILED
[INFO] [stdout] test src/macros.rs - macros::c_info (line 72) - compile ... FAILED
[INFO] [stdout] test src/logger.rs - logger::ConsoleLogger::output::_::__wasm_bindgen_generated__clg_ConsoleLogger_output (line 116) - compile ... FAILED
[INFO] [stdout] test src/macros.rs - macros::c_trace (line 90) - compile ... FAILED
[INFO] [stdout] test src/macros.rs - macros::clg (line 18) - compile ... FAILED
[INFO] [stdout] test src/logger.rs - logger::ConsoleLogger::init (line 43) ... ok
[INFO] [stdout] test src/logger.rs - logger::ConsoleLogger::init::_::__wasm_bindgen_generated__clg_ConsoleLogger_init (line 43) ... ok
[INFO] [stdout] 
[INFO] [stdout] failures:
[INFO] [stdout] 
[INFO] [stdout] ---- src/logger.rs - logger::ConsoleLogger::get_level_num::_::__wasm_bindgen_generated__clg_ConsoleLogger_get_level_num (line 89) stdout ----
[INFO] [stdout] error: expected one of `!`, `.`, `::`, `;`, `?`, `{`, `}`, or an operator, found `=>`
[INFO] [stdout]  --> src/logger.rs:90:5
[INFO] [stdout]   |
[INFO] [stdout] 3 | Off =>0,
[INFO] [stdout]   |     ^^ expected one of 8 possible tokens
[INFO] [stdout]   |
[INFO] [stdout] help: you might have meant to write a "greater than or equal to" comparison
[INFO] [stdout]   |
[INFO] [stdout] 3 | Off >=0,
[INFO] [stdout]   |     ~~
[INFO] [stdout] 
[INFO] [stdout] error: aborting due to 1 previous error
[INFO] [stdout] 
[INFO] [stdout] Couldn't compile the test.
[INFO] [stdout] ---- src/logger.rs - logger::ConsoleLogger::get_level_num (line 89) stdout ----
[INFO] [stdout] error: expected one of `!`, `.`, `::`, `;`, `?`, `{`, `}`, or an operator, found `=>`
[INFO] [stdout]  --> src/logger.rs:90:5
[INFO] [stdout]   |
[INFO] [stdout] 3 | Off =>0,
[INFO] [stdout]   |     ^^ expected one of 8 possible tokens
[INFO] [stdout]   |
[INFO] [stdout] help: you might have meant to write a "greater than or equal to" comparison
[INFO] [stdout]   |
[INFO] [stdout] 3 | Off >=0,
[INFO] [stdout]   |     ~~
[INFO] [stdout] 
[INFO] [stdout] error: aborting due to 1 previous error
[INFO] [stdout] 
[INFO] [stdout] Couldn't compile the test.
[INFO] [stdout] ---- src/logger.rs - logger::ConsoleLogger::output (line 103) stdout ----
[INFO] [stdout] error: expected one of `!`, `.`, `::`, `;`, `?`, `{`, `}`, or an operator, found `=>`
[INFO] [stdout]  --> src/logger.rs:104:7
[INFO] [stdout]   |
[INFO] [stdout] 3 | error => console.error(msg),
[INFO] [stdout]   |       ^^ expected one of 8 possible tokens
[INFO] [stdout]   |
[INFO] [stdout] help: you might have meant to write a "greater than or equal to" comparison
[INFO] [stdout]   |
[INFO] [stdout] 3 | error >= console.error(msg),
[INFO] [stdout]   |       ~~
[INFO] [stdout] 
[INFO] [stdout] error: aborting due to 1 previous error
[INFO] [stdout] 
[INFO] [stdout] Couldn't compile the test.
[INFO] [stdout] ---- src/logger.rs - logger::ConsoleLogger::init (line 17) stdout ----
[INFO] [stdout] error: cannot find attribute `wasm_bindgen` in this scope
[INFO] [stdout]  --> src/logger.rs:22:3
[INFO] [stdout]   |
[INFO] [stdout] 8 | #[wasm_bindgen]
[INFO] [stdout]   |   ^^^^^^^^^^^^
[INFO] [stdout]   |
[INFO] [stdout]   = note: `wasm_bindgen` is in scope, but it is a crate, not an attribute
[INFO] [stdout] help: consider importing this attribute macro
[INFO] [stdout]   |
[INFO] [stdout] 2 + use wasm_bindgen::prelude::wasm_bindgen;
[INFO] [stdout]   |
[INFO] [stdout] 
[INFO] [stdout] error: aborting due to 1 previous error
[INFO] [stdout] 
[INFO] [stdout] Couldn't compile the test.
[INFO] [stdout] ---- src/log_level.rs - log_level::_::__wasm_bindgen_generated__clg_newLogLevel (line 26) stdout ----
[INFO] [stdout] error: expected `;`, found keyword `let`
[INFO] [stdout]  --> src/log_level.rs:27:34
[INFO] [stdout]   |
[INFO] [stdout] 3 | let level = new_log_level("info")
[INFO] [stdout]   |                                  ^ help: add `;` here
[INFO] [stdout] 4 | let level = new_log_level("debug")
[INFO] [stdout]   | --- unexpected token
[INFO] [stdout] 
[INFO] [stdout] error: expected `;`, found `}`
[INFO] [stdout]  --> src/log_level.rs:28:35
[INFO] [stdout]   |
[INFO] [stdout] 4 | let level = new_log_level("debug")
[INFO] [stdout]   |                                   ^ help: add `;` here
[INFO] [stdout] 5 | } _doctest_main_src_log_level_rs_26_1() }
[INFO] [stdout]   | - unexpected token
[INFO] [stdout] 
[INFO] [stdout] error[E0425]: cannot find function `new_log_level` in this scope
[INFO] [stdout]  --> src/log_level.rs:27:13
[INFO] [stdout]   |
[INFO] [stdout] 3 | let level = new_log_level("info")
[INFO] [stdout]   |             ^^^^^^^^^^^^^ not found in this scope
[INFO] [stdout]   |
[INFO] [stdout] help: consider importing this function
[INFO] [stdout]   |
[INFO] [stdout] 2 + use clg::log_level::new_log_level;
[INFO] [stdout]   |
[INFO] [stdout] 
[INFO] [stdout] error[E0425]: cannot find function `new_log_level` in this scope
[INFO] [stdout]  --> src/log_level.rs:28:13
[INFO] [stdout]   |
[INFO] [stdout] 4 | let level = new_log_level("debug")
[INFO] [stdout]   |             ^^^^^^^^^^^^^ not found in this scope
[INFO] [stdout]   |
[INFO] [stdout] help: consider importing this function
[INFO] [stdout]   |
[INFO] [stdout] 2 + use clg::log_level::new_log_level;
[INFO] [stdout]   |
[INFO] [stdout] 
[INFO] [stdout] error: aborting due to 4 previous errors
[INFO] [stdout] 
[INFO] [stdout] For more information about this error, try `rustc --explain E0425`.
[INFO] [stdout] Couldn't compile the test.
[INFO] [stdout] ---- src/log_level.rs - log_level::new_log_level (line 26) stdout ----
[INFO] [stdout] error: expected `;`, found keyword `let`
[INFO] [stdout]  --> src/log_level.rs:27:34
[INFO] [stdout]   |
[INFO] [stdout] 3 | let level = new_log_level("info")
[INFO] [stdout]   |                                  ^ help: add `;` here
[INFO] [stdout] 4 | let level = new_log_level("debug")
[INFO] [stdout]   | --- unexpected token
[INFO] [stdout] 
[INFO] [stdout] error: expected `;`, found `}`
[INFO] [stdout]  --> src/log_level.rs:28:35
[INFO] [stdout]   |
[INFO] [stdout] 4 | let level = new_log_level("debug")
[INFO] [stdout]   |                                   ^ help: add `;` here
[INFO] [stdout] 5 | } _doctest_main_src_log_level_rs_26_0() }
[INFO] [stdout]   | - unexpected token
[INFO] [stdout] 
[INFO] [stdout] error[E0425]: cannot find function `new_log_level` in this scope
[INFO] [stdout]  --> src/log_level.rs:27:13
[INFO] [stdout]   |
[INFO] [stdout] 3 | let level = new_log_level("info")
[INFO] [stdout]   |             ^^^^^^^^^^^^^ not found in this scope
[INFO] [stdout]   |
[INFO] [stdout] help: consider importing this function
[INFO] [stdout]   |
[INFO] [stdout] 2 + use clg::log_level::new_log_level;
[INFO] [stdout]   |
[INFO] [stdout] 
[INFO] [stdout] error[E0425]: cannot find function `new_log_level` in this scope
[INFO] [stdout]  --> src/log_level.rs:28:13
[INFO] [stdout]   |
[INFO] [stdout] 4 | let level = new_log_level("debug")
[INFO] [stdout]   |             ^^^^^^^^^^^^^ not found in this scope
[INFO] [stdout]   |
[INFO] [stdout] help: consider importing this function
[INFO] [stdout]   |
[INFO] [stdout] 2 + use clg::log_level::new_log_level;
[INFO] [stdout]   |
[INFO] [stdout] 
[INFO] [stdout] error: aborting due to 4 previous errors
[INFO] [stdout] 
[INFO] [stdout] For more information about this error, try `rustc --explain E0425`.
[INFO] [stdout] Couldn't compile the test.
[INFO] [stdout] ---- src/logger.rs - logger::ConsoleLogger::output::_::__wasm_bindgen_generated__clg_ConsoleLogger_output (line 103) stdout ----
[INFO] [stdout] error: expected one of `!`, `.`, `::`, `;`, `?`, `{`, `}`, or an operator, found `=>`
[INFO] [stdout]  --> src/logger.rs:104:7
[INFO] [stdout]   |
[INFO] [stdout] 3 | error => console.error(msg),
[INFO] [stdout]   |       ^^ expected one of 8 possible tokens
[INFO] [stdout]   |
[INFO] [stdout] help: you might have meant to write a "greater than or equal to" comparison
[INFO] [stdout]   |
[INFO] [stdout] 3 | error >= console.error(msg),
[INFO] [stdout]   |       ~~
[INFO] [stdout] 
[INFO] [stdout] error: aborting due to 1 previous error
[INFO] [stdout] 
[INFO] [stdout] Couldn't compile the test.
[INFO] [stdout] ---- src/logger.rs - logger::ConsoleLogger::init::_::__wasm_bindgen_generated__clg_ConsoleLogger_init (line 17) stdout ----
[INFO] [stdout] error: cannot find attribute `wasm_bindgen` in this scope
[INFO] [stdout]  --> src/logger.rs:22:3
[INFO] [stdout]   |
[INFO] [stdout] 8 | #[wasm_bindgen]
[INFO] [stdout]   |   ^^^^^^^^^^^^
[INFO] [stdout]   |
[INFO] [stdout]   = note: `wasm_bindgen` is in scope, but it is a crate, not an attribute
[INFO] [stdout] help: consider importing this attribute macro
[INFO] [stdout]   |
[INFO] [stdout] 2 + use wasm_bindgen::prelude::wasm_bindgen;
[INFO] [stdout]   |
[INFO] [stdout] 
[INFO] [stdout] error: aborting due to 1 previous error
[INFO] [stdout] 
[INFO] [stdout] Couldn't compile the test.
[INFO] [stdout] ---- src/logger.rs - logger::ConsoleLogger::output (line 116) stdout ----
[INFO] [stdout] error[E0433]: failed to resolve: use of undeclared type `LogLevel`
[INFO] [stdout]  --> src/logger.rs:117:10
[INFO] [stdout]   |
[INFO] [stdout] 3 | let lv = LogLevel::Debug;
[INFO] [stdout]   |          ^^^^^^^^ use of undeclared type `LogLevel`
[INFO] [stdout]   |
[INFO] [stdout] help: consider importing this enum
[INFO] [stdout]   |
[INFO] [stdout] 2 + use clg::log_level::LogLevel;
[INFO] [stdout]   |
[INFO] [stdout] 
[INFO] [stdout] error[E0425]: cannot find function `output` in this scope
[INFO] [stdout]  --> src/logger.rs:118:1
[INFO] [stdout]   |
[INFO] [stdout] 4 | output(lv as _, "dbg message")
[INFO] [stdout]   | ^^^^^^ not found in this scope
[INFO] [stdout] 
[INFO] [stdout] error: aborting due to 2 previous errors
[INFO] [stdout] 
[INFO] [stdout] Some errors have detailed explanations: E0425, E0433.
[INFO] [stdout] For more information about an error, try `rustc --explain E0425`.
[INFO] [stdout] Couldn't compile the test.
[INFO] [stdout] ---- src/macros.rs - macros::c_err (line 36) stdout ----
[INFO] [stdout] error: cannot find macro `c_err` in this scope
[INFO] [stdout]  --> src/macros.rs:37:1
[INFO] [stdout]   |
[INFO] [stdout] 3 | c_err!("{error_message} {err_2}")
[INFO] [stdout]   | ^^^^^
[INFO] [stdout]   |
[INFO] [stdout] help: consider importing this macro
[INFO] [stdout]   |
[INFO] [stdout] 2 + use clg::c_err;
[INFO] [stdout]   |
[INFO] [stdout] 
[INFO] [stdout] error: aborting due to 1 previous error
[INFO] [stdout] 
[INFO] [stdout] Couldn't compile the test.
[INFO] [stdout] ---- src/macros.rs - macros::c_warn (line 54) stdout ----
[INFO] [stdout] error: cannot find macro `c_warn` in this scope
[INFO] [stdout]  --> src/macros.rs:55:1
[INFO] [stdout]   |
[INFO] [stdout] 3 | c_warn!("{warn_message} {warn_2}")
[INFO] [stdout]   | ^^^^^^
[INFO] [stdout]   |
[INFO] [stdout] help: consider importing this macro
[INFO] [stdout]   |
[INFO] [stdout] 2 + use clg::c_warn;
[INFO] [stdout]   |
[INFO] [stdout] 
[INFO] [stdout] error: aborting due to 1 previous error
[INFO] [stdout] 
[INFO] [stdout] Couldn't compile the test.
[INFO] [stdout] ---- src/macros.rs - macros::c_info (line 72) stdout ----
[INFO] [stdout] error: cannot find macro `c_info` in this scope
[INFO] [stdout]  --> src/macros.rs:73:1
[INFO] [stdout]   |
[INFO] [stdout] 3 | c_info!("{info_1} {info_2}")
[INFO] [stdout]   | ^^^^^^
[INFO] [stdout]   |
[INFO] [stdout] help: consider importing this macro
[INFO] [stdout]   |
[INFO] [stdout] 2 + use clg::c_info;
[INFO] [stdout]   |
[INFO] [stdout] 
[INFO] [stdout] error: aborting due to 1 previous error
[INFO] [stdout] 
[INFO] [stdout] Couldn't compile the test.
[INFO] [stdout] ---- src/logger.rs - logger::ConsoleLogger::output::_::__wasm_bindgen_generated__clg_ConsoleLogger_output (line 116) stdout ----
[INFO] [stdout] error[E0433]: failed to resolve: use of undeclared type `LogLevel`
[INFO] [stdout]  --> src/logger.rs:117:10
[INFO] [stdout]   |
[INFO] [stdout] 3 | let lv = LogLevel::Debug;
[INFO] [stdout]   |          ^^^^^^^^ use of undeclared type `LogLevel`
[INFO] [stdout]   |
[INFO] [stdout] help: consider importing this enum
[INFO] [stdout]   |
[INFO] [stdout] 2 + use clg::log_level::LogLevel;
[INFO] [stdout]   |
[INFO] [stdout] 
[INFO] [stdout] error[E0425]: cannot find function `output` in this scope
[INFO] [stdout]  --> src/logger.rs:118:1
[INFO] [stdout]   |
[INFO] [stdout] 4 | output(lv as _, "dbg message")
[INFO] [stdout]   | ^^^^^^ not found in this scope
[INFO] [stdout] 
[INFO] [stdout] error: aborting due to 2 previous errors
[INFO] [stdout] 
[INFO] [stdout] Some errors have detailed explanations: E0425, E0433.
[INFO] [stdout] For more information about an error, try `rustc --explain E0425`.
[INFO] [stdout] Couldn't compile the test.
[INFO] [stdout] ---- src/macros.rs - macros::c_trace (line 90) stdout ----
[INFO] [stdout] error: cannot find macro `c_trace` in this scope
[INFO] [stdout]  --> src/macros.rs:91:1
[INFO] [stdout]   |
[INFO] [stdout] 3 | c_trace!("{msg_1} {msg_2}")
[INFO] [stdout]   | ^^^^^^^
[INFO] [stdout]   |
[INFO] [stdout] help: consider importing this macro
[INFO] [stdout]   |
[INFO] [stdout] 2 + use clg::c_trace;
[INFO] [stdout]   |
[INFO] [stdout] 
[INFO] [stdout] error: aborting due to 1 previous error
[INFO] [stdout] 
[INFO] [stdout] Couldn't compile the test.
[INFO] [stdout] ---- src/macros.rs - macros::clg (line 18) stdout ----
[INFO] [stdout] error: cannot find macro `clg` in this scope
[INFO] [stdout]  --> src/macros.rs:20:1
[INFO] [stdout]   |
[INFO] [stdout] 5 | clg!("{message} {msg_2}")
[INFO] [stdout]   | ^^^
[INFO] [stdout]  --> /rustc/202008a1b8de96d2e5b6bc02d379db03a877d34d/library/core/src/macros/mod.rs:1470:5
[INFO] [stdout]   |
[INFO] [stdout]   = note: similarly named macro `cfg` defined here
[INFO] [stdout]   |
[INFO] [stdout] note: `clg` is imported here, but it is a crate, not a macro
[INFO] [stdout]  --> src/macros.rs:18:1
[INFO] [stdout]   |
[INFO] [stdout] 3 | extern crate r#clg;
[INFO] [stdout]   | ^^^^^^^^^^^^^^^^^^^
[INFO] [stdout] help: a macro with a similar name exists
[INFO] [stdout]   |
[INFO] [stdout] 5 | cfg!("{message} {msg_2}")
[INFO] [stdout]   | ~~~
[INFO] [stdout] help: consider importing this macro
[INFO] [stdout]   |
[INFO] [stdout] 2 + use clg::clg;
[INFO] [stdout]   |
[INFO] [stdout] 
[INFO] [stdout] error: aborting due to 1 previous error
[INFO] [stdout] 
[INFO] [stdout] Couldn't compile the test.
[INFO] [stdout] 
[INFO] [stdout] failures:
[INFO] [stdout]     src/log_level.rs - log_level::_::__wasm_bindgen_generated__clg_newLogLevel (line 26)
[INFO] [stdout]     src/log_level.rs - log_level::new_log_level (line 26)
[INFO] [stdout]     src/logger.rs - logger::ConsoleLogger::get_level_num (line 89)
[INFO] [stdout]     src/logger.rs - logger::ConsoleLogger::get_level_num::_::__wasm_bindgen_generated__clg_ConsoleLogger_get_level_num (line 89)
[INFO] [stdout]     src/logger.rs - logger::ConsoleLogger::init (line 17)
[INFO] [stdout]     src/logger.rs - logger::ConsoleLogger::init::_::__wasm_bindgen_generated__clg_ConsoleLogger_init (line 17)
[INFO] [stdout]     src/logger.rs - logger::ConsoleLogger::output (line 103)
[INFO] [stdout]     src/logger.rs - logger::ConsoleLogger::output (line 116)
[INFO] [stdout]     src/logger.rs - logger::ConsoleLogger::output::_::__wasm_bindgen_generated__clg_ConsoleLogger_output (line 103)
[INFO] [stdout]     src/logger.rs - logger::ConsoleLogger::output::_::__wasm_bindgen_generated__clg_ConsoleLogger_output (line 116)
[INFO] [stdout]     src/macros.rs - macros::c_err (line 36)
[INFO] [stdout]     src/macros.rs - macros::c_info (line 72)
[INFO] [stdout]     src/macros.rs - macros::c_trace (line 90)
[INFO] [stdout]     src/macros.rs - macros::c_warn (line 54)
[INFO] [stdout]     src/macros.rs - macros::clg (line 18)
[INFO] [stdout] 
[INFO] [stdout] test result: FAILED. 2 passed; 15 failed; 0 ignored; 0 measured; 0 filtered out; finished in 1.19s
[INFO] [stdout] 
[INFO] [stderr] error: doctest failed, to rerun pass `--doc`
[INFO] running `Command { std: "docker" "inspect" "37d92587371764f3850caece5a6e12d00bab3d39225f6b30a31cae149707e382", kill_on_drop: false }`
[INFO] running `Command { std: "docker" "rm" "-f" "37d92587371764f3850caece5a6e12d00bab3d39225f6b30a31cae149707e382", kill_on_drop: false }`
[INFO] [stdout] 37d92587371764f3850caece5a6e12d00bab3d39225f6b30a31cae149707e382
