[INFO] fetching crate clevis-pin-tpm2 0.5.1...
[INFO] testing clevis-pin-tpm2-0.5.1 against 1.83.0 for beta-1.84.0-4-retry
[INFO] extracting crate clevis-pin-tpm2 0.5.1 into /workspace/builds/worker-6-tc1/source
[INFO] validating manifest of crates.io crate clevis-pin-tpm2 0.5.1 on toolchain 1.83.0
[INFO] running `Command { std: CARGO_HOME="/workspace/cargo-home" RUSTUP_HOME="/workspace/rustup-home" "/workspace/cargo-home/bin/cargo" "+1.83.0" "metadata" "--manifest-path" "Cargo.toml" "--no-deps", kill_on_drop: false }`
[INFO] started tweaking crates.io crate clevis-pin-tpm2 0.5.1
[INFO] finished tweaking crates.io crate clevis-pin-tpm2 0.5.1
[INFO] tweaked toml for crates.io crate clevis-pin-tpm2 0.5.1 written to /workspace/builds/worker-6-tc1/source/Cargo.toml
[INFO] crate crates.io crate clevis-pin-tpm2 0.5.1 already has a lockfile, it will not be regenerated
[INFO] running `Command { std: CARGO_HOME="/workspace/cargo-home" RUSTUP_HOME="/workspace/rustup-home" "/workspace/cargo-home/bin/cargo" "+1.83.0" "fetch" "--manifest-path" "Cargo.toml", kill_on_drop: false }`
[INFO] [stderr]     Updating crates.io index
[INFO] [stderr]  Downloading crates ...
[INFO] [stderr]   Downloaded josekit v0.7.4
[INFO] [stderr]   Downloaded hostname-validator v1.1.0
[INFO] [stderr]   Downloaded mbox v0.5.0
[INFO] [stderr]   Downloaded tss-esapi-sys v0.2.0
[INFO] [stderr]   Downloaded pkg-config v0.3.23
[INFO] [stderr]   Downloaded tss-esapi v6.1.1
[INFO] [stderr]   Downloaded tpm2-policy v0.5.3
[INFO] running `Command { std: "docker" "create" "-v" "/var/lib/crater-agent-workspace/builds/worker-6-tc1/target:/opt/rustwide/target:rw,Z" "-v" "/var/lib/crater-agent-workspace/builds/worker-6-tc1/source:/opt/rustwide/workdir:ro,Z" "-v" "/var/lib/crater-agent-workspace/cargo-home:/opt/rustwide/cargo-home:ro,Z" "-v" "/var/lib/crater-agent-workspace/rustup-home:/opt/rustwide/rustup-home:ro,Z" "-e" "SOURCE_DIR=/opt/rustwide/workdir" "-e" "CARGO_TARGET_DIR=/opt/rustwide/target" "-e" "CARGO_HOME=/opt/rustwide/cargo-home" "-e" "RUSTUP_HOME=/opt/rustwide/rustup-home" "-w" "/opt/rustwide/workdir" "-m" "1610612736" "--user" "0:0" "--network" "none" "ghcr.io/rust-lang/crates-build-env/linux@sha256:f3a9d4ad9d972b27faf3965f35b62e55ba32bbce8f20bc8fe909558a86702fde" "/opt/rustwide/cargo-home/bin/cargo" "+1.83.0" "metadata" "--no-deps" "--format-version=1", kill_on_drop: false }`
[INFO] [stdout] 6c3e02e1aaf08bf71586f29562bc1c421c28fa4e7cc2018d97781e1ef4d5154e
[INFO] running `Command { std: "docker" "start" "-a" "6c3e02e1aaf08bf71586f29562bc1c421c28fa4e7cc2018d97781e1ef4d5154e", kill_on_drop: false }`
[INFO] running `Command { std: "docker" "inspect" "6c3e02e1aaf08bf71586f29562bc1c421c28fa4e7cc2018d97781e1ef4d5154e", kill_on_drop: false }`
[INFO] running `Command { std: "docker" "rm" "-f" "6c3e02e1aaf08bf71586f29562bc1c421c28fa4e7cc2018d97781e1ef4d5154e", kill_on_drop: false }`
[INFO] [stdout] 6c3e02e1aaf08bf71586f29562bc1c421c28fa4e7cc2018d97781e1ef4d5154e
[INFO] running `Command { std: "docker" "create" "-v" "/var/lib/crater-agent-workspace/builds/worker-6-tc1/target:/opt/rustwide/target:rw,Z" "-v" "/var/lib/crater-agent-workspace/builds/worker-6-tc1/source:/opt/rustwide/workdir:ro,Z" "-v" "/var/lib/crater-agent-workspace/cargo-home:/opt/rustwide/cargo-home:ro,Z" "-v" "/var/lib/crater-agent-workspace/rustup-home:/opt/rustwide/rustup-home:ro,Z" "-e" "SOURCE_DIR=/opt/rustwide/workdir" "-e" "CARGO_TARGET_DIR=/opt/rustwide/target" "-e" "CARGO_INCREMENTAL=0" "-e" "RUST_BACKTRACE=full" "-e" "RUSTFLAGS=--cap-lints=warn" "-e" "RUSTDOCFLAGS=--cap-lints=warn" "-e" "CARGO_HOME=/opt/rustwide/cargo-home" "-e" "RUSTUP_HOME=/opt/rustwide/rustup-home" "-w" "/opt/rustwide/workdir" "-m" "1610612736" "--user" "0:0" "--network" "none" "ghcr.io/rust-lang/crates-build-env/linux@sha256:f3a9d4ad9d972b27faf3965f35b62e55ba32bbce8f20bc8fe909558a86702fde" "/opt/rustwide/cargo-home/bin/cargo" "+1.83.0" "build" "--frozen" "--message-format=json", kill_on_drop: false }`
[INFO] [stdout] 9dd24b279d12b1fbe8d9a3adadcf7ab9bc29fd1aeeb3663251358cca0bbf7385
[INFO] running `Command { std: "docker" "start" "-a" "9dd24b279d12b1fbe8d9a3adadcf7ab9bc29fd1aeeb3663251358cca0bbf7385", kill_on_drop: false }`
[INFO] [stderr]    Compiling autocfg v1.0.1
[INFO] [stderr]    Compiling proc-macro2 v1.0.33
[INFO] [stderr]    Compiling unicode-xid v0.2.2
[INFO] [stderr]    Compiling syn v1.0.82
[INFO] [stderr]    Compiling pkg-config v0.3.23
[INFO] [stderr]    Compiling libc v0.2.109
[INFO] [stderr]    Compiling cfg-if v1.0.0
[INFO] [stderr]    Compiling memchr v2.4.1
[INFO] [stderr]    Compiling semver-parser v0.7.0
[INFO] [stderr]    Compiling serde_derive v1.0.130
[INFO] [stderr]    Compiling target-lexicon v0.12.2
[INFO] [stderr]    Compiling serde v1.0.130
[INFO] [stderr]    Compiling cc v1.0.72
[INFO] [stderr]    Compiling regex-syntax v0.6.25
[INFO] [stderr]    Compiling log v0.4.14
[INFO] [stderr]    Compiling crc32fast v1.3.0
[INFO] [stderr]    Compiling ryu v1.0.6
[INFO] [stderr]    Compiling foreign-types-shared v0.1.1
[INFO] [stderr]    Compiling hashbrown v0.11.2
[INFO] [stderr]    Compiling semver v0.9.0
[INFO] [stderr]    Compiling serde_json v1.0.72
[INFO] [stderr]    Compiling anyhow v1.0.51
[INFO] [stderr]    Compiling adler v1.0.2
[INFO] [stderr]    Compiling stable_deref_trait v1.2.0
[INFO] [stderr]    Compiling openssl v0.10.38
[INFO] [stderr]    Compiling miniz_oxide v0.4.4
[INFO] [stderr]    Compiling rustc_version v0.2.3
[INFO] [stderr]    Compiling indexmap v1.7.0
[INFO] [stderr]    Compiling num-traits v0.2.14
[INFO] [stderr]    Compiling foreign-types v0.3.2
[INFO] [stderr]    Compiling once_cell v1.8.0
[INFO] [stderr]    Compiling bitflags v1.3.2
[INFO] [stderr]    Compiling bitfield v0.13.2
[INFO] [stderr]    Compiling mbox v0.5.0
[INFO] [stderr]    Compiling itoa v0.4.8
[INFO] [stderr]    Compiling hostname-validator v1.1.0
[INFO] [stderr]    Compiling base64 v0.12.3
[INFO] [stderr]    Compiling base64 v0.13.0
[INFO] [stderr]    Compiling aho-corasick v0.7.18
[INFO] [stderr]    Compiling quote v1.0.10
[INFO] [stderr]    Compiling openssl-sys v0.9.71
[INFO] [stderr]    Compiling tss-esapi-sys v0.2.0
[INFO] [stderr]    Compiling time v0.3.5
[INFO] [stderr]    Compiling atty v0.2.14
[INFO] [stderr]    Compiling flate2 v1.0.22
[INFO] [stderr]    Compiling regex v1.5.4
[INFO] [stderr]    Compiling synstructure v0.12.6
[INFO] [stderr]    Compiling enumflags2_derive v0.6.4
[INFO] [stderr]    Compiling zeroize_derive v1.2.2
[INFO] [stderr]    Compiling thiserror-impl v1.0.30
[INFO] [stderr]    Compiling num-derive v0.3.3
[INFO] [stderr]    Compiling zeroize v1.4.3
[INFO] [stderr]    Compiling enumflags2 v0.6.4
[INFO] [stderr]    Compiling thiserror v1.0.30
[INFO] [stderr]    Compiling tss-esapi v6.1.1
[INFO] [stderr]    Compiling josekit v0.7.4
[INFO] [stderr]    Compiling tpm2-policy v0.5.3
[INFO] [stderr]    Compiling clevis-pin-tpm2 v0.5.1 (/opt/rustwide/workdir)
[INFO] [stderr]     Finished `dev` profile [unoptimized + debuginfo] target(s) in 30.86s
[INFO] running `Command { std: "docker" "inspect" "9dd24b279d12b1fbe8d9a3adadcf7ab9bc29fd1aeeb3663251358cca0bbf7385", kill_on_drop: false }`
[INFO] running `Command { std: "docker" "rm" "-f" "9dd24b279d12b1fbe8d9a3adadcf7ab9bc29fd1aeeb3663251358cca0bbf7385", kill_on_drop: false }`
[INFO] [stdout] 9dd24b279d12b1fbe8d9a3adadcf7ab9bc29fd1aeeb3663251358cca0bbf7385
[INFO] running `Command { std: "docker" "create" "-v" "/var/lib/crater-agent-workspace/builds/worker-6-tc1/target:/opt/rustwide/target:rw,Z" "-v" "/var/lib/crater-agent-workspace/builds/worker-6-tc1/source:/opt/rustwide/workdir:ro,Z" "-v" "/var/lib/crater-agent-workspace/cargo-home:/opt/rustwide/cargo-home:ro,Z" "-v" "/var/lib/crater-agent-workspace/rustup-home:/opt/rustwide/rustup-home:ro,Z" "-e" "SOURCE_DIR=/opt/rustwide/workdir" "-e" "CARGO_TARGET_DIR=/opt/rustwide/target" "-e" "CARGO_INCREMENTAL=0" "-e" "RUST_BACKTRACE=full" "-e" "RUSTFLAGS=--cap-lints=warn" "-e" "RUSTDOCFLAGS=--cap-lints=warn" "-e" "CARGO_HOME=/opt/rustwide/cargo-home" "-e" "RUSTUP_HOME=/opt/rustwide/rustup-home" "-w" "/opt/rustwide/workdir" "-m" "1610612736" "--user" "0:0" "--network" "none" "ghcr.io/rust-lang/crates-build-env/linux@sha256:f3a9d4ad9d972b27faf3965f35b62e55ba32bbce8f20bc8fe909558a86702fde" "/opt/rustwide/cargo-home/bin/cargo" "+1.83.0" "test" "--frozen" "--no-run" "--message-format=json", kill_on_drop: false }`
[INFO] [stdout] df1603685bf2ac36fd36fb4ed592a9cd818b69e6e4d6898666204cf7c41d2d23
[INFO] running `Command { std: "docker" "start" "-a" "df1603685bf2ac36fd36fb4ed592a9cd818b69e6e4d6898666204cf7c41d2d23", kill_on_drop: false }`
[INFO] [stderr]    Compiling clevis-pin-tpm2 v0.5.1 (/opt/rustwide/workdir)
[INFO] [stderr]     Finished `test` profile [unoptimized + debuginfo] target(s) in 1.04s
[INFO] running `Command { std: "docker" "inspect" "df1603685bf2ac36fd36fb4ed592a9cd818b69e6e4d6898666204cf7c41d2d23", kill_on_drop: false }`
[INFO] running `Command { std: "docker" "rm" "-f" "df1603685bf2ac36fd36fb4ed592a9cd818b69e6e4d6898666204cf7c41d2d23", kill_on_drop: false }`
[INFO] [stdout] df1603685bf2ac36fd36fb4ed592a9cd818b69e6e4d6898666204cf7c41d2d23
[INFO] running `Command { std: "docker" "create" "-v" "/var/lib/crater-agent-workspace/builds/worker-6-tc1/target:/opt/rustwide/target:rw,Z" "-v" "/var/lib/crater-agent-workspace/builds/worker-6-tc1/source:/opt/rustwide/workdir:ro,Z" "-v" "/var/lib/crater-agent-workspace/cargo-home:/opt/rustwide/cargo-home:ro,Z" "-v" "/var/lib/crater-agent-workspace/rustup-home:/opt/rustwide/rustup-home:ro,Z" "-e" "SOURCE_DIR=/opt/rustwide/workdir" "-e" "CARGO_TARGET_DIR=/opt/rustwide/target" "-e" "CARGO_INCREMENTAL=0" "-e" "RUST_BACKTRACE=full" "-e" "RUSTFLAGS=--cap-lints=warn" "-e" "RUSTDOCFLAGS=--cap-lints=warn" "-e" "CARGO_HOME=/opt/rustwide/cargo-home" "-e" "RUSTUP_HOME=/opt/rustwide/rustup-home" "-w" "/opt/rustwide/workdir" "-m" "1610612736" "--user" "0:0" "--network" "none" "ghcr.io/rust-lang/crates-build-env/linux@sha256:f3a9d4ad9d972b27faf3965f35b62e55ba32bbce8f20bc8fe909558a86702fde" "/opt/rustwide/cargo-home/bin/cargo" "+1.83.0" "test" "--frozen", kill_on_drop: false }`
[INFO] [stdout] 067267f4516aa4ccc508d923e7f26c5df783402508496567b978a05568c8b722
[INFO] running `Command { std: "docker" "start" "-a" "067267f4516aa4ccc508d923e7f26c5df783402508496567b978a05568c8b722", kill_on_drop: false }`
[INFO] [stderr]     Finished `test` profile [unoptimized + debuginfo] target(s) in 0.08s
[INFO] [stderr]      Running unittests src/main.rs (/opt/rustwide/target/debug/deps/clevis_pin_tpm2-b9bf6876f4279eb3)
[INFO] [stdout] 
[INFO] [stdout] running 0 tests
[INFO] [stdout] 
[INFO] [stdout] test result: ok. 0 passed; 0 failed; 0 ignored; 0 measured; 0 filtered out; finished in 0.00s
[INFO] [stdout] 
[INFO] [stderr]      Running tests/integration_test.rs (/opt/rustwide/target/debug/deps/integration_test-238cb3b0892776a0)
[INFO] [stdout] 
[INFO] [stdout] running 1 test
[INFO] [stderr] ERROR:tcti:src/tss2-tcti/tcti-device.c:452:Tss2_Tcti_Device_Init() Failed to open specified TCTI device file /dev/tpm0: No such file or directory 
[INFO] [stderr] ERROR:tcti:src/tss2-tcti/tctildr-dl.c:154:tcti_from_file() Could not initialize TCTI file: device 
[INFO] [stderr] ERROR:tcti:src/tss2-tcti/tctildr.c:428:Tss2_TctiLdr_Initialize_Ex() Failed to instantiate TCTI 
[INFO] [stderr] Error: Error initializing TPM2 context
[INFO] [stderr] 
[INFO] [stderr] Caused by:
[INFO] [stderr]     0: response code not recognized
[INFO] [stderr]     1: response code not recognized
[INFO] [stderr]     2: Response code value: 0xa000a
[INFO] [stderr] ERROR:tcti:src/tss2-tcti/tcti-device.c:452:Tss2_Tcti_Device_Init() Failed to open specified TCTI device file /dev/tpm0: No such file or directory 
[INFO] [stderr] ERROR:tcti:src/tss2-tcti/tctildr-dl.c:154:tcti_from_file() Could not initialize TCTI file: device 
[INFO] [stderr] ERROR:tcti:src/tss2-tcti/tctildr.c:428:Tss2_TctiLdr_Initialize_Ex() Failed to instantiate TCTI 
[INFO] [stderr] Error: Error initializing TPM2 context
[INFO] [stderr] 
[INFO] [stderr] Caused by:
[INFO] [stderr]     0: response code not recognized
[INFO] [stderr]     1: response code not recognized
[INFO] [stderr]     2: Response code value: 0xa000a
[INFO] [stderr] ERROR:tcti:src/tss2-tcti/tcti-device.c:452:Tss2_Tcti_Device_Init() Failed to open specified TCTI device file /dev/tpm0: No such file or directory 
[INFO] [stderr] ERROR:tcti:src/tss2-tcti/tctildr-dl.c:154:tcti_from_file() Could not initialize TCTI file: device 
[INFO] [stderr] ERROR:tcti:src/tss2-tcti/tctildr.c:428:Tss2_TctiLdr_Initialize_Ex() Failed to instantiate TCTI 
[INFO] [stderr] Error: Error initializing TPM2 context
[INFO] [stderr] 
[INFO] [stderr] Caused by:
[INFO] [stderr]     0: response code not recognized
[INFO] [stderr]     1: response code not recognized
[INFO] [stderr]     2: Response code value: 0xa000a
[INFO] [stderr] ERROR:tcti:src/tss2-tcti/tcti-device.c:452:Tss2_Tcti_Device_Init() Failed to open specified TCTI device file /dev/tpm0: No such file or directory 
[INFO] [stderr] ERROR:tcti:src/tss2-tcti/tctildr-dl.c:154:tcti_from_file() Could not initialize TCTI file: device 
[INFO] [stderr] ERROR:tcti:src/tss2-tcti/tctildr.c:428:Tss2_TctiLdr_Initialize_Ex() Failed to instantiate TCTI 
[INFO] [stderr] Error: Error initializing TPM2 context
[INFO] [stderr] 
[INFO] [stderr] Caused by:
[INFO] [stderr]     0: response code not recognized
[INFO] [stderr]     1: response code not recognized
[INFO] [stderr]     2: Response code value: 0xa000a
[INFO] [stderr] ERROR:tcti:src/tss2-tcti/tcti-device.c:452:Tss2_Tcti_Device_Init() Failed to open specified TCTI device file /dev/tpm0: No such file or directory 
[INFO] [stderr] ERROR:tcti:src/tss2-tcti/tctildr-dl.c:154:tcti_from_file() Could not initialize TCTI file: device 
[INFO] [stderr] ERROR:tcti:src/tss2-tcti/tctildr.c:428:Tss2_TctiLdr_Initialize_Ex() Failed to instantiate TCTI 
[INFO] [stderr] Error: Error initializing TPM2 context
[INFO] [stderr] 
[INFO] [stderr] Caused by:
[INFO] [stderr]     0: response code not recognized
[INFO] [stderr]     1: response code not recognized
[INFO] [stderr]     2: Response code value: 0xa000a
[INFO] [stderr] ERROR:tcti:src/tss2-tcti/tcti-device.c:452:Tss2_Tcti_Device_Init() Failed to open specified TCTI device file /dev/tpm0: No such file or directory 
[INFO] [stderr] ERROR:tcti:src/tss2-tcti/tctildr-dl.c:154:tcti_from_file() Could not initialize TCTI file: device 
[INFO] [stderr] ERROR:tcti:src/tss2-tcti/tctildr.c:428:Tss2_TctiLdr_Initialize_Ex() Failed to instantiate TCTI 
[INFO] [stderr] Error: Error initializing TPM2 context
[INFO] [stderr] 
[INFO] [stderr] Caused by:
[INFO] [stderr]     0: response code not recognized
[INFO] [stderr]     1: response code not recognized
[INFO] [stderr]     2: Response code value: 0xa000a
[INFO] [stderr] ERROR:tcti:src/tss2-tcti/tcti-device.c:452:Tss2_Tcti_Device_Init() Failed to open specified TCTI device file /dev/tpm0: No such file or directory 
[INFO] [stderr] ERROR:tcti:src/tss2-tcti/tctildr-dl.c:154:tcti_from_file() Could not initialize TCTI file: device 
[INFO] [stderr] ERROR:tcti:src/tss2-tcti/tctildr.c:428:Tss2_TctiLdr_Initialize_Ex() Failed to instantiate TCTI 
[INFO] [stderr] Error: Error initializing TPM2 context
[INFO] [stderr] 
[INFO] [stderr] Caused by:
[INFO] [stderr]     0: response code not recognized
[INFO] [stderr]     1: response code not recognized
[INFO] [stderr]     2: Response code value: 0xa000a
[INFO] [stderr] ERROR:tcti:src/tss2-tcti/tcti-device.c:452:Tss2_Tcti_Device_Init() Failed to open specified TCTI device file /dev/tpm0: No such file or directory 
[INFO] [stderr] ERROR:tcti:src/tss2-tcti/tctildr-dl.c:154:tcti_from_file() Could not initialize TCTI file: device 
[INFO] [stderr] ERROR:tcti:src/tss2-tcti/tctildr.c:428:Tss2_TctiLdr_Initialize_Ex() Failed to instantiate TCTI 
[INFO] [stderr] Error: Error initializing TPM2 context
[INFO] [stderr] 
[INFO] [stderr] Caused by:
[INFO] [stderr]     0: response code not recognized
[INFO] [stderr]     1: response code not recognized
[INFO] [stderr]     2: Response code value: 0xa000a
[INFO] [stderr] ERROR:tcti:src/tss2-tcti/tcti-device.c:452:Tss2_Tcti_Device_Init() Failed to open specified TCTI device file /dev/tpm0: No such file or directory 
[INFO] [stderr] ERROR:tcti:src/tss2-tcti/tctildr-dl.c:154:tcti_from_file() Could not initialize TCTI file: device 
[INFO] [stderr] ERROR:tcti:src/tss2-tcti/tctildr.c:428:Tss2_TctiLdr_Initialize_Ex() Failed to instantiate TCTI 
[INFO] [stderr] Error: Error initializing TPM2 context
[INFO] [stderr] 
[INFO] [stderr] Caused by:
[INFO] [stderr]     0: response code not recognized
[INFO] [stderr]     1: response code not recognized
[INFO] [stderr]     2: Response code value: 0xa000a
[INFO] [stderr] ERROR:tcti:src/tss2-tcti/tcti-device.c:452:Tss2_Tcti_Device_Init() Failed to open specified TCTI device file /dev/tpm0: No such file or directory 
[INFO] [stderr] ERROR:tcti:src/tss2-tcti/tctildr-dl.c:154:tcti_from_file() Could not initialize TCTI file: device 
[INFO] [stderr] ERROR:tcti:src/tss2-tcti/tctildr.c:428:Tss2_TctiLdr_Initialize_Ex() Failed to instantiate TCTI 
[INFO] [stderr] Error: Error initializing TPM2 context
[INFO] [stderr] 
[INFO] [stderr] Caused by:
[INFO] [stderr]     0: response code not recognized
[INFO] [stderr]     1: response code not recognized
[INFO] [stderr]     2: Response code value: 0xa000a
[INFO] [stderr] ERROR:tcti:src/tss2-tcti/tcti-device.c:452:Tss2_Tcti_Device_Init() Failed to open specified TCTI device file /dev/tpm0: No such file or directory 
[INFO] [stderr] ERROR:tcti:src/tss2-tcti/tctildr-dl.c:154:tcti_from_file() Could not initialize TCTI file: device 
[INFO] [stderr] ERROR:tcti:src/tss2-tcti/tctildr.c:428:Tss2_TctiLdr_Initialize_Ex() Failed to instantiate TCTI 
[INFO] [stderr] Error: Error initializing TPM2 context
[INFO] [stderr] 
[INFO] [stderr] Caused by:
[INFO] [stderr]     0: response code not recognized
[INFO] [stderr]     1: response code not recognized
[INFO] [stderr]     2: Response code value: 0xa000a
[INFO] [stderr] ERROR:tcti:src/tss2-tcti/tcti-device.c:452:Tss2_Tcti_Device_Init() Failed to open specified TCTI device file /dev/tpm0: No such file or directory 
[INFO] [stderr] ERROR:tcti:src/tss2-tcti/tctildr-dl.c:154:tcti_from_file() Could not initialize TCTI file: device 
[INFO] [stderr] ERROR:tcti:src/tss2-tcti/tctildr.c:428:Tss2_TctiLdr_Initialize_Ex() Failed to instantiate TCTI 
[INFO] [stderr] Error: Error initializing TPM2 context
[INFO] [stderr] 
[INFO] [stderr] Caused by:
[INFO] [stderr]     0: response code not recognized
[INFO] [stderr]     1: response code not recognized
[INFO] [stderr]     2: Response code value: 0xa000a
[INFO] [stderr] ERROR:tcti:src/tss2-tcti/tcti-device.c:452:Tss2_Tcti_Device_Init() Failed to open specified TCTI device file /dev/tpm0: No such file or directory 
[INFO] [stderr] ERROR:tcti:src/tss2-tcti/tctildr-dl.c:154:tcti_from_file() Could not initialize TCTI file: device 
[INFO] [stderr] ERROR:tcti:src/tss2-tcti/tctildr.c:428:Tss2_TctiLdr_Initialize_Ex() Failed to instantiate TCTI 
[INFO] [stderr] Error: Error initializing TPM2 context
[INFO] [stderr] 
[INFO] [stderr] Caused by:
[INFO] [stderr]     0: response code not recognized
[INFO] [stderr]     1: response code not recognized
[INFO] [stderr]     2: Response code value: 0xa000a
[INFO] [stderr] ERROR:tcti:src/tss2-tcti/tcti-device.c:452:Tss2_Tcti_Device_Init() Failed to open specified TCTI device file /dev/tpm0: No such file or directory 
[INFO] [stderr] ERROR:tcti:src/tss2-tcti/tctildr-dl.c:154:tcti_from_file() Could not initialize TCTI file: device 
[INFO] [stderr] ERROR:tcti:src/tss2-tcti/tctildr.c:428:Tss2_TctiLdr_Initialize_Ex() Failed to instantiate TCTI 
[INFO] [stderr] Error: Error initializing TPM2 context
[INFO] [stderr] 
[INFO] [stderr] Caused by:
[INFO] [stderr]     0: response code not recognized
[INFO] [stderr]     1: response code not recognized
[INFO] [stderr]     2: Response code value: 0xa000a
[INFO] [stderr] ERROR:tcti:src/tss2-tcti/tcti-device.c:452:Tss2_Tcti_Device_Init() Failed to open specified TCTI device file /dev/tpm0: No such file or directory 
[INFO] [stderr] ERROR:tcti:src/tss2-tcti/tctildr-dl.c:154:tcti_from_file() Could not initialize TCTI file: device 
[INFO] [stderr] ERROR:tcti:src/tss2-tcti/tctildr.c:428:Tss2_TctiLdr_Initialize_Ex() Failed to instantiate TCTI 
[INFO] [stderr] Error: Error initializing TPM2 context
[INFO] [stderr] 
[INFO] [stderr] Caused by:
[INFO] [stderr]     0: response code not recognized
[INFO] [stderr]     1: response code not recognized
[INFO] [stderr]     2: Response code value: 0xa000a
[INFO] [stderr] ERROR:tcti:src/tss2-tcti/tcti-device.c:452:Tss2_Tcti_Device_Init() Failed to open specified TCTI device file /dev/tpm0: No such file or directory 
[INFO] [stderr] ERROR:tcti:src/tss2-tcti/tctildr-dl.c:154:tcti_from_file() Could not initialize TCTI file: device 
[INFO] [stderr] ERROR:tcti:src/tss2-tcti/tctildr.c:428:Tss2_TctiLdr_Initialize_Ex() Failed to instantiate TCTI 
[INFO] [stderr] Error: Error initializing TPM2 context
[INFO] [stderr] 
[INFO] [stderr] Caused by:
[INFO] [stderr]     0: response code not recognized
[INFO] [stderr]     1: response code not recognized
[INFO] [stderr]     2: Response code value: 0xa000a
[INFO] [stderr] ERROR:tcti:src/tss2-tcti/tcti-device.c:452:Tss2_Tcti_Device_Init() Failed to open specified TCTI device file /dev/tpm0: No such file or directory 
[INFO] [stderr] ERROR:tcti:src/tss2-tcti/tctildr-dl.c:154:tcti_from_file() Could not initialize TCTI file: device 
[INFO] [stderr] ERROR:tcti:src/tss2-tcti/tctildr.c:428:Tss2_TctiLdr_Initialize_Ex() Failed to instantiate TCTI 
[INFO] [stderr] Error: Error initializing TPM2 context
[INFO] [stderr] 
[INFO] [stderr] Caused by:
[INFO] [stderr]     0: response code not recognized
[INFO] [stderr]     1: response code not recognized
[INFO] [stderr]     2: Response code value: 0xa000a
[INFO] [stderr] ERROR:tcti:src/tss2-tcti/tcti-device.c:452:Tss2_Tcti_Device_Init() Failed to open specified TCTI device file /dev/tpm0: No such file or directory 
[INFO] [stderr] ERROR:tcti:src/tss2-tcti/tctildr-dl.c:154:tcti_from_file() Could not initialize TCTI file: device 
[INFO] [stderr] ERROR:tcti:src/tss2-tcti/tctildr.c:428:Tss2_TctiLdr_Initialize_Ex() Failed to instantiate TCTI 
[INFO] [stderr] Error: Error initializing TPM2 context
[INFO] [stderr] 
[INFO] [stderr] Caused by:
[INFO] [stderr]     0: response code not recognized
[INFO] [stderr]     1: response code not recognized
[INFO] [stderr]     2: Response code value: 0xa000a
[INFO] [stderr] ERROR:tcti:src/tss2-tcti/tcti-device.c:452:Tss2_Tcti_Device_Init() Failed to open specified TCTI device file /dev/tpm0: No such file or directory 
[INFO] [stderr] ERROR:tcti:src/tss2-tcti/tctildr-dl.c:154:tcti_from_file() Could not initialize TCTI file: device 
[INFO] [stderr] ERROR:tcti:src/tss2-tcti/tctildr.c:428:Tss2_TctiLdr_Initialize_Ex() Failed to instantiate TCTI 
[INFO] [stderr] Error: Error initializing TPM2 context
[INFO] [stderr] 
[INFO] [stderr] Caused by:
[INFO] [stderr]     0: response code not recognized
[INFO] [stderr]     1: response code not recognized
[INFO] [stderr]     2: Response code value: 0xa000a
[INFO] [stderr] ERROR:tcti:src/tss2-tcti/tcti-device.c:452:Tss2_Tcti_Device_Init() Failed to open specified TCTI device file /dev/tpm0: No such file or directory 
[INFO] [stderr] ERROR:tcti:src/tss2-tcti/tctildr-dl.c:154:tcti_from_file() Could not initialize TCTI file: device 
[INFO] [stderr] ERROR:tcti:src/tss2-tcti/tctildr.c:428:Tss2_TctiLdr_Initialize_Ex() Failed to instantiate TCTI 
[INFO] [stderr] Error: Error initializing TPM2 context
[INFO] [stderr] 
[INFO] [stderr] Caused by:
[INFO] [stderr]     0: response code not recognized
[INFO] [stderr]     1: response code not recognized
[INFO] [stderr]     2: Response code value: 0xa000a
[INFO] [stderr] ERROR:tcti:src/tss2-tcti/tcti-device.c:452:Tss2_Tcti_Device_Init() Failed to open specified TCTI device file /dev/tpm0: No such file or directory 
[INFO] [stderr] ERROR:tcti:src/tss2-tcti/tctildr-dl.c:154:tcti_from_file() Could not initialize TCTI file: device 
[INFO] [stderr] ERROR:tcti:src/tss2-tcti/tctildr.c:428:Tss2_TctiLdr_Initialize_Ex() Failed to instantiate TCTI 
[INFO] [stderr] Error: Error initializing TPM2 context
[INFO] [stderr] 
[INFO] [stderr] Caused by:
[INFO] [stderr]     0: response code not recognized
[INFO] [stderr]     1: response code not recognized
[INFO] [stderr]     2: Response code value: 0xa000a
[INFO] [stderr] ERROR:tcti:src/tss2-tcti/tcti-device.c:452:Tss2_Tcti_Device_Init() Failed to open specified TCTI device file /dev/tpm0: No such file or directory 
[INFO] [stderr] ERROR:tcti:src/tss2-tcti/tctildr-dl.c:154:tcti_from_file() Could not initialize TCTI file: device 
[INFO] [stderr] ERROR:tcti:src/tss2-tcti/tctildr.c:428:Tss2_TctiLdr_Initialize_Ex() Failed to instantiate TCTI 
[INFO] [stderr] Error: Error initializing TPM2 context
[INFO] [stderr] 
[INFO] [stderr] Caused by:
[INFO] [stderr]     0: response code not recognized
[INFO] [stderr]     1: response code not recognized
[INFO] [stderr]     2: Response code value: 0xa000a
[INFO] [stderr] ERROR:tcti:src/tss2-tcti/tcti-device.c:452:Tss2_Tcti_Device_Init() Failed to open specified TCTI device file /dev/tpm0: No such file or directory 
[INFO] [stderr] ERROR:tcti:src/tss2-tcti/tctildr-dl.c:154:tcti_from_file() Could not initialize TCTI file: device 
[INFO] [stderr] ERROR:tcti:src/tss2-tcti/tctildr.c:428:Tss2_TctiLdr_Initialize_Ex() Failed to instantiate TCTI 
[INFO] [stderr] Error: Error initializing TPM2 context
[INFO] [stderr] 
[INFO] [stderr] Caused by:
[INFO] [stderr]     0: response code not recognized
[INFO] [stderr]     1: response code not recognized
[INFO] [stderr]     2: Response code value: 0xa000a
[INFO] [stderr] ERROR:tcti:src/tss2-tcti/tcti-device.c:452:Tss2_Tcti_Device_Init() Failed to open specified TCTI device file /dev/tpm0: No such file or directory 
[INFO] [stderr] ERROR:tcti:src/tss2-tcti/tctildr-dl.c:154:tcti_from_file() Could not initialize TCTI file: device 
[INFO] [stderr] ERROR:tcti:src/tss2-tcti/tctildr.c:428:Tss2_TctiLdr_Initialize_Ex() Failed to instantiate TCTI 
[INFO] [stderr] Error: Error initializing TPM2 context
[INFO] [stderr] 
[INFO] [stderr] Caused by:
[INFO] [stderr]     0: response code not recognized
[INFO] [stderr]     1: response code not recognized
[INFO] [stderr]     2: Response code value: 0xa000a
[INFO] [stderr] ERROR:tcti:src/tss2-tcti/tcti-device.c:452:Tss2_Tcti_Device_Init() Failed to open specified TCTI device file /dev/tpm0: No such file or directory 
[INFO] [stderr] ERROR:tcti:src/tss2-tcti/tctildr-dl.c:154:tcti_from_file() Could not initialize TCTI file: device 
[INFO] [stderr] ERROR:tcti:src/tss2-tcti/tctildr.c:428:Tss2_TctiLdr_Initialize_Ex() Failed to instantiate TCTI 
[INFO] [stderr] Error: Error initializing TPM2 context
[INFO] [stderr] 
[INFO] [stderr] Caused by:
[INFO] [stderr]     0: response code not recognized
[INFO] [stderr]     1: response code not recognized
[INFO] [stderr]     2: Response code value: 0xa000a
[INFO] [stderr] ERROR:tcti:src/tss2-tcti/tcti-device.c:452:Tss2_Tcti_Device_Init() Failed to open specified TCTI device file /dev/tpm0: No such file or directory 
[INFO] [stderr] ERROR:tcti:src/tss2-tcti/tctildr-dl.c:154:tcti_from_file() Could not initialize TCTI file: device 
[INFO] [stderr] ERROR:tcti:src/tss2-tcti/tctildr.c:428:Tss2_TctiLdr_Initialize_Ex() Failed to instantiate TCTI 
[INFO] [stderr] Error: Error initializing TPM2 context
[INFO] [stderr] 
[INFO] [stderr] Caused by:
[INFO] [stderr]     0: response code not recognized
[INFO] [stderr]     1: response code not recognized
[INFO] [stderr]     2: Response code value: 0xa000a
[INFO] [stderr] ERROR:tcti:src/tss2-tcti/tcti-device.c:452:Tss2_Tcti_Device_Init() Failed to open specified TCTI device file /dev/tpm0: No such file or directory 
[INFO] [stderr] ERROR:tcti:src/tss2-tcti/tctildr-dl.c:154:tcti_from_file() Could not initialize TCTI file: device 
[INFO] [stderr] ERROR:tcti:src/tss2-tcti/tctildr.c:428:Tss2_TctiLdr_Initialize_Ex() Failed to instantiate TCTI 
[INFO] [stderr] Error: Error initializing TPM2 context
[INFO] [stderr] 
[INFO] [stderr] Caused by:
[INFO] [stderr]     0: response code not recognized
[INFO] [stderr]     1: response code not recognized
[INFO] [stderr]     2: Response code value: 0xa000a
[INFO] [stderr] ERROR:tcti:src/tss2-tcti/tcti-device.c:452:Tss2_Tcti_Device_Init() Failed to open specified TCTI device file /dev/tpm0: No such file or directory 
[INFO] [stderr] ERROR:tcti:src/tss2-tcti/tctildr-dl.c:154:tcti_from_file() Could not initialize TCTI file: device 
[INFO] [stderr] ERROR:tcti:src/tss2-tcti/tctildr.c:428:Tss2_TctiLdr_Initialize_Ex() Failed to instantiate TCTI 
[INFO] [stderr] Error: Error initializing TPM2 context
[INFO] [stderr] 
[INFO] [stderr] Caused by:
[INFO] [stderr]     0: response code not recognized
[INFO] [stderr]     1: response code not recognized
[INFO] [stderr]     2: Response code value: 0xa000a
[INFO] [stderr] ERROR:tcti:src/tss2-tcti/tcti-device.c:452:Tss2_Tcti_Device_Init() Failed to open specified TCTI device file /dev/tpm0: No such file or directory 
[INFO] [stderr] ERROR:tcti:src/tss2-tcti/tctildr-dl.c:154:tcti_from_file() Could not initialize TCTI file: device 
[INFO] [stderr] ERROR:tcti:src/tss2-tcti/tctildr.c:428:Tss2_TctiLdr_Initialize_Ex() Failed to instantiate TCTI 
[INFO] [stderr] Error: Error initializing TPM2 context
[INFO] [stderr] 
[INFO] [stderr] Caused by:
[INFO] [stderr]     0: response code not recognized
[INFO] [stderr]     1: response code not recognized
[INFO] [stderr]     2: Response code value: 0xa000a
[INFO] [stderr] ERROR:tcti:src/tss2-tcti/tcti-device.c:452:Tss2_Tcti_Device_Init() Failed to open specified TCTI device file /dev/tpm0: No such file or directory 
[INFO] [stderr] ERROR:tcti:src/tss2-tcti/tctildr-dl.c:154:tcti_from_file() Could not initialize TCTI file: device 
[INFO] [stderr] ERROR:tcti:src/tss2-tcti/tctildr.c:428:Tss2_TctiLdr_Initialize_Ex() Failed to instantiate TCTI 
[INFO] [stderr] Error: Error initializing TPM2 context
[INFO] [stderr] 
[INFO] [stderr] Caused by:
[INFO] [stderr]     0: response code not recognized
[INFO] [stderr]     1: response code not recognized
[INFO] [stderr]     2: Response code value: 0xa000a
[INFO] [stdout] test pcr_tests ... FAILED
[INFO] [stdout] 
[INFO] [stdout] failures:
[INFO] [stdout] 
[INFO] [stdout] ---- pcr_tests stdout ----
[INFO] [stdout] Executing with encrypt: us, decrypt: us, config: '{}'
[INFO] [stdout] 	Starting encrypter
[INFO] [stdout] FAILED: error: Command failed: "/opt/rustwide/target/debug/clevis-pin-tpm2" "encrypt" "{}"
[INFO] [stdout] Executing with encrypt: us, decrypt: us_renamed, config: '{}'
[INFO] [stdout] 	Starting encrypter
[INFO] [stdout] FAILED: error: Command failed: "/opt/rustwide/target/debug/clevis-pin-tpm2" "encrypt" "{}"
[INFO] [stdout] Executing with encrypt: us, decrypt: clevis, config: '{}'
[INFO] [stdout] 	Starting encrypter
[INFO] [stdout] FAILED: error: Command failed: "/opt/rustwide/target/debug/clevis-pin-tpm2" "encrypt" "{}"
[INFO] [stdout] Executing with encrypt: us_renamed, decrypt: us, config: '{}'
[INFO] [stdout] 	Starting encrypter
[INFO] [stdout] FAILED: error: Command failed: ["/opt/rustwide/target/debug/clevis-pin-tpm2"] "clevis-encrypt-tpm2plus" "{}"
[INFO] [stdout] Executing with encrypt: us_renamed, decrypt: us_renamed, config: '{}'
[INFO] [stdout] 	Starting encrypter
[INFO] [stdout] FAILED: error: Command failed: ["/opt/rustwide/target/debug/clevis-pin-tpm2"] "clevis-encrypt-tpm2plus" "{}"
[INFO] [stdout] Executing with encrypt: us_renamed, decrypt: clevis, config: '{}'
[INFO] [stdout] 	Starting encrypter
[INFO] [stdout] FAILED: error: Command failed: ["/opt/rustwide/target/debug/clevis-pin-tpm2"] "clevis-encrypt-tpm2plus" "{}"
[INFO] [stdout] Executing with encrypt: clevis, decrypt: us, config: '{}'
[INFO] [stdout] 	Starting encrypter
[INFO] [stdout] FAILED: error: Failed to spawn process
[INFO] [stdout] 
[INFO] [stdout] Caused by:
[INFO] [stdout]     No such file or directory (os error 2)
[INFO] [stdout] Executing with encrypt: clevis, decrypt: us_renamed, config: '{}'
[INFO] [stdout] 	Starting encrypter
[INFO] [stdout] FAILED: error: Failed to spawn process
[INFO] [stdout] 
[INFO] [stdout] Caused by:
[INFO] [stdout]     No such file or directory (os error 2)
[INFO] [stdout] Executing with encrypt: us, decrypt: us, config: '{"key": "rsa"}'
[INFO] [stdout] 	Starting encrypter
[INFO] [stdout] FAILED: error: Command failed: "/opt/rustwide/target/debug/clevis-pin-tpm2" "encrypt" "{\"key\": \"rsa\"}"
[INFO] [stdout] Executing with encrypt: us, decrypt: us_renamed, config: '{"key": "rsa"}'
[INFO] [stdout] 	Starting encrypter
[INFO] [stdout] FAILED: error: Command failed: "/opt/rustwide/target/debug/clevis-pin-tpm2" "encrypt" "{\"key\": \"rsa\"}"
[INFO] [stdout] Executing with encrypt: us, decrypt: clevis, config: '{"key": "rsa"}'
[INFO] [stdout] 	Starting encrypter
[INFO] [stdout] FAILED: error: Command failed: "/opt/rustwide/target/debug/clevis-pin-tpm2" "encrypt" "{\"key\": \"rsa\"}"
[INFO] [stdout] Executing with encrypt: us_renamed, decrypt: us, config: '{"key": "rsa"}'
[INFO] [stdout] 	Starting encrypter
[INFO] [stdout] FAILED: error: Command failed: ["/opt/rustwide/target/debug/clevis-pin-tpm2"] "clevis-encrypt-tpm2plus" "{\"key\": \"rsa\"}"
[INFO] [stdout] Executing with encrypt: us_renamed, decrypt: us_renamed, config: '{"key": "rsa"}'
[INFO] [stdout] 	Starting encrypter
[INFO] [stdout] FAILED: error: Command failed: ["/opt/rustwide/target/debug/clevis-pin-tpm2"] "clevis-encrypt-tpm2plus" "{\"key\": \"rsa\"}"
[INFO] [stdout] Executing with encrypt: us_renamed, decrypt: clevis, config: '{"key": "rsa"}'
[INFO] [stdout] 	Starting encrypter
[INFO] [stdout] FAILED: error: Command failed: ["/opt/rustwide/target/debug/clevis-pin-tpm2"] "clevis-encrypt-tpm2plus" "{\"key\": \"rsa\"}"
[INFO] [stdout] Executing with encrypt: clevis, decrypt: us, config: '{"key": "rsa"}'
[INFO] [stdout] 	Starting encrypter
[INFO] [stdout] FAILED: error: Failed to spawn process
[INFO] [stdout] 
[INFO] [stdout] Caused by:
[INFO] [stdout]     No such file or directory (os error 2)
[INFO] [stdout] Executing with encrypt: clevis, decrypt: us_renamed, config: '{"key": "rsa"}'
[INFO] [stdout] 	Starting encrypter
[INFO] [stdout] FAILED: error: Failed to spawn process
[INFO] [stdout] 
[INFO] [stdout] Caused by:
[INFO] [stdout]     No such file or directory (os error 2)
[INFO] [stdout] Executing with encrypt: us, decrypt: us, config: '{"hash": "sha1"}'
[INFO] [stdout] 	Starting encrypter
[INFO] [stdout] FAILED: error: Command failed: "/opt/rustwide/target/debug/clevis-pin-tpm2" "encrypt" "{\"hash\": \"sha1\"}"
[INFO] [stdout] Executing with encrypt: us, decrypt: us_renamed, config: '{"hash": "sha1"}'
[INFO] [stdout] 	Starting encrypter
[INFO] [stdout] FAILED: error: Command failed: "/opt/rustwide/target/debug/clevis-pin-tpm2" "encrypt" "{\"hash\": \"sha1\"}"
[INFO] [stdout] Executing with encrypt: us, decrypt: clevis, config: '{"hash": "sha1"}'
[INFO] [stdout] 	Starting encrypter
[INFO] [stdout] FAILED: error: Command failed: "/opt/rustwide/target/debug/clevis-pin-tpm2" "encrypt" "{\"hash\": \"sha1\"}"
[INFO] [stdout] Executing with encrypt: us_renamed, decrypt: us, config: '{"hash": "sha1"}'
[INFO] [stdout] 	Starting encrypter
[INFO] [stdout] FAILED: error: Command failed: ["/opt/rustwide/target/debug/clevis-pin-tpm2"] "clevis-encrypt-tpm2plus" "{\"hash\": \"sha1\"}"
[INFO] [stdout] Executing with encrypt: us_renamed, decrypt: us_renamed, config: '{"hash": "sha1"}'
[INFO] [stdout] 	Starting encrypter
[INFO] [stdout] FAILED: error: Command failed: ["/opt/rustwide/target/debug/clevis-pin-tpm2"] "clevis-encrypt-tpm2plus" "{\"hash\": \"sha1\"}"
[INFO] [stdout] Executing with encrypt: us_renamed, decrypt: clevis, config: '{"hash": "sha1"}'
[INFO] [stdout] 	Starting encrypter
[INFO] [stdout] FAILED: error: Command failed: ["/opt/rustwide/target/debug/clevis-pin-tpm2"] "clevis-encrypt-tpm2plus" "{\"hash\": \"sha1\"}"
[INFO] [stdout] Executing with encrypt: clevis, decrypt: us, config: '{"hash": "sha1"}'
[INFO] [stdout] 	Starting encrypter
[INFO] [stdout] FAILED: error: Failed to spawn process
[INFO] [stdout] 
[INFO] [stdout] Caused by:
[INFO] [stdout]     No such file or directory (os error 2)
[INFO] [stdout] Executing with encrypt: clevis, decrypt: us_renamed, config: '{"hash": "sha1"}'
[INFO] [stdout] 	Starting encrypter
[INFO] [stdout] FAILED: error: Failed to spawn process
[INFO] [stdout] 
[INFO] [stdout] Caused by:
[INFO] [stdout]     No such file or directory (os error 2)
[INFO] [stdout] Executing with encrypt: us, decrypt: us, config: '{"pcr_ids": [23]}'
[INFO] [stdout] 	Starting encrypter
[INFO] [stdout] FAILED: error: Command failed: "/opt/rustwide/target/debug/clevis-pin-tpm2" "encrypt" "{\"pcr_ids\": [23]}"
[INFO] [stdout] Executing with encrypt: us, decrypt: us_renamed, config: '{"pcr_ids": [23]}'
[INFO] [stdout] 	Starting encrypter
[INFO] [stdout] FAILED: error: Command failed: "/opt/rustwide/target/debug/clevis-pin-tpm2" "encrypt" "{\"pcr_ids\": [23]}"
[INFO] [stdout] Executing with encrypt: us, decrypt: clevis, config: '{"pcr_ids": [23]}'
[INFO] [stdout] 	Starting encrypter
[INFO] [stdout] FAILED: error: Command failed: "/opt/rustwide/target/debug/clevis-pin-tpm2" "encrypt" "{\"pcr_ids\": [23]}"
[INFO] [stdout] Executing with encrypt: us_renamed, decrypt: us, config: '{"pcr_ids": [23]}'
[INFO] [stdout] 	Starting encrypter
[INFO] [stdout] FAILED: error: Command failed: ["/opt/rustwide/target/debug/clevis-pin-tpm2"] "clevis-encrypt-tpm2plus" "{\"pcr_ids\": [23]}"
[INFO] [stdout] Executing with encrypt: us_renamed, decrypt: us_renamed, config: '{"pcr_ids": [23]}'
[INFO] [stdout] 	Starting encrypter
[INFO] [stdout] FAILED: error: Command failed: ["/opt/rustwide/target/debug/clevis-pin-tpm2"] "clevis-encrypt-tpm2plus" "{\"pcr_ids\": [23]}"
[INFO] [stdout] Executing with encrypt: us_renamed, decrypt: clevis, config: '{"pcr_ids": [23]}'
[INFO] [stdout] 	Starting encrypter
[INFO] [stdout] FAILED: error: Command failed: ["/opt/rustwide/target/debug/clevis-pin-tpm2"] "clevis-encrypt-tpm2plus" "{\"pcr_ids\": [23]}"
[INFO] [stdout] Executing with encrypt: clevis, decrypt: us, config: '{"pcr_ids": [23]}'
[INFO] [stdout] 	Starting encrypter
[INFO] [stdout] FAILED: error: Failed to spawn process
[INFO] [stdout] 
[INFO] [stdout] Caused by:
[INFO] [stdout]     No such file or directory (os error 2)
[INFO] [stdout] Executing with encrypt: clevis, decrypt: us_renamed, config: '{"pcr_ids": [23]}'
[INFO] [stdout] 	Starting encrypter
[INFO] [stdout] FAILED: error: Failed to spawn process
[INFO] [stdout] 
[INFO] [stdout] Caused by:
[INFO] [stdout]     No such file or directory (os error 2)
[INFO] [stdout] Executing with encrypt: us, decrypt: us, config: '{"pcr_bank": "sha1", "pcr_ids": [23]}'
[INFO] [stdout] 	Starting encrypter
[INFO] [stdout] FAILED: error: Command failed: "/opt/rustwide/target/debug/clevis-pin-tpm2" "encrypt" "{\"pcr_bank\": \"sha1\", \"pcr_ids\": [23]}"
[INFO] [stdout] Executing with encrypt: us, decrypt: us_renamed, config: '{"pcr_bank": "sha1", "pcr_ids": [23]}'
[INFO] [stdout] 	Starting encrypter
[INFO] [stdout] FAILED: error: Command failed: "/opt/rustwide/target/debug/clevis-pin-tpm2" "encrypt" "{\"pcr_bank\": \"sha1\", \"pcr_ids\": [23]}"
[INFO] [stdout] Executing with encrypt: us, decrypt: clevis, config: '{"pcr_bank": "sha1", "pcr_ids": [23]}'
[INFO] [stdout] 	Starting encrypter
[INFO] [stdout] FAILED: error: Command failed: "/opt/rustwide/target/debug/clevis-pin-tpm2" "encrypt" "{\"pcr_bank\": \"sha1\", \"pcr_ids\": [23]}"
[INFO] [stdout] Executing with encrypt: us_renamed, decrypt: us, config: '{"pcr_bank": "sha1", "pcr_ids": [23]}'
[INFO] [stdout] 	Starting encrypter
[INFO] [stdout] FAILED: error: Command failed: ["/opt/rustwide/target/debug/clevis-pin-tpm2"] "clevis-encrypt-tpm2plus" "{\"pcr_bank\": \"sha1\", \"pcr_ids\": [23]}"
[INFO] [stdout] Executing with encrypt: us_renamed, decrypt: us_renamed, config: '{"pcr_bank": "sha1", "pcr_ids": [23]}'
[INFO] [stdout] 	Starting encrypter
[INFO] [stdout] FAILED: error: Command failed: ["/opt/rustwide/target/debug/clevis-pin-tpm2"] "clevis-encrypt-tpm2plus" "{\"pcr_bank\": \"sha1\", \"pcr_ids\": [23]}"
[INFO] [stdout] Executing with encrypt: us_renamed, decrypt: clevis, config: '{"pcr_bank": "sha1", "pcr_ids": [23]}'
[INFO] [stdout] 	Starting encrypter
[INFO] [stdout] FAILED: error: Command failed: ["/opt/rustwide/target/debug/clevis-pin-tpm2"] "clevis-encrypt-tpm2plus" "{\"pcr_bank\": \"sha1\", \"pcr_ids\": [23]}"
[INFO] [stdout] Executing with encrypt: clevis, decrypt: us, config: '{"pcr_bank": "sha1", "pcr_ids": [23]}'
[INFO] [stdout] 	Starting encrypter
[INFO] [stdout] FAILED: error: Failed to spawn process
[INFO] [stdout] 
[INFO] [stdout] Caused by:
[INFO] [stdout]     No such file or directory (os error 2)
[INFO] [stdout] Executing with encrypt: clevis, decrypt: us_renamed, config: '{"pcr_bank": "sha1", "pcr_ids": [23]}'
[INFO] [stdout] 	Starting encrypter
[INFO] [stdout] FAILED: error: Failed to spawn process
[INFO] [stdout] 
[INFO] [stdout] Caused by:
[INFO] [stdout]     No such file or directory (os error 2)
[INFO] [stdout] thread 'pcr_tests' panicked at tests/integration_test.rs:188:9:
[INFO] [stdout] 40 tests failed
[INFO] [stdout] stack backtrace:
[INFO] [stdout]    0:     0x5b4c8f95f48a - std::backtrace_rs::backtrace::libunwind::trace::h5a5b8284f2d0c266
[INFO] [stdout]                                at /rustc/90b35a6239c3d8bdabc530a6a0816f7ff89a0aaf/library/std/src/../../backtrace/src/backtrace/libunwind.rs:116:5
[INFO] [stdout]    1:     0x5b4c8f95f48a - std::backtrace_rs::backtrace::trace_unsynchronized::h76d4f1c9b0b875e3
[INFO] [stdout]                                at /rustc/90b35a6239c3d8bdabc530a6a0816f7ff89a0aaf/library/std/src/../../backtrace/src/backtrace/mod.rs:66:5
[INFO] [stdout]    2:     0x5b4c8f95f48a - std::sys::backtrace::_print_fmt::hc4546b8364a537c6
[INFO] [stdout]                                at /rustc/90b35a6239c3d8bdabc530a6a0816f7ff89a0aaf/library/std/src/sys/backtrace.rs:66:9
[INFO] [stdout]    3:     0x5b4c8f95f48a - <std::sys::backtrace::BacktraceLock::print::DisplayBacktrace as core::fmt::Display>::fmt::h5b6bd5631a6d1f6b
[INFO] [stdout]                                at /rustc/90b35a6239c3d8bdabc530a6a0816f7ff89a0aaf/library/std/src/sys/backtrace.rs:39:26
[INFO] [stdout]    4:     0x5b4c8f9857e3 - core::fmt::rt::Argument::fmt::h270f6602a2b96f62
[INFO] [stdout]                                at /rustc/90b35a6239c3d8bdabc530a6a0816f7ff89a0aaf/library/core/src/fmt/rt.rs:177:76
[INFO] [stdout]    5:     0x5b4c8f9857e3 - core::fmt::write::h7550c97b06c86515
[INFO] [stdout]                                at /rustc/90b35a6239c3d8bdabc530a6a0816f7ff89a0aaf/library/core/src/fmt/mod.rs:1186:21
[INFO] [stdout]    6:     0x5b4c8f95c303 - std::io::Write::write_fmt::h509ff860e5956e5e
[INFO] [stdout]                                at /rustc/90b35a6239c3d8bdabc530a6a0816f7ff89a0aaf/library/std/src/io/mod.rs:1839:15
[INFO] [stdout]    7:     0x5b4c8f95f2d2 - std::sys::backtrace::BacktraceLock::print::h2395ccd2c84ba3aa
[INFO] [stdout]                                at /rustc/90b35a6239c3d8bdabc530a6a0816f7ff89a0aaf/library/std/src/sys/backtrace.rs:42:9
[INFO] [stdout]    8:     0x5b4c8f96096a - std::panicking::default_hook::{{closure}}::he19d4c7230e07961
[INFO] [stdout]                                at /rustc/90b35a6239c3d8bdabc530a6a0816f7ff89a0aaf/library/std/src/panicking.rs:268:22
[INFO] [stdout]    9:     0x5b4c8f960774 - std::panicking::default_hook::hf614597d3c67bbdb
[INFO] [stdout]                                at /rustc/90b35a6239c3d8bdabc530a6a0816f7ff89a0aaf/library/std/src/panicking.rs:292:9
[INFO] [stdout]   10:     0x5b4c8f926bb9 - <alloc::boxed::Box<F,A> as core::ops::function::Fn<Args>>::call::h39b51ce4599c23d1
[INFO] [stdout]                                at /rustc/90b35a6239c3d8bdabc530a6a0816f7ff89a0aaf/library/alloc/src/boxed.rs:2468:9
[INFO] [stdout]   11:     0x5b4c8f926bb9 - test::test_main::{{closure}}::he977ae839a582784
[INFO] [stdout]                                at /rustc/90b35a6239c3d8bdabc530a6a0816f7ff89a0aaf/library/test/src/lib.rs:133:21
[INFO] [stdout]   12:     0x5b4c8f961008 - <alloc::boxed::Box<F,A> as core::ops::function::Fn<Args>>::call::h9455091b6b06f9fb
[INFO] [stdout]                                at /rustc/90b35a6239c3d8bdabc530a6a0816f7ff89a0aaf/library/alloc/src/boxed.rs:2468:9
[INFO] [stdout]   13:     0x5b4c8f961008 - std::panicking::rust_panic_with_hook::h8942133a8b252070
[INFO] [stdout]                                at /rustc/90b35a6239c3d8bdabc530a6a0816f7ff89a0aaf/library/std/src/panicking.rs:809:13
[INFO] [stdout]   14:     0x5b4c8f960dca - std::panicking::begin_panic_handler::{{closure}}::hb5f5963570096b29
[INFO] [stdout]                                at /rustc/90b35a6239c3d8bdabc530a6a0816f7ff89a0aaf/library/std/src/panicking.rs:674:13
[INFO] [stdout]   15:     0x5b4c8f95f969 - std::sys::backtrace::__rust_end_short_backtrace::h6208cedc1922feda
[INFO] [stdout]                                at /rustc/90b35a6239c3d8bdabc530a6a0816f7ff89a0aaf/library/std/src/sys/backtrace.rs:170:18
[INFO] [stdout]   16:     0x5b4c8f960a5c - rust_begin_unwind
[INFO] [stdout]                                at /rustc/90b35a6239c3d8bdabc530a6a0816f7ff89a0aaf/library/std/src/panicking.rs:665:5
[INFO] [stdout]   17:     0x5b4c8f8e1a60 - core::panicking::panic_fmt::h0c3082644d1bf418
[INFO] [stdout]                                at /rustc/90b35a6239c3d8bdabc530a6a0816f7ff89a0aaf/library/core/src/panicking.rs:74:14
[INFO] [stdout]   18:     0x5b4c8f8e8b85 - integration_test::pcr_tests::h434487b18e0c4e8f
[INFO] [stdout]                                at /opt/rustwide/workdir/tests/integration_test.rs:188:9
[INFO] [stdout]   19:     0x5b4c8f8e8697 - integration_test::pcr_tests::{{closure}}::h9e9f86c59c9543f3
[INFO] [stdout]                                at /opt/rustwide/workdir/tests/integration_test.rs:127:15
[INFO] [stdout]   20:     0x5b4c8f8eac46 - core::ops::function::FnOnce::call_once::h8661afa308ff3195
[INFO] [stdout]                                at /rustc/90b35a6239c3d8bdabc530a6a0816f7ff89a0aaf/library/core/src/ops/function.rs:250:5
[INFO] [stdout]   21:     0x5b4c8f92b57b - core::ops::function::FnOnce::call_once::h109cf8051a59b34e
[INFO] [stdout]                                at /rustc/90b35a6239c3d8bdabc530a6a0816f7ff89a0aaf/library/core/src/ops/function.rs:250:5
[INFO] [stdout]   22:     0x5b4c8f92b57b - test::__rust_begin_short_backtrace::hf4fff89d377446ba
[INFO] [stdout]                                at /rustc/90b35a6239c3d8bdabc530a6a0816f7ff89a0aaf/library/test/src/lib.rs:621:18
[INFO] [stdout]   23:     0x5b4c8f92adb7 - test::run_test_in_process::{{closure}}::h0e39181dd7ee5a43
[INFO] [stdout]                                at /rustc/90b35a6239c3d8bdabc530a6a0816f7ff89a0aaf/library/test/src/lib.rs:644:60
[INFO] [stdout]   24:     0x5b4c8f92adb7 - <core::panic::unwind_safe::AssertUnwindSafe<F> as core::ops::function::FnOnce<()>>::call_once::hc5a66a30f0bdfd1f
[INFO] [stdout]                                at /rustc/90b35a6239c3d8bdabc530a6a0816f7ff89a0aaf/library/core/src/panic/unwind_safe.rs:272:9
[INFO] [stdout]   25:     0x5b4c8f92adb7 - std::panicking::try::do_call::h873b7cf639554a5e
[INFO] [stdout]                                at /rustc/90b35a6239c3d8bdabc530a6a0816f7ff89a0aaf/library/std/src/panicking.rs:557:40
[INFO] [stdout]   26:     0x5b4c8f92adb7 - std::panicking::try::hdb19862fad9c8bd1
[INFO] [stdout]                                at /rustc/90b35a6239c3d8bdabc530a6a0816f7ff89a0aaf/library/std/src/panicking.rs:520:19
[INFO] [stdout]   27:     0x5b4c8f92adb7 - std::panic::catch_unwind::h281fe732d236d260
[INFO] [stdout]                                at /rustc/90b35a6239c3d8bdabc530a6a0816f7ff89a0aaf/library/std/src/panic.rs:358:14
[INFO] [stdout]   28:     0x5b4c8f92adb7 - test::run_test_in_process::h949b6df8457ed338
[INFO] [stdout]                                at /rustc/90b35a6239c3d8bdabc530a6a0816f7ff89a0aaf/library/test/src/lib.rs:644:27
[INFO] [stdout]   29:     0x5b4c8f92adb7 - test::run_test::{{closure}}::h52c556a6d4740e10
[INFO] [stdout]                                at /rustc/90b35a6239c3d8bdabc530a6a0816f7ff89a0aaf/library/test/src/lib.rs:565:43
[INFO] [stdout]   30:     0x5b4c8f8f0094 - test::run_test::{{closure}}::h4237f6381c45ccb9
[INFO] [stdout]                                at /rustc/90b35a6239c3d8bdabc530a6a0816f7ff89a0aaf/library/test/src/lib.rs:595:41
[INFO] [stdout]   31:     0x5b4c8f8f0094 - std::sys::backtrace::__rust_begin_short_backtrace::h505c97a579eca628
[INFO] [stdout]                                at /rustc/90b35a6239c3d8bdabc530a6a0816f7ff89a0aaf/library/std/src/sys/backtrace.rs:154:18
[INFO] [stdout]   32:     0x5b4c8f8f375e - std::thread::Builder::spawn_unchecked_::{{closure}}::{{closure}}::h9e86b2e2bc107ea3
[INFO] [stdout]                                at /rustc/90b35a6239c3d8bdabc530a6a0816f7ff89a0aaf/library/std/src/thread/mod.rs:538:17
[INFO] [stdout]   33:     0x5b4c8f8f375e - <core::panic::unwind_safe::AssertUnwindSafe<F> as core::ops::function::FnOnce<()>>::call_once::h8b06ddb275ff4a25
[INFO] [stdout]                                at /rustc/90b35a6239c3d8bdabc530a6a0816f7ff89a0aaf/library/core/src/panic/unwind_safe.rs:272:9
[INFO] [stdout]   34:     0x5b4c8f8f375e - std::panicking::try::do_call::hb26ecd7cd9a9355d
[INFO] [stdout]                                at /rustc/90b35a6239c3d8bdabc530a6a0816f7ff89a0aaf/library/std/src/panicking.rs:557:40
[INFO] [stdout]   35:     0x5b4c8f8f375e - std::panicking::try::h8ddeca9d705f9069
[INFO] [stdout]                                at /rustc/90b35a6239c3d8bdabc530a6a0816f7ff89a0aaf/library/std/src/panicking.rs:520:19
[INFO] [stdout]   36:     0x5b4c8f8f375e - std::panic::catch_unwind::h49e1c33078844c46
[INFO] [stdout]                                at /rustc/90b35a6239c3d8bdabc530a6a0816f7ff89a0aaf/library/std/src/panic.rs:358:14
[INFO] [stdout]   37:     0x5b4c8f8f375e - std::thread::Builder::spawn_unchecked_::{{closure}}::h6073db6ff56ad35d
[INFO] [stdout]                                at /rustc/90b35a6239c3d8bdabc530a6a0816f7ff89a0aaf/library/std/src/thread/mod.rs:537:30
[INFO] [stdout]   38:     0x5b4c8f8f375e - core::ops::function::FnOnce::call_once{{vtable.shim}}::h2c5a5f3779c774f1
[INFO] [stdout]                                at /rustc/90b35a6239c3d8bdabc530a6a0816f7ff89a0aaf/library/core/src/ops/function.rs:250:5
[INFO] [stdout]   39:     0x5b4c8f96583b - <alloc::boxed::Box<F,A> as core::ops::function::FnOnce<Args>>::call_once::hf75717d9f28faebf
[INFO] [stdout]                                at /rustc/90b35a6239c3d8bdabc530a6a0816f7ff89a0aaf/library/alloc/src/boxed.rs:2454:9
[INFO] [stdout]   40:     0x5b4c8f96583b - <alloc::boxed::Box<F,A> as core::ops::function::FnOnce<Args>>::call_once::h7bd883a5f3c5f3c1
[INFO] [stdout]                                at /rustc/90b35a6239c3d8bdabc530a6a0816f7ff89a0aaf/library/alloc/src/boxed.rs:2454:9
[INFO] [stdout]   41:     0x5b4c8f96583b - std::sys::pal::unix::thread::Thread::new::thread_start::hcc78f3943333fa94
[INFO] [stdout]                                at /rustc/90b35a6239c3d8bdabc530a6a0816f7ff89a0aaf/library/std/src/sys/pal/unix/thread.rs:105:17
[INFO] [stdout]   42:     0x715d4c501ac3 - <unknown>
[INFO] [stdout]   43:     0x715d4c592a04 - clone
[INFO] [stdout]   44:                0x0 - <unknown>
[INFO] [stdout] 
[INFO] [stdout] 
[INFO] [stdout] failures:
[INFO] [stdout]     pcr_tests
[INFO] [stdout] 
[INFO] [stdout] test result: FAILED. 0 passed; 1 failed; 0 ignored; 0 measured; 0 filtered out; finished in 0.38s
[INFO] [stdout] 
[INFO] [stderr] error: test failed, to rerun pass `--test integration_test`
[INFO] running `Command { std: "docker" "inspect" "067267f4516aa4ccc508d923e7f26c5df783402508496567b978a05568c8b722", kill_on_drop: false }`
[INFO] running `Command { std: "docker" "rm" "-f" "067267f4516aa4ccc508d923e7f26c5df783402508496567b978a05568c8b722", kill_on_drop: false }`
[INFO] [stdout] 067267f4516aa4ccc508d923e7f26c5df783402508496567b978a05568c8b722
