[INFO] fetching crate clean-base 1.2.0...
[INFO] testing clean-base-1.2.0 against beta-2024-12-08 for beta-1.84.0-4-retry
[INFO] extracting crate clean-base 1.2.0 into /workspace/builds/worker-4-tc2/source
[INFO] validating manifest of crates.io crate clean-base 1.2.0 on toolchain beta-2024-12-08
[INFO] running `Command { std: CARGO_HOME="/workspace/cargo-home" RUSTUP_HOME="/workspace/rustup-home" "/workspace/cargo-home/bin/cargo" "+beta-2024-12-08" "metadata" "--manifest-path" "Cargo.toml" "--no-deps", kill_on_drop: false }`
[INFO] started tweaking crates.io crate clean-base 1.2.0
[INFO] finished tweaking crates.io crate clean-base 1.2.0
[INFO] tweaked toml for crates.io crate clean-base 1.2.0 written to /workspace/builds/worker-4-tc2/source/Cargo.toml
[INFO] running `Command { std: CARGO_HOME="/workspace/cargo-home" RUSTUP_HOME="/workspace/rustup-home" "/workspace/cargo-home/bin/cargo" "+beta-2024-12-08" "generate-lockfile" "--manifest-path" "Cargo.toml", kill_on_drop: false }`
[INFO] [stderr]     Updating crates.io index
[INFO] [stderr]      Locking 25 packages to latest compatible versions
[INFO] [stderr]       Adding utoipa v4.2.3 (available: v5.2.0)
[INFO] running `Command { std: CARGO_HOME="/workspace/cargo-home" RUSTUP_HOME="/workspace/rustup-home" "/workspace/cargo-home/bin/cargo" "+beta-2024-12-08" "fetch" "--manifest-path" "Cargo.toml", kill_on_drop: false }`
[INFO] running `Command { std: "docker" "create" "-v" "/var/lib/crater-agent-workspace/builds/worker-4-tc2/target:/opt/rustwide/target:rw,Z" "-v" "/var/lib/crater-agent-workspace/builds/worker-4-tc2/source:/opt/rustwide/workdir:ro,Z" "-v" "/var/lib/crater-agent-workspace/cargo-home:/opt/rustwide/cargo-home:ro,Z" "-v" "/var/lib/crater-agent-workspace/rustup-home:/opt/rustwide/rustup-home:ro,Z" "-e" "SOURCE_DIR=/opt/rustwide/workdir" "-e" "CARGO_TARGET_DIR=/opt/rustwide/target" "-e" "CARGO_HOME=/opt/rustwide/cargo-home" "-e" "RUSTUP_HOME=/opt/rustwide/rustup-home" "-w" "/opt/rustwide/workdir" "-m" "1610612736" "--user" "0:0" "--network" "none" "ghcr.io/rust-lang/crates-build-env/linux@sha256:f3a9d4ad9d972b27faf3965f35b62e55ba32bbce8f20bc8fe909558a86702fde" "/opt/rustwide/cargo-home/bin/cargo" "+beta-2024-12-08" "metadata" "--no-deps" "--format-version=1", kill_on_drop: false }`
[INFO] [stdout] 7f094236b8a67ea80fa196d3bb4e5f4dabc77d78bddd21371ea425898f568d12
[INFO] running `Command { std: "docker" "start" "-a" "7f094236b8a67ea80fa196d3bb4e5f4dabc77d78bddd21371ea425898f568d12", kill_on_drop: false }`
[INFO] running `Command { std: "docker" "inspect" "7f094236b8a67ea80fa196d3bb4e5f4dabc77d78bddd21371ea425898f568d12", kill_on_drop: false }`
[INFO] running `Command { std: "docker" "rm" "-f" "7f094236b8a67ea80fa196d3bb4e5f4dabc77d78bddd21371ea425898f568d12", kill_on_drop: false }`
[INFO] [stdout] 7f094236b8a67ea80fa196d3bb4e5f4dabc77d78bddd21371ea425898f568d12
[INFO] running `Command { std: "docker" "create" "-v" "/var/lib/crater-agent-workspace/builds/worker-4-tc2/target:/opt/rustwide/target:rw,Z" "-v" "/var/lib/crater-agent-workspace/builds/worker-4-tc2/source:/opt/rustwide/workdir:ro,Z" "-v" "/var/lib/crater-agent-workspace/cargo-home:/opt/rustwide/cargo-home:ro,Z" "-v" "/var/lib/crater-agent-workspace/rustup-home:/opt/rustwide/rustup-home:ro,Z" "-e" "SOURCE_DIR=/opt/rustwide/workdir" "-e" "CARGO_TARGET_DIR=/opt/rustwide/target" "-e" "CARGO_INCREMENTAL=0" "-e" "RUST_BACKTRACE=full" "-e" "RUSTFLAGS=--cap-lints=warn" "-e" "RUSTDOCFLAGS=--cap-lints=warn" "-e" "CARGO_HOME=/opt/rustwide/cargo-home" "-e" "RUSTUP_HOME=/opt/rustwide/rustup-home" "-w" "/opt/rustwide/workdir" "-m" "1610612736" "--user" "0:0" "--network" "none" "ghcr.io/rust-lang/crates-build-env/linux@sha256:f3a9d4ad9d972b27faf3965f35b62e55ba32bbce8f20bc8fe909558a86702fde" "/opt/rustwide/cargo-home/bin/cargo" "+beta-2024-12-08" "build" "--frozen" "--message-format=json", kill_on_drop: false }`
[INFO] [stdout] e0c84efe08edb0a74c62d02a2cd6a99084c522e782a13608bf3874d71fb7266d
[INFO] running `Command { std: "docker" "start" "-a" "e0c84efe08edb0a74c62d02a2cd6a99084c522e782a13608bf3874d71fb7266d", kill_on_drop: false }`
[INFO] [stderr]    Compiling proc-macro2 v1.0.92
[INFO] [stderr]    Compiling unicode-ident v1.0.14
[INFO] [stderr]    Compiling version_check v0.9.5
[INFO] [stderr]    Compiling syn v1.0.109
[INFO] [stderr]    Compiling memchr v2.7.4
[INFO] [stderr]    Compiling serde v1.0.216
[INFO] [stderr]    Compiling serde_json v1.0.133
[INFO] [stderr]    Compiling ryu v1.0.18
[INFO] [stderr]    Compiling equivalent v1.0.1
[INFO] [stderr]    Compiling regex-syntax v0.8.5
[INFO] [stderr]    Compiling hashbrown v0.15.2
[INFO] [stderr]    Compiling itoa v1.0.14
[INFO] [stderr]    Compiling log v0.4.22
[INFO] [stderr]    Compiling proc-macro-error-attr v1.0.4
[INFO] [stderr]    Compiling proc-macro-error v1.0.4
[INFO] [stderr]    Compiling aho-corasick v1.1.3
[INFO] [stderr]    Compiling quote v1.0.37
[INFO] [stderr]    Compiling syn v2.0.90
[INFO] [stderr]    Compiling regex-automata v0.4.9
[INFO] [stderr]    Compiling uuid v1.11.0
[INFO] [stderr]    Compiling regex v1.11.1
[INFO] [stderr]    Compiling serde_derive v1.0.216
[INFO] [stderr]    Compiling utoipa-gen v4.3.1
[INFO] [stderr]    Compiling indexmap v2.7.0
[INFO] [stderr]    Compiling utoipa v4.2.3
[INFO] [stderr]    Compiling clean-base v1.2.0 (/opt/rustwide/workdir)
[INFO] [stderr]     Finished `dev` profile [unoptimized + debuginfo] target(s) in 22.30s
[INFO] running `Command { std: "docker" "inspect" "e0c84efe08edb0a74c62d02a2cd6a99084c522e782a13608bf3874d71fb7266d", kill_on_drop: false }`
[INFO] running `Command { std: "docker" "rm" "-f" "e0c84efe08edb0a74c62d02a2cd6a99084c522e782a13608bf3874d71fb7266d", kill_on_drop: false }`
[INFO] [stdout] e0c84efe08edb0a74c62d02a2cd6a99084c522e782a13608bf3874d71fb7266d
[INFO] running `Command { std: "docker" "create" "-v" "/var/lib/crater-agent-workspace/builds/worker-4-tc2/target:/opt/rustwide/target:rw,Z" "-v" "/var/lib/crater-agent-workspace/builds/worker-4-tc2/source:/opt/rustwide/workdir:ro,Z" "-v" "/var/lib/crater-agent-workspace/cargo-home:/opt/rustwide/cargo-home:ro,Z" "-v" "/var/lib/crater-agent-workspace/rustup-home:/opt/rustwide/rustup-home:ro,Z" "-e" "SOURCE_DIR=/opt/rustwide/workdir" "-e" "CARGO_TARGET_DIR=/opt/rustwide/target" "-e" "CARGO_INCREMENTAL=0" "-e" "RUST_BACKTRACE=full" "-e" "RUSTFLAGS=--cap-lints=warn" "-e" "RUSTDOCFLAGS=--cap-lints=warn" "-e" "CARGO_HOME=/opt/rustwide/cargo-home" "-e" "RUSTUP_HOME=/opt/rustwide/rustup-home" "-w" "/opt/rustwide/workdir" "-m" "1610612736" "--user" "0:0" "--network" "none" "ghcr.io/rust-lang/crates-build-env/linux@sha256:f3a9d4ad9d972b27faf3965f35b62e55ba32bbce8f20bc8fe909558a86702fde" "/opt/rustwide/cargo-home/bin/cargo" "+beta-2024-12-08" "test" "--frozen" "--no-run" "--message-format=json", kill_on_drop: false }`
[INFO] [stdout] 557bc57205e3f19fd720d27f861a1e95e1770488d027a2c862d8c6acb49e3029
[INFO] running `Command { std: "docker" "start" "-a" "557bc57205e3f19fd720d27f861a1e95e1770488d027a2c862d8c6acb49e3029", kill_on_drop: false }`
[INFO] [stderr]    Compiling clean-base v1.2.0 (/opt/rustwide/workdir)
[INFO] [stderr]     Finished `test` profile [unoptimized + debuginfo] target(s) in 2.03s
[INFO] running `Command { std: "docker" "inspect" "557bc57205e3f19fd720d27f861a1e95e1770488d027a2c862d8c6acb49e3029", kill_on_drop: false }`
[INFO] running `Command { std: "docker" "rm" "-f" "557bc57205e3f19fd720d27f861a1e95e1770488d027a2c862d8c6acb49e3029", kill_on_drop: false }`
[INFO] [stdout] 557bc57205e3f19fd720d27f861a1e95e1770488d027a2c862d8c6acb49e3029
[INFO] running `Command { std: "docker" "create" "-v" "/var/lib/crater-agent-workspace/builds/worker-4-tc2/target:/opt/rustwide/target:rw,Z" "-v" "/var/lib/crater-agent-workspace/builds/worker-4-tc2/source:/opt/rustwide/workdir:ro,Z" "-v" "/var/lib/crater-agent-workspace/cargo-home:/opt/rustwide/cargo-home:ro,Z" "-v" "/var/lib/crater-agent-workspace/rustup-home:/opt/rustwide/rustup-home:ro,Z" "-e" "SOURCE_DIR=/opt/rustwide/workdir" "-e" "CARGO_TARGET_DIR=/opt/rustwide/target" "-e" "CARGO_INCREMENTAL=0" "-e" "RUST_BACKTRACE=full" "-e" "RUSTFLAGS=--cap-lints=warn" "-e" "RUSTDOCFLAGS=--cap-lints=warn" "-e" "CARGO_HOME=/opt/rustwide/cargo-home" "-e" "RUSTUP_HOME=/opt/rustwide/rustup-home" "-w" "/opt/rustwide/workdir" "-m" "1610612736" "--user" "0:0" "--network" "none" "ghcr.io/rust-lang/crates-build-env/linux@sha256:f3a9d4ad9d972b27faf3965f35b62e55ba32bbce8f20bc8fe909558a86702fde" "/opt/rustwide/cargo-home/bin/cargo" "+beta-2024-12-08" "test" "--frozen", kill_on_drop: false }`
[INFO] [stdout] 2a0f3bb1e25d5e28acc6446db5cd6ab03b944c11c0f048f7287675034683db3e
[INFO] running `Command { std: "docker" "start" "-a" "2a0f3bb1e25d5e28acc6446db5cd6ab03b944c11c0f048f7287675034683db3e", kill_on_drop: false }`
[INFO] [stderr]     Finished `test` profile [unoptimized + debuginfo] target(s) in 0.04s
[INFO] [stderr]      Running unittests src/lib.rs (/opt/rustwide/target/debug/deps/clean_base-ca1884e203099e6e)
[INFO] [stdout] 
[INFO] [stdout] running 11 tests
[INFO] [stdout] test utils::errors::base::tests::test_has_str_code ... ok
[INFO] [stdout] test utils::errors::base::tests::test_error_msg ... ok
[INFO] [stdout] test utils::errors::default_factories::tests::creation_err_works ... ok
[INFO] [stdout] test utils::errors::base::tests::test_is_in ... ok
[INFO] [stdout] test utils::errors::default_factories::tests::fetching_err_works ... ok
[INFO] [stdout] test utils::errors::default_factories::tests::deletion_err_works ... ok
[INFO] [stdout] test utils::errors::factories::test::test_creation_error_factory ... ok
[INFO] [stdout] test utils::errors::factories::test::test_default_factories ... ok
[INFO] [stdout] test utils::errors::base::tests::test_error_type ... ok
[INFO] [stdout] test utils::errors::default_factories::tests::updating_err_works ... ok
[INFO] [stdout] test utils::errors::base::tests::test_from_msg ... ok
[INFO] [stdout] 
[INFO] [stderr]    Doc-tests clean_base
[INFO] [stdout] test result: ok. 11 passed; 0 failed; 0 ignored; 0 measured; 0 filtered out; finished in 0.01s
[INFO] [stdout] 
[INFO] [stdout] 
[INFO] [stdout] running 2 tests
[INFO] [stdout] test src/lib.rs - dtos (line 13) ... FAILED
[INFO] [stdout] test src/lib.rs - dtos (line 36) ... FAILED
[INFO] [stdout] 
[INFO] [stdout] failures:
[INFO] [stdout] 
[INFO] [stdout] ---- src/lib.rs - dtos (line 13) stdout ----
[INFO] [stdout] error[E0412]: cannot find type `Children` in this scope
[INFO] [stdout]  --> src/lib.rs:17:14
[INFO] [stdout]   |
[INFO] [stdout] 6 |    comments: Children<Comment, i32>,
[INFO] [stdout]   |              ^^^^^^^^ not found in this scope
[INFO] [stdout]   |
[INFO] [stdout] help: consider importing this enum
[INFO] [stdout]   |
[INFO] [stdout] 2 + use clean_base::dtos::Children;
[INFO] [stdout]   |
[INFO] [stdout] 
[INFO] [stdout] error[E0412]: cannot find type `Parent` in this scope
[INFO] [stdout]   --> src/lib.rs:21:11
[INFO] [stdout]    |
[INFO] [stdout] 10 |     post: Parent<Post, i32>,
[INFO] [stdout]    |           ^^^^^^ not found in this scope
[INFO] [stdout]    |
[INFO] [stdout] help: consider importing this enum
[INFO] [stdout]    |
[INFO] [stdout] 2  + use clean_base::dtos::Parent;
[INFO] [stdout]    |
[INFO] [stdout] 
[INFO] [stdout] error: aborting due to 2 previous errors
[INFO] [stdout] 
[INFO] [stdout] For more information about this error, try `rustc --explain E0412`.
[INFO] [stdout] Couldn't compile the test.
[INFO] [stdout] ---- src/lib.rs - dtos (line 36) stdout ----
[INFO] [stdout] error: expected `;`, found keyword `let`
[INFO] [stdout]  --> src/lib.rs:41:2
[INFO] [stdout]   |
[INFO] [stdout] 7 | }
[INFO] [stdout]   |  ^ help: add `;` here
[INFO] [stdout] 8 |
[INFO] [stdout] 9 | let post_with_comments_as_records = Post {
[INFO] [stdout]   | --- unexpected token
[INFO] [stdout] 
[INFO] [stdout] error: expected `;`, found `}`
[INFO] [stdout]   --> src/lib.rs:63:2
[INFO] [stdout]    |
[INFO] [stdout] 29 | }
[INFO] [stdout]    |  ^ help: add `;` here
[INFO] [stdout] 30 | } _doctest_main_src_lib_rs_36_0() }
[INFO] [stdout]    | - unexpected token
[INFO] [stdout] 
[INFO] [stdout] error[E0422]: cannot find struct, variant or union type `Post` in this scope
[INFO] [stdout]  --> src/lib.rs:37:33
[INFO] [stdout]   |
[INFO] [stdout] 3 | let post_with_comments_as_ids = Post {
[INFO] [stdout]   |                                 ^^^^ not found in this scope
[INFO] [stdout]   |
[INFO] [stdout] help: consider importing this variant
[INFO] [stdout]   |
[INFO] [stdout] 2 + use utoipa::openapi::PathItemType::Post;
[INFO] [stdout]   |
[INFO] [stdout] 
[INFO] [stdout] error[E0433]: failed to resolve: use of undeclared type `Children`
[INFO] [stdout]  --> src/lib.rs:40:15
[INFO] [stdout]   |
[INFO] [stdout] 6 |     comments: Children::Ids(vec![1, 2, 3]),
[INFO] [stdout]   |               ^^^^^^^^ use of undeclared type `Children`
[INFO] [stdout]   |
[INFO] [stdout] help: consider importing this enum
[INFO] [stdout]   |
[INFO] [stdout] 2 + use clean_base::dtos::Children;
[INFO] [stdout]   |
[INFO] [stdout] 
[INFO] [stdout] error[E0422]: cannot find struct, variant or union type `Post` in this scope
[INFO] [stdout]  --> src/lib.rs:43:37
[INFO] [stdout]   |
[INFO] [stdout] 9 | let post_with_comments_as_records = Post {
[INFO] [stdout]   |                                     ^^^^ not found in this scope
[INFO] [stdout]   |
[INFO] [stdout] help: consider importing this variant
[INFO] [stdout]   |
[INFO] [stdout] 2 + use utoipa::openapi::PathItemType::Post;
[INFO] [stdout]   |
[INFO] [stdout] 
[INFO] [stdout] error[E0433]: failed to resolve: use of undeclared type `Children`
[INFO] [stdout]   --> src/lib.rs:46:15
[INFO] [stdout]    |
[INFO] [stdout] 12 |     comments: Children::Records(vec![
[INFO] [stdout]    |               ^^^^^^^^ use of undeclared type `Children`
[INFO] [stdout]    |
[INFO] [stdout] help: consider importing this enum
[INFO] [stdout]    |
[INFO] [stdout] 2  + use clean_base::dtos::Children;
[INFO] [stdout]    |
[INFO] [stdout] 
[INFO] [stdout] error[E0422]: cannot find struct, variant or union type `Comment` in this scope
[INFO] [stdout]   --> src/lib.rs:47:9
[INFO] [stdout]    |
[INFO] [stdout] 13 |         Comment {
[INFO] [stdout]    |         ^^^^^^^ not found in this scope
[INFO] [stdout] 
[INFO] [stdout] error[E0433]: failed to resolve: use of undeclared type `Parent`
[INFO] [stdout]   --> src/lib.rs:48:19
[INFO] [stdout]    |
[INFO] [stdout] 14 |             post: Parent::Id(1),
[INFO] [stdout]    |                   ^^^^^^ use of undeclared type `Parent`
[INFO] [stdout]    |
[INFO] [stdout] help: consider importing this enum
[INFO] [stdout]    |
[INFO] [stdout] 2  + use clean_base::dtos::Parent;
[INFO] [stdout]    |
[INFO] [stdout] 
[INFO] [stdout] error[E0422]: cannot find struct, variant or union type `Comment` in this scope
[INFO] [stdout]   --> src/lib.rs:52:9
[INFO] [stdout]    |
[INFO] [stdout] 18 |         Comment {
[INFO] [stdout]    |         ^^^^^^^ not found in this scope
[INFO] [stdout] 
[INFO] [stdout] error[E0433]: failed to resolve: use of undeclared type `Parent`
[INFO] [stdout]   --> src/lib.rs:53:19
[INFO] [stdout]    |
[INFO] [stdout] 19 |             post: Parent::Id(1),
[INFO] [stdout]    |                   ^^^^^^ use of undeclared type `Parent`
[INFO] [stdout]    |
[INFO] [stdout] help: consider importing this enum
[INFO] [stdout]    |
[INFO] [stdout] 2  + use clean_base::dtos::Parent;
[INFO] [stdout]    |
[INFO] [stdout] 
[INFO] [stdout] error[E0422]: cannot find struct, variant or union type `Comment` in this scope
[INFO] [stdout]   --> src/lib.rs:57:9
[INFO] [stdout]    |
[INFO] [stdout] 23 |         Comment {
[INFO] [stdout]    |         ^^^^^^^ not found in this scope
[INFO] [stdout] 
[INFO] [stdout] error[E0433]: failed to resolve: use of undeclared type `Parent`
[INFO] [stdout]   --> src/lib.rs:58:19
[INFO] [stdout]    |
[INFO] [stdout] 24 |             post: Parent::Id(1),
[INFO] [stdout]    |                   ^^^^^^ use of undeclared type `Parent`
[INFO] [stdout]    |
[INFO] [stdout] help: consider importing this enum
[INFO] [stdout]    |
[INFO] [stdout] 2  + use clean_base::dtos::Parent;
[INFO] [stdout]    |
[INFO] [stdout] 
[INFO] [stdout] error: aborting due to 12 previous errors
[INFO] [stdout] 
[INFO] [stdout] Some errors have detailed explanations: E0422, E0433.
[INFO] [stdout] For more information about an error, try `rustc --explain E0422`.
[INFO] [stdout] Couldn't compile the test.
[INFO] [stdout] 
[INFO] [stdout] failures:
[INFO] [stdout]     src/lib.rs - dtos (line 13)
[INFO] [stdout]     src/lib.rs - dtos (line 36)
[INFO] [stdout] 
[INFO] [stdout] test result: FAILED. 0 passed; 2 failed; 0 ignored; 0 measured; 0 filtered out; finished in 0.16s
[INFO] [stdout] 
[INFO] [stderr] error: doctest failed, to rerun pass `--doc`
[INFO] running `Command { std: "docker" "inspect" "2a0f3bb1e25d5e28acc6446db5cd6ab03b944c11c0f048f7287675034683db3e", kill_on_drop: false }`
[INFO] running `Command { std: "docker" "rm" "-f" "2a0f3bb1e25d5e28acc6446db5cd6ab03b944c11c0f048f7287675034683db3e", kill_on_drop: false }`
[INFO] [stdout] 2a0f3bb1e25d5e28acc6446db5cd6ab03b944c11c0f048f7287675034683db3e
