[INFO] fetching crate clamp_to 0.2.2...
[INFO] testing clamp_to-0.2.2 against 1.83.0 for beta-1.84.0-4-retry
[INFO] extracting crate clamp_to 0.2.2 into /workspace/builds/worker-3-tc1/source
[INFO] validating manifest of crates.io crate clamp_to 0.2.2 on toolchain 1.83.0
[INFO] running `Command { std: CARGO_HOME="/workspace/cargo-home" RUSTUP_HOME="/workspace/rustup-home" "/workspace/cargo-home/bin/cargo" "+1.83.0" "metadata" "--manifest-path" "Cargo.toml" "--no-deps", kill_on_drop: false }`
[INFO] started tweaking crates.io crate clamp_to 0.2.2
[INFO] finished tweaking crates.io crate clamp_to 0.2.2
[INFO] tweaked toml for crates.io crate clamp_to 0.2.2 written to /workspace/builds/worker-3-tc1/source/Cargo.toml
[INFO] running `Command { std: CARGO_HOME="/workspace/cargo-home" RUSTUP_HOME="/workspace/rustup-home" "/workspace/cargo-home/bin/cargo" "+1.83.0" "generate-lockfile" "--manifest-path" "Cargo.toml", kill_on_drop: false }`
[INFO] running `Command { std: CARGO_HOME="/workspace/cargo-home" RUSTUP_HOME="/workspace/rustup-home" "/workspace/cargo-home/bin/cargo" "+1.83.0" "fetch" "--manifest-path" "Cargo.toml", kill_on_drop: false }`
[INFO] running `Command { std: "docker" "create" "-v" "/var/lib/crater-agent-workspace/builds/worker-3-tc1/target:/opt/rustwide/target:rw,Z" "-v" "/var/lib/crater-agent-workspace/builds/worker-3-tc1/source:/opt/rustwide/workdir:ro,Z" "-v" "/var/lib/crater-agent-workspace/cargo-home:/opt/rustwide/cargo-home:ro,Z" "-v" "/var/lib/crater-agent-workspace/rustup-home:/opt/rustwide/rustup-home:ro,Z" "-e" "SOURCE_DIR=/opt/rustwide/workdir" "-e" "CARGO_TARGET_DIR=/opt/rustwide/target" "-e" "CARGO_HOME=/opt/rustwide/cargo-home" "-e" "RUSTUP_HOME=/opt/rustwide/rustup-home" "-w" "/opt/rustwide/workdir" "-m" "1610612736" "--user" "0:0" "--network" "none" "ghcr.io/rust-lang/crates-build-env/linux@sha256:f3a9d4ad9d972b27faf3965f35b62e55ba32bbce8f20bc8fe909558a86702fde" "/opt/rustwide/cargo-home/bin/cargo" "+1.83.0" "metadata" "--no-deps" "--format-version=1", kill_on_drop: false }`
[INFO] [stdout] 4b9ecb5594aa06757e972cb755d5fa9094d2404ad8b618b50336b2bead7bd38b
[INFO] running `Command { std: "docker" "start" "-a" "4b9ecb5594aa06757e972cb755d5fa9094d2404ad8b618b50336b2bead7bd38b", kill_on_drop: false }`
[INFO] running `Command { std: "docker" "inspect" "4b9ecb5594aa06757e972cb755d5fa9094d2404ad8b618b50336b2bead7bd38b", kill_on_drop: false }`
[INFO] running `Command { std: "docker" "rm" "-f" "4b9ecb5594aa06757e972cb755d5fa9094d2404ad8b618b50336b2bead7bd38b", kill_on_drop: false }`
[INFO] [stdout] 4b9ecb5594aa06757e972cb755d5fa9094d2404ad8b618b50336b2bead7bd38b
[INFO] running `Command { std: "docker" "create" "-v" "/var/lib/crater-agent-workspace/builds/worker-3-tc1/target:/opt/rustwide/target:rw,Z" "-v" "/var/lib/crater-agent-workspace/builds/worker-3-tc1/source:/opt/rustwide/workdir:ro,Z" "-v" "/var/lib/crater-agent-workspace/cargo-home:/opt/rustwide/cargo-home:ro,Z" "-v" "/var/lib/crater-agent-workspace/rustup-home:/opt/rustwide/rustup-home:ro,Z" "-e" "SOURCE_DIR=/opt/rustwide/workdir" "-e" "CARGO_TARGET_DIR=/opt/rustwide/target" "-e" "CARGO_INCREMENTAL=0" "-e" "RUST_BACKTRACE=full" "-e" "RUSTFLAGS=--cap-lints=warn" "-e" "RUSTDOCFLAGS=--cap-lints=warn" "-e" "CARGO_HOME=/opt/rustwide/cargo-home" "-e" "RUSTUP_HOME=/opt/rustwide/rustup-home" "-w" "/opt/rustwide/workdir" "-m" "1610612736" "--user" "0:0" "--network" "none" "ghcr.io/rust-lang/crates-build-env/linux@sha256:f3a9d4ad9d972b27faf3965f35b62e55ba32bbce8f20bc8fe909558a86702fde" "/opt/rustwide/cargo-home/bin/cargo" "+1.83.0" "build" "--frozen" "--message-format=json", kill_on_drop: false }`
[INFO] [stdout] 0fc73f9ed8fa00dd17b5d8f5d061125f81624df42d5f06a57ced959e387693a7
[INFO] running `Command { std: "docker" "start" "-a" "0fc73f9ed8fa00dd17b5d8f5d061125f81624df42d5f06a57ced959e387693a7", kill_on_drop: false }`
[INFO] [stderr]    Compiling clamp_to v0.2.2 (/opt/rustwide/workdir)
[INFO] [stderr]     Finished `dev` profile [unoptimized + debuginfo] target(s) in 0.44s
[INFO] running `Command { std: "docker" "inspect" "0fc73f9ed8fa00dd17b5d8f5d061125f81624df42d5f06a57ced959e387693a7", kill_on_drop: false }`
[INFO] running `Command { std: "docker" "rm" "-f" "0fc73f9ed8fa00dd17b5d8f5d061125f81624df42d5f06a57ced959e387693a7", kill_on_drop: false }`
[INFO] [stdout] 0fc73f9ed8fa00dd17b5d8f5d061125f81624df42d5f06a57ced959e387693a7
[INFO] running `Command { std: "docker" "create" "-v" "/var/lib/crater-agent-workspace/builds/worker-3-tc1/target:/opt/rustwide/target:rw,Z" "-v" "/var/lib/crater-agent-workspace/builds/worker-3-tc1/source:/opt/rustwide/workdir:ro,Z" "-v" "/var/lib/crater-agent-workspace/cargo-home:/opt/rustwide/cargo-home:ro,Z" "-v" "/var/lib/crater-agent-workspace/rustup-home:/opt/rustwide/rustup-home:ro,Z" "-e" "SOURCE_DIR=/opt/rustwide/workdir" "-e" "CARGO_TARGET_DIR=/opt/rustwide/target" "-e" "CARGO_INCREMENTAL=0" "-e" "RUST_BACKTRACE=full" "-e" "RUSTFLAGS=--cap-lints=warn" "-e" "RUSTDOCFLAGS=--cap-lints=warn" "-e" "CARGO_HOME=/opt/rustwide/cargo-home" "-e" "RUSTUP_HOME=/opt/rustwide/rustup-home" "-w" "/opt/rustwide/workdir" "-m" "1610612736" "--user" "0:0" "--network" "none" "ghcr.io/rust-lang/crates-build-env/linux@sha256:f3a9d4ad9d972b27faf3965f35b62e55ba32bbce8f20bc8fe909558a86702fde" "/opt/rustwide/cargo-home/bin/cargo" "+1.83.0" "test" "--frozen" "--no-run" "--message-format=json", kill_on_drop: false }`
[INFO] [stdout] 98cddb69fd4524897281f850aaf4569a3728d268579571940a4c6a60413a0c96
[INFO] running `Command { std: "docker" "start" "-a" "98cddb69fd4524897281f850aaf4569a3728d268579571940a4c6a60413a0c96", kill_on_drop: false }`
[INFO] [stderr]    Compiling clamp_to v0.2.2 (/opt/rustwide/workdir)
[INFO] [stderr]     Finished `test` profile [unoptimized + debuginfo] target(s) in 0.59s
[INFO] running `Command { std: "docker" "inspect" "98cddb69fd4524897281f850aaf4569a3728d268579571940a4c6a60413a0c96", kill_on_drop: false }`
[INFO] running `Command { std: "docker" "rm" "-f" "98cddb69fd4524897281f850aaf4569a3728d268579571940a4c6a60413a0c96", kill_on_drop: false }`
[INFO] [stdout] 98cddb69fd4524897281f850aaf4569a3728d268579571940a4c6a60413a0c96
[INFO] running `Command { std: "docker" "create" "-v" "/var/lib/crater-agent-workspace/builds/worker-3-tc1/target:/opt/rustwide/target:rw,Z" "-v" "/var/lib/crater-agent-workspace/builds/worker-3-tc1/source:/opt/rustwide/workdir:ro,Z" "-v" "/var/lib/crater-agent-workspace/cargo-home:/opt/rustwide/cargo-home:ro,Z" "-v" "/var/lib/crater-agent-workspace/rustup-home:/opt/rustwide/rustup-home:ro,Z" "-e" "SOURCE_DIR=/opt/rustwide/workdir" "-e" "CARGO_TARGET_DIR=/opt/rustwide/target" "-e" "CARGO_INCREMENTAL=0" "-e" "RUST_BACKTRACE=full" "-e" "RUSTFLAGS=--cap-lints=warn" "-e" "RUSTDOCFLAGS=--cap-lints=warn" "-e" "CARGO_HOME=/opt/rustwide/cargo-home" "-e" "RUSTUP_HOME=/opt/rustwide/rustup-home" "-w" "/opt/rustwide/workdir" "-m" "1610612736" "--user" "0:0" "--network" "none" "ghcr.io/rust-lang/crates-build-env/linux@sha256:f3a9d4ad9d972b27faf3965f35b62e55ba32bbce8f20bc8fe909558a86702fde" "/opt/rustwide/cargo-home/bin/cargo" "+1.83.0" "test" "--frozen", kill_on_drop: false }`
[INFO] [stdout] 0b584f54163ac3ce52fc0a05dcf266057ea0e1bf91480fe9ea8b752fe91e062d
[INFO] running `Command { std: "docker" "start" "-a" "0b584f54163ac3ce52fc0a05dcf266057ea0e1bf91480fe9ea8b752fe91e062d", kill_on_drop: false }`
[INFO] [stderr]     Finished `test` profile [unoptimized + debuginfo] target(s) in 0.01s
[INFO] [stderr]      Running unittests src/lib.rs (/opt/rustwide/target/debug/deps/clamp_to-af00dbf63489c8cd)
[INFO] [stdout] 
[INFO] [stdout] running 0 tests
[INFO] [stdout] 
[INFO] [stdout] test result: ok. 0 passed; 0 failed; 0 ignored; 0 measured; 0 filtered out; finished in 0.00s
[INFO] [stdout] 
[INFO] [stderr]    Doc-tests clamp_to
[INFO] [stdout] 
[INFO] [stdout] running 2 tests
[INFO] [stdout] test src/../README.md - (line 13) ... FAILED
[INFO] [stdout] test src/../README.md - (line 31) ... FAILED
[INFO] [stdout] 
[INFO] [stdout] failures:
[INFO] [stdout] 
[INFO] [stdout] ---- src/../README.md - (line 13) stdout ----
[INFO] [stdout] error[E0599]: no method named `try_clamped_to` found for type `u32` in the current scope
[INFO] [stdout]   --> src/../README.md:20:28
[INFO] [stdout]    |
[INFO] [stderr] error: doctest failed, to rerun pass `--doc`
[INFO] [stdout] 10 | let try_clamped_u8: u8 = a.try_clamped_to();           // Err(ClampError)
[INFO] [stdout]    |                            ^^^^^^^^^^^^^^
[INFO] [stdout]    |
[INFO] [stdout] help: there is a method `try_clamp_to` with a similar name
[INFO] [stdout]    |
[INFO] [stdout] 10 | let try_clamped_u8: u8 = a.try_clamp_to();           // Err(ClampError)
[INFO] [stdout]    |                            ~~~~~~~~~~~~
[INFO] [stdout] 
[INFO] [stdout] error[E0599]: no method named `try_clamped_to` found for type `u32` in the current scope
[INFO] [stdout]   --> src/../README.md:21:30
[INFO] [stdout]    |
[INFO] [stdout] 11 | let try_clamped_u16: u16 = a.try_clamped_to();         // Ok(4242u16)
[INFO] [stdout]    |                              ^^^^^^^^^^^^^^
[INFO] [stdout]    |
[INFO] [stdout] help: there is a method `try_clamp_to` with a similar name
[INFO] [stdout]    |
[INFO] [stdout] 11 | let try_clamped_u16: u16 = a.try_clamp_to();         // Ok(4242u16)
[INFO] [stdout]    |                              ~~~~~~~~~~~~
[INFO] [stdout] 
[INFO] [stdout] error[E0599]: no method named `checked_clamped_to` found for type `u32` in the current scope
[INFO] [stdout]   --> src/../README.md:22:32
[INFO] [stdout]    |
[INFO] [stdout] 12 | let checked_clamped_u8: u8 = a.checked_clamped_to();   // Panic
[INFO] [stdout]    |                                ^^^^^^^^^^^^^^^^^^
[INFO] [stdout]    |
[INFO] [stdout] help: there is a method `checked_clamp_to` with a similar name
[INFO] [stdout]    |
[INFO] [stdout] 12 | let checked_clamped_u8: u8 = a.checked_clamp_to();   // Panic
[INFO] [stdout]    |                                ~~~~~~~~~~~~~~~~
[INFO] [stdout] 
[INFO] [stdout] error[E0599]: no method named `checked_clamped_to` found for type `u32` in the current scope
[INFO] [stdout]   --> src/../README.md:23:34
[INFO] [stdout]    |
[INFO] [stdout] 13 | let checked_clamped_u16: u16 = a.checked_clamped_to(); // 4242u16
[INFO] [stdout]    |                                  ^^^^^^^^^^^^^^^^^^
[INFO] [stdout]    |
[INFO] [stdout] help: there is a method `checked_clamp_to` with a similar name
[INFO] [stdout]    |
[INFO] [stdout] 13 | let checked_clamped_u16: u16 = a.checked_clamp_to(); // 4242u16
[INFO] [stdout]    |                                  ~~~~~~~~~~~~~~~~
[INFO] [stdout] 
[INFO] [stdout] error: aborting due to 4 previous errors
[INFO] [stdout] 
[INFO] [stdout] For more information about this error, try `rustc --explain E0599`.
[INFO] [stdout] Couldn't compile the test.
[INFO] [stdout] ---- src/../README.md - (line 31) stdout ----
[INFO] [stdout] error[E0599]: no method named `try_clamped_to_u8` found for type `u32` in the current scope
[INFO] [stdout]   --> src/../README.md:38:24
[INFO] [stdout]    |
[INFO] [stdout] 10 | let try_clamped_u8 = a.try_clamped_to_u8();           // Err(ClampError)
[INFO] [stdout]    |                        ^^^^^^^^^^^^^^^^^
[INFO] [stdout]    |
[INFO] [stdout] help: there is a method `try_clamp_to_u8` with a similar name
[INFO] [stdout]    |
[INFO] [stdout] 10 | let try_clamped_u8 = a.try_clamp_to_u8();           // Err(ClampError)
[INFO] [stdout]    |                        ~~~~~~~~~~~~~~~
[INFO] [stdout] 
[INFO] [stdout] error[E0599]: no method named `try_clamped_to_u16` found for type `u32` in the current scope
[INFO] [stdout]   --> src/../README.md:39:25
[INFO] [stdout]    |
[INFO] [stdout] 11 | let try_clamped_u16 = a.try_clamped_to_u16();         // Ok(4242u16)
[INFO] [stdout]    |                         ^^^^^^^^^^^^^^^^^^
[INFO] [stdout]    |
[INFO] [stdout] help: there is a method `try_clamp_to_u16` with a similar name
[INFO] [stdout]    |
[INFO] [stdout] 11 | let try_clamped_u16 = a.try_clamp_to_u16();         // Ok(4242u16)
[INFO] [stdout]    |                         ~~~~~~~~~~~~~~~~
[INFO] [stdout] 
[INFO] [stdout] error[E0599]: no method named `checked_clamped_to_u8` found for type `u32` in the current scope
[INFO] [stdout]   --> src/../README.md:40:28
[INFO] [stdout]    |
[INFO] [stdout] 12 | let checked_clamped_u8 = a.checked_clamped_to_u8();   // Panic
[INFO] [stdout]    |                            ^^^^^^^^^^^^^^^^^^^^^
[INFO] [stdout]    |
[INFO] [stdout] help: there is a method `checked_clamp_to_u8` with a similar name
[INFO] [stdout]    |
[INFO] [stdout] 12 | let checked_clamped_u8 = a.checked_clamp_to_u8();   // Panic
[INFO] [stdout]    |                            ~~~~~~~~~~~~~~~~~~~
[INFO] [stdout] 
[INFO] [stdout] error[E0599]: no method named `checked_clamped_to_u16` found for type `u32` in the current scope
[INFO] [stdout]   --> src/../README.md:41:29
[INFO] [stdout]    |
[INFO] [stdout] 13 | let checked_clamped_u16 = a.checked_clamped_to_u16(); // 4242u16
[INFO] [stdout]    |                             ^^^^^^^^^^^^^^^^^^^^^^
[INFO] [stdout]    |
[INFO] [stdout] help: there is a method `checked_clamp_to_u16` with a similar name
[INFO] [stdout]    |
[INFO] [stdout] 13 | let checked_clamped_u16 = a.checked_clamp_to_u16(); // 4242u16
[INFO] [stdout]    |                             ~~~~~~~~~~~~~~~~~~~~
[INFO] [stdout] 
[INFO] [stdout] error: aborting due to 4 previous errors
[INFO] [stdout] 
[INFO] [stdout] For more information about this error, try `rustc --explain E0599`.
[INFO] [stdout] Couldn't compile the test.
[INFO] [stdout] 
[INFO] [stdout] failures:
[INFO] [stdout]     src/../README.md - (line 13)
[INFO] [stdout]     src/../README.md - (line 31)
[INFO] [stdout] 
[INFO] [stdout] test result: FAILED. 0 passed; 2 failed; 0 ignored; 0 measured; 0 filtered out; finished in 0.17s
[INFO] [stdout] 
[INFO] running `Command { std: "docker" "inspect" "0b584f54163ac3ce52fc0a05dcf266057ea0e1bf91480fe9ea8b752fe91e062d", kill_on_drop: false }`
[INFO] running `Command { std: "docker" "rm" "-f" "0b584f54163ac3ce52fc0a05dcf266057ea0e1bf91480fe9ea8b752fe91e062d", kill_on_drop: false }`
[INFO] [stdout] 0b584f54163ac3ce52fc0a05dcf266057ea0e1bf91480fe9ea8b752fe91e062d
