[INFO] fetching crate circular_vec 0.1.1...
[INFO] testing circular_vec-0.1.1 against 1.83.0 for beta-1.84.0-4-retry
[INFO] extracting crate circular_vec 0.1.1 into /workspace/builds/worker-4-tc1/source
[INFO] validating manifest of crates.io crate circular_vec 0.1.1 on toolchain 1.83.0
[INFO] running `Command { std: CARGO_HOME="/workspace/cargo-home" RUSTUP_HOME="/workspace/rustup-home" "/workspace/cargo-home/bin/cargo" "+1.83.0" "metadata" "--manifest-path" "Cargo.toml" "--no-deps", kill_on_drop: false }`
[INFO] started tweaking crates.io crate circular_vec 0.1.1
[INFO] finished tweaking crates.io crate circular_vec 0.1.1
[INFO] tweaked toml for crates.io crate circular_vec 0.1.1 written to /workspace/builds/worker-4-tc1/source/Cargo.toml
[INFO] running `Command { std: CARGO_HOME="/workspace/cargo-home" RUSTUP_HOME="/workspace/rustup-home" "/workspace/cargo-home/bin/cargo" "+1.83.0" "generate-lockfile" "--manifest-path" "Cargo.toml", kill_on_drop: false }`
[INFO] running `Command { std: CARGO_HOME="/workspace/cargo-home" RUSTUP_HOME="/workspace/rustup-home" "/workspace/cargo-home/bin/cargo" "+1.83.0" "fetch" "--manifest-path" "Cargo.toml", kill_on_drop: false }`
[INFO] running `Command { std: "docker" "create" "-v" "/var/lib/crater-agent-workspace/builds/worker-4-tc1/target:/opt/rustwide/target:rw,Z" "-v" "/var/lib/crater-agent-workspace/builds/worker-4-tc1/source:/opt/rustwide/workdir:ro,Z" "-v" "/var/lib/crater-agent-workspace/cargo-home:/opt/rustwide/cargo-home:ro,Z" "-v" "/var/lib/crater-agent-workspace/rustup-home:/opt/rustwide/rustup-home:ro,Z" "-e" "SOURCE_DIR=/opt/rustwide/workdir" "-e" "CARGO_TARGET_DIR=/opt/rustwide/target" "-e" "CARGO_HOME=/opt/rustwide/cargo-home" "-e" "RUSTUP_HOME=/opt/rustwide/rustup-home" "-w" "/opt/rustwide/workdir" "-m" "1610612736" "--user" "0:0" "--network" "none" "ghcr.io/rust-lang/crates-build-env/linux@sha256:f3a9d4ad9d972b27faf3965f35b62e55ba32bbce8f20bc8fe909558a86702fde" "/opt/rustwide/cargo-home/bin/cargo" "+1.83.0" "metadata" "--no-deps" "--format-version=1", kill_on_drop: false }`
[INFO] [stdout] 556b1e2d2eb323d32a15ac64616c14c098c01d2a8e2fd1c720fc6a8d203554c7
[INFO] running `Command { std: "docker" "start" "-a" "556b1e2d2eb323d32a15ac64616c14c098c01d2a8e2fd1c720fc6a8d203554c7", kill_on_drop: false }`
[INFO] running `Command { std: "docker" "inspect" "556b1e2d2eb323d32a15ac64616c14c098c01d2a8e2fd1c720fc6a8d203554c7", kill_on_drop: false }`
[INFO] running `Command { std: "docker" "rm" "-f" "556b1e2d2eb323d32a15ac64616c14c098c01d2a8e2fd1c720fc6a8d203554c7", kill_on_drop: false }`
[INFO] [stdout] 556b1e2d2eb323d32a15ac64616c14c098c01d2a8e2fd1c720fc6a8d203554c7
[INFO] running `Command { std: "docker" "create" "-v" "/var/lib/crater-agent-workspace/builds/worker-4-tc1/target:/opt/rustwide/target:rw,Z" "-v" "/var/lib/crater-agent-workspace/builds/worker-4-tc1/source:/opt/rustwide/workdir:ro,Z" "-v" "/var/lib/crater-agent-workspace/cargo-home:/opt/rustwide/cargo-home:ro,Z" "-v" "/var/lib/crater-agent-workspace/rustup-home:/opt/rustwide/rustup-home:ro,Z" "-e" "SOURCE_DIR=/opt/rustwide/workdir" "-e" "CARGO_TARGET_DIR=/opt/rustwide/target" "-e" "CARGO_INCREMENTAL=0" "-e" "RUST_BACKTRACE=full" "-e" "RUSTFLAGS=--cap-lints=warn" "-e" "RUSTDOCFLAGS=--cap-lints=warn" "-e" "CARGO_HOME=/opt/rustwide/cargo-home" "-e" "RUSTUP_HOME=/opt/rustwide/rustup-home" "-w" "/opt/rustwide/workdir" "-m" "1610612736" "--user" "0:0" "--network" "none" "ghcr.io/rust-lang/crates-build-env/linux@sha256:f3a9d4ad9d972b27faf3965f35b62e55ba32bbce8f20bc8fe909558a86702fde" "/opt/rustwide/cargo-home/bin/cargo" "+1.83.0" "build" "--frozen" "--message-format=json", kill_on_drop: false }`
[INFO] [stdout] 0c1ee4714dcf03e022517329df2fa614425f91c75da1983f8aea9d426445908a
[INFO] running `Command { std: "docker" "start" "-a" "0c1ee4714dcf03e022517329df2fa614425f91c75da1983f8aea9d426445908a", kill_on_drop: false }`
[INFO] [stderr]    Compiling circular_vec v0.1.1 (/opt/rustwide/workdir)
[INFO] [stderr]     Finished `dev` profile [unoptimized + debuginfo] target(s) in 0.14s
[INFO] running `Command { std: "docker" "inspect" "0c1ee4714dcf03e022517329df2fa614425f91c75da1983f8aea9d426445908a", kill_on_drop: false }`
[INFO] running `Command { std: "docker" "rm" "-f" "0c1ee4714dcf03e022517329df2fa614425f91c75da1983f8aea9d426445908a", kill_on_drop: false }`
[INFO] [stdout] 0c1ee4714dcf03e022517329df2fa614425f91c75da1983f8aea9d426445908a
[INFO] running `Command { std: "docker" "create" "-v" "/var/lib/crater-agent-workspace/builds/worker-4-tc1/target:/opt/rustwide/target:rw,Z" "-v" "/var/lib/crater-agent-workspace/builds/worker-4-tc1/source:/opt/rustwide/workdir:ro,Z" "-v" "/var/lib/crater-agent-workspace/cargo-home:/opt/rustwide/cargo-home:ro,Z" "-v" "/var/lib/crater-agent-workspace/rustup-home:/opt/rustwide/rustup-home:ro,Z" "-e" "SOURCE_DIR=/opt/rustwide/workdir" "-e" "CARGO_TARGET_DIR=/opt/rustwide/target" "-e" "CARGO_INCREMENTAL=0" "-e" "RUST_BACKTRACE=full" "-e" "RUSTFLAGS=--cap-lints=warn" "-e" "RUSTDOCFLAGS=--cap-lints=warn" "-e" "CARGO_HOME=/opt/rustwide/cargo-home" "-e" "RUSTUP_HOME=/opt/rustwide/rustup-home" "-w" "/opt/rustwide/workdir" "-m" "1610612736" "--user" "0:0" "--network" "none" "ghcr.io/rust-lang/crates-build-env/linux@sha256:f3a9d4ad9d972b27faf3965f35b62e55ba32bbce8f20bc8fe909558a86702fde" "/opt/rustwide/cargo-home/bin/cargo" "+1.83.0" "test" "--frozen" "--no-run" "--message-format=json", kill_on_drop: false }`
[INFO] [stdout] cdc7219240244f678231d9b12f02eb7b618843bed675cad6327166d4de996023
[INFO] running `Command { std: "docker" "start" "-a" "cdc7219240244f678231d9b12f02eb7b618843bed675cad6327166d4de996023", kill_on_drop: false }`
[INFO] [stderr]    Compiling circular_vec v0.1.1 (/opt/rustwide/workdir)
[INFO] [stderr]     Finished `test` profile [unoptimized + debuginfo] target(s) in 0.68s
[INFO] running `Command { std: "docker" "inspect" "cdc7219240244f678231d9b12f02eb7b618843bed675cad6327166d4de996023", kill_on_drop: false }`
[INFO] running `Command { std: "docker" "rm" "-f" "cdc7219240244f678231d9b12f02eb7b618843bed675cad6327166d4de996023", kill_on_drop: false }`
[INFO] [stdout] cdc7219240244f678231d9b12f02eb7b618843bed675cad6327166d4de996023
[INFO] running `Command { std: "docker" "create" "-v" "/var/lib/crater-agent-workspace/builds/worker-4-tc1/target:/opt/rustwide/target:rw,Z" "-v" "/var/lib/crater-agent-workspace/builds/worker-4-tc1/source:/opt/rustwide/workdir:ro,Z" "-v" "/var/lib/crater-agent-workspace/cargo-home:/opt/rustwide/cargo-home:ro,Z" "-v" "/var/lib/crater-agent-workspace/rustup-home:/opt/rustwide/rustup-home:ro,Z" "-e" "SOURCE_DIR=/opt/rustwide/workdir" "-e" "CARGO_TARGET_DIR=/opt/rustwide/target" "-e" "CARGO_INCREMENTAL=0" "-e" "RUST_BACKTRACE=full" "-e" "RUSTFLAGS=--cap-lints=warn" "-e" "RUSTDOCFLAGS=--cap-lints=warn" "-e" "CARGO_HOME=/opt/rustwide/cargo-home" "-e" "RUSTUP_HOME=/opt/rustwide/rustup-home" "-w" "/opt/rustwide/workdir" "-m" "1610612736" "--user" "0:0" "--network" "none" "ghcr.io/rust-lang/crates-build-env/linux@sha256:f3a9d4ad9d972b27faf3965f35b62e55ba32bbce8f20bc8fe909558a86702fde" "/opt/rustwide/cargo-home/bin/cargo" "+1.83.0" "test" "--frozen", kill_on_drop: false }`
[INFO] [stdout] 89dbdbd73bf6eb317f1515a2322b86df87c3ceffb514bc93be95999de58aeee2
[INFO] running `Command { std: "docker" "start" "-a" "89dbdbd73bf6eb317f1515a2322b86df87c3ceffb514bc93be95999de58aeee2", kill_on_drop: false }`
[INFO] [stderr]     Finished `test` profile [unoptimized + debuginfo] target(s) in 0.01s
[INFO] [stderr]      Running unittests src/lib.rs (/opt/rustwide/target/debug/deps/circular_vec-a040ae8a19795bb2)
[INFO] [stdout] 
[INFO] [stdout] running 2 tests
[INFO] [stdout] test tests::loop_through ... ok
[INFO] [stdout] test tests::loop_through_string ... ok
[INFO] [stderr]    Doc-tests circular_vec
[INFO] [stdout] 
[INFO] [stdout] test result: ok. 2 passed; 0 failed; 0 ignored; 0 measured; 0 filtered out; finished in 0.00s
[INFO] [stdout] 
[INFO] [stdout] 
[INFO] [stdout] running 1 test
[INFO] [stdout] test src/lib.rs - (line 22) ... FAILED
[INFO] [stdout] 
[INFO] [stdout] failures:
[INFO] [stdout] 
[INFO] [stdout] ---- src/lib.rs - (line 22) stdout ----
[INFO] [stdout] error[E0412]: cannot find type `CircularVec` in this scope
[INFO] [stdout]  --> src/lib.rs:23:13
[INFO] [stdout]   |
[INFO] [stdout] 3 | let mut cv: CircularVec<String> = ["hello".to_string(), "world".to_string()]
[INFO] [stdout]   |             ^^^^^^^^^^^ not found in this scope
[INFO] [stdout]   |
[INFO] [stdout] help: consider importing this struct
[INFO] [stdout]   |
[INFO] [stdout] 2 + use circular_vec::CircularVec;
[INFO] [stdout]   |
[INFO] [stdout] 
[INFO] [stdout] error: aborting due to 1 previous error
[INFO] [stdout] 
[INFO] [stdout] For more information about this error, try `rustc --explain E0412`.
[INFO] [stdout] Couldn't compile the test.
[INFO] [stdout] 
[INFO] [stdout] failures:
[INFO] [stdout]     src/lib.rs - (line 22)
[INFO] [stdout] 
[INFO] [stdout] test result: FAILED. 0 passed; 1 failed; 0 ignored; 0 measured; 0 filtered out; finished in 0.13s
[INFO] [stdout] 
[INFO] [stderr] error: doctest failed, to rerun pass `--doc`
[INFO] running `Command { std: "docker" "inspect" "89dbdbd73bf6eb317f1515a2322b86df87c3ceffb514bc93be95999de58aeee2", kill_on_drop: false }`
[INFO] running `Command { std: "docker" "rm" "-f" "89dbdbd73bf6eb317f1515a2322b86df87c3ceffb514bc93be95999de58aeee2", kill_on_drop: false }`
[INFO] [stdout] 89dbdbd73bf6eb317f1515a2322b86df87c3ceffb514bc93be95999de58aeee2
