[INFO] fetching crate cint 0.3.1...
[INFO] testing cint-0.3.1 against 1.83.0 for beta-1.84.0-4-retry
[INFO] extracting crate cint 0.3.1 into /workspace/builds/worker-1-tc1/source
[INFO] validating manifest of crates.io crate cint 0.3.1 on toolchain 1.83.0
[INFO] running `Command { std: CARGO_HOME="/workspace/cargo-home" RUSTUP_HOME="/workspace/rustup-home" "/workspace/cargo-home/bin/cargo" "+1.83.0" "metadata" "--manifest-path" "Cargo.toml" "--no-deps", kill_on_drop: false }`
[INFO] started tweaking crates.io crate cint 0.3.1
[INFO] finished tweaking crates.io crate cint 0.3.1
[INFO] tweaked toml for crates.io crate cint 0.3.1 written to /workspace/builds/worker-1-tc1/source/Cargo.toml
[INFO] running `Command { std: CARGO_HOME="/workspace/cargo-home" RUSTUP_HOME="/workspace/rustup-home" "/workspace/cargo-home/bin/cargo" "+1.83.0" "generate-lockfile" "--manifest-path" "Cargo.toml", kill_on_drop: false }`
[INFO] [stderr]     Updating crates.io index
[INFO] [stderr]      Locking 1 package to latest compatible version
[INFO] running `Command { std: CARGO_HOME="/workspace/cargo-home" RUSTUP_HOME="/workspace/rustup-home" "/workspace/cargo-home/bin/cargo" "+1.83.0" "fetch" "--manifest-path" "Cargo.toml", kill_on_drop: false }`
[INFO] running `Command { std: "docker" "create" "-v" "/var/lib/crater-agent-workspace/builds/worker-1-tc1/target:/opt/rustwide/target:rw,Z" "-v" "/var/lib/crater-agent-workspace/builds/worker-1-tc1/source:/opt/rustwide/workdir:ro,Z" "-v" "/var/lib/crater-agent-workspace/cargo-home:/opt/rustwide/cargo-home:ro,Z" "-v" "/var/lib/crater-agent-workspace/rustup-home:/opt/rustwide/rustup-home:ro,Z" "-e" "SOURCE_DIR=/opt/rustwide/workdir" "-e" "CARGO_TARGET_DIR=/opt/rustwide/target" "-e" "CARGO_HOME=/opt/rustwide/cargo-home" "-e" "RUSTUP_HOME=/opt/rustwide/rustup-home" "-w" "/opt/rustwide/workdir" "-m" "1610612736" "--user" "0:0" "--network" "none" "ghcr.io/rust-lang/crates-build-env/linux@sha256:f3a9d4ad9d972b27faf3965f35b62e55ba32bbce8f20bc8fe909558a86702fde" "/opt/rustwide/cargo-home/bin/cargo" "+1.83.0" "metadata" "--no-deps" "--format-version=1", kill_on_drop: false }`
[INFO] [stdout] c1738b16a9d6d363765c8eb488f8145e251807bfc2d9dff53cf7b700f51c61a3
[INFO] running `Command { std: "docker" "start" "-a" "c1738b16a9d6d363765c8eb488f8145e251807bfc2d9dff53cf7b700f51c61a3", kill_on_drop: false }`
[INFO] running `Command { std: "docker" "inspect" "c1738b16a9d6d363765c8eb488f8145e251807bfc2d9dff53cf7b700f51c61a3", kill_on_drop: false }`
[INFO] running `Command { std: "docker" "rm" "-f" "c1738b16a9d6d363765c8eb488f8145e251807bfc2d9dff53cf7b700f51c61a3", kill_on_drop: false }`
[INFO] [stdout] c1738b16a9d6d363765c8eb488f8145e251807bfc2d9dff53cf7b700f51c61a3
[INFO] running `Command { std: "docker" "create" "-v" "/var/lib/crater-agent-workspace/builds/worker-1-tc1/target:/opt/rustwide/target:rw,Z" "-v" "/var/lib/crater-agent-workspace/builds/worker-1-tc1/source:/opt/rustwide/workdir:ro,Z" "-v" "/var/lib/crater-agent-workspace/cargo-home:/opt/rustwide/cargo-home:ro,Z" "-v" "/var/lib/crater-agent-workspace/rustup-home:/opt/rustwide/rustup-home:ro,Z" "-e" "SOURCE_DIR=/opt/rustwide/workdir" "-e" "CARGO_TARGET_DIR=/opt/rustwide/target" "-e" "CARGO_INCREMENTAL=0" "-e" "RUST_BACKTRACE=full" "-e" "RUSTFLAGS=--cap-lints=warn" "-e" "RUSTDOCFLAGS=--cap-lints=warn" "-e" "CARGO_HOME=/opt/rustwide/cargo-home" "-e" "RUSTUP_HOME=/opt/rustwide/rustup-home" "-w" "/opt/rustwide/workdir" "-m" "1610612736" "--user" "0:0" "--network" "none" "ghcr.io/rust-lang/crates-build-env/linux@sha256:f3a9d4ad9d972b27faf3965f35b62e55ba32bbce8f20bc8fe909558a86702fde" "/opt/rustwide/cargo-home/bin/cargo" "+1.83.0" "build" "--frozen" "--message-format=json", kill_on_drop: false }`
[INFO] [stdout] 74375fe4ffcb9f200241ebc8cd74ebe27a943608bb1890685709eb93a9b8d054
[INFO] running `Command { std: "docker" "start" "-a" "74375fe4ffcb9f200241ebc8cd74ebe27a943608bb1890685709eb93a9b8d054", kill_on_drop: false }`
[INFO] [stderr]    Compiling cint v0.3.1 (/opt/rustwide/workdir)
[INFO] [stderr]     Finished `dev` profile [unoptimized + debuginfo] target(s) in 0.83s
[INFO] running `Command { std: "docker" "inspect" "74375fe4ffcb9f200241ebc8cd74ebe27a943608bb1890685709eb93a9b8d054", kill_on_drop: false }`
[INFO] running `Command { std: "docker" "rm" "-f" "74375fe4ffcb9f200241ebc8cd74ebe27a943608bb1890685709eb93a9b8d054", kill_on_drop: false }`
[INFO] [stdout] 74375fe4ffcb9f200241ebc8cd74ebe27a943608bb1890685709eb93a9b8d054
[INFO] running `Command { std: "docker" "create" "-v" "/var/lib/crater-agent-workspace/builds/worker-1-tc1/target:/opt/rustwide/target:rw,Z" "-v" "/var/lib/crater-agent-workspace/builds/worker-1-tc1/source:/opt/rustwide/workdir:ro,Z" "-v" "/var/lib/crater-agent-workspace/cargo-home:/opt/rustwide/cargo-home:ro,Z" "-v" "/var/lib/crater-agent-workspace/rustup-home:/opt/rustwide/rustup-home:ro,Z" "-e" "SOURCE_DIR=/opt/rustwide/workdir" "-e" "CARGO_TARGET_DIR=/opt/rustwide/target" "-e" "CARGO_INCREMENTAL=0" "-e" "RUST_BACKTRACE=full" "-e" "RUSTFLAGS=--cap-lints=warn" "-e" "RUSTDOCFLAGS=--cap-lints=warn" "-e" "CARGO_HOME=/opt/rustwide/cargo-home" "-e" "RUSTUP_HOME=/opt/rustwide/rustup-home" "-w" "/opt/rustwide/workdir" "-m" "1610612736" "--user" "0:0" "--network" "none" "ghcr.io/rust-lang/crates-build-env/linux@sha256:f3a9d4ad9d972b27faf3965f35b62e55ba32bbce8f20bc8fe909558a86702fde" "/opt/rustwide/cargo-home/bin/cargo" "+1.83.0" "test" "--frozen" "--no-run" "--message-format=json", kill_on_drop: false }`
[INFO] [stdout] 8a0f68d63491a9ea0e9afa4789dcc0adfc8e45845bdbeb673e2d995c17b958cc
[INFO] running `Command { std: "docker" "start" "-a" "8a0f68d63491a9ea0e9afa4789dcc0adfc8e45845bdbeb673e2d995c17b958cc", kill_on_drop: false }`
[INFO] [stderr]    Compiling cint v0.3.1 (/opt/rustwide/workdir)
[INFO] [stderr]     Finished `test` profile [unoptimized + debuginfo] target(s) in 0.96s
[INFO] running `Command { std: "docker" "inspect" "8a0f68d63491a9ea0e9afa4789dcc0adfc8e45845bdbeb673e2d995c17b958cc", kill_on_drop: false }`
[INFO] running `Command { std: "docker" "rm" "-f" "8a0f68d63491a9ea0e9afa4789dcc0adfc8e45845bdbeb673e2d995c17b958cc", kill_on_drop: false }`
[INFO] [stdout] 8a0f68d63491a9ea0e9afa4789dcc0adfc8e45845bdbeb673e2d995c17b958cc
[INFO] running `Command { std: "docker" "create" "-v" "/var/lib/crater-agent-workspace/builds/worker-1-tc1/target:/opt/rustwide/target:rw,Z" "-v" "/var/lib/crater-agent-workspace/builds/worker-1-tc1/source:/opt/rustwide/workdir:ro,Z" "-v" "/var/lib/crater-agent-workspace/cargo-home:/opt/rustwide/cargo-home:ro,Z" "-v" "/var/lib/crater-agent-workspace/rustup-home:/opt/rustwide/rustup-home:ro,Z" "-e" "SOURCE_DIR=/opt/rustwide/workdir" "-e" "CARGO_TARGET_DIR=/opt/rustwide/target" "-e" "CARGO_INCREMENTAL=0" "-e" "RUST_BACKTRACE=full" "-e" "RUSTFLAGS=--cap-lints=warn" "-e" "RUSTDOCFLAGS=--cap-lints=warn" "-e" "CARGO_HOME=/opt/rustwide/cargo-home" "-e" "RUSTUP_HOME=/opt/rustwide/rustup-home" "-w" "/opt/rustwide/workdir" "-m" "1610612736" "--user" "0:0" "--network" "none" "ghcr.io/rust-lang/crates-build-env/linux@sha256:f3a9d4ad9d972b27faf3965f35b62e55ba32bbce8f20bc8fe909558a86702fde" "/opt/rustwide/cargo-home/bin/cargo" "+1.83.0" "test" "--frozen", kill_on_drop: false }`
[INFO] [stdout] b3bd2ce97cab018dc7933ced22571f1a949397f7c8de209e029dd8f9ddc2f77f
[INFO] running `Command { std: "docker" "start" "-a" "b3bd2ce97cab018dc7933ced22571f1a949397f7c8de209e029dd8f9ddc2f77f", kill_on_drop: false }`
[INFO] [stderr]     Finished `test` profile [unoptimized + debuginfo] target(s) in 0.01s
[INFO] [stderr]      Running unittests src/lib.rs (/opt/rustwide/target/debug/deps/cint-664a91cea4195290)
[INFO] [stdout] 
[INFO] [stderr]    Doc-tests cint
[INFO] [stdout] running 0 tests
[INFO] [stdout] 
[INFO] [stdout] test result: ok. 0 passed; 0 failed; 0 ignored; 0 measured; 0 filtered out; finished in 0.00s
[INFO] [stdout] 
[INFO] [stdout] 
[INFO] [stdout] running 1 test
[INFO] [stdout] test src/lib.rs - (line 40) ... FAILED
[INFO] [stdout] 
[INFO] [stdout] failures:
[INFO] [stdout] 
[INFO] [stdout] ---- src/lib.rs - (line 40) stdout ----
[INFO] [stdout] error[E0425]: cannot find value `color_crate2` in this scope
[INFO] [stdout]  --> src/lib.rs:42:20
[INFO] [stdout]   |
[INFO] [stdout] 5 | let color_crate1 = color_crate2.into_cint().into();
[INFO] [stdout]   |                    ^^^^^^^^^^^^ not found in this scope
[INFO] [stdout] 
[INFO] [stdout] error[E0433]: failed to resolve: use of undeclared type `ColorCrate2`
[INFO] [stdout]  --> src/lib.rs:44:20
[INFO] [stdout]   |
[INFO] [stdout] 7 | let color_crate2 = ColorCrate2::from_cint(color_crate1.into());
[INFO] [stdout]   |                    ^^^^^^^^^^^ use of undeclared type `ColorCrate2`
[INFO] [stdout] 
[INFO] [stdout] error: aborting due to 2 previous errors
[INFO] [stdout] 
[INFO] [stdout] Some errors have detailed explanations: E0425, E0433.
[INFO] [stdout] For more information about an error, try `rustc --explain E0425`.
[INFO] [stdout] Couldn't compile the test.
[INFO] [stdout] 
[INFO] [stdout] failures:
[INFO] [stdout]     src/lib.rs - (line 40)
[INFO] [stdout] 
[INFO] [stdout] test result: FAILED. 0 passed; 1 failed; 0 ignored; 0 measured; 0 filtered out; finished in 0.09s
[INFO] [stdout] 
[INFO] [stderr] error: doctest failed, to rerun pass `--doc`
[INFO] running `Command { std: "docker" "inspect" "b3bd2ce97cab018dc7933ced22571f1a949397f7c8de209e029dd8f9ddc2f77f", kill_on_drop: false }`
[INFO] running `Command { std: "docker" "rm" "-f" "b3bd2ce97cab018dc7933ced22571f1a949397f7c8de209e029dd8f9ddc2f77f", kill_on_drop: false }`
[INFO] [stdout] b3bd2ce97cab018dc7933ced22571f1a949397f7c8de209e029dd8f9ddc2f77f
