[INFO] fetching crate cielo-rs-sdk 0.1.0...
[INFO] testing cielo-rs-sdk-0.1.0 against 1.83.0 for beta-1.84.0-4-retry
[INFO] extracting crate cielo-rs-sdk 0.1.0 into /workspace/builds/worker-0-tc1/source
[INFO] validating manifest of crates.io crate cielo-rs-sdk 0.1.0 on toolchain 1.83.0
[INFO] running `Command { std: CARGO_HOME="/workspace/cargo-home" RUSTUP_HOME="/workspace/rustup-home" "/workspace/cargo-home/bin/cargo" "+1.83.0" "metadata" "--manifest-path" "Cargo.toml" "--no-deps", kill_on_drop: false }`
[INFO] started tweaking crates.io crate cielo-rs-sdk 0.1.0
[INFO] removed 0 missing examples
[INFO] removed 0 missing tests
[INFO] finished tweaking crates.io crate cielo-rs-sdk 0.1.0
[INFO] tweaked toml for crates.io crate cielo-rs-sdk 0.1.0 written to /workspace/builds/worker-0-tc1/source/Cargo.toml
[INFO] crate crates.io crate cielo-rs-sdk 0.1.0 already has a lockfile, it will not be regenerated
[INFO] running `Command { std: CARGO_HOME="/workspace/cargo-home" RUSTUP_HOME="/workspace/rustup-home" "/workspace/cargo-home/bin/cargo" "+1.83.0" "fetch" "--manifest-path" "Cargo.toml", kill_on_drop: false }`
[INFO] [stderr]  Downloading crates ...
[INFO] [stderr]   Downloaded reqwest-retry v0.6.1
[INFO] [stderr]   Downloaded reqwest-middleware v0.3.3
[INFO] [stderr]   Downloaded retry-policies v0.4.0
[INFO] running `Command { std: "docker" "create" "-v" "/var/lib/crater-agent-workspace/builds/worker-0-tc1/target:/opt/rustwide/target:rw,Z" "-v" "/var/lib/crater-agent-workspace/builds/worker-0-tc1/source:/opt/rustwide/workdir:ro,Z" "-v" "/var/lib/crater-agent-workspace/cargo-home:/opt/rustwide/cargo-home:ro,Z" "-v" "/var/lib/crater-agent-workspace/rustup-home:/opt/rustwide/rustup-home:ro,Z" "-e" "SOURCE_DIR=/opt/rustwide/workdir" "-e" "CARGO_TARGET_DIR=/opt/rustwide/target" "-e" "CARGO_HOME=/opt/rustwide/cargo-home" "-e" "RUSTUP_HOME=/opt/rustwide/rustup-home" "-w" "/opt/rustwide/workdir" "-m" "1610612736" "--user" "0:0" "--network" "none" "ghcr.io/rust-lang/crates-build-env/linux@sha256:f3a9d4ad9d972b27faf3965f35b62e55ba32bbce8f20bc8fe909558a86702fde" "/opt/rustwide/cargo-home/bin/cargo" "+1.83.0" "metadata" "--no-deps" "--format-version=1", kill_on_drop: false }`
[INFO] [stdout] 1323017721b621cf3d9faa2e4102e5a4963d2740ce6f15904cef787ba65b4465
[INFO] running `Command { std: "docker" "start" "-a" "1323017721b621cf3d9faa2e4102e5a4963d2740ce6f15904cef787ba65b4465", kill_on_drop: false }`
[INFO] running `Command { std: "docker" "inspect" "1323017721b621cf3d9faa2e4102e5a4963d2740ce6f15904cef787ba65b4465", kill_on_drop: false }`
[INFO] running `Command { std: "docker" "rm" "-f" "1323017721b621cf3d9faa2e4102e5a4963d2740ce6f15904cef787ba65b4465", kill_on_drop: false }`
[INFO] [stdout] 1323017721b621cf3d9faa2e4102e5a4963d2740ce6f15904cef787ba65b4465
[INFO] running `Command { std: "docker" "create" "-v" "/var/lib/crater-agent-workspace/builds/worker-0-tc1/target:/opt/rustwide/target:rw,Z" "-v" "/var/lib/crater-agent-workspace/builds/worker-0-tc1/source:/opt/rustwide/workdir:ro,Z" "-v" "/var/lib/crater-agent-workspace/cargo-home:/opt/rustwide/cargo-home:ro,Z" "-v" "/var/lib/crater-agent-workspace/rustup-home:/opt/rustwide/rustup-home:ro,Z" "-e" "SOURCE_DIR=/opt/rustwide/workdir" "-e" "CARGO_TARGET_DIR=/opt/rustwide/target" "-e" "CARGO_INCREMENTAL=0" "-e" "RUST_BACKTRACE=full" "-e" "RUSTFLAGS=--cap-lints=warn" "-e" "RUSTDOCFLAGS=--cap-lints=warn" "-e" "CARGO_HOME=/opt/rustwide/cargo-home" "-e" "RUSTUP_HOME=/opt/rustwide/rustup-home" "-w" "/opt/rustwide/workdir" "-m" "1610612736" "--user" "0:0" "--network" "none" "ghcr.io/rust-lang/crates-build-env/linux@sha256:f3a9d4ad9d972b27faf3965f35b62e55ba32bbce8f20bc8fe909558a86702fde" "/opt/rustwide/cargo-home/bin/cargo" "+1.83.0" "build" "--frozen" "--message-format=json", kill_on_drop: false }`
[INFO] [stdout] 09c863807595e77fe1e3b97489aed8c833d0d4567c62ca911ca0f5680bdb5f7e
[INFO] running `Command { std: "docker" "start" "-a" "09c863807595e77fe1e3b97489aed8c833d0d4567c62ca911ca0f5680bdb5f7e", kill_on_drop: false }`
[INFO] [stderr]    Compiling proc-macro2 v1.0.86
[INFO] [stderr]    Compiling unicode-ident v1.0.12
[INFO] [stderr]    Compiling libc v0.2.158
[INFO] [stderr]    Compiling pin-project-lite v0.2.14
[INFO] [stderr]    Compiling futures-core v0.3.30
[INFO] [stderr]    Compiling autocfg v1.3.0
[INFO] [stderr]    Compiling bytes v1.7.1
[INFO] [stderr]    Compiling futures-sink v0.3.30
[INFO] [stderr]    Compiling cfg-if v1.0.0
[INFO] [stderr]    Compiling shlex v1.3.0
[INFO] [stderr]    Compiling itoa v1.0.11
[INFO] [stderr]    Compiling vcpkg v0.2.15
[INFO] [stderr]    Compiling once_cell v1.19.0
[INFO] [stderr]    Compiling memchr v2.7.4
[INFO] [stderr]    Compiling pkg-config v0.3.30
[INFO] [stderr]    Compiling pin-utils v0.1.0
[INFO] [stderr]    Compiling futures-io v0.3.30
[INFO] [stderr]    Compiling futures-task v0.3.30
[INFO] [stderr]    Compiling fnv v1.0.7
[INFO] [stderr]    Compiling httparse v1.9.4
[INFO] [stderr]    Compiling foreign-types-shared v0.1.1
[INFO] [stderr]    Compiling cc v1.1.18
[INFO] [stderr]    Compiling futures-channel v0.3.30
[INFO] [stderr]    Compiling tracing-core v0.1.32
[INFO] [stderr]    Compiling hashbrown v0.14.5
[INFO] [stderr]    Compiling equivalent v1.0.1
[INFO] [stderr]    Compiling openssl v0.10.66
[INFO] [stderr]    Compiling foreign-types v0.3.2
[INFO] [stderr]    Compiling try-lock v0.2.5
[INFO] [stderr]    Compiling atomic-waker v1.1.2
[INFO] [stderr]    Compiling native-tls v0.2.12
[INFO] [stderr]    Compiling slab v0.4.9
[INFO] [stderr]    Compiling tinyvec_macros v0.1.1
[INFO] [stderr]    Compiling bitflags v2.6.0
[INFO] [stderr]    Compiling serde v1.0.210
[INFO] [stderr]    Compiling tinyvec v1.8.0
[INFO] [stderr]    Compiling want v0.3.1
[INFO] [stderr]    Compiling openssl-probe v0.1.5
[INFO] [stderr]    Compiling byteorder v1.5.0
[INFO] [stderr]    Compiling smallvec v1.13.2
[INFO] [stderr]    Compiling tower-service v0.3.3
[INFO] [stderr]    Compiling percent-encoding v2.3.1
[INFO] [stderr]    Compiling log v0.4.22
[INFO] [stderr]    Compiling tower-layer v0.3.3
[INFO] [stderr]    Compiling form_urlencoded v1.2.1
[INFO] [stderr]    Compiling serde_json v1.0.128
[INFO] [stderr]    Compiling http v1.1.0
[INFO] [stderr]    Compiling unicode-bidi v0.3.15
[INFO] [stderr]    Compiling ryu v1.0.18
[INFO] [stderr]    Compiling base64 v0.22.1
[INFO] [stderr]    Compiling mio v1.0.2
[INFO] [stderr]    Compiling socket2 v0.5.7
[INFO] [stderr]    Compiling getrandom v0.2.15
[INFO] [stderr]    Compiling thiserror v1.0.63
[INFO] [stderr]    Compiling rustls-pki-types v1.8.0
[INFO] [stderr]    Compiling quote v1.0.37
[INFO] [stderr]    Compiling rand_core v0.6.4
[INFO] [stderr]    Compiling anyhow v1.0.87
[INFO] [stderr]    Compiling sync_wrapper v1.0.1
[INFO] [stderr]    Compiling encoding_rs v0.8.34
[INFO] [stderr]    Compiling mime v0.3.17
[INFO] [stderr]    Compiling indexmap v2.5.0
[INFO] [stderr]    Compiling rustls-pemfile v2.1.3
[INFO] [stderr]    Compiling syn v2.0.77
[INFO] [stderr]    Compiling tokio v1.40.0
[INFO] [stderr]    Compiling rustversion v1.0.17
[INFO] [stderr]    Compiling ipnet v2.10.0
[INFO] [stderr]    Compiling heck v0.5.0
[INFO] [stderr]    Compiling strum v0.26.3
[INFO] [stderr]    Compiling unicode-normalization v0.1.23
[INFO] [stderr]    Compiling openssl-sys v0.9.103
[INFO] [stderr]    Compiling http-body v1.0.1
[INFO] [stderr]    Compiling idna v0.5.0
[INFO] [stderr]    Compiling url v2.5.2
[INFO] [stderr]    Compiling tokio-util v0.7.12
[INFO] [stderr]    Compiling futures-macro v0.3.30
[INFO] [stderr]    Compiling tracing-attributes v0.1.27
[INFO] [stderr]    Compiling pin-project-internal v1.1.5
[INFO] [stderr]    Compiling openssl-macros v0.1.1
[INFO] [stderr]    Compiling zerocopy-derive v0.7.35
[INFO] [stderr]    Compiling serde_derive v1.0.210
[INFO] [stderr]    Compiling thiserror-impl v1.0.63
[INFO] [stderr]    Compiling async-trait v0.1.82
[INFO] [stderr]    Compiling strum_macros v0.26.4
[INFO] [stderr]    Compiling pin-project v1.1.5
[INFO] [stderr]    Compiling tracing v0.1.40
[INFO] [stderr]    Compiling h2 v0.4.6
[INFO] [stderr]    Compiling futures-util v0.3.30
[INFO] [stderr]    Compiling zerocopy v0.7.35
[INFO] [stderr]    Compiling ppv-lite86 v0.2.20
[INFO] [stderr]    Compiling rand_chacha v0.3.1
[INFO] [stderr]    Compiling rand v0.8.5
[INFO] [stderr]    Compiling retry-policies v0.4.0
[INFO] [stderr]    Compiling tower v0.4.13
[INFO] [stderr]    Compiling http-body-util v0.1.2
[INFO] [stderr]    Compiling futures-executor v0.3.30
[INFO] [stderr]    Compiling futures v0.3.30
[INFO] [stderr]    Compiling hyper v1.4.1
[INFO] [stderr]    Compiling tokio-native-tls v0.3.1
[INFO] [stderr]    Compiling hyper-util v0.1.7
[INFO] [stderr]    Compiling hyper-tls v0.6.0
[INFO] [stderr]    Compiling serde_urlencoded v0.7.1
[INFO] [stderr]    Compiling reqwest v0.12.7
[INFO] [stderr]    Compiling reqwest-middleware v0.3.3
[INFO] [stderr]    Compiling reqwest-retry v0.6.1
[INFO] [stderr]    Compiling cielo-rs-sdk v0.1.0 (/opt/rustwide/workdir)
[INFO] [stderr]     Finished `dev` profile [unoptimized + debuginfo] target(s) in 1m 06s
[INFO] running `Command { std: "docker" "inspect" "09c863807595e77fe1e3b97489aed8c833d0d4567c62ca911ca0f5680bdb5f7e", kill_on_drop: false }`
[INFO] running `Command { std: "docker" "rm" "-f" "09c863807595e77fe1e3b97489aed8c833d0d4567c62ca911ca0f5680bdb5f7e", kill_on_drop: false }`
[INFO] [stdout] 09c863807595e77fe1e3b97489aed8c833d0d4567c62ca911ca0f5680bdb5f7e
[INFO] running `Command { std: "docker" "create" "-v" "/var/lib/crater-agent-workspace/builds/worker-0-tc1/target:/opt/rustwide/target:rw,Z" "-v" "/var/lib/crater-agent-workspace/builds/worker-0-tc1/source:/opt/rustwide/workdir:ro,Z" "-v" "/var/lib/crater-agent-workspace/cargo-home:/opt/rustwide/cargo-home:ro,Z" "-v" "/var/lib/crater-agent-workspace/rustup-home:/opt/rustwide/rustup-home:ro,Z" "-e" "SOURCE_DIR=/opt/rustwide/workdir" "-e" "CARGO_TARGET_DIR=/opt/rustwide/target" "-e" "CARGO_INCREMENTAL=0" "-e" "RUST_BACKTRACE=full" "-e" "RUSTFLAGS=--cap-lints=warn" "-e" "RUSTDOCFLAGS=--cap-lints=warn" "-e" "CARGO_HOME=/opt/rustwide/cargo-home" "-e" "RUSTUP_HOME=/opt/rustwide/rustup-home" "-w" "/opt/rustwide/workdir" "-m" "1610612736" "--user" "0:0" "--network" "none" "ghcr.io/rust-lang/crates-build-env/linux@sha256:f3a9d4ad9d972b27faf3965f35b62e55ba32bbce8f20bc8fe909558a86702fde" "/opt/rustwide/cargo-home/bin/cargo" "+1.83.0" "test" "--frozen" "--no-run" "--message-format=json", kill_on_drop: false }`
[INFO] [stdout] 693a9c2648e4267a398b0db49f95eb563051c0b160424beb24af2f1569b4ac4b
[INFO] running `Command { std: "docker" "start" "-a" "693a9c2648e4267a398b0db49f95eb563051c0b160424beb24af2f1569b4ac4b", kill_on_drop: false }`
[INFO] [stderr]    Compiling parking_lot_core v0.9.10
[INFO] [stderr]    Compiling scopeguard v1.2.0
[INFO] [stderr]    Compiling lock_api v0.4.12
[INFO] [stderr]    Compiling signal-hook-registry v1.4.2
[INFO] [stderr]    Compiling tokio-macros v2.4.0
[INFO] [stderr]    Compiling dotenvy v0.15.7
[INFO] [stderr]    Compiling parking_lot v0.12.3
[INFO] [stderr]    Compiling tokio v1.40.0
[INFO] [stderr]    Compiling tokio-util v0.7.12
[INFO] [stderr]    Compiling tower v0.4.13
[INFO] [stderr]    Compiling tokio-native-tls v0.3.1
[INFO] [stderr]    Compiling h2 v0.4.6
[INFO] [stderr]    Compiling hyper v1.4.1
[INFO] [stderr]    Compiling hyper-util v0.1.7
[INFO] [stderr]    Compiling hyper-tls v0.6.0
[INFO] [stderr]    Compiling reqwest v0.12.7
[INFO] [stderr]    Compiling reqwest-middleware v0.3.3
[INFO] [stderr]    Compiling reqwest-retry v0.6.1
[INFO] [stderr]    Compiling cielo-rs-sdk v0.1.0 (/opt/rustwide/workdir)
[INFO] [stderr]     Finished `test` profile [unoptimized + debuginfo] target(s) in 38.10s
[INFO] running `Command { std: "docker" "inspect" "693a9c2648e4267a398b0db49f95eb563051c0b160424beb24af2f1569b4ac4b", kill_on_drop: false }`
[INFO] running `Command { std: "docker" "rm" "-f" "693a9c2648e4267a398b0db49f95eb563051c0b160424beb24af2f1569b4ac4b", kill_on_drop: false }`
[INFO] [stdout] 693a9c2648e4267a398b0db49f95eb563051c0b160424beb24af2f1569b4ac4b
[INFO] running `Command { std: "docker" "create" "-v" "/var/lib/crater-agent-workspace/builds/worker-0-tc1/target:/opt/rustwide/target:rw,Z" "-v" "/var/lib/crater-agent-workspace/builds/worker-0-tc1/source:/opt/rustwide/workdir:ro,Z" "-v" "/var/lib/crater-agent-workspace/cargo-home:/opt/rustwide/cargo-home:ro,Z" "-v" "/var/lib/crater-agent-workspace/rustup-home:/opt/rustwide/rustup-home:ro,Z" "-e" "SOURCE_DIR=/opt/rustwide/workdir" "-e" "CARGO_TARGET_DIR=/opt/rustwide/target" "-e" "CARGO_INCREMENTAL=0" "-e" "RUST_BACKTRACE=full" "-e" "RUSTFLAGS=--cap-lints=warn" "-e" "RUSTDOCFLAGS=--cap-lints=warn" "-e" "CARGO_HOME=/opt/rustwide/cargo-home" "-e" "RUSTUP_HOME=/opt/rustwide/rustup-home" "-w" "/opt/rustwide/workdir" "-m" "1610612736" "--user" "0:0" "--network" "none" "ghcr.io/rust-lang/crates-build-env/linux@sha256:f3a9d4ad9d972b27faf3965f35b62e55ba32bbce8f20bc8fe909558a86702fde" "/opt/rustwide/cargo-home/bin/cargo" "+1.83.0" "test" "--frozen", kill_on_drop: false }`
[INFO] [stdout] 59d202ad23282dc662b3c9739b119b270049f31932ebbddbd7459d47845cf6d0
[INFO] running `Command { std: "docker" "start" "-a" "59d202ad23282dc662b3c9739b119b270049f31932ebbddbd7459d47845cf6d0", kill_on_drop: false }`
[INFO] [stderr]     Finished `test` profile [unoptimized + debuginfo] target(s) in 0.21s
[INFO] [stderr]      Running unittests src/lib.rs (/opt/rustwide/target/debug/deps/cielo_rs_sdk-aa69c79094041554)
[INFO] [stdout] 
[INFO] [stdout] running 0 tests
[INFO] [stdout] 
[INFO] [stdout] test result: ok. 0 passed; 0 failed; 0 ignored; 0 measured; 0 filtered out; finished in 0.00s
[INFO] [stdout] 
[INFO] [stderr]      Running tests/feed.rs (/opt/rustwide/target/debug/deps/feed-4eaef02a7a173917)
[INFO] [stdout] 
[INFO] [stdout] running 1 test
[INFO] [stdout] test test_cielo_api_request ... FAILED
[INFO] [stdout] 
[INFO] [stdout] failures:
[INFO] [stdout] 
[INFO] [stdout] ---- test_cielo_api_request stdout ----
[INFO] [stdout] thread 'test_cielo_api_request' panicked at tests/feed.rs:12:45:
[INFO] [stdout] CIELO_API_KEY must be set: NotPresent
[INFO] [stdout] stack backtrace:
[INFO] [stdout]    0:     0x64ff0fa601da - std::backtrace_rs::backtrace::libunwind::trace::h5a5b8284f2d0c266
[INFO] [stdout]                                at /rustc/90b35a6239c3d8bdabc530a6a0816f7ff89a0aaf/library/std/src/../../backtrace/src/backtrace/libunwind.rs:116:5
[INFO] [stdout]    1:     0x64ff0fa601da - std::backtrace_rs::backtrace::trace_unsynchronized::h76d4f1c9b0b875e3
[INFO] [stdout]                                at /rustc/90b35a6239c3d8bdabc530a6a0816f7ff89a0aaf/library/std/src/../../backtrace/src/backtrace/mod.rs:66:5
[INFO] [stdout]    2:     0x64ff0fa601da - std::sys::backtrace::_print_fmt::hc4546b8364a537c6
[INFO] [stdout]                                at /rustc/90b35a6239c3d8bdabc530a6a0816f7ff89a0aaf/library/std/src/sys/backtrace.rs:66:9
[INFO] [stdout]    3:     0x64ff0fa601da - <std::sys::backtrace::BacktraceLock::print::DisplayBacktrace as core::fmt::Display>::fmt::h5b6bd5631a6d1f6b
[INFO] [stdout]                                at /rustc/90b35a6239c3d8bdabc530a6a0816f7ff89a0aaf/library/std/src/sys/backtrace.rs:39:26
[INFO] [stdout]    4:     0x64ff0fa88373 - core::fmt::rt::Argument::fmt::h270f6602a2b96f62
[INFO] [stdout]                                at /rustc/90b35a6239c3d8bdabc530a6a0816f7ff89a0aaf/library/core/src/fmt/rt.rs:177:76
[INFO] [stdout]    5:     0x64ff0fa88373 - core::fmt::write::h7550c97b06c86515
[INFO] [stdout]                                at /rustc/90b35a6239c3d8bdabc530a6a0816f7ff89a0aaf/library/core/src/fmt/mod.rs:1186:21
[INFO] [stdout]    6:     0x64ff0fa5c553 - std::io::Write::write_fmt::h509ff860e5956e5e
[INFO] [stdout]                                at /rustc/90b35a6239c3d8bdabc530a6a0816f7ff89a0aaf/library/std/src/io/mod.rs:1839:15
[INFO] [stdout]    7:     0x64ff0fa60022 - std::sys::backtrace::BacktraceLock::print::h2395ccd2c84ba3aa
[INFO] [stdout]                                at /rustc/90b35a6239c3d8bdabc530a6a0816f7ff89a0aaf/library/std/src/sys/backtrace.rs:42:9
[INFO] [stdout]    8:     0x64ff0fa6163a - std::panicking::default_hook::{{closure}}::he19d4c7230e07961
[INFO] [stdout]                                at /rustc/90b35a6239c3d8bdabc530a6a0816f7ff89a0aaf/library/std/src/panicking.rs:268:22
[INFO] [stdout]    9:     0x64ff0fa61444 - std::panicking::default_hook::hf614597d3c67bbdb
[INFO] [stdout]                                at /rustc/90b35a6239c3d8bdabc530a6a0816f7ff89a0aaf/library/std/src/panicking.rs:292:9
[INFO] [stdout]   10:     0x64ff0f60b809 - <alloc::boxed::Box<F,A> as core::ops::function::Fn<Args>>::call::h39b51ce4599c23d1
[INFO] [stdout]                                at /rustc/90b35a6239c3d8bdabc530a6a0816f7ff89a0aaf/library/alloc/src/boxed.rs:2468:9
[INFO] [stdout]   11:     0x64ff0f60b809 - test::test_main::{{closure}}::he977ae839a582784
[INFO] [stdout]                                at /rustc/90b35a6239c3d8bdabc530a6a0816f7ff89a0aaf/library/test/src/lib.rs:133:21
[INFO] [stdout]   12:     0x64ff0fa61cd8 - <alloc::boxed::Box<F,A> as core::ops::function::Fn<Args>>::call::h9455091b6b06f9fb
[INFO] [stdout]                                at /rustc/90b35a6239c3d8bdabc530a6a0816f7ff89a0aaf/library/alloc/src/boxed.rs:2468:9
[INFO] [stdout]   13:     0x64ff0fa61cd8 - std::panicking::rust_panic_with_hook::h8942133a8b252070
[INFO] [stdout]                                at /rustc/90b35a6239c3d8bdabc530a6a0816f7ff89a0aaf/library/std/src/panicking.rs:809:13
[INFO] [stdout]   14:     0x64ff0fa61a9a - std::panicking::begin_panic_handler::{{closure}}::hb5f5963570096b29
[INFO] [stdout]                                at /rustc/90b35a6239c3d8bdabc530a6a0816f7ff89a0aaf/library/std/src/panicking.rs:674:13
[INFO] [stdout]   15:     0x64ff0fa606b9 - std::sys::backtrace::__rust_end_short_backtrace::h6208cedc1922feda
[INFO] [stdout]                                at /rustc/90b35a6239c3d8bdabc530a6a0816f7ff89a0aaf/library/std/src/sys/backtrace.rs:170:18
[INFO] [stdout]   16:     0x64ff0fa6172c - rust_begin_unwind
[INFO] [stdout]                                at /rustc/90b35a6239c3d8bdabc530a6a0816f7ff89a0aaf/library/std/src/panicking.rs:665:5
[INFO] [stdout]   17:     0x64ff0f4a22b0 - core::panicking::panic_fmt::h0c3082644d1bf418
[INFO] [stdout]                                at /rustc/90b35a6239c3d8bdabc530a6a0816f7ff89a0aaf/library/core/src/panicking.rs:74:14
[INFO] [stdout]   18:     0x64ff0f4a2796 - core::result::unwrap_failed::hd20b4aa073bda1e2
[INFO] [stdout]                                at /rustc/90b35a6239c3d8bdabc530a6a0816f7ff89a0aaf/library/core/src/result.rs:1700:5
[INFO] [stdout]   19:     0x64ff0f5bc046 - core::result::Result<T,E>::expect::h2055a68e4eb2b26a
[INFO] [stdout]                                at /rustc/90b35a6239c3d8bdabc530a6a0816f7ff89a0aaf/library/core/src/result.rs:1061:23
[INFO] [stdout]   20:     0x64ff0f5a0cd2 - feed::test_cielo_api_request::{{closure}}::h2552c4b6f0283a9c
[INFO] [stdout]                                at /opt/rustwide/workdir/tests/feed.rs:12:19
[INFO] [stdout]   21:     0x64ff0f5b8d12 - <core::pin::Pin<P> as core::future::future::Future>::poll::h3ab9912a6a21ed32
[INFO] [stdout]                                at /rustc/90b35a6239c3d8bdabc530a6a0816f7ff89a0aaf/library/core/src/future/future.rs:123:9
[INFO] [stdout]   22:     0x64ff0f5b8c8d - <core::pin::Pin<P> as core::future::future::Future>::poll::h0ce377fc96322304
[INFO] [stdout]                                at /rustc/90b35a6239c3d8bdabc530a6a0816f7ff89a0aaf/library/core/src/future/future.rs:123:9
[INFO] [stdout]   23:     0x64ff0f5b89bf - tokio::runtime::scheduler::current_thread::CoreGuard::block_on::{{closure}}::{{closure}}::{{closure}}::h3804f3f918b0b99f
[INFO] [stdout]                                at /opt/rustwide/cargo-home/registry/src/index.crates.io-6f17d22bba15001f/tokio-1.40.0/src/runtime/scheduler/current_thread/mod.rs:696:57
[INFO] [stdout]   24:     0x64ff0f5b8765 - tokio::runtime::coop::with_budget::h45e1fa65000ad50a
[INFO] [stdout]                                at /opt/rustwide/cargo-home/registry/src/index.crates.io-6f17d22bba15001f/tokio-1.40.0/src/runtime/coop.rs:107:5
[INFO] [stdout]   25:     0x64ff0f5b8765 - tokio::runtime::coop::budget::h063df8faf6b67b01
[INFO] [stdout]                                at /opt/rustwide/cargo-home/registry/src/index.crates.io-6f17d22bba15001f/tokio-1.40.0/src/runtime/coop.rs:73:5
[INFO] [stdout]   26:     0x64ff0f5b8765 - tokio::runtime::scheduler::current_thread::CoreGuard::block_on::{{closure}}::{{closure}}::haf0bb7a396d5ee59
[INFO] [stdout]                                at /opt/rustwide/cargo-home/registry/src/index.crates.io-6f17d22bba15001f/tokio-1.40.0/src/runtime/scheduler/current_thread/mod.rs:696:25
[INFO] [stdout]   27:     0x64ff0f5b6250 - tokio::runtime::scheduler::current_thread::Context::enter::h4b2b3e3f84f213eb
[INFO] [stdout]                                at /opt/rustwide/cargo-home/registry/src/index.crates.io-6f17d22bba15001f/tokio-1.40.0/src/runtime/scheduler/current_thread/mod.rs:423:19
[INFO] [stdout]   28:     0x64ff0f5b770e - tokio::runtime::scheduler::current_thread::CoreGuard::block_on::{{closure}}::h8b79387c5d9074b6
[INFO] [stdout]                                at /opt/rustwide/cargo-home/registry/src/index.crates.io-6f17d22bba15001f/tokio-1.40.0/src/runtime/scheduler/current_thread/mod.rs:695:36
[INFO] [stdout]   29:     0x64ff0f5b7424 - tokio::runtime::scheduler::current_thread::CoreGuard::enter::{{closure}}::h42654621f351fc52
[INFO] [stdout]                                at /opt/rustwide/cargo-home/registry/src/index.crates.io-6f17d22bba15001f/tokio-1.40.0/src/runtime/scheduler/current_thread/mod.rs:774:68
[INFO] [stdout]   30:     0x64ff0f5a84cb - tokio::runtime::context::scoped::Scoped<T>::set::h6a97394cc28b49bf
[INFO] [stdout]                                at /opt/rustwide/cargo-home/registry/src/index.crates.io-6f17d22bba15001f/tokio-1.40.0/src/runtime/context/scoped.rs:40:9
[INFO] [stdout]   31:     0x64ff0f5a8209 - tokio::runtime::context::set_scheduler::{{closure}}::hf7ea00981167ff8d
[INFO] [stdout]                                at /opt/rustwide/cargo-home/registry/src/index.crates.io-6f17d22bba15001f/tokio-1.40.0/src/runtime/context.rs:180:26
[INFO] [stdout]   32:     0x64ff0f5b2a0d - std::thread::local::LocalKey<T>::try_with::hed69b2cdfd11a18c
[INFO] [stdout]                                at /rustc/90b35a6239c3d8bdabc530a6a0816f7ff89a0aaf/library/std/src/thread/local.rs:283:12
[INFO] [stdout]   33:     0x64ff0f5b1a5a - std::thread::local::LocalKey<T>::with::h61f55b428d58dd8c
[INFO] [stdout]                                at /rustc/90b35a6239c3d8bdabc530a6a0816f7ff89a0aaf/library/std/src/thread/local.rs:260:9
[INFO] [stdout]   34:     0x64ff0f5a813d - tokio::runtime::context::set_scheduler::h28286c9187bc291e
[INFO] [stdout]                                at /opt/rustwide/cargo-home/registry/src/index.crates.io-6f17d22bba15001f/tokio-1.40.0/src/runtime/context.rs:180:9
[INFO] [stdout]   35:     0x64ff0f5b71b0 - tokio::runtime::scheduler::current_thread::CoreGuard::enter::hacf8fedc7c8d4bb9
[INFO] [stdout]                                at /opt/rustwide/cargo-home/registry/src/index.crates.io-6f17d22bba15001f/tokio-1.40.0/src/runtime/scheduler/current_thread/mod.rs:774:27
[INFO] [stdout]   36:     0x64ff0f5b74a3 - tokio::runtime::scheduler::current_thread::CoreGuard::block_on::h28cb979577e9eea7
[INFO] [stdout]                                at /opt/rustwide/cargo-home/registry/src/index.crates.io-6f17d22bba15001f/tokio-1.40.0/src/runtime/scheduler/current_thread/mod.rs:683:19
[INFO] [stdout]   37:     0x64ff0f5b522a - tokio::runtime::scheduler::current_thread::CurrentThread::block_on::{{closure}}::he7f137db285c1110
[INFO] [stdout]                                at /opt/rustwide/cargo-home/registry/src/index.crates.io-6f17d22bba15001f/tokio-1.40.0/src/runtime/scheduler/current_thread/mod.rs:191:28
[INFO] [stdout]   38:     0x64ff0f5b4386 - tokio::runtime::context::runtime::enter_runtime::ha6bd2aaae3746ff0
[INFO] [stdout]                                at /opt/rustwide/cargo-home/registry/src/index.crates.io-6f17d22bba15001f/tokio-1.40.0/src/runtime/context/runtime.rs:65:16
[INFO] [stdout]   39:     0x64ff0f5b4fe1 - tokio::runtime::scheduler::current_thread::CurrentThread::block_on::h5cb15ced98ae2c47
[INFO] [stdout]                                at /opt/rustwide/cargo-home/registry/src/index.crates.io-6f17d22bba15001f/tokio-1.40.0/src/runtime/scheduler/current_thread/mod.rs:179:9
[INFO] [stdout]   40:     0x64ff0f5af90d - tokio::runtime::runtime::Runtime::block_on_inner::h54c4ff8193a8e9d4
[INFO] [stdout]                                at /opt/rustwide/cargo-home/registry/src/index.crates.io-6f17d22bba15001f/tokio-1.40.0/src/runtime/runtime.rs:361:47
[INFO] [stdout]   41:     0x64ff0f5afb35 - tokio::runtime::runtime::Runtime::block_on::h13f6b3e750b9ca50
[INFO] [stdout]                                at /opt/rustwide/cargo-home/registry/src/index.crates.io-6f17d22bba15001f/tokio-1.40.0/src/runtime/runtime.rs:335:13
[INFO] [stdout]   42:     0x64ff0f5a0b30 - feed::test_cielo_api_request::h5d4fa38e3b90e81e
[INFO] [stdout]                                at /opt/rustwide/workdir/tests/feed.rs:33:5
[INFO] [stdout]   43:     0x64ff0f5a09c7 - feed::test_cielo_api_request::{{closure}}::h5030c8c4c20c2d76
[INFO] [stdout]                                at /opt/rustwide/workdir/tests/feed.rs:8:34
[INFO] [stdout]   44:     0x64ff0f58e6e6 - core::ops::function::FnOnce::call_once::h71c9e2f317dbad28
[INFO] [stdout]                                at /rustc/90b35a6239c3d8bdabc530a6a0816f7ff89a0aaf/library/core/src/ops/function.rs:250:5
[INFO] [stdout]   45:     0x64ff0f6101cb - core::ops::function::FnOnce::call_once::h109cf8051a59b34e
[INFO] [stdout]                                at /rustc/90b35a6239c3d8bdabc530a6a0816f7ff89a0aaf/library/core/src/ops/function.rs:250:5
[INFO] [stdout]   46:     0x64ff0f6101cb - test::__rust_begin_short_backtrace::hf4fff89d377446ba
[INFO] [stdout]                                at /rustc/90b35a6239c3d8bdabc530a6a0816f7ff89a0aaf/library/test/src/lib.rs:621:18
[INFO] [stdout]   47:     0x64ff0f60fa07 - test::run_test_in_process::{{closure}}::h0e39181dd7ee5a43
[INFO] [stdout]                                at /rustc/90b35a6239c3d8bdabc530a6a0816f7ff89a0aaf/library/test/src/lib.rs:644:60
[INFO] [stdout]   48:     0x64ff0f60fa07 - <core::panic::unwind_safe::AssertUnwindSafe<F> as core::ops::function::FnOnce<()>>::call_once::hc5a66a30f0bdfd1f
[INFO] [stdout]                                at /rustc/90b35a6239c3d8bdabc530a6a0816f7ff89a0aaf/library/core/src/panic/unwind_safe.rs:272:9
[INFO] [stdout]   49:     0x64ff0f60fa07 - std::panicking::try::do_call::h873b7cf639554a5e
[INFO] [stdout]                                at /rustc/90b35a6239c3d8bdabc530a6a0816f7ff89a0aaf/library/std/src/panicking.rs:557:40
[INFO] [stdout]   50:     0x64ff0f60fa07 - std::panicking::try::hdb19862fad9c8bd1
[INFO] [stdout]                                at /rustc/90b35a6239c3d8bdabc530a6a0816f7ff89a0aaf/library/std/src/panicking.rs:520:19
[INFO] [stdout]   51:     0x64ff0f60fa07 - std::panic::catch_unwind::h281fe732d236d260
[INFO] [stdout]                                at /rustc/90b35a6239c3d8bdabc530a6a0816f7ff89a0aaf/library/std/src/panic.rs:358:14
[INFO] [stdout]   52:     0x64ff0f60fa07 - test::run_test_in_process::h949b6df8457ed338
[INFO] [stdout]                                at /rustc/90b35a6239c3d8bdabc530a6a0816f7ff89a0aaf/library/test/src/lib.rs:644:27
[INFO] [stdout]   53:     0x64ff0f60fa07 - test::run_test::{{closure}}::h52c556a6d4740e10
[INFO] [stdout]                                at /rustc/90b35a6239c3d8bdabc530a6a0816f7ff89a0aaf/library/test/src/lib.rs:565:43
[INFO] [stdout]   54:     0x64ff0f5d4ce4 - test::run_test::{{closure}}::h4237f6381c45ccb9
[INFO] [stdout]                                at /rustc/90b35a6239c3d8bdabc530a6a0816f7ff89a0aaf/library/test/src/lib.rs:595:41
[INFO] [stdout]   55:     0x64ff0f5d4ce4 - std::sys::backtrace::__rust_begin_short_backtrace::h505c97a579eca628
[INFO] [stdout]                                at /rustc/90b35a6239c3d8bdabc530a6a0816f7ff89a0aaf/library/std/src/sys/backtrace.rs:154:18
[INFO] [stdout]   56:     0x64ff0f5d83ae - std::thread::Builder::spawn_unchecked_::{{closure}}::{{closure}}::h9e86b2e2bc107ea3
[INFO] [stdout]                                at /rustc/90b35a6239c3d8bdabc530a6a0816f7ff89a0aaf/library/std/src/thread/mod.rs:538:17
[INFO] [stdout]   57:     0x64ff0f5d83ae - <core::panic::unwind_safe::AssertUnwindSafe<F> as core::ops::function::FnOnce<()>>::call_once::h8b06ddb275ff4a25
[INFO] [stdout]                                at /rustc/90b35a6239c3d8bdabc530a6a0816f7ff89a0aaf/library/core/src/panic/unwind_safe.rs:272:9
[INFO] [stdout]   58:     0x64ff0f5d83ae - std::panicking::try::do_call::hb26ecd7cd9a9355d
[INFO] [stdout]                                at /rustc/90b35a6239c3d8bdabc530a6a0816f7ff89a0aaf/library/std/src/panicking.rs:557:40
[INFO] [stdout]   59:     0x64ff0f5d83ae - std::panicking::try::h8ddeca9d705f9069
[INFO] [stdout]                                at /rustc/90b35a6239c3d8bdabc530a6a0816f7ff89a0aaf/library/std/src/panicking.rs:520:19
[INFO] [stdout]   60:     0x64ff0f5d83ae - std::panic::catch_unwind::h49e1c33078844c46
[INFO] [stdout]                                at /rustc/90b35a6239c3d8bdabc530a6a0816f7ff89a0aaf/library/std/src/panic.rs:358:14
[INFO] [stdout]   61:     0x64ff0f5d83ae - std::thread::Builder::spawn_unchecked_::{{closure}}::h6073db6ff56ad35d
[INFO] [stdout]                                at /rustc/90b35a6239c3d8bdabc530a6a0816f7ff89a0aaf/library/std/src/thread/mod.rs:537:30
[INFO] [stdout]   62:     0x64ff0f5d83ae - core::ops::function::FnOnce::call_once{{vtable.shim}}::h2c5a5f3779c774f1
[INFO] [stdout]                                at /rustc/90b35a6239c3d8bdabc530a6a0816f7ff89a0aaf/library/core/src/ops/function.rs:250:5
[INFO] [stdout]   63:     0x64ff0fa65f9b - <alloc::boxed::Box<F,A> as core::ops::function::FnOnce<Args>>::call_once::hf75717d9f28faebf
[INFO] [stdout]                                at /rustc/90b35a6239c3d8bdabc530a6a0816f7ff89a0aaf/library/alloc/src/boxed.rs:2454:9
[INFO] [stdout]   64:     0x64ff0fa65f9b - <alloc::boxed::Box<F,A> as core::ops::function::FnOnce<Args>>::call_once::h7bd883a5f3c5f3c1
[INFO] [stdout]                                at /rustc/90b35a6239c3d8bdabc530a6a0816f7ff89a0aaf/library/alloc/src/boxed.rs:2454:9
[INFO] [stdout]   65:     0x64ff0fa65f9b - std::sys::pal::unix::thread::Thread::new::thread_start::hcc78f3943333fa94
[INFO] [stdout]                                at /rustc/90b35a6239c3d8bdabc530a6a0816f7ff89a0aaf/library/std/src/sys/pal/unix/thread.rs:105:17
[INFO] [stdout]   66:     0x73812263aac3 - <unknown>
[INFO] [stdout]   67:     0x7381226cba04 - clone
[INFO] [stdout]   68:                0x0 - <unknown>
[INFO] [stdout] 
[INFO] [stdout] 
[INFO] [stdout] failures:
[INFO] [stdout]     test_cielo_api_request
[INFO] [stdout] 
[INFO] [stdout] test result: FAILED. 0 passed; 1 failed; 0 ignored; 0 measured; 0 filtered out; finished in 0.06s
[INFO] [stdout] 
[INFO] [stderr] error: test failed, to rerun pass `--test feed`
[INFO] running `Command { std: "docker" "inspect" "59d202ad23282dc662b3c9739b119b270049f31932ebbddbd7459d47845cf6d0", kill_on_drop: false }`
[INFO] running `Command { std: "docker" "rm" "-f" "59d202ad23282dc662b3c9739b119b270049f31932ebbddbd7459d47845cf6d0", kill_on_drop: false }`
[INFO] [stdout] 59d202ad23282dc662b3c9739b119b270049f31932ebbddbd7459d47845cf6d0
