[INFO] fetching crate chompy 0.1.2...
[INFO] testing chompy-0.1.2 against 1.83.0 for beta-1.84.0-4-retry
[INFO] extracting crate chompy 0.1.2 into /workspace/builds/worker-4-tc1/source
[INFO] validating manifest of crates.io crate chompy 0.1.2 on toolchain 1.83.0
[INFO] running `Command { std: CARGO_HOME="/workspace/cargo-home" RUSTUP_HOME="/workspace/rustup-home" "/workspace/cargo-home/bin/cargo" "+1.83.0" "metadata" "--manifest-path" "Cargo.toml" "--no-deps", kill_on_drop: false }`
[INFO] started tweaking crates.io crate chompy 0.1.2
[INFO] finished tweaking crates.io crate chompy 0.1.2
[INFO] tweaked toml for crates.io crate chompy 0.1.2 written to /workspace/builds/worker-4-tc1/source/Cargo.toml
[INFO] running `Command { std: CARGO_HOME="/workspace/cargo-home" RUSTUP_HOME="/workspace/rustup-home" "/workspace/cargo-home/bin/cargo" "+1.83.0" "generate-lockfile" "--manifest-path" "Cargo.toml", kill_on_drop: false }`
[INFO] [stderr]     Updating crates.io index
[INFO] [stderr]      Locking 34 packages to latest compatible versions
[INFO] [stderr]       Adding hashbrown v0.13.2 (available: v0.15.2)
[INFO] [stderr]       Adding itertools v0.12.1 (available: v0.13.0)
[INFO] running `Command { std: CARGO_HOME="/workspace/cargo-home" RUSTUP_HOME="/workspace/rustup-home" "/workspace/cargo-home/bin/cargo" "+1.83.0" "fetch" "--manifest-path" "Cargo.toml", kill_on_drop: false }`
[INFO] [stderr]  Downloading crates ...
[INFO] [stderr]   Downloaded peekmore v1.3.0
[INFO] running `Command { std: "docker" "create" "-v" "/var/lib/crater-agent-workspace/builds/worker-4-tc1/target:/opt/rustwide/target:rw,Z" "-v" "/var/lib/crater-agent-workspace/builds/worker-4-tc1/source:/opt/rustwide/workdir:ro,Z" "-v" "/var/lib/crater-agent-workspace/cargo-home:/opt/rustwide/cargo-home:ro,Z" "-v" "/var/lib/crater-agent-workspace/rustup-home:/opt/rustwide/rustup-home:ro,Z" "-e" "SOURCE_DIR=/opt/rustwide/workdir" "-e" "CARGO_TARGET_DIR=/opt/rustwide/target" "-e" "CARGO_HOME=/opt/rustwide/cargo-home" "-e" "RUSTUP_HOME=/opt/rustwide/rustup-home" "-w" "/opt/rustwide/workdir" "-m" "1610612736" "--user" "0:0" "--network" "none" "ghcr.io/rust-lang/crates-build-env/linux@sha256:f3a9d4ad9d972b27faf3965f35b62e55ba32bbce8f20bc8fe909558a86702fde" "/opt/rustwide/cargo-home/bin/cargo" "+1.83.0" "metadata" "--no-deps" "--format-version=1", kill_on_drop: false }`
[INFO] [stdout] c2bc5566696a096a58852ec0b5fb29ae81dd9489e8e2884f3f85e5642ad2d94a
[INFO] running `Command { std: "docker" "start" "-a" "c2bc5566696a096a58852ec0b5fb29ae81dd9489e8e2884f3f85e5642ad2d94a", kill_on_drop: false }`
[INFO] running `Command { std: "docker" "inspect" "c2bc5566696a096a58852ec0b5fb29ae81dd9489e8e2884f3f85e5642ad2d94a", kill_on_drop: false }`
[INFO] running `Command { std: "docker" "rm" "-f" "c2bc5566696a096a58852ec0b5fb29ae81dd9489e8e2884f3f85e5642ad2d94a", kill_on_drop: false }`
[INFO] [stdout] c2bc5566696a096a58852ec0b5fb29ae81dd9489e8e2884f3f85e5642ad2d94a
[INFO] running `Command { std: "docker" "create" "-v" "/var/lib/crater-agent-workspace/builds/worker-4-tc1/target:/opt/rustwide/target:rw,Z" "-v" "/var/lib/crater-agent-workspace/builds/worker-4-tc1/source:/opt/rustwide/workdir:ro,Z" "-v" "/var/lib/crater-agent-workspace/cargo-home:/opt/rustwide/cargo-home:ro,Z" "-v" "/var/lib/crater-agent-workspace/rustup-home:/opt/rustwide/rustup-home:ro,Z" "-e" "SOURCE_DIR=/opt/rustwide/workdir" "-e" "CARGO_TARGET_DIR=/opt/rustwide/target" "-e" "CARGO_INCREMENTAL=0" "-e" "RUST_BACKTRACE=full" "-e" "RUSTFLAGS=--cap-lints=warn" "-e" "RUSTDOCFLAGS=--cap-lints=warn" "-e" "CARGO_HOME=/opt/rustwide/cargo-home" "-e" "RUSTUP_HOME=/opt/rustwide/rustup-home" "-w" "/opt/rustwide/workdir" "-m" "1610612736" "--user" "0:0" "--network" "none" "ghcr.io/rust-lang/crates-build-env/linux@sha256:f3a9d4ad9d972b27faf3965f35b62e55ba32bbce8f20bc8fe909558a86702fde" "/opt/rustwide/cargo-home/bin/cargo" "+1.83.0" "build" "--frozen" "--message-format=json", kill_on_drop: false }`
[INFO] [stdout] 34afc1982f407b61f2a125bb91184e9a3212689d0cb0adb6e71c39c9e71213c6
[INFO] running `Command { std: "docker" "start" "-a" "34afc1982f407b61f2a125bb91184e9a3212689d0cb0adb6e71c39c9e71213c6", kill_on_drop: false }`
[INFO] [stderr]    Compiling version_check v0.9.5
[INFO] [stderr]    Compiling serde v1.0.216
[INFO] [stderr]    Compiling once_cell v1.20.2
[INFO] [stderr]    Compiling zerocopy v0.7.35
[INFO] [stderr]    Compiling cfg-if v1.0.0
[INFO] [stderr]    Compiling termcolor v1.4.1
[INFO] [stderr]    Compiling yansi v1.0.1
[INFO] [stderr]    Compiling either v1.13.0
[INFO] [stderr]    Compiling unicode-width v0.1.14
[INFO] [stderr]    Compiling diff v0.1.13
[INFO] [stderr]    Compiling static_assertions v1.1.0
[INFO] [stderr]    Compiling peekmore v1.3.0
[INFO] [stderr]    Compiling itertools v0.12.1
[INFO] [stderr]    Compiling ahash v0.8.11
[INFO] [stderr]    Compiling codespan-reporting v0.11.1
[INFO] [stderr]    Compiling pretty_assertions v1.4.1
[INFO] [stderr]    Compiling hashbrown v0.13.2
[INFO] [stderr]    Compiling chompy v0.1.2 (/opt/rustwide/workdir)
[INFO] [stderr]     Finished `dev` profile [unoptimized + debuginfo] target(s) in 6.30s
[INFO] running `Command { std: "docker" "inspect" "34afc1982f407b61f2a125bb91184e9a3212689d0cb0adb6e71c39c9e71213c6", kill_on_drop: false }`
[INFO] running `Command { std: "docker" "rm" "-f" "34afc1982f407b61f2a125bb91184e9a3212689d0cb0adb6e71c39c9e71213c6", kill_on_drop: false }`
[INFO] [stdout] 34afc1982f407b61f2a125bb91184e9a3212689d0cb0adb6e71c39c9e71213c6
[INFO] running `Command { std: "docker" "create" "-v" "/var/lib/crater-agent-workspace/builds/worker-4-tc1/target:/opt/rustwide/target:rw,Z" "-v" "/var/lib/crater-agent-workspace/builds/worker-4-tc1/source:/opt/rustwide/workdir:ro,Z" "-v" "/var/lib/crater-agent-workspace/cargo-home:/opt/rustwide/cargo-home:ro,Z" "-v" "/var/lib/crater-agent-workspace/rustup-home:/opt/rustwide/rustup-home:ro,Z" "-e" "SOURCE_DIR=/opt/rustwide/workdir" "-e" "CARGO_TARGET_DIR=/opt/rustwide/target" "-e" "CARGO_INCREMENTAL=0" "-e" "RUST_BACKTRACE=full" "-e" "RUSTFLAGS=--cap-lints=warn" "-e" "RUSTDOCFLAGS=--cap-lints=warn" "-e" "CARGO_HOME=/opt/rustwide/cargo-home" "-e" "RUSTUP_HOME=/opt/rustwide/rustup-home" "-w" "/opt/rustwide/workdir" "-m" "1610612736" "--user" "0:0" "--network" "none" "ghcr.io/rust-lang/crates-build-env/linux@sha256:f3a9d4ad9d972b27faf3965f35b62e55ba32bbce8f20bc8fe909558a86702fde" "/opt/rustwide/cargo-home/bin/cargo" "+1.83.0" "test" "--frozen" "--no-run" "--message-format=json", kill_on_drop: false }`
[INFO] [stdout] 64e31a93dc3f40f20b6008732f98ddeb4d1f79c03dae0ca40da4f6118cb1b4b0
[INFO] running `Command { std: "docker" "start" "-a" "64e31a93dc3f40f20b6008732f98ddeb4d1f79c03dae0ca40da4f6118cb1b4b0", kill_on_drop: false }`
[INFO] [stderr]    Compiling chompy v0.1.2 (/opt/rustwide/workdir)
[INFO] [stdout] warning: missing documentation for a macro
[INFO] [stdout]  --> src/tests/utils.rs:7:1
[INFO] [stdout]   |
[INFO] [stdout] 7 | macro_rules! test_tok_match {
[INFO] [stdout]   | ^^^^^^^^^^^^^^^^^^^^^^^^^^^
[INFO] [stdout]   |
[INFO] [stdout] note: the lint level is defined here
[INFO] [stdout]  --> src/lib.rs:5:9
[INFO] [stdout]   |
[INFO] [stdout] 5 | #![warn(missing_docs)]
[INFO] [stdout]   |         ^^^^^^^^^^^^
[INFO] [stdout] 
[INFO] [stdout] 
[INFO] [stdout] warning: missing documentation for a macro
[INFO] [stdout]   --> src/tests/utils.rs:25:1
[INFO] [stdout]    |
[INFO] [stdout] 25 | macro_rules! test_tok_mismatch {
[INFO] [stdout]    | ^^^^^^^^^^^^^^^^^^^^^^^^^^^^^^
[INFO] [stdout] 
[INFO] [stdout] 
[INFO] [stdout] warning: missing documentation for a macro
[INFO] [stdout]   --> src/tests/utils.rs:44:1
[INFO] [stdout]    |
[INFO] [stdout] 44 | macro_rules! test_lex_err {
[INFO] [stdout]    | ^^^^^^^^^^^^^^^^^^^^^^^^^
[INFO] [stdout] 
[INFO] [stdout] 
[INFO] [stderr]     Finished `test` profile [unoptimized + debuginfo] target(s) in 1.01s
[INFO] running `Command { std: "docker" "inspect" "64e31a93dc3f40f20b6008732f98ddeb4d1f79c03dae0ca40da4f6118cb1b4b0", kill_on_drop: false }`
[INFO] running `Command { std: "docker" "rm" "-f" "64e31a93dc3f40f20b6008732f98ddeb4d1f79c03dae0ca40da4f6118cb1b4b0", kill_on_drop: false }`
[INFO] [stdout] 64e31a93dc3f40f20b6008732f98ddeb4d1f79c03dae0ca40da4f6118cb1b4b0
[INFO] running `Command { std: "docker" "create" "-v" "/var/lib/crater-agent-workspace/builds/worker-4-tc1/target:/opt/rustwide/target:rw,Z" "-v" "/var/lib/crater-agent-workspace/builds/worker-4-tc1/source:/opt/rustwide/workdir:ro,Z" "-v" "/var/lib/crater-agent-workspace/cargo-home:/opt/rustwide/cargo-home:ro,Z" "-v" "/var/lib/crater-agent-workspace/rustup-home:/opt/rustwide/rustup-home:ro,Z" "-e" "SOURCE_DIR=/opt/rustwide/workdir" "-e" "CARGO_TARGET_DIR=/opt/rustwide/target" "-e" "CARGO_INCREMENTAL=0" "-e" "RUST_BACKTRACE=full" "-e" "RUSTFLAGS=--cap-lints=warn" "-e" "RUSTDOCFLAGS=--cap-lints=warn" "-e" "CARGO_HOME=/opt/rustwide/cargo-home" "-e" "RUSTUP_HOME=/opt/rustwide/rustup-home" "-w" "/opt/rustwide/workdir" "-m" "1610612736" "--user" "0:0" "--network" "none" "ghcr.io/rust-lang/crates-build-env/linux@sha256:f3a9d4ad9d972b27faf3965f35b62e55ba32bbce8f20bc8fe909558a86702fde" "/opt/rustwide/cargo-home/bin/cargo" "+1.83.0" "test" "--frozen", kill_on_drop: false }`
[INFO] [stdout] 7d1519e48665c78f0faec39210e8edad3236231aa377f004cab4afffe4d11eff
[INFO] running `Command { std: "docker" "start" "-a" "7d1519e48665c78f0faec39210e8edad3236231aa377f004cab4afffe4d11eff", kill_on_drop: false }`
[INFO] [stderr] warning: missing documentation for a macro
[INFO] [stderr]  --> src/tests/utils.rs:7:1
[INFO] [stderr]   |
[INFO] [stderr] 7 | macro_rules! test_tok_match {
[INFO] [stderr]   | ^^^^^^^^^^^^^^^^^^^^^^^^^^^
[INFO] [stderr]   |
[INFO] [stderr] note: the lint level is defined here
[INFO] [stderr]  --> src/lib.rs:5:9
[INFO] [stderr]   |
[INFO] [stderr] 5 | #![warn(missing_docs)]
[INFO] [stderr]   |         ^^^^^^^^^^^^
[INFO] [stderr] 
[INFO] [stderr] warning: missing documentation for a macro
[INFO] [stderr]   --> src/tests/utils.rs:25:1
[INFO] [stderr]    |
[INFO] [stderr] 25 | macro_rules! test_tok_mismatch {
[INFO] [stderr]    | ^^^^^^^^^^^^^^^^^^^^^^^^^^^^^^
[INFO] [stderr] 
[INFO] [stderr] warning: missing documentation for a macro
[INFO] [stderr]   --> src/tests/utils.rs:44:1
[INFO] [stderr]    |
[INFO] [stderr] 44 | macro_rules! test_lex_err {
[INFO] [stderr]    | ^^^^^^^^^^^^^^^^^^^^^^^^^
[INFO] [stderr] 
[INFO] [stderr] warning: `chompy` (lib test) generated 3 warnings
[INFO] [stderr]     Finished `test` profile [unoptimized + debuginfo] target(s) in 0.04s
[INFO] [stderr]      Running unittests src/lib.rs (/opt/rustwide/target/debug/deps/chompy-621abc9a88230bb8)
[INFO] [stdout] 
[INFO] [stdout] running 26 tests
[INFO] [stdout] test tests::lex::comment ... ok
[INFO] [stdout] test tests::lex::comment_after_other ... ok
[INFO] [stdout] test tests::lex::double_equal ... ok
[INFO] [stdout] test tests::lex::hex ... ok
[INFO] [stdout] test tests::lex::float ... ok
[INFO] [stdout] test tests::lex::ident ... ok
[INFO] [stdout] test tests::lex::int ... ok
[INFO] [stdout] test tests::lex::int_series ... ok
[INFO] [stdout] test tests::lex::int_with_underscores ... ok
[INFO] [stdout] test tests::lex::let_bind ... ok
[INFO] [stdout] test tests::lex::mismatch_string_delimiter ... ok
[INFO] [stdout] test tests::lex::multiline_comment ... ok
[INFO] [stdout] test tests::lex::multiline_comment_mix ... ok
[INFO] [stdout] test tests::lex::let_ident ... ok
[INFO] [stdout] test tests::lex::semicolon ... ok
[INFO] [stdout] test tests::lex::string_double_quotes ... ok
[INFO] [stdout] test tests::lex::doc_comment ... ok
[INFO] [stdout] test tests::lex::equal ... ok
[INFO] [stdout] test tests::lex::string_single_quotes ... ok
[INFO] [stdout] test tests::lex::comment_after_whitespace ... ok
[INFO] [stdout] test tests::lex::float_with_underscores ... ok
[INFO] [stdout] test tests::lex::unknown ... ok
[INFO] [stdout] test tests::lex::unterminated_string ... ok
[INFO] [stdout] test tests::lex::const_ident ... ok
[INFO] [stdout] test tests::lex::underscore_first_int - should panic ... ok
[INFO] [stdout] test tests::lex::underscore_first_float - should panic ... ok
[INFO] [stdout] 
[INFO] [stdout] test result: ok. 26 passed; 0 failed; 0 ignored; 0 measured; 0 filtered out; finished in 0.03s
[INFO] [stdout] 
[INFO] [stderr]    Doc-tests chompy
[INFO] [stdout] 
[INFO] [stdout] running 3 tests
[INFO] [stdout] test src/diagnostics/macros.rs - diagnostics::macros::define_warning (line 43) ... FAILED
[INFO] [stdout] test src/diagnostics/macros.rs - diagnostics::macros::define_error (line 5) ... FAILED
[INFO] [stdout] test src/diagnostics/macros.rs - diagnostics::macros::define_bug (line 80) ... FAILED
[INFO] [stderr] error: doctest failed, to rerun pass `--doc`
[INFO] [stdout] 
[INFO] [stdout] failures:
[INFO] [stdout] 
[INFO] [stdout] ---- src/diagnostics/macros.rs - diagnostics::macros::define_warning (line 43) stdout ----
[INFO] [stdout] error[E0119]: conflicting implementations of trait `Debug` for type `NotSoGood`
[INFO] [stdout]   --> src/diagnostics/macros.rs:52:1
[INFO] [stdout]    |
[INFO] [stdout] 9  |   #[derive(Debug)]
[INFO] [stdout]    |            ----- first implementation here
[INFO] [stdout] ...
[INFO] [stdout] 12 | / define_warning!(
[INFO] [stdout] 13 | |     NotSoGood {
[INFO] [stdout] 14 | |         fn build(&self, builder: Builder) -> Builder {
[INFO] [stdout] 15 | |             builder
[INFO] [stdout] ...  |
[INFO] [stdout] 23 | |     }
[INFO] [stdout] 24 | | );
[INFO] [stdout]    | |_^ conflicting implementation for `NotSoGood`
[INFO] [stdout]    |
[INFO] [stdout]    = note: this error originates in the macro `$crate::define_diag` which comes from the expansion of the macro `define_warning` (in Nightly builds, run with -Z macro-backtrace for more info)
[INFO] [stdout] 
[INFO] [stdout] error: aborting due to 1 previous error
[INFO] [stdout] 
[INFO] [stdout] For more information about this error, try `rustc --explain E0119`.
[INFO] [stdout] Couldn't compile the test.
[INFO] [stdout] ---- src/diagnostics/macros.rs - diagnostics::macros::define_error (line 5) stdout ----
[INFO] [stdout] error[E0119]: conflicting implementations of trait `Debug` for type `MissingSemiColon`
[INFO] [stdout]   --> src/diagnostics/macros.rs:14:1
[INFO] [stdout]    |
[INFO] [stdout] 9  |   #[derive(Debug)]
[INFO] [stdout]    |            ----- first implementation here
[INFO] [stdout] ...
[INFO] [stdout] 12 | / define_error!(
[INFO] [stdout] 13 | |     MissingSemiColon {
[INFO] [stdout] 14 | |         fn build(&self, builder: Builder) -> Builder {
[INFO] [stdout] 15 | |             builder
[INFO] [stdout] ...  |
[INFO] [stdout] 23 | |     }
[INFO] [stdout] 24 | | );
[INFO] [stdout]    | |_^ conflicting implementation for `MissingSemiColon`
[INFO] [stdout]    |
[INFO] [stdout]    = note: this error originates in the macro `$crate::define_diag` which comes from the expansion of the macro `define_error` (in Nightly builds, run with -Z macro-backtrace for more info)
[INFO] [stdout] 
[INFO] [stdout] error: aborting due to 1 previous error
[INFO] [stdout] 
[INFO] [stdout] For more information about this error, try `rustc --explain E0119`.
[INFO] [stdout] Couldn't compile the test.
[INFO] [stdout] ---- src/diagnostics/macros.rs - diagnostics::macros::define_bug (line 80) stdout ----
[INFO] [stdout] error[E0119]: conflicting implementations of trait `Debug` for type `Unstable`
[INFO] [stdout]   --> src/diagnostics/macros.rs:89:1
[INFO] [stdout]    |
[INFO] [stdout] 9  |   #[derive(Debug)]
[INFO] [stdout]    |            ----- first implementation here
[INFO] [stdout] ...
[INFO] [stdout] 12 | / define_bug!(
[INFO] [stdout] 13 | |     Unstable {
[INFO] [stdout] 14 | |         fn build(&self, builder: Builder) -> Builder {
[INFO] [stdout] 15 | |             builder.title("we became unstable!")
[INFO] [stdout] ...  |
[INFO] [stdout] 21 | |     }
[INFO] [stdout] 22 | | );
[INFO] [stdout]    | |_^ conflicting implementation for `Unstable`
[INFO] [stdout]    |
[INFO] [stdout]    = note: this error originates in the macro `$crate::define_diag` which comes from the expansion of the macro `define_bug` (in Nightly builds, run with -Z macro-backtrace for more info)
[INFO] [stdout] 
[INFO] [stdout] error: aborting due to 1 previous error
[INFO] [stdout] 
[INFO] [stdout] For more information about this error, try `rustc --explain E0119`.
[INFO] [stdout] Couldn't compile the test.
[INFO] [stdout] 
[INFO] [stdout] failures:
[INFO] [stdout]     src/diagnostics/macros.rs - diagnostics::macros::define_bug (line 80)
[INFO] [stdout]     src/diagnostics/macros.rs - diagnostics::macros::define_error (line 5)
[INFO] [stdout]     src/diagnostics/macros.rs - diagnostics::macros::define_warning (line 43)
[INFO] [stdout] 
[INFO] [stdout] test result: FAILED. 0 passed; 3 failed; 0 ignored; 0 measured; 0 filtered out; finished in 0.15s
[INFO] [stdout] 
[INFO] running `Command { std: "docker" "inspect" "7d1519e48665c78f0faec39210e8edad3236231aa377f004cab4afffe4d11eff", kill_on_drop: false }`
[INFO] running `Command { std: "docker" "rm" "-f" "7d1519e48665c78f0faec39210e8edad3236231aa377f004cab4afffe4d11eff", kill_on_drop: false }`
[INFO] [stdout] 7d1519e48665c78f0faec39210e8edad3236231aa377f004cab4afffe4d11eff
