[INFO] fetching crate chipmunk-backend 1.0.0...
[INFO] testing chipmunk-backend-1.0.0 against 1.83.0 for beta-1.84.0-4-retry
[INFO] extracting crate chipmunk-backend 1.0.0 into /workspace/builds/worker-0-tc1/source
[INFO] validating manifest of crates.io crate chipmunk-backend 1.0.0 on toolchain 1.83.0
[INFO] running `Command { std: CARGO_HOME="/workspace/cargo-home" RUSTUP_HOME="/workspace/rustup-home" "/workspace/cargo-home/bin/cargo" "+1.83.0" "metadata" "--manifest-path" "Cargo.toml" "--no-deps", kill_on_drop: false }`
[INFO] started tweaking crates.io crate chipmunk-backend 1.0.0
[INFO] finished tweaking crates.io crate chipmunk-backend 1.0.0
[INFO] tweaked toml for crates.io crate chipmunk-backend 1.0.0 written to /workspace/builds/worker-0-tc1/source/Cargo.toml
[INFO] running `Command { std: CARGO_HOME="/workspace/cargo-home" RUSTUP_HOME="/workspace/rustup-home" "/workspace/cargo-home/bin/cargo" "+1.83.0" "generate-lockfile" "--manifest-path" "Cargo.toml", kill_on_drop: false }`
[INFO] [stderr]     Updating crates.io index
[INFO] [stderr]      Locking 15 packages to latest compatible versions
[INFO] running `Command { std: CARGO_HOME="/workspace/cargo-home" RUSTUP_HOME="/workspace/rustup-home" "/workspace/cargo-home/bin/cargo" "+1.83.0" "fetch" "--manifest-path" "Cargo.toml", kill_on_drop: false }`
[INFO] running `Command { std: "docker" "create" "-v" "/var/lib/crater-agent-workspace/builds/worker-0-tc1/target:/opt/rustwide/target:rw,Z" "-v" "/var/lib/crater-agent-workspace/builds/worker-0-tc1/source:/opt/rustwide/workdir:ro,Z" "-v" "/var/lib/crater-agent-workspace/cargo-home:/opt/rustwide/cargo-home:ro,Z" "-v" "/var/lib/crater-agent-workspace/rustup-home:/opt/rustwide/rustup-home:ro,Z" "-e" "SOURCE_DIR=/opt/rustwide/workdir" "-e" "CARGO_TARGET_DIR=/opt/rustwide/target" "-e" "CARGO_HOME=/opt/rustwide/cargo-home" "-e" "RUSTUP_HOME=/opt/rustwide/rustup-home" "-w" "/opt/rustwide/workdir" "-m" "1610612736" "--user" "0:0" "--network" "none" "ghcr.io/rust-lang/crates-build-env/linux@sha256:f3a9d4ad9d972b27faf3965f35b62e55ba32bbce8f20bc8fe909558a86702fde" "/opt/rustwide/cargo-home/bin/cargo" "+1.83.0" "metadata" "--no-deps" "--format-version=1", kill_on_drop: false }`
[INFO] [stdout] 4ec450fc9850a801756850dd0cafc4908d478a8a1b4d283e7e5a027cb795def1
[INFO] running `Command { std: "docker" "start" "-a" "4ec450fc9850a801756850dd0cafc4908d478a8a1b4d283e7e5a027cb795def1", kill_on_drop: false }`
[INFO] running `Command { std: "docker" "inspect" "4ec450fc9850a801756850dd0cafc4908d478a8a1b4d283e7e5a027cb795def1", kill_on_drop: false }`
[INFO] running `Command { std: "docker" "rm" "-f" "4ec450fc9850a801756850dd0cafc4908d478a8a1b4d283e7e5a027cb795def1", kill_on_drop: false }`
[INFO] [stdout] 4ec450fc9850a801756850dd0cafc4908d478a8a1b4d283e7e5a027cb795def1
[INFO] running `Command { std: "docker" "create" "-v" "/var/lib/crater-agent-workspace/builds/worker-0-tc1/target:/opt/rustwide/target:rw,Z" "-v" "/var/lib/crater-agent-workspace/builds/worker-0-tc1/source:/opt/rustwide/workdir:ro,Z" "-v" "/var/lib/crater-agent-workspace/cargo-home:/opt/rustwide/cargo-home:ro,Z" "-v" "/var/lib/crater-agent-workspace/rustup-home:/opt/rustwide/rustup-home:ro,Z" "-e" "SOURCE_DIR=/opt/rustwide/workdir" "-e" "CARGO_TARGET_DIR=/opt/rustwide/target" "-e" "CARGO_INCREMENTAL=0" "-e" "RUST_BACKTRACE=full" "-e" "RUSTFLAGS=--cap-lints=warn" "-e" "RUSTDOCFLAGS=--cap-lints=warn" "-e" "CARGO_HOME=/opt/rustwide/cargo-home" "-e" "RUSTUP_HOME=/opt/rustwide/rustup-home" "-w" "/opt/rustwide/workdir" "-m" "1610612736" "--user" "0:0" "--network" "none" "ghcr.io/rust-lang/crates-build-env/linux@sha256:f3a9d4ad9d972b27faf3965f35b62e55ba32bbce8f20bc8fe909558a86702fde" "/opt/rustwide/cargo-home/bin/cargo" "+1.83.0" "build" "--frozen" "--message-format=json", kill_on_drop: false }`
[INFO] [stdout] 24ae2691bd0bce95a7fa8ce2022a686a4095c96b94aca13bdce4e7224d04c113
[INFO] running `Command { std: "docker" "start" "-a" "24ae2691bd0bce95a7fa8ce2022a686a4095c96b94aca13bdce4e7224d04c113", kill_on_drop: false }`
[INFO] [stderr]    Compiling proc-macro2 v1.0.92
[INFO] [stderr]    Compiling unicode-ident v1.0.14
[INFO] [stderr]    Compiling libc v0.2.168
[INFO] [stderr]    Compiling cfg-if v1.0.0
[INFO] [stderr]    Compiling byteorder v1.5.0
[INFO] [stderr]    Compiling quote v1.0.37
[INFO] [stderr]    Compiling syn v2.0.90
[INFO] [stderr]    Compiling getrandom v0.2.15
[INFO] [stderr]    Compiling rand_core v0.6.4
[INFO] [stderr]    Compiling zerocopy-derive v0.7.35
[INFO] [stderr]    Compiling zerocopy v0.7.35
[INFO] [stderr]    Compiling ppv-lite86 v0.2.20
[INFO] [stderr]    Compiling rand_chacha v0.3.1
[INFO] [stderr]    Compiling rand v0.8.5
[INFO] [stderr]    Compiling chipmunk-backend v1.0.0 (/opt/rustwide/workdir)
[INFO] [stderr]     Finished `dev` profile [unoptimized + debuginfo] target(s) in 9.40s
[INFO] running `Command { std: "docker" "inspect" "24ae2691bd0bce95a7fa8ce2022a686a4095c96b94aca13bdce4e7224d04c113", kill_on_drop: false }`
[INFO] running `Command { std: "docker" "rm" "-f" "24ae2691bd0bce95a7fa8ce2022a686a4095c96b94aca13bdce4e7224d04c113", kill_on_drop: false }`
[INFO] [stdout] 24ae2691bd0bce95a7fa8ce2022a686a4095c96b94aca13bdce4e7224d04c113
[INFO] running `Command { std: "docker" "create" "-v" "/var/lib/crater-agent-workspace/builds/worker-0-tc1/target:/opt/rustwide/target:rw,Z" "-v" "/var/lib/crater-agent-workspace/builds/worker-0-tc1/source:/opt/rustwide/workdir:ro,Z" "-v" "/var/lib/crater-agent-workspace/cargo-home:/opt/rustwide/cargo-home:ro,Z" "-v" "/var/lib/crater-agent-workspace/rustup-home:/opt/rustwide/rustup-home:ro,Z" "-e" "SOURCE_DIR=/opt/rustwide/workdir" "-e" "CARGO_TARGET_DIR=/opt/rustwide/target" "-e" "CARGO_INCREMENTAL=0" "-e" "RUST_BACKTRACE=full" "-e" "RUSTFLAGS=--cap-lints=warn" "-e" "RUSTDOCFLAGS=--cap-lints=warn" "-e" "CARGO_HOME=/opt/rustwide/cargo-home" "-e" "RUSTUP_HOME=/opt/rustwide/rustup-home" "-w" "/opt/rustwide/workdir" "-m" "1610612736" "--user" "0:0" "--network" "none" "ghcr.io/rust-lang/crates-build-env/linux@sha256:f3a9d4ad9d972b27faf3965f35b62e55ba32bbce8f20bc8fe909558a86702fde" "/opt/rustwide/cargo-home/bin/cargo" "+1.83.0" "test" "--frozen" "--no-run" "--message-format=json", kill_on_drop: false }`
[INFO] [stdout] 56ce2cc9f21a693af817139231da1d2a258886af44e958bd70efaf18ba62950a
[INFO] running `Command { std: "docker" "start" "-a" "56ce2cc9f21a693af817139231da1d2a258886af44e958bd70efaf18ba62950a", kill_on_drop: false }`
[INFO] [stderr]    Compiling chipmunk-backend v1.0.0 (/opt/rustwide/workdir)
[INFO] [stderr]     Finished `test` profile [unoptimized + debuginfo] target(s) in 0.63s
[INFO] running `Command { std: "docker" "inspect" "56ce2cc9f21a693af817139231da1d2a258886af44e958bd70efaf18ba62950a", kill_on_drop: false }`
[INFO] running `Command { std: "docker" "rm" "-f" "56ce2cc9f21a693af817139231da1d2a258886af44e958bd70efaf18ba62950a", kill_on_drop: false }`
[INFO] [stdout] 56ce2cc9f21a693af817139231da1d2a258886af44e958bd70efaf18ba62950a
[INFO] running `Command { std: "docker" "create" "-v" "/var/lib/crater-agent-workspace/builds/worker-0-tc1/target:/opt/rustwide/target:rw,Z" "-v" "/var/lib/crater-agent-workspace/builds/worker-0-tc1/source:/opt/rustwide/workdir:ro,Z" "-v" "/var/lib/crater-agent-workspace/cargo-home:/opt/rustwide/cargo-home:ro,Z" "-v" "/var/lib/crater-agent-workspace/rustup-home:/opt/rustwide/rustup-home:ro,Z" "-e" "SOURCE_DIR=/opt/rustwide/workdir" "-e" "CARGO_TARGET_DIR=/opt/rustwide/target" "-e" "CARGO_INCREMENTAL=0" "-e" "RUST_BACKTRACE=full" "-e" "RUSTFLAGS=--cap-lints=warn" "-e" "RUSTDOCFLAGS=--cap-lints=warn" "-e" "CARGO_HOME=/opt/rustwide/cargo-home" "-e" "RUSTUP_HOME=/opt/rustwide/rustup-home" "-w" "/opt/rustwide/workdir" "-m" "1610612736" "--user" "0:0" "--network" "none" "ghcr.io/rust-lang/crates-build-env/linux@sha256:f3a9d4ad9d972b27faf3965f35b62e55ba32bbce8f20bc8fe909558a86702fde" "/opt/rustwide/cargo-home/bin/cargo" "+1.83.0" "test" "--frozen", kill_on_drop: false }`
[INFO] [stdout] 95d10516475e20b88183a17c60e5b14adcfa8747c4224a03f9c80b9ac1064082
[INFO] running `Command { std: "docker" "start" "-a" "95d10516475e20b88183a17c60e5b14adcfa8747c4224a03f9c80b9ac1064082", kill_on_drop: false }`
[INFO] [stderr]     Finished `test` profile [unoptimized + debuginfo] target(s) in 0.02s
[INFO] [stderr]      Running unittests src/lib.rs (/opt/rustwide/target/debug/deps/chipmunk_backend-0a7bfc8df5b4982b)
[INFO] [stdout] 
[INFO] [stdout] running 2 tests
[INFO] [stderr]    Doc-tests chipmunk_backend
[INFO] [stdout] test utils::tests::bcd_works ... ok
[INFO] [stdout] test utils::tests::simple ... ok
[INFO] [stdout] 
[INFO] [stdout] test result: ok. 2 passed; 0 failed; 0 ignored; 0 measured; 0 filtered out; finished in 0.00s
[INFO] [stdout] 
[INFO] [stdout] 
[INFO] [stdout] running 2 tests
[INFO] [stdout] test src/utils.rs - utils::stretch_u16 (line 23) ... FAILED
[INFO] [stdout] test src/utils.rs - utils::bcd (line 4) ... FAILED
[INFO] [stdout] 
[INFO] [stdout] failures:
[INFO] [stdout] 
[INFO] [stdout] ---- src/utils.rs - utils::stretch_u16 (line 23) stdout ----
[INFO] [stdout] error[E0425]: cannot find function `stretch_u16` in this scope
[INFO] [stdout]  --> src/utils.rs:24:1
[INFO] [stdout]   |
[INFO] [stdout] 3 | stretch_u16(0x6278) == [0x06, 0x02, 0x07, 0x08];
[INFO] [stdout]   | ^^^^^^^^^^^ not found in this scope
[INFO] [stdout] 
[INFO] [stdout] error: aborting due to 1 previous error
[INFO] [stdout] 
[INFO] [stdout] For more information about this error, try `rustc --explain E0425`.
[INFO] [stdout] Couldn't compile the test.
[INFO] [stdout] ---- src/utils.rs - utils::bcd (line 4) stdout ----
[INFO] [stdout] error[E0425]: cannot find function `bcd` in this scope
[INFO] [stdout]  --> src/utils.rs:5:1
[INFO] [stdout]   |
[INFO] [stdout] 3 | bcd(104) == [1, 0, 4];
[INFO] [stdout]   | ^^^ not found in this scope
[INFO] [stdout] 
[INFO] [stdout] error[E0425]: cannot find function `bcd` in this scope
[INFO] [stdout]  --> src/utils.rs:6:1
[INFO] [stdout]   |
[INFO] [stdout] 4 | bcd(0xFA) == [2, 5, 0];
[INFO] [stdout]   | ^^^ not found in this scope
[INFO] [stdout] 
[INFO] [stdout] error: aborting due to 2 previous errors
[INFO] [stdout] 
[INFO] [stdout] For more information about this error, try `rustc --explain E0425`.
[INFO] [stdout] Couldn't compile the test.
[INFO] [stdout] 
[INFO] [stdout] failures:
[INFO] [stdout]     src/utils.rs - utils::bcd (line 4)
[INFO] [stdout]     src/utils.rs - utils::stretch_u16 (line 23)
[INFO] [stdout] 
[INFO] [stdout] test result: FAILED. 0 passed; 2 failed; 0 ignored; 0 measured; 0 filtered out; finished in 0.15s
[INFO] [stdout] 
[INFO] [stderr] error: doctest failed, to rerun pass `--doc`
[INFO] running `Command { std: "docker" "inspect" "95d10516475e20b88183a17c60e5b14adcfa8747c4224a03f9c80b9ac1064082", kill_on_drop: false }`
[INFO] running `Command { std: "docker" "rm" "-f" "95d10516475e20b88183a17c60e5b14adcfa8747c4224a03f9c80b9ac1064082", kill_on_drop: false }`
[INFO] [stdout] 95d10516475e20b88183a17c60e5b14adcfa8747c4224a03f9c80b9ac1064082
