[INFO] fetching crate chinese-numerals 0.2.2...
[INFO] testing chinese-numerals-0.2.2 against 1.83.0 for beta-1.84.0-4-retry
[INFO] extracting crate chinese-numerals 0.2.2 into /workspace/builds/worker-6-tc1/source
[INFO] validating manifest of crates.io crate chinese-numerals 0.2.2 on toolchain 1.83.0
[INFO] running `Command { std: CARGO_HOME="/workspace/cargo-home" RUSTUP_HOME="/workspace/rustup-home" "/workspace/cargo-home/bin/cargo" "+1.83.0" "metadata" "--manifest-path" "Cargo.toml" "--no-deps", kill_on_drop: false }`
[INFO] started tweaking crates.io crate chinese-numerals 0.2.2
[INFO] finished tweaking crates.io crate chinese-numerals 0.2.2
[INFO] tweaked toml for crates.io crate chinese-numerals 0.2.2 written to /workspace/builds/worker-6-tc1/source/Cargo.toml
[INFO] running `Command { std: CARGO_HOME="/workspace/cargo-home" RUSTUP_HOME="/workspace/rustup-home" "/workspace/cargo-home/bin/cargo" "+1.83.0" "generate-lockfile" "--manifest-path" "Cargo.toml", kill_on_drop: false }`
[INFO] [stderr]     Updating crates.io index
[INFO] [stderr]      Locking 4 packages to latest compatible versions
[INFO] running `Command { std: CARGO_HOME="/workspace/cargo-home" RUSTUP_HOME="/workspace/rustup-home" "/workspace/cargo-home/bin/cargo" "+1.83.0" "fetch" "--manifest-path" "Cargo.toml", kill_on_drop: false }`
[INFO] running `Command { std: "docker" "create" "-v" "/var/lib/crater-agent-workspace/builds/worker-6-tc1/target:/opt/rustwide/target:rw,Z" "-v" "/var/lib/crater-agent-workspace/builds/worker-6-tc1/source:/opt/rustwide/workdir:ro,Z" "-v" "/var/lib/crater-agent-workspace/cargo-home:/opt/rustwide/cargo-home:ro,Z" "-v" "/var/lib/crater-agent-workspace/rustup-home:/opt/rustwide/rustup-home:ro,Z" "-e" "SOURCE_DIR=/opt/rustwide/workdir" "-e" "CARGO_TARGET_DIR=/opt/rustwide/target" "-e" "CARGO_HOME=/opt/rustwide/cargo-home" "-e" "RUSTUP_HOME=/opt/rustwide/rustup-home" "-w" "/opt/rustwide/workdir" "-m" "1610612736" "--user" "0:0" "--network" "none" "ghcr.io/rust-lang/crates-build-env/linux@sha256:f3a9d4ad9d972b27faf3965f35b62e55ba32bbce8f20bc8fe909558a86702fde" "/opt/rustwide/cargo-home/bin/cargo" "+1.83.0" "metadata" "--no-deps" "--format-version=1", kill_on_drop: false }`
[INFO] [stdout] 09198e44d76a474a7ee25237c704991cec286f542c80f7dbfbf65e1e8c0bb489
[INFO] running `Command { std: "docker" "start" "-a" "09198e44d76a474a7ee25237c704991cec286f542c80f7dbfbf65e1e8c0bb489", kill_on_drop: false }`
[INFO] running `Command { std: "docker" "inspect" "09198e44d76a474a7ee25237c704991cec286f542c80f7dbfbf65e1e8c0bb489", kill_on_drop: false }`
[INFO] running `Command { std: "docker" "rm" "-f" "09198e44d76a474a7ee25237c704991cec286f542c80f7dbfbf65e1e8c0bb489", kill_on_drop: false }`
[INFO] [stdout] 09198e44d76a474a7ee25237c704991cec286f542c80f7dbfbf65e1e8c0bb489
[INFO] running `Command { std: "docker" "create" "-v" "/var/lib/crater-agent-workspace/builds/worker-6-tc1/target:/opt/rustwide/target:rw,Z" "-v" "/var/lib/crater-agent-workspace/builds/worker-6-tc1/source:/opt/rustwide/workdir:ro,Z" "-v" "/var/lib/crater-agent-workspace/cargo-home:/opt/rustwide/cargo-home:ro,Z" "-v" "/var/lib/crater-agent-workspace/rustup-home:/opt/rustwide/rustup-home:ro,Z" "-e" "SOURCE_DIR=/opt/rustwide/workdir" "-e" "CARGO_TARGET_DIR=/opt/rustwide/target" "-e" "CARGO_INCREMENTAL=0" "-e" "RUST_BACKTRACE=full" "-e" "RUSTFLAGS=--cap-lints=warn" "-e" "RUSTDOCFLAGS=--cap-lints=warn" "-e" "CARGO_HOME=/opt/rustwide/cargo-home" "-e" "RUSTUP_HOME=/opt/rustwide/rustup-home" "-w" "/opt/rustwide/workdir" "-m" "1610612736" "--user" "0:0" "--network" "none" "ghcr.io/rust-lang/crates-build-env/linux@sha256:f3a9d4ad9d972b27faf3965f35b62e55ba32bbce8f20bc8fe909558a86702fde" "/opt/rustwide/cargo-home/bin/cargo" "+1.83.0" "build" "--frozen" "--message-format=json", kill_on_drop: false }`
[INFO] [stdout] 4ffe889f6d79e012d5d092e50f820eb0a9ed0c1178191eec67e562c5ca6a0bd9
[INFO] running `Command { std: "docker" "start" "-a" "4ffe889f6d79e012d5d092e50f820eb0a9ed0c1178191eec67e562c5ca6a0bd9", kill_on_drop: false }`
[INFO] [stderr]    Compiling chinese-numerals v0.2.2 (/opt/rustwide/workdir)
[INFO] [stderr]     Finished `dev` profile [unoptimized + debuginfo] target(s) in 0.36s
[INFO] running `Command { std: "docker" "inspect" "4ffe889f6d79e012d5d092e50f820eb0a9ed0c1178191eec67e562c5ca6a0bd9", kill_on_drop: false }`
[INFO] running `Command { std: "docker" "rm" "-f" "4ffe889f6d79e012d5d092e50f820eb0a9ed0c1178191eec67e562c5ca6a0bd9", kill_on_drop: false }`
[INFO] [stdout] 4ffe889f6d79e012d5d092e50f820eb0a9ed0c1178191eec67e562c5ca6a0bd9
[INFO] running `Command { std: "docker" "create" "-v" "/var/lib/crater-agent-workspace/builds/worker-6-tc1/target:/opt/rustwide/target:rw,Z" "-v" "/var/lib/crater-agent-workspace/builds/worker-6-tc1/source:/opt/rustwide/workdir:ro,Z" "-v" "/var/lib/crater-agent-workspace/cargo-home:/opt/rustwide/cargo-home:ro,Z" "-v" "/var/lib/crater-agent-workspace/rustup-home:/opt/rustwide/rustup-home:ro,Z" "-e" "SOURCE_DIR=/opt/rustwide/workdir" "-e" "CARGO_TARGET_DIR=/opt/rustwide/target" "-e" "CARGO_INCREMENTAL=0" "-e" "RUST_BACKTRACE=full" "-e" "RUSTFLAGS=--cap-lints=warn" "-e" "RUSTDOCFLAGS=--cap-lints=warn" "-e" "CARGO_HOME=/opt/rustwide/cargo-home" "-e" "RUSTUP_HOME=/opt/rustwide/rustup-home" "-w" "/opt/rustwide/workdir" "-m" "1610612736" "--user" "0:0" "--network" "none" "ghcr.io/rust-lang/crates-build-env/linux@sha256:f3a9d4ad9d972b27faf3965f35b62e55ba32bbce8f20bc8fe909558a86702fde" "/opt/rustwide/cargo-home/bin/cargo" "+1.83.0" "test" "--frozen" "--no-run" "--message-format=json", kill_on_drop: false }`
[INFO] [stdout] 524e3888a8c152ab60b7a0bef19d7fca9cfdba49444e1fcf16aa11dc3b7e0a3d
[INFO] running `Command { std: "docker" "start" "-a" "524e3888a8c152ab60b7a0bef19d7fca9cfdba49444e1fcf16aa11dc3b7e0a3d", kill_on_drop: false }`
[INFO] [stderr]    Compiling autocfg v1.4.0
[INFO] [stderr]    Compiling num-traits v0.2.19
[INFO] [stderr]    Compiling num-integer v0.1.46
[INFO] [stderr]    Compiling num-bigint v0.4.6
[INFO] [stderr]    Compiling chinese-numerals v0.2.2 (/opt/rustwide/workdir)
[INFO] [stderr]     Finished `test` profile [unoptimized + debuginfo] target(s) in 4.43s
[INFO] running `Command { std: "docker" "inspect" "524e3888a8c152ab60b7a0bef19d7fca9cfdba49444e1fcf16aa11dc3b7e0a3d", kill_on_drop: false }`
[INFO] running `Command { std: "docker" "rm" "-f" "524e3888a8c152ab60b7a0bef19d7fca9cfdba49444e1fcf16aa11dc3b7e0a3d", kill_on_drop: false }`
[INFO] [stdout] 524e3888a8c152ab60b7a0bef19d7fca9cfdba49444e1fcf16aa11dc3b7e0a3d
[INFO] running `Command { std: "docker" "create" "-v" "/var/lib/crater-agent-workspace/builds/worker-6-tc1/target:/opt/rustwide/target:rw,Z" "-v" "/var/lib/crater-agent-workspace/builds/worker-6-tc1/source:/opt/rustwide/workdir:ro,Z" "-v" "/var/lib/crater-agent-workspace/cargo-home:/opt/rustwide/cargo-home:ro,Z" "-v" "/var/lib/crater-agent-workspace/rustup-home:/opt/rustwide/rustup-home:ro,Z" "-e" "SOURCE_DIR=/opt/rustwide/workdir" "-e" "CARGO_TARGET_DIR=/opt/rustwide/target" "-e" "CARGO_INCREMENTAL=0" "-e" "RUST_BACKTRACE=full" "-e" "RUSTFLAGS=--cap-lints=warn" "-e" "RUSTDOCFLAGS=--cap-lints=warn" "-e" "CARGO_HOME=/opt/rustwide/cargo-home" "-e" "RUSTUP_HOME=/opt/rustwide/rustup-home" "-w" "/opt/rustwide/workdir" "-m" "1610612736" "--user" "0:0" "--network" "none" "ghcr.io/rust-lang/crates-build-env/linux@sha256:f3a9d4ad9d972b27faf3965f35b62e55ba32bbce8f20bc8fe909558a86702fde" "/opt/rustwide/cargo-home/bin/cargo" "+1.83.0" "test" "--frozen", kill_on_drop: false }`
[INFO] [stdout] e210b0365df4e74ffcb4f0c24361eedab00cccef55aedb3cc1f325003b9667e7
[INFO] running `Command { std: "docker" "start" "-a" "e210b0365df4e74ffcb4f0c24361eedab00cccef55aedb3cc1f325003b9667e7", kill_on_drop: false }`
[INFO] [stderr]     Finished `test` profile [unoptimized + debuginfo] target(s) in 0.01s
[INFO] [stderr]      Running unittests src/lib.rs (/opt/rustwide/target/debug/deps/chinese_numerals-521020df99976c12)
[INFO] [stdout] 
[INFO] [stdout] running 0 tests
[INFO] [stderr]      Running tests/all_tests.rs (/opt/rustwide/target/debug/deps/all_tests-1361c3c7b72fbf30)
[INFO] [stdout] 
[INFO] [stdout] test result: ok. 0 passed; 0 failed; 0 ignored; 0 measured; 0 filtered out; finished in 0.00s
[INFO] [stdout] 
[INFO] [stdout] 
[INFO] [stdout] running 4 tests
[INFO] [stdout] test long ... ok
[INFO] [stdout] test mid ... ok
[INFO] [stdout] test myriad ... ok
[INFO] [stdout] test short ... ok
[INFO] [stdout] 
[INFO] [stdout] test result: ok. 4 passed; 0 failed; 0 ignored; 0 measured; 0 filtered out; finished in 0.01s
[INFO] [stdout] 
[INFO] [stderr]    Doc-tests chinese_numerals
[INFO] [stdout] 
[INFO] [stdout] running 2 tests
[INFO] [stdout] test src/lib.rs - (line 61) ... FAILED
[INFO] [stdout] test src/lib.rs - (line 33) ... ok
[INFO] [stdout] 
[INFO] [stdout] failures:
[INFO] [stdout] 
[INFO] [stdout] ---- src/lib.rs - (line 61) stdout ----
[INFO] [stdout] error[E0432]: unresolved import `chinese_numerals::LongScaleBigInt`
[INFO] [stdout]   --> src/lib.rs:63:40
[INFO] [stdout]    |
[INFO] [stdout] 5  | use chinese_numerals::{ChineseNumeral, LongScaleBigInt};
[INFO] [stdout]    |                                        ^^^^^^^^^^^^^^^
[INFO] [stdout]    |                                        |
[INFO] [stdout]    |                                        no `LongScaleBigInt` in the root
[INFO] [stdout]    |                                        help: a similar name exists in the module: `LongScaleInt`
[INFO] [stdout]    |
[INFO] [stdout] note: found an item that was configured out
[INFO] [stdout]   --> /opt/rustwide/workdir/src/lib.rs:93:20
[INFO] [stdout]    |
[INFO] [stdout] 93 | pub use longscale::LongScaleBigInt;
[INFO] [stdout]    |                    ^^^^^^^^^^^^^^^
[INFO] [stdout] note: the item is gated behind the `bigint` feature
[INFO] [stdout]   --> /opt/rustwide/workdir/src/lib.rs:92:7
[INFO] [stdout]    |
[INFO] [stdout] 92 | #[cfg(feature = "bigint")]
[INFO] [stdout]    |       ^^^^^^^^^^^^^^^^^^
[INFO] [stdout] 
[INFO] [stdout] error: aborting due to 1 previous error
[INFO] [stdout] 
[INFO] [stdout] For more information about this error, try `rustc --explain E0432`.
[INFO] [stdout] Couldn't compile the test.
[INFO] [stdout] 
[INFO] [stdout] failures:
[INFO] [stdout]     src/lib.rs - (line 61)
[INFO] [stdout] 
[INFO] [stdout] test result: FAILED. 1 passed; 1 failed; 0 ignored; 0 measured; 0 filtered out; finished in 0.24s
[INFO] [stdout] 
[INFO] [stderr] error: doctest failed, to rerun pass `--doc`
[INFO] running `Command { std: "docker" "inspect" "e210b0365df4e74ffcb4f0c24361eedab00cccef55aedb3cc1f325003b9667e7", kill_on_drop: false }`
[INFO] running `Command { std: "docker" "rm" "-f" "e210b0365df4e74ffcb4f0c24361eedab00cccef55aedb3cc1f325003b9667e7", kill_on_drop: false }`
[INFO] [stdout] e210b0365df4e74ffcb4f0c24361eedab00cccef55aedb3cc1f325003b9667e7
