[INFO] fetching crate chicago-gtfs-rt 0.2.2...
[INFO] testing chicago-gtfs-rt-0.2.2 against 1.83.0 for beta-1.84.0-4-retry
[INFO] extracting crate chicago-gtfs-rt 0.2.2 into /workspace/builds/worker-3-tc1/source
[INFO] validating manifest of crates.io crate chicago-gtfs-rt 0.2.2 on toolchain 1.83.0
[INFO] running `Command { std: CARGO_HOME="/workspace/cargo-home" RUSTUP_HOME="/workspace/rustup-home" "/workspace/cargo-home/bin/cargo" "+1.83.0" "metadata" "--manifest-path" "Cargo.toml" "--no-deps", kill_on_drop: false }`
[INFO] started tweaking crates.io crate chicago-gtfs-rt 0.2.2
[INFO] finished tweaking crates.io crate chicago-gtfs-rt 0.2.2
[INFO] tweaked toml for crates.io crate chicago-gtfs-rt 0.2.2 written to /workspace/builds/worker-3-tc1/source/Cargo.toml
[INFO] running `Command { std: CARGO_HOME="/workspace/cargo-home" RUSTUP_HOME="/workspace/rustup-home" "/workspace/cargo-home/bin/cargo" "+1.83.0" "generate-lockfile" "--manifest-path" "Cargo.toml", kill_on_drop: false }`
[INFO] [stderr]     Updating crates.io index
[INFO] [stderr]      Locking 244 packages to latest compatible versions
[INFO] running `Command { std: CARGO_HOME="/workspace/cargo-home" RUSTUP_HOME="/workspace/rustup-home" "/workspace/cargo-home/bin/cargo" "+1.83.0" "fetch" "--manifest-path" "Cargo.toml", kill_on_drop: false }`
[INFO] [stderr]  Downloading crates ...
[INFO] [stderr]   Downloaded gtfs-realtime v0.1.3
[INFO] [stderr]   Downloaded zip-extract v0.2.1
[INFO] [stderr]   Downloaded inline_colorization v0.1.6
[INFO] running `Command { std: "docker" "create" "-v" "/var/lib/crater-agent-workspace/builds/worker-3-tc1/target:/opt/rustwide/target:rw,Z" "-v" "/var/lib/crater-agent-workspace/builds/worker-3-tc1/source:/opt/rustwide/workdir:ro,Z" "-v" "/var/lib/crater-agent-workspace/cargo-home:/opt/rustwide/cargo-home:ro,Z" "-v" "/var/lib/crater-agent-workspace/rustup-home:/opt/rustwide/rustup-home:ro,Z" "-e" "SOURCE_DIR=/opt/rustwide/workdir" "-e" "CARGO_TARGET_DIR=/opt/rustwide/target" "-e" "CARGO_HOME=/opt/rustwide/cargo-home" "-e" "RUSTUP_HOME=/opt/rustwide/rustup-home" "-w" "/opt/rustwide/workdir" "-m" "1610612736" "--user" "0:0" "--network" "none" "ghcr.io/rust-lang/crates-build-env/linux@sha256:f3a9d4ad9d972b27faf3965f35b62e55ba32bbce8f20bc8fe909558a86702fde" "/opt/rustwide/cargo-home/bin/cargo" "+1.83.0" "metadata" "--no-deps" "--format-version=1", kill_on_drop: false }`
[INFO] [stdout] 5428c7f39b8bb8a13ceb04043456f09abd2c96d9df8eb3114fc165ce3d0d9252
[INFO] running `Command { std: "docker" "start" "-a" "5428c7f39b8bb8a13ceb04043456f09abd2c96d9df8eb3114fc165ce3d0d9252", kill_on_drop: false }`
[INFO] running `Command { std: "docker" "inspect" "5428c7f39b8bb8a13ceb04043456f09abd2c96d9df8eb3114fc165ce3d0d9252", kill_on_drop: false }`
[INFO] running `Command { std: "docker" "rm" "-f" "5428c7f39b8bb8a13ceb04043456f09abd2c96d9df8eb3114fc165ce3d0d9252", kill_on_drop: false }`
[INFO] [stdout] 5428c7f39b8bb8a13ceb04043456f09abd2c96d9df8eb3114fc165ce3d0d9252
[INFO] running `Command { std: "docker" "create" "-v" "/var/lib/crater-agent-workspace/builds/worker-3-tc1/target:/opt/rustwide/target:rw,Z" "-v" "/var/lib/crater-agent-workspace/builds/worker-3-tc1/source:/opt/rustwide/workdir:ro,Z" "-v" "/var/lib/crater-agent-workspace/cargo-home:/opt/rustwide/cargo-home:ro,Z" "-v" "/var/lib/crater-agent-workspace/rustup-home:/opt/rustwide/rustup-home:ro,Z" "-e" "SOURCE_DIR=/opt/rustwide/workdir" "-e" "CARGO_TARGET_DIR=/opt/rustwide/target" "-e" "CARGO_INCREMENTAL=0" "-e" "RUST_BACKTRACE=full" "-e" "RUSTFLAGS=--cap-lints=warn" "-e" "RUSTDOCFLAGS=--cap-lints=warn" "-e" "CARGO_HOME=/opt/rustwide/cargo-home" "-e" "RUSTUP_HOME=/opt/rustwide/rustup-home" "-w" "/opt/rustwide/workdir" "-m" "1610612736" "--user" "0:0" "--network" "none" "ghcr.io/rust-lang/crates-build-env/linux@sha256:f3a9d4ad9d972b27faf3965f35b62e55ba32bbce8f20bc8fe909558a86702fde" "/opt/rustwide/cargo-home/bin/cargo" "+1.83.0" "build" "--frozen" "--message-format=json", kill_on_drop: false }`
[INFO] [stdout] e8df3f5a24265bfc6577c0c5ce65760c814d08ae3691b091ba618a1c38b4d007
[INFO] running `Command { std: "docker" "start" "-a" "e8df3f5a24265bfc6577c0c5ce65760c814d08ae3691b091ba618a1c38b4d007", kill_on_drop: false }`
[INFO] [stderr]    Compiling proc-macro2 v1.0.92
[INFO] [stderr]    Compiling unicode-ident v1.0.14
[INFO] [stderr]    Compiling cfg-if v1.0.0
[INFO] [stderr]    Compiling libc v0.2.168
[INFO] [stderr]    Compiling shlex v1.3.0
[INFO] [stderr]    Compiling autocfg v1.4.0
[INFO] [stderr]    Compiling once_cell v1.20.2
[INFO] [stderr]    Compiling smallvec v1.13.2
[INFO] [stderr]    Compiling bytes v1.9.0
[INFO] [stderr]    Compiling pin-project-lite v0.2.15
[INFO] [stderr]    Compiling parking_lot_core v0.9.10
[INFO] [stderr]    Compiling scopeguard v1.2.0
[INFO] [stderr]    Compiling stable_deref_trait v1.2.0
[INFO] [stderr]    Compiling hashbrown v0.15.2
[INFO] [stderr]    Compiling equivalent v1.0.1
[INFO] [stderr]    Compiling futures-core v0.3.31
[INFO] [stderr]    Compiling itoa v1.0.14
[INFO] [stderr]    Compiling vcpkg v0.2.15
[INFO] [stderr]    Compiling anyhow v1.0.94
[INFO] [stderr]    Compiling pkg-config v0.3.31
[INFO] [stderr]    Compiling fnv v1.0.7
[INFO] [stderr]    Compiling writeable v0.5.5
[INFO] [stderr]    Compiling either v1.13.0
[INFO] [stderr]    Compiling litemap v0.7.4
[INFO] [stderr]    Compiling cc v1.2.4
[INFO] [stderr]    Compiling log v0.4.22
[INFO] [stderr]    Compiling tracing-core v0.1.33
[INFO] [stderr]    Compiling serde v1.0.216
[INFO] [stderr]    Compiling rustix v0.38.42
[INFO] [stderr]    Compiling pin-utils v0.1.0
[INFO] [stderr]    Compiling itertools v0.13.0
[INFO] [stderr]    Compiling futures-task v0.3.31
[INFO] [stderr]    Compiling icu_locid_transform_data v1.5.0
[INFO] [stderr]    Compiling futures-sink v0.3.31
[INFO] [stderr]    Compiling lock_api v0.4.12
[INFO] [stderr]    Compiling slab v0.4.9
[INFO] [stderr]    Compiling rustls-pki-types v1.10.1
[INFO] [stderr]    Compiling httparse v1.9.5
[INFO] [stderr]    Compiling http v1.2.0
[INFO] [stderr]    Compiling futures-util v0.3.31
[INFO] [stderr]    Compiling indexmap v2.7.0
[INFO] [stderr]    Compiling openssl v0.10.68
[INFO] [stderr]    Compiling tracing v0.1.41
[INFO] [stderr]    Compiling foreign-types-shared v0.1.1
[INFO] [stderr]    Compiling bitflags v2.6.0
[INFO] [stderr]    Compiling quote v1.0.37
[INFO] [stderr]    Compiling prettyplease v0.2.25
[INFO] [stderr]    Compiling regex-syntax v0.8.5
[INFO] [stderr]    Compiling untrusted v0.9.0
[INFO] [stderr]    Compiling atomic-waker v1.1.2
[INFO] [stderr]    Compiling linux-raw-sys v0.4.14
[INFO] [stderr]    Compiling try-lock v0.2.5
[INFO] [stderr]    Compiling icu_properties_data v1.5.0
[INFO] [stderr]    Compiling spin v0.9.8
[INFO] [stderr]    Compiling want v0.3.1
[INFO] [stderr]    Compiling syn v2.0.90
[INFO] [stderr]    Compiling foreign-types v0.3.2
[INFO] [stderr]    Compiling futures-channel v0.3.31
[INFO] [stderr]    Compiling alloc-no-stdlib v2.0.4
[INFO] [stderr]    Compiling utf16_iter v1.0.5
[INFO] [stderr]    Compiling native-tls v0.2.12
[INFO] [stderr]    Compiling fastrand v2.3.0
[INFO] [stderr]    Compiling write16 v1.0.0
[INFO] [stderr]    Compiling utf8_iter v1.0.4
[INFO] [stderr]    Compiling fixedbitset v0.4.2
[INFO] [stderr]    Compiling signal-hook-registry v1.4.2
[INFO] [stderr]    Compiling socket2 v0.5.8
[INFO] [stderr]    Compiling mio v1.0.3
[INFO] [stderr]    Compiling getrandom v0.2.15
[INFO] [stderr]    Compiling memchr v2.7.4
[INFO] [stderr]    Compiling parking_lot v0.12.3
[INFO] [stderr]    Compiling rustls v0.23.20
[INFO] [stderr]    Compiling http-body v1.0.1
[INFO] [stderr]    Compiling icu_normalizer_data v1.5.0
[INFO] [stderr]    Compiling petgraph v0.6.5
[INFO] [stderr]    Compiling alloc-stdlib v0.2.2
[INFO] [stderr]    Compiling openssl-probe v0.1.5
[INFO] [stderr]    Compiling adler2 v2.0.0
[INFO] [stderr]    Compiling ryu v1.0.18
[INFO] [stderr]    Compiling heck v0.5.0
[INFO] [stderr]    Compiling tower-service v0.3.3
[INFO] [stderr]    Compiling percent-encoding v2.3.1
[INFO] [stderr]    Compiling openssl-sys v0.9.104
[INFO] [stderr]    Compiling ring v0.17.8
[INFO] [stderr]    Compiling subtle v2.6.1
[INFO] [stderr]    Compiling zeroize v1.8.1
[INFO] [stderr]    Compiling multimap v0.10.0
[INFO] [stderr]    Compiling form_urlencoded v1.2.1
[INFO] [stderr]    Compiling miniz_oxide v0.8.0
[INFO] [stderr]    Compiling brotli-decompressor v4.0.1
[INFO] [stderr]    Compiling crc32fast v1.4.2
[INFO] [stderr]    Compiling webpki-roots v0.26.7
[INFO] [stderr]    Compiling serde_json v1.0.133
[INFO] [stderr]    Compiling csv-core v0.1.11
[INFO] [stderr]    Compiling rustls-pemfile v2.2.0
[INFO] [stderr]    Compiling sync_wrapper v1.0.2
[INFO] [stderr]    Compiling encoding_rs v0.8.35
[INFO] [stderr]    Compiling base64 v0.22.1
[INFO] [stderr]    Compiling ipnet v2.10.1
[INFO] [stderr]    Compiling http-body-util v0.1.2
[INFO] [stderr]    Compiling mime v0.3.17
[INFO] [stderr]    Compiling inline_colorization v0.1.6
[INFO] [stderr]    Compiling flate2 v1.0.35
[INFO] [stderr]    Compiling regex-automata v0.4.9
[INFO] [stderr]    Compiling brotli v7.0.0
[INFO] [stderr]    Compiling tempfile v3.14.0
[INFO] [stderr]    Compiling regex v1.11.1
[INFO] [stderr]    Compiling synstructure v0.13.1
[INFO] [stderr]    Compiling rustls-webpki v0.102.8
[INFO] [stderr]    Compiling zerofrom-derive v0.1.5
[INFO] [stderr]    Compiling yoke-derive v0.7.5
[INFO] [stderr]    Compiling zerovec-derive v0.10.3
[INFO] [stderr]    Compiling tokio-macros v2.4.0
[INFO] [stderr]    Compiling displaydoc v0.2.5
[INFO] [stderr]    Compiling icu_provider_macros v1.5.0
[INFO] [stderr]    Compiling prost-derive v0.13.4
[INFO] [stderr]    Compiling serde_derive v1.0.216
[INFO] [stderr]    Compiling openssl-macros v0.1.1
[INFO] [stderr]    Compiling tokio v1.42.0
[INFO] [stderr]    Compiling zerofrom v0.1.5
[INFO] [stderr]    Compiling yoke v0.7.5
[INFO] [stderr]    Compiling zerovec v0.10.4
[INFO] [stderr]    Compiling prost v0.13.4
[INFO] [stderr]    Compiling prost-types v0.13.4
[INFO] [stderr]    Compiling tinystr v0.7.6
[INFO] [stderr]    Compiling icu_collections v1.5.0
[INFO] [stderr]    Compiling icu_locid v1.5.0
[INFO] [stderr]    Compiling icu_provider v1.5.0
[INFO] [stderr]    Compiling prost-build v0.13.4
[INFO] [stderr]    Compiling icu_locid_transform v1.5.0
[INFO] [stderr]    Compiling icu_properties v1.5.1
[INFO] [stderr]    Compiling gtfs-realtime v0.1.3
[INFO] [stderr]    Compiling tokio-util v0.7.13
[INFO] [stderr]    Compiling tokio-rustls v0.26.1
[INFO] [stderr]    Compiling tokio-native-tls v0.3.1
[INFO] [stderr]    Compiling async-compression v0.4.18
[INFO] [stderr]    Compiling h2 v0.4.7
[INFO] [stderr]    Compiling icu_normalizer v1.5.0
[INFO] [stderr]    Compiling serde_urlencoded v0.7.1
[INFO] [stderr]    Compiling csv v1.3.1
[INFO] [stderr]    Compiling idna_adapter v1.2.0
[INFO] [stderr]    Compiling idna v1.0.3
[INFO] [stderr]    Compiling url v2.5.4
[INFO] [stderr]    Compiling hyper v1.5.1
[INFO] [stderr]    Compiling hyper-util v0.1.10
[INFO] [stderr]    Compiling hyper-rustls v0.27.3
[INFO] [stderr]    Compiling hyper-tls v0.6.0
[INFO] [stderr]    Compiling reqwest v0.12.9
[INFO] [stderr]    Compiling chicago-gtfs-rt v0.2.2 (/opt/rustwide/workdir)
[INFO] [stdout] warning: unused imports: `FeedHeader` and `VehiclePosition`
[INFO] [stdout]  --> src/lib.rs:1:33
[INFO] [stdout]   |
[INFO] [stdout] 1 | use gtfs_realtime::{FeedEntity, FeedHeader, FeedMessage, VehiclePosition};
[INFO] [stdout]   |                                 ^^^^^^^^^^               ^^^^^^^^^^^^^^^
[INFO] [stdout]   |
[INFO] [stdout]   = note: `#[warn(unused_imports)]` on by default
[INFO] [stdout] 
[INFO] [stdout] 
[INFO] [stdout] warning: unused import: `std::error::Error`
[INFO] [stdout]  --> src/lib.rs:5:5
[INFO] [stdout]   |
[INFO] [stdout] 5 | use std::error::Error;
[INFO] [stdout]   |     ^^^^^^^^^^^^^^^^^
[INFO] [stdout] 
[INFO] [stdout] 
[INFO] [stdout] warning: unused variable: `train_map`
[INFO] [stdout]    --> src/lib.rs:120:43
[INFO] [stdout]     |
[INFO] [stdout] 120 |                 serde_json::Value::Object(train_map) => {
[INFO] [stdout]     |                                           ^^^^^^^^^ help: if this is intentional, prefix it with an underscore: `_train_map`
[INFO] [stdout]     |
[INFO] [stdout]     = note: `#[warn(unused_variables)]` on by default
[INFO] [stdout] 
[INFO] [stdout] 
[INFO] [stdout] warning: unused variable: `train_map`
[INFO] [stdout]    --> src/lib.rs:126:42
[INFO] [stdout]     |
[INFO] [stdout] 126 |                 serde_json::Value::Array(train_map) => {
[INFO] [stdout]     |                                          ^^^^^^^^^ help: if this is intentional, prefix it with an underscore: `_train_map`
[INFO] [stdout] 
[INFO] [stdout] 
[INFO] [stdout] warning: structure field `errCd` should have a snake case name
[INFO] [stdout]   --> src/lib.rs:29:5
[INFO] [stdout]    |
[INFO] [stdout] 29 |     errCd: String,
[INFO] [stdout]    |     ^^^^^ help: convert the identifier to snake case: `err_cd`
[INFO] [stdout]    |
[INFO] [stdout]    = note: `#[warn(non_snake_case)]` on by default
[INFO] [stdout] 
[INFO] [stdout] 
[INFO] [stdout] warning: structure field `errNm` should have a snake case name
[INFO] [stdout]   --> src/lib.rs:30:5
[INFO] [stdout]    |
[INFO] [stdout] 30 |     errNm: Option<String>,
[INFO] [stdout]    |     ^^^^^ help: convert the identifier to snake case: `err_nm`
[INFO] [stdout] 
[INFO] [stdout] 
[INFO] [stdout] warning: constant `alltrainlines` should have an upper case name
[INFO] [stdout]   --> src/lib.rs:69:7
[INFO] [stdout]    |
[INFO] [stdout] 69 | const alltrainlines: &str = "Red,P,Y,Blue,Pink,G,Org,Brn";
[INFO] [stdout]    |       ^^^^^^^^^^^^^ help: convert the identifier to upper case: `ALLTRAINLINES`
[INFO] [stdout]    |
[INFO] [stdout]    = note: `#[warn(non_upper_case_globals)]` on by default
[INFO] [stdout] 
[INFO] [stdout] 
[INFO] [stderr]     Finished `dev` profile [unoptimized + debuginfo] target(s) in 1m 12s
[INFO] running `Command { std: "docker" "inspect" "e8df3f5a24265bfc6577c0c5ce65760c814d08ae3691b091ba618a1c38b4d007", kill_on_drop: false }`
[INFO] running `Command { std: "docker" "rm" "-f" "e8df3f5a24265bfc6577c0c5ce65760c814d08ae3691b091ba618a1c38b4d007", kill_on_drop: false }`
[INFO] [stdout] e8df3f5a24265bfc6577c0c5ce65760c814d08ae3691b091ba618a1c38b4d007
[INFO] running `Command { std: "docker" "create" "-v" "/var/lib/crater-agent-workspace/builds/worker-3-tc1/target:/opt/rustwide/target:rw,Z" "-v" "/var/lib/crater-agent-workspace/builds/worker-3-tc1/source:/opt/rustwide/workdir:ro,Z" "-v" "/var/lib/crater-agent-workspace/cargo-home:/opt/rustwide/cargo-home:ro,Z" "-v" "/var/lib/crater-agent-workspace/rustup-home:/opt/rustwide/rustup-home:ro,Z" "-e" "SOURCE_DIR=/opt/rustwide/workdir" "-e" "CARGO_TARGET_DIR=/opt/rustwide/target" "-e" "CARGO_INCREMENTAL=0" "-e" "RUST_BACKTRACE=full" "-e" "RUSTFLAGS=--cap-lints=warn" "-e" "RUSTDOCFLAGS=--cap-lints=warn" "-e" "CARGO_HOME=/opt/rustwide/cargo-home" "-e" "RUSTUP_HOME=/opt/rustwide/rustup-home" "-w" "/opt/rustwide/workdir" "-m" "1610612736" "--user" "0:0" "--network" "none" "ghcr.io/rust-lang/crates-build-env/linux@sha256:f3a9d4ad9d972b27faf3965f35b62e55ba32bbce8f20bc8fe909558a86702fde" "/opt/rustwide/cargo-home/bin/cargo" "+1.83.0" "test" "--frozen" "--no-run" "--message-format=json", kill_on_drop: false }`
[INFO] [stdout] d4687b8cdcdcbfe25777f2ece424d9f31bd34a2372670c4d01a497af602d19c9
[INFO] running `Command { std: "docker" "start" "-a" "d4687b8cdcdcbfe25777f2ece424d9f31bd34a2372670c4d01a497af602d19c9", kill_on_drop: false }`
[INFO] [stderr]    Compiling typenum v1.17.0
[INFO] [stderr]    Compiling version_check v0.9.5
[INFO] [stderr]    Compiling jobserver v0.1.32
[INFO] [stderr]    Compiling getrandom v0.2.15
[INFO] [stderr]    Compiling zeroize_derive v1.4.2
[INFO] [stderr]    Compiling byteorder v1.5.0
[INFO] [stderr]    Compiling zerocopy-derive v0.7.35
[INFO] [stderr]    Compiling zstd-safe v7.2.1
[INFO] [stderr]    Compiling cpufeatures v0.2.16
[INFO] [stderr]    Compiling powerfmt v0.2.0
[INFO] [stderr]    Compiling crc-catalog v2.4.0
[INFO] [stderr]    Compiling thiserror v2.0.7
[INFO] [stderr]    Compiling thiserror-impl v2.0.7
[INFO] [stderr]    Compiling thiserror v1.0.69
[INFO] [stderr]    Compiling lockfree-object-pool v0.1.6
[INFO] [stderr]    Compiling num-conv v0.1.0
[INFO] [stderr]    Compiling zip v2.2.1
[INFO] [stderr]    Compiling crc v3.2.1
[INFO] [stderr]    Compiling deranged v0.3.11
[INFO] [stderr]    Compiling time-core v0.1.2
[INFO] [stderr]    Compiling cc v1.2.4
[INFO] [stderr]    Compiling rand_core v0.6.4
[INFO] [stderr]    Compiling simd-adler32 v0.3.7
[INFO] [stderr]    Compiling bumpalo v3.16.0
[INFO] [stderr]    Compiling lzma-rs v0.3.0
[INFO] [stderr]    Compiling generic-array v0.14.7
[INFO] [stderr]    Compiling thiserror-impl v1.0.69
[INFO] [stderr]    Compiling deflate64 v0.1.9
[INFO] [stderr]    Compiling constant_time_eq v0.3.1
[INFO] [stderr]    Compiling zopfli v0.8.1
[INFO] [stderr]    Compiling zeroize v1.8.1
[INFO] [stderr]    Compiling time v0.3.37
[INFO] [stderr]    Compiling zerocopy v0.7.35
[INFO] [stderr]    Compiling ppv-lite86 v0.2.20
[INFO] [stderr]    Compiling openssl-sys v0.9.104
[INFO] [stderr]    Compiling ring v0.17.8
[INFO] [stderr]    Compiling zstd-sys v2.0.13+zstd.1.5.6
[INFO] [stderr]    Compiling bzip2-sys v0.1.11+1.0.8
[INFO] [stderr]    Compiling rand_chacha v0.3.1
[INFO] [stderr]    Compiling crypto-common v0.1.6
[INFO] [stderr]    Compiling block-buffer v0.10.4
[INFO] [stderr]    Compiling inout v0.1.3
[INFO] [stderr]    Compiling digest v0.10.7
[INFO] [stderr]    Compiling cipher v0.4.4
[INFO] [stderr]    Compiling rand v0.8.5
[INFO] [stderr]    Compiling hmac v0.12.1
[INFO] [stderr]    Compiling sha1 v0.10.6
[INFO] [stderr]    Compiling aes v0.8.4
[INFO] [stderr]    Compiling pbkdf2 v0.12.2
[INFO] [stderr]    Compiling bzip2 v0.4.4
[INFO] [stderr]    Compiling openssl v0.10.68
[INFO] [stderr]    Compiling native-tls v0.2.12
[INFO] [stderr]    Compiling rustls v0.23.20
[INFO] [stderr]    Compiling rustls-webpki v0.102.8
[INFO] [stderr]    Compiling zstd v0.13.2
[INFO] [stderr]    Compiling tokio-native-tls v0.3.1
[INFO] [stderr]    Compiling hyper-tls v0.6.0
[INFO] [stderr]    Compiling zip-extract v0.2.1
[INFO] [stderr]    Compiling tokio-rustls v0.26.1
[INFO] [stderr]    Compiling hyper-rustls v0.27.3
[INFO] [stderr]    Compiling reqwest v0.12.9
[INFO] [stderr]    Compiling chicago-gtfs-rt v0.2.2 (/opt/rustwide/workdir)
[INFO] [stdout] warning: unused imports: `FeedHeader` and `VehiclePosition`
[INFO] [stdout]  --> src/lib.rs:1:33
[INFO] [stdout]   |
[INFO] [stdout] 1 | use gtfs_realtime::{FeedEntity, FeedHeader, FeedMessage, VehiclePosition};
[INFO] [stdout]   |                                 ^^^^^^^^^^               ^^^^^^^^^^^^^^^
[INFO] [stdout]   |
[INFO] [stdout]   = note: `#[warn(unused_imports)]` on by default
[INFO] [stdout] 
[INFO] [stdout] 
[INFO] [stdout] warning: unused import: `std::error::Error`
[INFO] [stdout]  --> src/lib.rs:5:5
[INFO] [stdout]   |
[INFO] [stdout] 5 | use std::error::Error;
[INFO] [stdout]   |     ^^^^^^^^^^^^^^^^^
[INFO] [stdout] 
[INFO] [stdout] 
[INFO] [stdout] warning: unused variable: `train_map`
[INFO] [stdout]    --> src/lib.rs:120:43
[INFO] [stdout]     |
[INFO] [stdout] 120 |                 serde_json::Value::Object(train_map) => {
[INFO] [stdout]     |                                           ^^^^^^^^^ help: if this is intentional, prefix it with an underscore: `_train_map`
[INFO] [stdout]     |
[INFO] [stdout]     = note: `#[warn(unused_variables)]` on by default
[INFO] [stdout] 
[INFO] [stdout] 
[INFO] [stdout] warning: unused variable: `train_map`
[INFO] [stdout]    --> src/lib.rs:126:42
[INFO] [stdout]     |
[INFO] [stdout] 126 |                 serde_json::Value::Array(train_map) => {
[INFO] [stdout]     |                                          ^^^^^^^^^ help: if this is intentional, prefix it with an underscore: `_train_map`
[INFO] [stdout] 
[INFO] [stdout] 
[INFO] [stdout] warning: structure field `errCd` should have a snake case name
[INFO] [stdout]   --> src/lib.rs:29:5
[INFO] [stdout]    |
[INFO] [stdout] 29 |     errCd: String,
[INFO] [stdout]    |     ^^^^^ help: convert the identifier to snake case: `err_cd`
[INFO] [stdout]    |
[INFO] [stdout]    = note: `#[warn(non_snake_case)]` on by default
[INFO] [stdout] 
[INFO] [stdout] 
[INFO] [stdout] warning: structure field `errNm` should have a snake case name
[INFO] [stdout]   --> src/lib.rs:30:5
[INFO] [stdout]    |
[INFO] [stdout] 30 |     errNm: Option<String>,
[INFO] [stdout]    |     ^^^^^ help: convert the identifier to snake case: `err_nm`
[INFO] [stdout] 
[INFO] [stdout] 
[INFO] [stdout] warning: constant `alltrainlines` should have an upper case name
[INFO] [stdout]   --> src/lib.rs:69:7
[INFO] [stdout]    |
[INFO] [stdout] 69 | const alltrainlines: &str = "Red,P,Y,Blue,Pink,G,Org,Brn";
[INFO] [stdout]    |       ^^^^^^^^^^^^^ help: convert the identifier to upper case: `ALLTRAINLINES`
[INFO] [stdout]    |
[INFO] [stdout]    = note: `#[warn(non_upper_case_globals)]` on by default
[INFO] [stdout] 
[INFO] [stdout] 
[INFO] [stdout] warning: unused imports: `FeedHeader` and `VehiclePosition`
[INFO] [stdout]  --> src/lib.rs:1:33
[INFO] [stdout]   |
[INFO] [stdout] 1 | use gtfs_realtime::{FeedEntity, FeedHeader, FeedMessage, VehiclePosition};
[INFO] [stdout]   |                                 ^^^^^^^^^^               ^^^^^^^^^^^^^^^
[INFO] [stdout]   |
[INFO] [stdout]   = note: `#[warn(unused_imports)]` on by default
[INFO] [stdout] 
[INFO] [stdout] 
[INFO] [stdout] warning: unused import: `std::error::Error`
[INFO] [stdout]  --> src/lib.rs:5:5
[INFO] [stdout]   |
[INFO] [stdout] 5 | use std::error::Error;
[INFO] [stdout]   |     ^^^^^^^^^^^^^^^^^
[INFO] [stdout] 
[INFO] [stdout] 
[INFO] [stdout] warning: unused import: `reqwest::Client`
[INFO] [stdout]    --> src/lib.rs:234:9
[INFO] [stdout]     |
[INFO] [stdout] 234 |     use reqwest::Client;
[INFO] [stdout]     |         ^^^^^^^^^^^^^^^
[INFO] [stdout] 
[INFO] [stdout] 
[INFO] [stdout] warning: unused imports: `fs` and `path::Path`
[INFO] [stdout]    --> src/lib.rs:235:15
[INFO] [stdout]     |
[INFO] [stdout] 235 |     use std::{fs, io, path::Path};
[INFO] [stdout]     |               ^^      ^^^^^^^^^^
[INFO] [stdout] 
[INFO] [stdout] 
[INFO] [stdout] warning: unused variable: `train_map`
[INFO] [stdout]    --> src/lib.rs:120:43
[INFO] [stdout]     |
[INFO] [stdout] 120 |                 serde_json::Value::Object(train_map) => {
[INFO] [stdout]     |                                           ^^^^^^^^^ help: if this is intentional, prefix it with an underscore: `_train_map`
[INFO] [stdout]     |
[INFO] [stdout]     = note: `#[warn(unused_variables)]` on by default
[INFO] [stdout] 
[INFO] [stdout] 
[INFO] [stdout] warning: unused variable: `train_map`
[INFO] [stdout]    --> src/lib.rs:126:42
[INFO] [stdout]     |
[INFO] [stdout] 126 |                 serde_json::Value::Array(train_map) => {
[INFO] [stdout]     |                                          ^^^^^^^^^ help: if this is intentional, prefix it with an underscore: `_train_map`
[INFO] [stdout] 
[INFO] [stdout] 
[INFO] [stdout] warning: structure field `errCd` should have a snake case name
[INFO] [stdout]   --> src/lib.rs:29:5
[INFO] [stdout]    |
[INFO] [stdout] 29 |     errCd: String,
[INFO] [stdout]    |     ^^^^^ help: convert the identifier to snake case: `err_cd`
[INFO] [stdout]    |
[INFO] [stdout]    = note: `#[warn(non_snake_case)]` on by default
[INFO] [stdout] 
[INFO] [stdout] 
[INFO] [stdout] warning: structure field `errNm` should have a snake case name
[INFO] [stdout]   --> src/lib.rs:30:5
[INFO] [stdout]    |
[INFO] [stdout] 30 |     errNm: Option<String>,
[INFO] [stdout]    |     ^^^^^ help: convert the identifier to snake case: `err_nm`
[INFO] [stdout] 
[INFO] [stdout] 
[INFO] [stdout] warning: constant `alltrainlines` should have an upper case name
[INFO] [stdout]   --> src/lib.rs:69:7
[INFO] [stdout]    |
[INFO] [stdout] 69 | const alltrainlines: &str = "Red,P,Y,Blue,Pink,G,Org,Brn";
[INFO] [stdout]    |       ^^^^^^^^^^^^^ help: convert the identifier to upper case: `ALLTRAINLINES`
[INFO] [stdout]    |
[INFO] [stdout]    = note: `#[warn(non_upper_case_globals)]` on by default
[INFO] [stdout] 
[INFO] [stdout] 
[INFO] [stderr]     Finished `test` profile [unoptimized + debuginfo] target(s) in 34.89s
[INFO] running `Command { std: "docker" "inspect" "d4687b8cdcdcbfe25777f2ece424d9f31bd34a2372670c4d01a497af602d19c9", kill_on_drop: false }`
[INFO] running `Command { std: "docker" "rm" "-f" "d4687b8cdcdcbfe25777f2ece424d9f31bd34a2372670c4d01a497af602d19c9", kill_on_drop: false }`
[INFO] [stdout] d4687b8cdcdcbfe25777f2ece424d9f31bd34a2372670c4d01a497af602d19c9
[INFO] running `Command { std: "docker" "create" "-v" "/var/lib/crater-agent-workspace/builds/worker-3-tc1/target:/opt/rustwide/target:rw,Z" "-v" "/var/lib/crater-agent-workspace/builds/worker-3-tc1/source:/opt/rustwide/workdir:ro,Z" "-v" "/var/lib/crater-agent-workspace/cargo-home:/opt/rustwide/cargo-home:ro,Z" "-v" "/var/lib/crater-agent-workspace/rustup-home:/opt/rustwide/rustup-home:ro,Z" "-e" "SOURCE_DIR=/opt/rustwide/workdir" "-e" "CARGO_TARGET_DIR=/opt/rustwide/target" "-e" "CARGO_INCREMENTAL=0" "-e" "RUST_BACKTRACE=full" "-e" "RUSTFLAGS=--cap-lints=warn" "-e" "RUSTDOCFLAGS=--cap-lints=warn" "-e" "CARGO_HOME=/opt/rustwide/cargo-home" "-e" "RUSTUP_HOME=/opt/rustwide/rustup-home" "-w" "/opt/rustwide/workdir" "-m" "1610612736" "--user" "0:0" "--network" "none" "ghcr.io/rust-lang/crates-build-env/linux@sha256:f3a9d4ad9d972b27faf3965f35b62e55ba32bbce8f20bc8fe909558a86702fde" "/opt/rustwide/cargo-home/bin/cargo" "+1.83.0" "test" "--frozen", kill_on_drop: false }`
[INFO] [stdout] ab84815d5eb2d17a242e263c866b089d340ce2f19e4a2a154370aec957a711db
[INFO] running `Command { std: "docker" "start" "-a" "ab84815d5eb2d17a242e263c866b089d340ce2f19e4a2a154370aec957a711db", kill_on_drop: false }`
[INFO] [stderr] warning: unused imports: `FeedHeader` and `VehiclePosition`
[INFO] [stderr]  --> src/lib.rs:1:33
[INFO] [stderr]   |
[INFO] [stderr] 1 | use gtfs_realtime::{FeedEntity, FeedHeader, FeedMessage, VehiclePosition};
[INFO] [stderr]   |                                 ^^^^^^^^^^               ^^^^^^^^^^^^^^^
[INFO] [stderr]   |
[INFO] [stderr]   = note: `#[warn(unused_imports)]` on by default
[INFO] [stderr] 
[INFO] [stderr] warning: unused import: `std::error::Error`
[INFO] [stderr]  --> src/lib.rs:5:5
[INFO] [stderr]   |
[INFO] [stderr] 5 | use std::error::Error;
[INFO] [stderr]   |     ^^^^^^^^^^^^^^^^^
[INFO] [stderr] 
[INFO] [stderr] warning: unused variable: `train_map`
[INFO] [stderr]    --> src/lib.rs:120:43
[INFO] [stderr]     |
[INFO] [stderr] 120 |                 serde_json::Value::Object(train_map) => {
[INFO] [stderr]     |                                           ^^^^^^^^^ help: if this is intentional, prefix it with an underscore: `_train_map`
[INFO] [stderr]     |
[INFO] [stderr]     = note: `#[warn(unused_variables)]` on by default
[INFO] [stderr] 
[INFO] [stderr] warning: unused variable: `train_map`
[INFO] [stderr]    --> src/lib.rs:126:42
[INFO] [stderr]     |
[INFO] [stderr] 126 |                 serde_json::Value::Array(train_map) => {
[INFO] [stderr]     |                                          ^^^^^^^^^ help: if this is intentional, prefix it with an underscore: `_train_map`
[INFO] [stderr] 
[INFO] [stderr] warning: structure field `errCd` should have a snake case name
[INFO] [stderr]   --> src/lib.rs:29:5
[INFO] [stderr]    |
[INFO] [stderr] 29 |     errCd: String,
[INFO] [stderr]    |     ^^^^^ help: convert the identifier to snake case: `err_cd`
[INFO] [stderr]    |
[INFO] [stderr]    = note: `#[warn(non_snake_case)]` on by default
[INFO] [stderr] 
[INFO] [stderr] warning: structure field `errNm` should have a snake case name
[INFO] [stderr]   --> src/lib.rs:30:5
[INFO] [stderr]    |
[INFO] [stderr] 30 |     errNm: Option<String>,
[INFO] [stderr]    |     ^^^^^ help: convert the identifier to snake case: `err_nm`
[INFO] [stderr] 
[INFO] [stderr] warning: constant `alltrainlines` should have an upper case name
[INFO] [stderr]   --> src/lib.rs:69:7
[INFO] [stderr]    |
[INFO] [stderr] 69 | const alltrainlines: &str = "Red,P,Y,Blue,Pink,G,Org,Brn";
[INFO] [stderr]    |       ^^^^^^^^^^^^^ help: convert the identifier to upper case: `ALLTRAINLINES`
[INFO] [stderr]    |
[INFO] [stderr]    = note: `#[warn(non_upper_case_globals)]` on by default
[INFO] [stderr] 
[INFO] [stderr] warning: unused import: `reqwest::Client`
[INFO] [stderr]    --> src/lib.rs:234:9
[INFO] [stderr]     |
[INFO] [stderr] 234 |     use reqwest::Client;
[INFO] [stderr]     |         ^^^^^^^^^^^^^^^
[INFO] [stderr] 
[INFO] [stderr] warning: unused imports: `fs` and `path::Path`
[INFO] [stderr]    --> src/lib.rs:235:15
[INFO] [stderr]     |
[INFO] [stderr] 235 |     use std::{fs, io, path::Path};
[INFO] [stderr]     |               ^^      ^^^^^^^^^^
[INFO] [stderr] 
[INFO] [stderr] warning: `chicago-gtfs-rt` (lib) generated 7 warnings (run `cargo fix --lib -p chicago-gtfs-rt` to apply 2 suggestions)
[INFO] [stderr] warning: `chicago-gtfs-rt` (lib test) generated 9 warnings (7 duplicates) (run `cargo fix --lib -p chicago-gtfs-rt --tests` to apply 2 suggestions)
[INFO] [stderr]     Finished `test` profile [unoptimized + debuginfo] target(s) in 0.25s
[INFO] [stderr]      Running unittests src/lib.rs (/opt/rustwide/target/debug/deps/chicago_gtfs_rt-d0edfcf097df5424)
[INFO] [stdout] 
[INFO] [stdout] running 1 test
[INFO] [stdout] test tests::test_train_feed ... FAILED
[INFO] [stdout] 
[INFO] [stdout] failures:
[INFO] [stdout] 
[INFO] [stdout] ---- tests::test_train_feed stdout ----
[INFO] [stdout] Downloading schedule
[INFO] [stdout] thread 'tests::test_train_feed' panicked at src/lib.rs:258:14:
[INFO] [stdout] download failed: reqwest::Error { kind: Request, url: "https://www.transitchicago.com/downloads/sch_data/google_transit.zip", source: hyper_util::client::legacy::Error(Connect, ConnectError("dns error", Custom { kind: Uncategorized, error: "failed to lookup address information: Temporary failure in name resolution" })) }
[INFO] [stdout] stack backtrace:
[INFO] [stdout]    0:     0x601328065b0a - std::backtrace_rs::backtrace::libunwind::trace::h5a5b8284f2d0c266
[INFO] [stdout]                                at /rustc/90b35a6239c3d8bdabc530a6a0816f7ff89a0aaf/library/std/src/../../backtrace/src/backtrace/libunwind.rs:116:5
[INFO] [stdout]    1:     0x601328065b0a - std::backtrace_rs::backtrace::trace_unsynchronized::h76d4f1c9b0b875e3
[INFO] [stdout]                                at /rustc/90b35a6239c3d8bdabc530a6a0816f7ff89a0aaf/library/std/src/../../backtrace/src/backtrace/mod.rs:66:5
[INFO] [stdout]    2:     0x601328065b0a - std::sys::backtrace::_print_fmt::hc4546b8364a537c6
[INFO] [stdout]                                at /rustc/90b35a6239c3d8bdabc530a6a0816f7ff89a0aaf/library/std/src/sys/backtrace.rs:66:9
[INFO] [stdout]    3:     0x601328065b0a - <std::sys::backtrace::BacktraceLock::print::DisplayBacktrace as core::fmt::Display>::fmt::h5b6bd5631a6d1f6b
[INFO] [stdout]                                at /rustc/90b35a6239c3d8bdabc530a6a0816f7ff89a0aaf/library/std/src/sys/backtrace.rs:39:26
[INFO] [stdout]    4:     0x60132808feb3 - core::fmt::rt::Argument::fmt::h270f6602a2b96f62
[INFO] [stdout]                                at /rustc/90b35a6239c3d8bdabc530a6a0816f7ff89a0aaf/library/core/src/fmt/rt.rs:177:76
[INFO] [stdout]    5:     0x60132808feb3 - core::fmt::write::h7550c97b06c86515
[INFO] [stdout]                                at /rustc/90b35a6239c3d8bdabc530a6a0816f7ff89a0aaf/library/core/src/fmt/mod.rs:1186:21
[INFO] [stdout]    6:     0x601328062123 - std::io::Write::write_fmt::h509ff860e5956e5e
[INFO] [stdout]                                at /rustc/90b35a6239c3d8bdabc530a6a0816f7ff89a0aaf/library/std/src/io/mod.rs:1839:15
[INFO] [stdout]    7:     0x601328065952 - std::sys::backtrace::BacktraceLock::print::h2395ccd2c84ba3aa
[INFO] [stdout]                                at /rustc/90b35a6239c3d8bdabc530a6a0816f7ff89a0aaf/library/std/src/sys/backtrace.rs:42:9
[INFO] [stdout]    8:     0x601328066f6a - std::panicking::default_hook::{{closure}}::he19d4c7230e07961
[INFO] [stdout]                                at /rustc/90b35a6239c3d8bdabc530a6a0816f7ff89a0aaf/library/std/src/panicking.rs:268:22
[INFO] [stdout]    9:     0x601328066d74 - std::panicking::default_hook::hf614597d3c67bbdb
[INFO] [stdout]                                at /rustc/90b35a6239c3d8bdabc530a6a0816f7ff89a0aaf/library/std/src/panicking.rs:292:9
[INFO] [stdout]   10:     0x60132790d5d9 - <alloc::boxed::Box<F,A> as core::ops::function::Fn<Args>>::call::h39b51ce4599c23d1
[INFO] [stdout]                                at /rustc/90b35a6239c3d8bdabc530a6a0816f7ff89a0aaf/library/alloc/src/boxed.rs:2468:9
[INFO] [stdout]   11:     0x60132790d5d9 - test::test_main::{{closure}}::he977ae839a582784
[INFO] [stdout]                                at /rustc/90b35a6239c3d8bdabc530a6a0816f7ff89a0aaf/library/test/src/lib.rs:133:21
[INFO] [stdout]   12:     0x601328067608 - <alloc::boxed::Box<F,A> as core::ops::function::Fn<Args>>::call::h9455091b6b06f9fb
[INFO] [stdout]                                at /rustc/90b35a6239c3d8bdabc530a6a0816f7ff89a0aaf/library/alloc/src/boxed.rs:2468:9
[INFO] [stdout]   13:     0x601328067608 - std::panicking::rust_panic_with_hook::h8942133a8b252070
[INFO] [stdout]                                at /rustc/90b35a6239c3d8bdabc530a6a0816f7ff89a0aaf/library/std/src/panicking.rs:809:13
[INFO] [stdout]   14:     0x6013280673ca - std::panicking::begin_panic_handler::{{closure}}::hb5f5963570096b29
[INFO] [stdout]                                at /rustc/90b35a6239c3d8bdabc530a6a0816f7ff89a0aaf/library/std/src/panicking.rs:674:13
[INFO] [stdout]   15:     0x601328065fe9 - std::sys::backtrace::__rust_end_short_backtrace::h6208cedc1922feda
[INFO] [stdout]                                at /rustc/90b35a6239c3d8bdabc530a6a0816f7ff89a0aaf/library/std/src/sys/backtrace.rs:170:18
[INFO] [stdout]   16:     0x60132806705c - rust_begin_unwind
[INFO] [stdout]                                at /rustc/90b35a6239c3d8bdabc530a6a0816f7ff89a0aaf/library/std/src/panicking.rs:665:5
[INFO] [stdout]   17:     0x601327858390 - core::panicking::panic_fmt::h0c3082644d1bf418
[INFO] [stdout]                                at /rustc/90b35a6239c3d8bdabc530a6a0816f7ff89a0aaf/library/core/src/panicking.rs:74:14
[INFO] [stdout]   18:     0x601327858876 - core::result::unwrap_failed::hd20b4aa073bda1e2
[INFO] [stdout]                                at /rustc/90b35a6239c3d8bdabc530a6a0816f7ff89a0aaf/library/core/src/result.rs:1700:5
[INFO] [stdout]   19:     0x601327876b0f - core::result::Result<T,E>::expect::h0bc7c3dfa0f2699b
[INFO] [stdout]                                at /rustc/90b35a6239c3d8bdabc530a6a0816f7ff89a0aaf/library/core/src/result.rs:1061:23
[INFO] [stdout]   20:     0x601327888113 - chicago_gtfs_rt::tests::test_train_feed::{{closure}}::h862ac642648eef7a
[INFO] [stdout]                                at /opt/rustwide/workdir/src/lib.rs:254:24
[INFO] [stdout]   21:     0x6013278a6642 - <core::pin::Pin<P> as core::future::future::Future>::poll::hf76960e70eeeed06
[INFO] [stdout]                                at /rustc/90b35a6239c3d8bdabc530a6a0816f7ff89a0aaf/library/core/src/future/future.rs:123:9
[INFO] [stdout]   22:     0x6013278a65fd - <core::pin::Pin<P> as core::future::future::Future>::poll::hf2029e122949be58
[INFO] [stdout]                                at /rustc/90b35a6239c3d8bdabc530a6a0816f7ff89a0aaf/library/core/src/future/future.rs:123:9
[INFO] [stdout]   23:     0x6013278ad18f - tokio::runtime::scheduler::current_thread::CoreGuard::block_on::{{closure}}::{{closure}}::{{closure}}::hd9529b46cfa5b5b6
[INFO] [stdout]                                at /opt/rustwide/cargo-home/registry/src/index.crates.io-6f17d22bba15001f/tokio-1.42.0/src/runtime/scheduler/current_thread/mod.rs:729:57
[INFO] [stdout]   24:     0x6013278aced5 - tokio::runtime::coop::with_budget::hee0d25f88347271a
[INFO] [stdout]                                at /opt/rustwide/cargo-home/registry/src/index.crates.io-6f17d22bba15001f/tokio-1.42.0/src/runtime/coop.rs:107:5
[INFO] [stdout]   25:     0x6013278aced5 - tokio::runtime::coop::budget::h85f3e142c3fe2122
[INFO] [stdout]                                at /opt/rustwide/cargo-home/registry/src/index.crates.io-6f17d22bba15001f/tokio-1.42.0/src/runtime/coop.rs:73:5
[INFO] [stdout]   26:     0x6013278aced5 - tokio::runtime::scheduler::current_thread::CoreGuard::block_on::{{closure}}::{{closure}}::h09e37296e07bacf3
[INFO] [stdout]                                at /opt/rustwide/cargo-home/registry/src/index.crates.io-6f17d22bba15001f/tokio-1.42.0/src/runtime/scheduler/current_thread/mod.rs:729:25
[INFO] [stdout]   27:     0x6013278aa3c0 - tokio::runtime::scheduler::current_thread::Context::enter::h2e07a85aa490d4e0
[INFO] [stdout]                                at /opt/rustwide/cargo-home/registry/src/index.crates.io-6f17d22bba15001f/tokio-1.42.0/src/runtime/scheduler/current_thread/mod.rs:428:19
[INFO] [stdout]   28:     0x6013278ac73e - tokio::runtime::scheduler::current_thread::CoreGuard::block_on::{{closure}}::hae3e8a9a606bdd69
[INFO] [stdout]                                at /opt/rustwide/cargo-home/registry/src/index.crates.io-6f17d22bba15001f/tokio-1.42.0/src/runtime/scheduler/current_thread/mod.rs:728:36
[INFO] [stdout]   29:     0x6013278abbb4 - tokio::runtime::scheduler::current_thread::CoreGuard::enter::{{closure}}::h77c5c3ff9c7f1730
[INFO] [stdout]                                at /opt/rustwide/cargo-home/registry/src/index.crates.io-6f17d22bba15001f/tokio-1.42.0/src/runtime/scheduler/current_thread/mod.rs:807:68
[INFO] [stdout]   30:     0x6013278a932b - tokio::runtime::context::scoped::Scoped<T>::set::h6c1545028288a687
[INFO] [stdout]                                at /opt/rustwide/cargo-home/registry/src/index.crates.io-6f17d22bba15001f/tokio-1.42.0/src/runtime/context/scoped.rs:40:9
[INFO] [stdout]   31:     0x60132788b8c9 - tokio::runtime::context::set_scheduler::{{closure}}::h33671b1367ff48cb
[INFO] [stdout]                                at /opt/rustwide/cargo-home/registry/src/index.crates.io-6f17d22bba15001f/tokio-1.42.0/src/runtime/context.rs:180:26
[INFO] [stdout]   32:     0x60132789996d - std::thread::local::LocalKey<T>::try_with::h490ceadaec5fddc7
[INFO] [stdout]                                at /rustc/90b35a6239c3d8bdabc530a6a0816f7ff89a0aaf/library/std/src/thread/local.rs:283:12
[INFO] [stdout]   33:     0x60132789929a - std::thread::local::LocalKey<T>::with::h8a2f900e5c4f1d2c
[INFO] [stdout]                                at /rustc/90b35a6239c3d8bdabc530a6a0816f7ff89a0aaf/library/std/src/thread/local.rs:260:9
[INFO] [stdout]   34:     0x60132788b83d - tokio::runtime::context::set_scheduler::h8f62ddd5b7216b14
[INFO] [stdout]                                at /opt/rustwide/cargo-home/registry/src/index.crates.io-6f17d22bba15001f/tokio-1.42.0/src/runtime/context.rs:180:9
[INFO] [stdout]   35:     0x6013278ab520 - tokio::runtime::scheduler::current_thread::CoreGuard::enter::h2ee06a43349f0f82
[INFO] [stdout]                                at /opt/rustwide/cargo-home/registry/src/index.crates.io-6f17d22bba15001f/tokio-1.42.0/src/runtime/scheduler/current_thread/mod.rs:807:27
[INFO] [stdout]   36:     0x6013278abbd3 - tokio::runtime::scheduler::current_thread::CoreGuard::block_on::h1bb8e4849853d0b6
[INFO] [stdout]                                at /opt/rustwide/cargo-home/registry/src/index.crates.io-6f17d22bba15001f/tokio-1.42.0/src/runtime/scheduler/current_thread/mod.rs:716:19
[INFO] [stdout]   37:     0x6013278a9e4a - tokio::runtime::scheduler::current_thread::CurrentThread::block_on::{{closure}}::h5ad984c3dd3ea743
[INFO] [stdout]                                at /opt/rustwide/cargo-home/registry/src/index.crates.io-6f17d22bba15001f/tokio-1.42.0/src/runtime/scheduler/current_thread/mod.rs:196:28
[INFO] [stdout]   38:     0x601327871c46 - tokio::runtime::context::runtime::enter_runtime::haee77904e7c8f187
[INFO] [stdout]                                at /opt/rustwide/cargo-home/registry/src/index.crates.io-6f17d22bba15001f/tokio-1.42.0/src/runtime/context/runtime.rs:65:16
[INFO] [stdout]   39:     0x6013278a9771 - tokio::runtime::scheduler::current_thread::CurrentThread::block_on::hda14860e47bfd5d8
[INFO] [stdout]                                at /opt/rustwide/cargo-home/registry/src/index.crates.io-6f17d22bba15001f/tokio-1.42.0/src/runtime/scheduler/current_thread/mod.rs:184:9
[INFO] [stdout]   40:     0x60132787d2d3 - tokio::runtime::runtime::Runtime::block_on_inner::hbf1fe52572bda3ed
[INFO] [stdout]                                at /opt/rustwide/cargo-home/registry/src/index.crates.io-6f17d22bba15001f/tokio-1.42.0/src/runtime/runtime.rs:368:47
[INFO] [stdout]   41:     0x60132787d4c7 - tokio::runtime::runtime::Runtime::block_on::h6087a32342ab26e5
[INFO] [stdout]                                at /opt/rustwide/cargo-home/registry/src/index.crates.io-6f17d22bba15001f/tokio-1.42.0/src/runtime/runtime.rs:342:13
[INFO] [stdout]   42:     0x601327887b9e - chicago_gtfs_rt::tests::test_train_feed::h0c27cd6fb3d9bed4
[INFO] [stdout]                                at /opt/rustwide/workdir/src/lib.rs:285:9
[INFO] [stdout]   43:     0x601327887a47 - chicago_gtfs_rt::tests::test_train_feed::{{closure}}::hb3eaaa77c1d65271
[INFO] [stdout]                                at /opt/rustwide/workdir/src/lib.rs:239:31
[INFO] [stdout]   44:     0x60132786dc16 - core::ops::function::FnOnce::call_once::hb254fe0d12eaa54d
[INFO] [stdout]                                at /rustc/90b35a6239c3d8bdabc530a6a0816f7ff89a0aaf/library/core/src/ops/function.rs:250:5
[INFO] [stdout]   45:     0x601327911f9b - core::ops::function::FnOnce::call_once::h109cf8051a59b34e
[INFO] [stdout]                                at /rustc/90b35a6239c3d8bdabc530a6a0816f7ff89a0aaf/library/core/src/ops/function.rs:250:5
[INFO] [stdout]   46:     0x601327911f9b - test::__rust_begin_short_backtrace::hf4fff89d377446ba
[INFO] [stdout]                                at /rustc/90b35a6239c3d8bdabc530a6a0816f7ff89a0aaf/library/test/src/lib.rs:621:18
[INFO] [stdout]   47:     0x6013279117d7 - test::run_test_in_process::{{closure}}::h0e39181dd7ee5a43
[INFO] [stdout]                                at /rustc/90b35a6239c3d8bdabc530a6a0816f7ff89a0aaf/library/test/src/lib.rs:644:60
[INFO] [stdout]   48:     0x6013279117d7 - <core::panic::unwind_safe::AssertUnwindSafe<F> as core::ops::function::FnOnce<()>>::call_once::hc5a66a30f0bdfd1f
[INFO] [stdout]                                at /rustc/90b35a6239c3d8bdabc530a6a0816f7ff89a0aaf/library/core/src/panic/unwind_safe.rs:272:9
[INFO] [stdout]   49:     0x6013279117d7 - std::panicking::try::do_call::h873b7cf639554a5e
[INFO] [stdout]                                at /rustc/90b35a6239c3d8bdabc530a6a0816f7ff89a0aaf/library/std/src/panicking.rs:557:40
[INFO] [stdout]   50:     0x6013279117d7 - std::panicking::try::hdb19862fad9c8bd1
[INFO] [stdout]                                at /rustc/90b35a6239c3d8bdabc530a6a0816f7ff89a0aaf/library/std/src/panicking.rs:520:19
[INFO] [stdout]   51:     0x6013279117d7 - std::panic::catch_unwind::h281fe732d236d260
[INFO] [stdout]                                at /rustc/90b35a6239c3d8bdabc530a6a0816f7ff89a0aaf/library/std/src/panic.rs:358:14
[INFO] [stdout]   52:     0x6013279117d7 - test::run_test_in_process::h949b6df8457ed338
[INFO] [stdout]                                at /rustc/90b35a6239c3d8bdabc530a6a0816f7ff89a0aaf/library/test/src/lib.rs:644:27
[INFO] [stdout]   53:     0x6013279117d7 - test::run_test::{{closure}}::h52c556a6d4740e10
[INFO] [stdout]                                at /rustc/90b35a6239c3d8bdabc530a6a0816f7ff89a0aaf/library/test/src/lib.rs:565:43
[INFO] [stdout]   54:     0x6013278d6ab4 - test::run_test::{{closure}}::h4237f6381c45ccb9
[INFO] [stdout]                                at /rustc/90b35a6239c3d8bdabc530a6a0816f7ff89a0aaf/library/test/src/lib.rs:595:41
[INFO] [stdout]   55:     0x6013278d6ab4 - std::sys::backtrace::__rust_begin_short_backtrace::h505c97a579eca628
[INFO] [stdout]                                at /rustc/90b35a6239c3d8bdabc530a6a0816f7ff89a0aaf/library/std/src/sys/backtrace.rs:154:18
[INFO] [stdout]   56:     0x6013278da17e - std::thread::Builder::spawn_unchecked_::{{closure}}::{{closure}}::h9e86b2e2bc107ea3
[INFO] [stdout]                                at /rustc/90b35a6239c3d8bdabc530a6a0816f7ff89a0aaf/library/std/src/thread/mod.rs:538:17
[INFO] [stdout]   57:     0x6013278da17e - <core::panic::unwind_safe::AssertUnwindSafe<F> as core::ops::function::FnOnce<()>>::call_once::h8b06ddb275ff4a25
[INFO] [stdout]                                at /rustc/90b35a6239c3d8bdabc530a6a0816f7ff89a0aaf/library/core/src/panic/unwind_safe.rs:272:9
[INFO] [stdout]   58:     0x6013278da17e - std::panicking::try::do_call::hb26ecd7cd9a9355d
[INFO] [stdout]                                at /rustc/90b35a6239c3d8bdabc530a6a0816f7ff89a0aaf/library/std/src/panicking.rs:557:40
[INFO] [stdout]   59:     0x6013278da17e - std::panicking::try::h8ddeca9d705f9069
[INFO] [stdout]                                at /rustc/90b35a6239c3d8bdabc530a6a0816f7ff89a0aaf/library/std/src/panicking.rs:520:19
[INFO] [stdout]   60:     0x6013278da17e - std::panic::catch_unwind::h49e1c33078844c46
[INFO] [stdout]                                at /rustc/90b35a6239c3d8bdabc530a6a0816f7ff89a0aaf/library/std/src/panic.rs:358:14
[INFO] [stdout]   61:     0x6013278da17e - std::thread::Builder::spawn_unchecked_::{{closure}}::h6073db6ff56ad35d
[INFO] [stdout]                                at /rustc/90b35a6239c3d8bdabc530a6a0816f7ff89a0aaf/library/std/src/thread/mod.rs:537:30
[INFO] [stdout]   62:     0x6013278da17e - core::ops::function::FnOnce::call_once{{vtable.shim}}::h2c5a5f3779c774f1
[INFO] [stdout]                                at /rustc/90b35a6239c3d8bdabc530a6a0816f7ff89a0aaf/library/core/src/ops/function.rs:250:5
[INFO] [stdout]   63:     0x60132806b8cb - <alloc::boxed::Box<F,A> as core::ops::function::FnOnce<Args>>::call_once::hf75717d9f28faebf
[INFO] [stdout]                                at /rustc/90b35a6239c3d8bdabc530a6a0816f7ff89a0aaf/library/alloc/src/boxed.rs:2454:9
[INFO] [stdout]   64:     0x60132806b8cb - <alloc::boxed::Box<F,A> as core::ops::function::FnOnce<Args>>::call_once::h7bd883a5f3c5f3c1
[INFO] [stdout]                                at /rustc/90b35a6239c3d8bdabc530a6a0816f7ff89a0aaf/library/alloc/src/boxed.rs:2454:9
[INFO] [stdout]   65:     0x60132806b8cb - std::sys::pal::unix::thread::Thread::new::thread_start::hcc78f3943333fa94
[INFO] [stdout]                                at /rustc/90b35a6239c3d8bdabc530a6a0816f7ff89a0aaf/library/std/src/sys/pal/unix/thread.rs:105:17
[INFO] [stdout]   66:     0x708a75304ac3 - <unknown>
[INFO] [stdout]   67:     0x708a75395a04 - clone
[INFO] [stdout]   68:                0x0 - <unknown>
[INFO] [stdout] 
[INFO] [stdout] 
[INFO] [stdout] failures:
[INFO] [stdout]     tests::test_train_feed
[INFO] [stdout] 
[INFO] [stdout] test result: FAILED. 0 passed; 1 failed; 0 ignored; 0 measured; 0 filtered out; finished in 0.07s
[INFO] [stdout] 
[INFO] [stderr] error: test failed, to rerun pass `--lib`
[INFO] running `Command { std: "docker" "inspect" "ab84815d5eb2d17a242e263c866b089d340ce2f19e4a2a154370aec957a711db", kill_on_drop: false }`
[INFO] running `Command { std: "docker" "rm" "-f" "ab84815d5eb2d17a242e263c866b089d340ce2f19e4a2a154370aec957a711db", kill_on_drop: false }`
[INFO] [stdout] ab84815d5eb2d17a242e263c866b089d340ce2f19e4a2a154370aec957a711db
