[INFO] fetching crate checksum_dir 1.0.0...
[INFO] testing checksum_dir-1.0.0 against 1.83.0 for beta-1.84.0-4-retry
[INFO] extracting crate checksum_dir 1.0.0 into /workspace/builds/worker-0-tc1/source
[INFO] validating manifest of crates.io crate checksum_dir 1.0.0 on toolchain 1.83.0
[INFO] running `Command { std: CARGO_HOME="/workspace/cargo-home" RUSTUP_HOME="/workspace/rustup-home" "/workspace/cargo-home/bin/cargo" "+1.83.0" "metadata" "--manifest-path" "Cargo.toml" "--no-deps", kill_on_drop: false }`
[INFO] started tweaking crates.io crate checksum_dir 1.0.0
[INFO] finished tweaking crates.io crate checksum_dir 1.0.0
[INFO] tweaked toml for crates.io crate checksum_dir 1.0.0 written to /workspace/builds/worker-0-tc1/source/Cargo.toml
[INFO] running `Command { std: CARGO_HOME="/workspace/cargo-home" RUSTUP_HOME="/workspace/rustup-home" "/workspace/cargo-home/bin/cargo" "+1.83.0" "generate-lockfile" "--manifest-path" "Cargo.toml", kill_on_drop: false }`
[INFO] [stderr]     Blocking waiting for file lock on package cache
[INFO] [stderr]     Updating crates.io index
[INFO] [stderr]     Blocking waiting for file lock on package cache
[INFO] [stderr]      Locking 58 packages to latest compatible versions
[INFO] running `Command { std: CARGO_HOME="/workspace/cargo-home" RUSTUP_HOME="/workspace/rustup-home" "/workspace/cargo-home/bin/cargo" "+1.83.0" "fetch" "--manifest-path" "Cargo.toml", kill_on_drop: false }`
[INFO] [stderr]     Blocking waiting for file lock on package cache
[INFO] [stderr]     Blocking waiting for file lock on package cache
[INFO] [stderr]  Downloading crates ...
[INFO] [stderr]   Downloaded skein v0.1.0
[INFO] [stderr]   Downloaded md2 v0.10.2
[INFO] [stderr]   Downloaded tiger v0.2.1
[INFO] [stderr]   Downloaded streebog v0.10.2
[INFO] [stderr]   Downloaded whirlpool v0.10.4
[INFO] [stderr]   Downloaded threefish v0.5.2
[INFO] [stderr]   Downloaded ascon v0.3.1
[INFO] [stderr]   Downloaded belt-hash v0.1.1
[INFO] [stderr]   Downloaded gost94 v0.10.4
[INFO] [stderr]   Downloaded groestl v0.10.1
[INFO] [stderr]   Downloaded fsb v0.1.3
[INFO] [stderr]   Downloaded ascon-hash v0.2.0
[INFO] [stderr]   Downloaded sha1-checked v0.10.0
[INFO] [stderr]   Downloaded jh v0.1.0
[INFO] running `Command { std: "docker" "create" "-v" "/var/lib/crater-agent-workspace/builds/worker-0-tc1/target:/opt/rustwide/target:rw,Z" "-v" "/var/lib/crater-agent-workspace/builds/worker-0-tc1/source:/opt/rustwide/workdir:ro,Z" "-v" "/var/lib/crater-agent-workspace/cargo-home:/opt/rustwide/cargo-home:ro,Z" "-v" "/var/lib/crater-agent-workspace/rustup-home:/opt/rustwide/rustup-home:ro,Z" "-e" "SOURCE_DIR=/opt/rustwide/workdir" "-e" "CARGO_TARGET_DIR=/opt/rustwide/target" "-e" "CARGO_HOME=/opt/rustwide/cargo-home" "-e" "RUSTUP_HOME=/opt/rustwide/rustup-home" "-w" "/opt/rustwide/workdir" "-m" "1610612736" "--user" "0:0" "--network" "none" "ghcr.io/rust-lang/crates-build-env/linux@sha256:f3a9d4ad9d972b27faf3965f35b62e55ba32bbce8f20bc8fe909558a86702fde" "/opt/rustwide/cargo-home/bin/cargo" "+1.83.0" "metadata" "--no-deps" "--format-version=1", kill_on_drop: false }`
[INFO] [stdout] beefe516ad54787d32fa1c03fef21d9e1ec24f6a5b238a8e569528551bb857cf
[INFO] running `Command { std: "docker" "start" "-a" "beefe516ad54787d32fa1c03fef21d9e1ec24f6a5b238a8e569528551bb857cf", kill_on_drop: false }`
[INFO] running `Command { std: "docker" "inspect" "beefe516ad54787d32fa1c03fef21d9e1ec24f6a5b238a8e569528551bb857cf", kill_on_drop: false }`
[INFO] running `Command { std: "docker" "rm" "-f" "beefe516ad54787d32fa1c03fef21d9e1ec24f6a5b238a8e569528551bb857cf", kill_on_drop: false }`
[INFO] [stdout] beefe516ad54787d32fa1c03fef21d9e1ec24f6a5b238a8e569528551bb857cf
[INFO] running `Command { std: "docker" "create" "-v" "/var/lib/crater-agent-workspace/builds/worker-0-tc1/target:/opt/rustwide/target:rw,Z" "-v" "/var/lib/crater-agent-workspace/builds/worker-0-tc1/source:/opt/rustwide/workdir:ro,Z" "-v" "/var/lib/crater-agent-workspace/cargo-home:/opt/rustwide/cargo-home:ro,Z" "-v" "/var/lib/crater-agent-workspace/rustup-home:/opt/rustwide/rustup-home:ro,Z" "-e" "SOURCE_DIR=/opt/rustwide/workdir" "-e" "CARGO_TARGET_DIR=/opt/rustwide/target" "-e" "CARGO_INCREMENTAL=0" "-e" "RUST_BACKTRACE=full" "-e" "RUSTFLAGS=--cap-lints=warn" "-e" "RUSTDOCFLAGS=--cap-lints=warn" "-e" "CARGO_HOME=/opt/rustwide/cargo-home" "-e" "RUSTUP_HOME=/opt/rustwide/rustup-home" "-w" "/opt/rustwide/workdir" "-m" "1610612736" "--user" "0:0" "--network" "none" "ghcr.io/rust-lang/crates-build-env/linux@sha256:f3a9d4ad9d972b27faf3965f35b62e55ba32bbce8f20bc8fe909558a86702fde" "/opt/rustwide/cargo-home/bin/cargo" "+1.83.0" "build" "--frozen" "--message-format=json", kill_on_drop: false }`
[INFO] [stdout] 1fbf741598214067fd6aa97f2eecc1a4cdaee682d8429e8f84d7ab87f830143f
[INFO] running `Command { std: "docker" "start" "-a" "1fbf741598214067fd6aa97f2eecc1a4cdaee682d8429e8f84d7ab87f830143f", kill_on_drop: false }`
[INFO] [stderr]    Compiling version_check v0.9.5
[INFO] [stderr]    Compiling typenum v1.17.0
[INFO] [stderr]    Compiling proc-macro2 v1.0.92
[INFO] [stderr]    Compiling unicode-ident v1.0.14
[INFO] [stderr]    Compiling keccak v0.1.5
[INFO] [stderr]    Compiling same-file v1.0.6
[INFO] [stderr]    Compiling walkdir v2.5.0
[INFO] [stderr]    Compiling generic-array v0.14.7
[INFO] [stderr]    Compiling quote v1.0.37
[INFO] [stderr]    Compiling litrs v0.4.1
[INFO] [stderr]    Compiling crypto-common v0.1.6
[INFO] [stderr]    Compiling block-buffer v0.10.4
[INFO] [stderr]    Compiling digest v0.10.7
[INFO] [stderr]    Compiling sha3 v0.10.8
[INFO] [stderr]    Compiling checksum_dir v1.0.0 (/opt/rustwide/workdir)
[INFO] [stderr]     Finished `dev` profile [unoptimized + debuginfo] target(s) in 5.19s
[INFO] running `Command { std: "docker" "inspect" "1fbf741598214067fd6aa97f2eecc1a4cdaee682d8429e8f84d7ab87f830143f", kill_on_drop: false }`
[INFO] running `Command { std: "docker" "rm" "-f" "1fbf741598214067fd6aa97f2eecc1a4cdaee682d8429e8f84d7ab87f830143f", kill_on_drop: false }`
[INFO] [stdout] 1fbf741598214067fd6aa97f2eecc1a4cdaee682d8429e8f84d7ab87f830143f
[INFO] running `Command { std: "docker" "create" "-v" "/var/lib/crater-agent-workspace/builds/worker-0-tc1/target:/opt/rustwide/target:rw,Z" "-v" "/var/lib/crater-agent-workspace/builds/worker-0-tc1/source:/opt/rustwide/workdir:ro,Z" "-v" "/var/lib/crater-agent-workspace/cargo-home:/opt/rustwide/cargo-home:ro,Z" "-v" "/var/lib/crater-agent-workspace/rustup-home:/opt/rustwide/rustup-home:ro,Z" "-e" "SOURCE_DIR=/opt/rustwide/workdir" "-e" "CARGO_TARGET_DIR=/opt/rustwide/target" "-e" "CARGO_INCREMENTAL=0" "-e" "RUST_BACKTRACE=full" "-e" "RUSTFLAGS=--cap-lints=warn" "-e" "RUSTDOCFLAGS=--cap-lints=warn" "-e" "CARGO_HOME=/opt/rustwide/cargo-home" "-e" "RUSTUP_HOME=/opt/rustwide/rustup-home" "-w" "/opt/rustwide/workdir" "-m" "1610612736" "--user" "0:0" "--network" "none" "ghcr.io/rust-lang/crates-build-env/linux@sha256:f3a9d4ad9d972b27faf3965f35b62e55ba32bbce8f20bc8fe909558a86702fde" "/opt/rustwide/cargo-home/bin/cargo" "+1.83.0" "test" "--frozen" "--no-run" "--message-format=json", kill_on_drop: false }`
[INFO] [stdout] edffb2d71a38d8ce4daa11fb76d1459c4469084c158fe7bde2fe317d7538a7e2
[INFO] running `Command { std: "docker" "start" "-a" "edffb2d71a38d8ce4daa11fb76d1459c4469084c158fe7bde2fe317d7538a7e2", kill_on_drop: false }`
[INFO] [stderr]    Compiling checksum_dir v1.0.0 (/opt/rustwide/workdir)
[INFO] [stderr]     Finished `test` profile [unoptimized + debuginfo] target(s) in 0.83s
[INFO] running `Command { std: "docker" "inspect" "edffb2d71a38d8ce4daa11fb76d1459c4469084c158fe7bde2fe317d7538a7e2", kill_on_drop: false }`
[INFO] running `Command { std: "docker" "rm" "-f" "edffb2d71a38d8ce4daa11fb76d1459c4469084c158fe7bde2fe317d7538a7e2", kill_on_drop: false }`
[INFO] [stdout] edffb2d71a38d8ce4daa11fb76d1459c4469084c158fe7bde2fe317d7538a7e2
[INFO] running `Command { std: "docker" "create" "-v" "/var/lib/crater-agent-workspace/builds/worker-0-tc1/target:/opt/rustwide/target:rw,Z" "-v" "/var/lib/crater-agent-workspace/builds/worker-0-tc1/source:/opt/rustwide/workdir:ro,Z" "-v" "/var/lib/crater-agent-workspace/cargo-home:/opt/rustwide/cargo-home:ro,Z" "-v" "/var/lib/crater-agent-workspace/rustup-home:/opt/rustwide/rustup-home:ro,Z" "-e" "SOURCE_DIR=/opt/rustwide/workdir" "-e" "CARGO_TARGET_DIR=/opt/rustwide/target" "-e" "CARGO_INCREMENTAL=0" "-e" "RUST_BACKTRACE=full" "-e" "RUSTFLAGS=--cap-lints=warn" "-e" "RUSTDOCFLAGS=--cap-lints=warn" "-e" "CARGO_HOME=/opt/rustwide/cargo-home" "-e" "RUSTUP_HOME=/opt/rustwide/rustup-home" "-w" "/opt/rustwide/workdir" "-m" "1610612736" "--user" "0:0" "--network" "none" "ghcr.io/rust-lang/crates-build-env/linux@sha256:f3a9d4ad9d972b27faf3965f35b62e55ba32bbce8f20bc8fe909558a86702fde" "/opt/rustwide/cargo-home/bin/cargo" "+1.83.0" "test" "--frozen", kill_on_drop: false }`
[INFO] [stdout] d9af773a62d9fc902f714408ec98e99c64203bf9e4fd533bc4ed6498d4122f08
[INFO] running `Command { std: "docker" "start" "-a" "d9af773a62d9fc902f714408ec98e99c64203bf9e4fd533bc4ed6498d4122f08", kill_on_drop: false }`
[INFO] [stderr]     Finished `test` profile [unoptimized + debuginfo] target(s) in 0.04s
[INFO] [stderr]      Running unittests src/lib.rs (/opt/rustwide/target/debug/deps/checksum_dir-9f517a4c0bbe4dc0)
[INFO] [stdout] 
[INFO] [stdout] running 0 tests
[INFO] [stdout] 
[INFO] [stdout] test result: ok. 0 passed; 0 failed; 0 ignored; 0 measured; 0 filtered out; finished in 0.00s
[INFO] [stdout] 
[INFO] [stderr]    Doc-tests checksum_dir
[INFO] [stdout] 
[INFO] [stdout] running 2 tests
[INFO] [stdout] test src/../readme.md - (line 3) ... FAILED
[INFO] [stdout] test src/lib.rs - checksum (line 30) ... ok
[INFO] [stdout] 
[INFO] [stdout] failures:
[INFO] [stdout] 
[INFO] [stdout] ---- src/../readme.md - (line 3) stdout ----
[INFO] [stdout] error: expected `;`, found `ascon`
[INFO] [stdout]  --> src/../readme.md:4:7
[INFO] [stdout]   |
[INFO] [stdout] 3 | blake2      
[INFO] [stdout]   |       ^ help: add `;` here
[INFO] [stdout] 4 | ascon-hash  
[INFO] [stdout]   | ----- unexpected token
[INFO] [stdout] 
[INFO] [stdout] error: expected `;`, found `belt`
[INFO] [stdout]  --> src/../readme.md:5:11
[INFO] [stdout]   |
[INFO] [stdout] 4 | ascon-hash  
[INFO] [stdout]   |           ^ help: add `;` here
[INFO] [stdout] 5 | belt-hash
[INFO] [stdout]   | ---- unexpected token
[INFO] [stdout] 
[INFO] [stdout] error: expected `;`, found `fsb`
[INFO] [stdout]  --> src/../readme.md:6:10
[INFO] [stdout]   |
[INFO] [stdout] 5 | belt-hash
[INFO] [stdout]   |          ^ help: add `;` here
[INFO] [stdout] 6 | fsb         
[INFO] [stdout]   | --- unexpected token
[INFO] [stdout] 
[INFO] [stdout] error: expected `;`, found `gost94`
[INFO] [stdout]  --> src/../readme.md:7:4
[INFO] [stdout]   |
[INFO] [stdout] 6 | fsb         
[INFO] [stdout]   |    ^ help: add `;` here
[INFO] [stdout] 7 | gost94      
[INFO] [stdout]   | ------ unexpected token
[INFO] [stdout] 
[INFO] [stdout] error: expected `;`, found `groestl`
[INFO] [stdout]  --> src/../readme.md:8:7
[INFO] [stdout]   |
[INFO] [stdout] 7 | gost94      
[INFO] [stdout]   |       ^ help: add `;` here
[INFO] [stdout] 8 | groestl     
[INFO] [stdout]   | ------- unexpected token
[INFO] [stdout] 
[INFO] [stdout] error: expected `;`, found `jh`
[INFO] [stdout]  --> src/../readme.md:9:8
[INFO] [stdout]   |
[INFO] [stdout] 8 | groestl     
[INFO] [stdout]   |        ^ help: add `;` here
[INFO] [stdout] 9 | jh          
[INFO] [stdout]   | -- unexpected token
[INFO] [stdout] 
[INFO] [stdout] error: expected `;`, found `md2`
[INFO] [stdout]   --> src/../readme.md:10:3
[INFO] [stdout]    |
[INFO] [stdout] 9  | jh          
[INFO] [stdout]    |   ^ help: add `;` here
[INFO] [stdout] 10 | md2         
[INFO] [stdout]    | --- unexpected token
[INFO] [stdout] 
[INFO] [stdout] error: expected `;`, found `md4`
[INFO] [stdout]   --> src/../readme.md:11:4
[INFO] [stdout]    |
[INFO] [stdout] 10 | md2         
[INFO] [stdout]    |    ^ help: add `;` here
[INFO] [stdout] 11 | md4         
[INFO] [stdout]    | --- unexpected token
[INFO] [stdout] 
[INFO] [stdout] error: expected `;`, found `md5`
[INFO] [stdout]   --> src/../readme.md:12:4
[INFO] [stdout]    |
[INFO] [stdout] 11 | md4         
[INFO] [stdout]    |    ^ help: add `;` here
[INFO] [stdout] 12 | md5        
[INFO] [stdout]    | --- unexpected token
[INFO] [stdout] 
[INFO] [stdout] error: expected `;`, found `ripemd`
[INFO] [stdout]   --> src/../readme.md:13:4
[INFO] [stdout]    |
[INFO] [stdout] 12 | md5        
[INFO] [stdout]    |    ^ help: add `;` here
[INFO] [stdout] 13 | ripemd      
[INFO] [stdout]    | ------ unexpected token
[INFO] [stdout] 
[INFO] [stdout] error: expected `;`, found `skein`
[INFO] [stdout]   --> src/../readme.md:14:7
[INFO] [stdout]    |
[INFO] [stdout] 13 | ripemd      
[INFO] [stdout]    |       ^ help: add `;` here
[INFO] [stdout] 14 | skein       
[INFO] [stdout]    | ----- unexpected token
[INFO] [stdout] 
[INFO] [stdout] error: expected `;`, found `sm3`
[INFO] [stdout]   --> src/../readme.md:15:6
[INFO] [stdout]    |
[INFO] [stdout] 14 | skein       
[INFO] [stdout]    |      ^ help: add `;` here
[INFO] [stdout] 15 | sm3         
[INFO] [stdout]    | --- unexpected token
[INFO] [stdout] 
[INFO] [stdout] error: expected `;`, found `streebog`
[INFO] [stdout]   --> src/../readme.md:16:4
[INFO] [stdout]    |
[INFO] [stdout] 15 | sm3         
[INFO] [stdout]    |    ^ help: add `;` here
[INFO] [stdout] 16 | streebog    
[INFO] [stdout]    | -------- unexpected token
[INFO] [stdout] 
[INFO] [stdout] error: expected `;`, found `tiger`
[INFO] [stdout]   --> src/../readme.md:17:9
[INFO] [stdout]    |
[INFO] [stdout] 16 | streebog    
[INFO] [stdout]    |         ^ help: add `;` here
[INFO] [stdout] 17 | tiger       
[INFO] [stdout]    | ----- unexpected token
[INFO] [stdout] 
[INFO] [stdout] error: expected `;`, found `whirlpool`
[INFO] [stdout]   --> src/../readme.md:18:6
[INFO] [stdout]    |
[INFO] [stdout] 17 | tiger       
[INFO] [stdout]    |      ^ help: add `;` here
[INFO] [stdout] 18 | whirlpool
[INFO] [stdout]    | --------- unexpected token
[INFO] [stdout] 
[INFO] [stdout] error: expected `;`, found `sha1`
[INFO] [stdout]   --> src/../readme.md:19:10
[INFO] [stdout]    |
[INFO] [stdout] 18 | whirlpool
[INFO] [stdout]    |          ^ help: add `;` here
[INFO] [stdout] 19 | sha1        
[INFO] [stdout]    | ---- unexpected token
[INFO] [stdout] 
[INFO] [stdout] error: expected `;`, found `sha1`
[INFO] [stdout]   --> src/../readme.md:20:5
[INFO] [stdout]    |
[INFO] [stdout] 19 | sha1        
[INFO] [stdout]    |     ^ help: add `;` here
[INFO] [stdout] 20 | sha1-checked
[INFO] [stdout]    | ---- unexpected token
[INFO] [stdout] 
[INFO] [stdout] error: expected `;`, found `sha2`
[INFO] [stdout]   --> src/../readme.md:21:13
[INFO] [stdout]    |
[INFO] [stdout] 20 | sha1-checked
[INFO] [stdout]    |             ^ help: add `;` here
[INFO] [stdout] 21 | sha2        
[INFO] [stdout]    | ---- unexpected token
[INFO] [stdout] 
[INFO] [stdout] error: expected `;`, found `sha3`
[INFO] [stdout]   --> src/../readme.md:22:5
[INFO] [stdout]    |
[INFO] [stdout] 21 | sha2        
[INFO] [stdout]    |     ^ help: add `;` here
[INFO] [stdout] 22 | sha3 [default]
[INFO] [stdout]    | ---- unexpected token
[INFO] [stdout] 
[INFO] [stdout] error[E0423]: expected value, found crate `sha3`
[INFO] [stdout]   --> src/../readme.md:23:1
[INFO] [stdout]    |
[INFO] [stdout] 22 | sha3 [default]
[INFO] [stdout]    | ^^^^ not a value
[INFO] [stdout] 
[INFO] [stdout] error[E0425]: cannot find value `default` in this scope
[INFO] [stdout]   --> src/../readme.md:23:7
[INFO] [stdout]    |
[INFO] [stdout] 22 | sha3 [default]
[INFO] [stdout]    |       ^^^^^^^ not found in this scope
[INFO] [stdout] 
[INFO] [stdout] error: aborting due to 21 previous errors
[INFO] [stdout] 
[INFO] [stdout] Some errors have detailed explanations: E0423, E0425.
[INFO] [stdout] For more information about an error, try `rustc --explain E0423`.
[INFO] [stdout] Couldn't compile the test.
[INFO] [stdout] 
[INFO] [stdout] failures:
[INFO] [stdout]     src/../readme.md - (line 3)
[INFO] [stdout] 
[INFO] [stdout] test result: FAILED. 1 passed; 1 failed; 0 ignored; 0 measured; 0 filtered out; finished in 0.33s
[INFO] [stdout] 
[INFO] [stderr] error: doctest failed, to rerun pass `--doc`
[INFO] running `Command { std: "docker" "inspect" "d9af773a62d9fc902f714408ec98e99c64203bf9e4fd533bc4ed6498d4122f08", kill_on_drop: false }`
[INFO] running `Command { std: "docker" "rm" "-f" "d9af773a62d9fc902f714408ec98e99c64203bf9e4fd533bc4ed6498d4122f08", kill_on_drop: false }`
[INFO] [stdout] d9af773a62d9fc902f714408ec98e99c64203bf9e4fd533bc4ed6498d4122f08
