[INFO] fetching crate chart-js-rs 0.0.45...
[INFO] testing chart-js-rs-0.0.45 against 1.83.0 for beta-1.84.0-4-retry
[INFO] extracting crate chart-js-rs 0.0.45 into /workspace/builds/worker-2-tc1/source
[INFO] validating manifest of crates.io crate chart-js-rs 0.0.45 on toolchain 1.83.0
[INFO] running `Command { std: CARGO_HOME="/workspace/cargo-home" RUSTUP_HOME="/workspace/rustup-home" "/workspace/cargo-home/bin/cargo" "+1.83.0" "metadata" "--manifest-path" "Cargo.toml" "--no-deps", kill_on_drop: false }`
[INFO] started tweaking crates.io crate chart-js-rs 0.0.45
[INFO] finished tweaking crates.io crate chart-js-rs 0.0.45
[INFO] tweaked toml for crates.io crate chart-js-rs 0.0.45 written to /workspace/builds/worker-2-tc1/source/Cargo.toml
[INFO] running `Command { std: CARGO_HOME="/workspace/cargo-home" RUSTUP_HOME="/workspace/rustup-home" "/workspace/cargo-home/bin/cargo" "+1.83.0" "generate-lockfile" "--manifest-path" "Cargo.toml", kill_on_drop: false }`
[INFO] [stderr]     Updating crates.io index
[INFO] [stderr]      Locking 75 packages to latest compatible versions
[INFO] [stderr]       Adding thiserror v1.0.69 (available: v2.0.7)
[INFO] running `Command { std: CARGO_HOME="/workspace/cargo-home" RUSTUP_HOME="/workspace/rustup-home" "/workspace/cargo-home/bin/cargo" "+1.83.0" "fetch" "--manifest-path" "Cargo.toml", kill_on_drop: false }`
[INFO] running `Command { std: "docker" "create" "-v" "/var/lib/crater-agent-workspace/builds/worker-2-tc1/target:/opt/rustwide/target:rw,Z" "-v" "/var/lib/crater-agent-workspace/builds/worker-2-tc1/source:/opt/rustwide/workdir:ro,Z" "-v" "/var/lib/crater-agent-workspace/cargo-home:/opt/rustwide/cargo-home:ro,Z" "-v" "/var/lib/crater-agent-workspace/rustup-home:/opt/rustwide/rustup-home:ro,Z" "-e" "SOURCE_DIR=/opt/rustwide/workdir" "-e" "CARGO_TARGET_DIR=/opt/rustwide/target" "-e" "CARGO_HOME=/opt/rustwide/cargo-home" "-e" "RUSTUP_HOME=/opt/rustwide/rustup-home" "-w" "/opt/rustwide/workdir" "-m" "1610612736" "--user" "0:0" "--network" "none" "ghcr.io/rust-lang/crates-build-env/linux@sha256:f3a9d4ad9d972b27faf3965f35b62e55ba32bbce8f20bc8fe909558a86702fde" "/opt/rustwide/cargo-home/bin/cargo" "+1.83.0" "metadata" "--no-deps" "--format-version=1", kill_on_drop: false }`
[INFO] [stdout] 0e0f08553fc071caa6c10a912632f0bb4a8c6e2b919c8c5a66c2614b5c61e75a
[INFO] running `Command { std: "docker" "start" "-a" "0e0f08553fc071caa6c10a912632f0bb4a8c6e2b919c8c5a66c2614b5c61e75a", kill_on_drop: false }`
[INFO] running `Command { std: "docker" "inspect" "0e0f08553fc071caa6c10a912632f0bb4a8c6e2b919c8c5a66c2614b5c61e75a", kill_on_drop: false }`
[INFO] running `Command { std: "docker" "rm" "-f" "0e0f08553fc071caa6c10a912632f0bb4a8c6e2b919c8c5a66c2614b5c61e75a", kill_on_drop: false }`
[INFO] [stdout] 0e0f08553fc071caa6c10a912632f0bb4a8c6e2b919c8c5a66c2614b5c61e75a
[INFO] running `Command { std: "docker" "create" "-v" "/var/lib/crater-agent-workspace/builds/worker-2-tc1/target:/opt/rustwide/target:rw,Z" "-v" "/var/lib/crater-agent-workspace/builds/worker-2-tc1/source:/opt/rustwide/workdir:ro,Z" "-v" "/var/lib/crater-agent-workspace/cargo-home:/opt/rustwide/cargo-home:ro,Z" "-v" "/var/lib/crater-agent-workspace/rustup-home:/opt/rustwide/rustup-home:ro,Z" "-e" "SOURCE_DIR=/opt/rustwide/workdir" "-e" "CARGO_TARGET_DIR=/opt/rustwide/target" "-e" "CARGO_INCREMENTAL=0" "-e" "RUST_BACKTRACE=full" "-e" "RUSTFLAGS=--cap-lints=warn" "-e" "RUSTDOCFLAGS=--cap-lints=warn" "-e" "CARGO_HOME=/opt/rustwide/cargo-home" "-e" "RUSTUP_HOME=/opt/rustwide/rustup-home" "-w" "/opt/rustwide/workdir" "-m" "1610612736" "--user" "0:0" "--network" "none" "ghcr.io/rust-lang/crates-build-env/linux@sha256:f3a9d4ad9d972b27faf3965f35b62e55ba32bbce8f20bc8fe909558a86702fde" "/opt/rustwide/cargo-home/bin/cargo" "+1.83.0" "build" "--frozen" "--message-format=json", kill_on_drop: false }`
[INFO] [stdout] 3d7c361766b7f1e1e711b3cb23b9806e2523299dfbcb33ec08318fb866476a3d
[INFO] running `Command { std: "docker" "start" "-a" "3d7c361766b7f1e1e711b3cb23b9806e2523299dfbcb33ec08318fb866476a3d", kill_on_drop: false }`
[INFO] [stderr]    Compiling proc-macro2 v1.0.92
[INFO] [stderr]    Compiling unicode-ident v1.0.14
[INFO] [stderr]    Compiling wasm-bindgen-shared v0.2.99
[INFO] [stderr]    Compiling serde v1.0.216
[INFO] [stderr]    Compiling bumpalo v3.16.0
[INFO] [stderr]    Compiling log v0.4.22
[INFO] [stderr]    Compiling cfg-if v1.0.0
[INFO] [stderr]    Compiling serde_json v1.0.133
[INFO] [stderr]    Compiling ryu v1.0.18
[INFO] [stderr]    Compiling wasm-bindgen v0.2.99
[INFO] [stderr]    Compiling memchr v2.7.4
[INFO] [stderr]    Compiling itoa v1.0.14
[INFO] [stderr]    Compiling once_cell v1.20.2
[INFO] [stderr]    Compiling autocfg v1.4.0
[INFO] [stderr]    Compiling libc v0.2.168
[INFO] [stderr]    Compiling either v1.13.0
[INFO] [stderr]    Compiling rust_decimal v1.36.0
[INFO] [stderr]    Compiling thiserror v1.0.69
[INFO] [stderr]    Compiling heck v0.5.0
[INFO] [stderr]    Compiling itertools v0.13.0
[INFO] [stderr]    Compiling arrayvec v0.7.6
[INFO] [stderr]    Compiling num-traits v0.2.19
[INFO] [stderr]    Compiling quote v1.0.37
[INFO] [stderr]    Compiling syn v2.0.90
[INFO] [stderr]    Compiling getrandom v0.2.15
[INFO] [stderr]    Compiling uuid v1.11.0
[INFO] [stderr]    Compiling wasm-bindgen-backend v0.2.99
[INFO] [stderr]    Compiling serde_derive v1.0.216
[INFO] [stderr]    Compiling chart-js-rs v0.0.45 (/opt/rustwide/workdir)
[INFO] [stderr]    Compiling thiserror-impl v1.0.69
[INFO] [stderr]    Compiling wasm-bindgen-macro-support v0.2.99
[INFO] [stderr]    Compiling wasm-bindgen-macro v0.2.99
[INFO] [stderr]    Compiling js-sys v0.3.76
[INFO] [stderr]    Compiling web-sys v0.3.76
[INFO] [stderr]    Compiling serde-wasm-bindgen v0.6.5
[INFO] [stderr]    Compiling gloo-utils v0.2.0
[INFO] [stderr]    Compiling gloo-console v0.3.0
[INFO] [stderr]     Finished `dev` profile [unoptimized + debuginfo] target(s) in 34.53s
[INFO] running `Command { std: "docker" "inspect" "3d7c361766b7f1e1e711b3cb23b9806e2523299dfbcb33ec08318fb866476a3d", kill_on_drop: false }`
[INFO] running `Command { std: "docker" "rm" "-f" "3d7c361766b7f1e1e711b3cb23b9806e2523299dfbcb33ec08318fb866476a3d", kill_on_drop: false }`
[INFO] [stdout] 3d7c361766b7f1e1e711b3cb23b9806e2523299dfbcb33ec08318fb866476a3d
[INFO] running `Command { std: "docker" "create" "-v" "/var/lib/crater-agent-workspace/builds/worker-2-tc1/target:/opt/rustwide/target:rw,Z" "-v" "/var/lib/crater-agent-workspace/builds/worker-2-tc1/source:/opt/rustwide/workdir:ro,Z" "-v" "/var/lib/crater-agent-workspace/cargo-home:/opt/rustwide/cargo-home:ro,Z" "-v" "/var/lib/crater-agent-workspace/rustup-home:/opt/rustwide/rustup-home:ro,Z" "-e" "SOURCE_DIR=/opt/rustwide/workdir" "-e" "CARGO_TARGET_DIR=/opt/rustwide/target" "-e" "CARGO_INCREMENTAL=0" "-e" "RUST_BACKTRACE=full" "-e" "RUSTFLAGS=--cap-lints=warn" "-e" "RUSTDOCFLAGS=--cap-lints=warn" "-e" "CARGO_HOME=/opt/rustwide/cargo-home" "-e" "RUSTUP_HOME=/opt/rustwide/rustup-home" "-w" "/opt/rustwide/workdir" "-m" "1610612736" "--user" "0:0" "--network" "none" "ghcr.io/rust-lang/crates-build-env/linux@sha256:f3a9d4ad9d972b27faf3965f35b62e55ba32bbce8f20bc8fe909558a86702fde" "/opt/rustwide/cargo-home/bin/cargo" "+1.83.0" "test" "--frozen" "--no-run" "--message-format=json", kill_on_drop: false }`
[INFO] [stdout] adc7177b9fa17c7e04ff011d81068dfbd3785d39caa815c58f7c887a3275a765
[INFO] running `Command { std: "docker" "start" "-a" "adc7177b9fa17c7e04ff011d81068dfbd3785d39caa815c58f7c887a3275a765", kill_on_drop: false }`
[INFO] [stderr]    Compiling chart-js-rs v0.0.45 (/opt/rustwide/workdir)
[INFO] [stderr]     Finished `test` profile [unoptimized + debuginfo] target(s) in 3.00s
[INFO] running `Command { std: "docker" "inspect" "adc7177b9fa17c7e04ff011d81068dfbd3785d39caa815c58f7c887a3275a765", kill_on_drop: false }`
[INFO] running `Command { std: "docker" "rm" "-f" "adc7177b9fa17c7e04ff011d81068dfbd3785d39caa815c58f7c887a3275a765", kill_on_drop: false }`
[INFO] [stdout] adc7177b9fa17c7e04ff011d81068dfbd3785d39caa815c58f7c887a3275a765
[INFO] running `Command { std: "docker" "create" "-v" "/var/lib/crater-agent-workspace/builds/worker-2-tc1/target:/opt/rustwide/target:rw,Z" "-v" "/var/lib/crater-agent-workspace/builds/worker-2-tc1/source:/opt/rustwide/workdir:ro,Z" "-v" "/var/lib/crater-agent-workspace/cargo-home:/opt/rustwide/cargo-home:ro,Z" "-v" "/var/lib/crater-agent-workspace/rustup-home:/opt/rustwide/rustup-home:ro,Z" "-e" "SOURCE_DIR=/opt/rustwide/workdir" "-e" "CARGO_TARGET_DIR=/opt/rustwide/target" "-e" "CARGO_INCREMENTAL=0" "-e" "RUST_BACKTRACE=full" "-e" "RUSTFLAGS=--cap-lints=warn" "-e" "RUSTDOCFLAGS=--cap-lints=warn" "-e" "CARGO_HOME=/opt/rustwide/cargo-home" "-e" "RUSTUP_HOME=/opt/rustwide/rustup-home" "-w" "/opt/rustwide/workdir" "-m" "1610612736" "--user" "0:0" "--network" "none" "ghcr.io/rust-lang/crates-build-env/linux@sha256:f3a9d4ad9d972b27faf3965f35b62e55ba32bbce8f20bc8fe909558a86702fde" "/opt/rustwide/cargo-home/bin/cargo" "+1.83.0" "test" "--frozen", kill_on_drop: false }`
[INFO] [stdout] ef71054e45256ff6b38751af8e7a17b406387bd864eacf304fbbb60fa3d842f1
[INFO] running `Command { std: "docker" "start" "-a" "ef71054e45256ff6b38751af8e7a17b406387bd864eacf304fbbb60fa3d842f1", kill_on_drop: false }`
[INFO] [stderr]     Finished `test` profile [unoptimized + debuginfo] target(s) in 0.08s
[INFO] [stderr]      Running unittests src/lib.rs (/opt/rustwide/target/debug/deps/chart_js_rs-9e59755188b38db3)
[INFO] [stdout] 
[INFO] [stdout] running 0 tests
[INFO] [stdout] 
[INFO] [stdout] test result: ok. 0 passed; 0 failed; 0 ignored; 0 measured; 0 filtered out; finished in 0.00s
[INFO] [stdout] 
[INFO] [stderr]    Doc-tests chart_js_rs
[INFO] [stdout] 
[INFO] [stdout] running 2 tests
[INFO] [stdout] test src/../README.md - (line 103) ... FAILED
[INFO] [stdout] test src/../README.md - (line 24) ... FAILED
[INFO] [stdout] 
[INFO] [stdout] failures:
[INFO] [stdout] 
[INFO] [stdout] ---- src/../README.md - (line 103) stdout ----
[INFO] [stdout] error: struct literal body without path
[INFO] [stdout]   --> src/../README.md:112:11
[INFO] [stdout]    |
[INFO] [stdout] 11 |       data: {
[INFO] [stdout]    |  ___________^
[INFO] [stdout] 12 | |       datasets: vec![
[INFO] [stdout] 13 | |         Dataset {
[INFO] [stdout] 14 | |           // ...
[INFO] [stdout] ...  |
[INFO] [stdout] 21 | |       ]
[INFO] [stdout] 22 | |     }
[INFO] [stdout]    | |_____^
[INFO] [stdout]    |
[INFO] [stdout] help: you might have forgotten to add the struct literal inside the block
[INFO] [stdout]    |
[INFO] [stdout] 11 ~     data: { SomeStruct {
[INFO] [stdout] 12 |       datasets: vec![
[INFO] [stdout] ...
[INFO] [stdout] 21 |       ]
[INFO] [stdout] 22 ~     } }
[INFO] [stdout]    |
[INFO] [stdout] 
[INFO] [stdout] error: cannot find attribute `wasm_bindgen` in this scope
[INFO] [stdout]  --> src/../README.md:104:3
[INFO] [stdout]   |
[INFO] [stdout] 3 | #[wasm_bindgen] // your function must be a wasm_bindgen export
[INFO] [stdout]   |   ^^^^^^^^^^^^
[INFO] [stdout]   |
[INFO] [stdout]   = note: `wasm_bindgen` is in scope, but it is a crate, not an attribute
[INFO] [stdout] help: consider importing this attribute macro
[INFO] [stdout]   |
[INFO] [stdout] 2 + use wasm_bindgen::prelude::wasm_bindgen;
[INFO] [stdout]   |
[INFO] [stdout] 
[INFO] [stdout] error[E0422]: cannot find struct, variant or union type `Scatter` in this scope
[INFO] [stdout]   --> src/../README.md:111:3
[INFO] [stdout]    |
[INFO] [stdout] 10 |   Scatter::</*...*/> {
[INFO] [stdout]    |   ^^^^^^^ not found in this scope
[INFO] [stdout]    |
[INFO] [stdout] help: consider importing this struct
[INFO] [stdout]    |
[INFO] [stdout] 2  + use chart_js_rs::scatter::Scatter;
[INFO] [stdout]    |
[INFO] [stdout] 
[INFO] [stdout] error: aborting due to 3 previous errors
[INFO] [stdout] 
[INFO] [stdout] For more information about this error, try `rustc --explain E0422`.
[INFO] [stdout] Couldn't compile the test.
[INFO] [stdout] ---- src/../README.md - (line 24) stdout ----
[INFO] [stdout] error[E0422]: cannot find struct, variant or union type `ChartOptions` in this scope
[INFO] [stdout]   --> src/../README.md:31:18
[INFO] [stdout]    |
[INFO] [stdout] 10 |         options: ChartOptions { .. },
[INFO] [stdout]    |                  ^^^^^^^^^^^^ not found in this scope
[INFO] [stdout]    |
[INFO] [stdout] help: consider importing this struct
[INFO] [stdout]    |
[INFO] [stdout] 2  + use chart_js_rs::ChartOptions;
[INFO] [stdout]    |
[INFO] [stdout] 
[INFO] [stdout] error[E0422]: cannot find struct, variant or union type `Dataset` in this scope
[INFO] [stdout]   --> src/../README.md:32:15
[INFO] [stdout]    |
[INFO] [stdout] 11 |         data: Dataset { .. },
[INFO] [stdout]    |               ^^^^^^^ not found in this scope
[INFO] [stdout]    |
[INFO] [stdout] help: consider importing this struct
[INFO] [stdout]    |
[INFO] [stdout] 2  + use chart_js_rs::Dataset;
[INFO] [stdout]    |
[INFO] [stdout] 
[INFO] [stdout] error[E0797]: base expression required after `..`
[INFO] [stdout]   --> src/../README.md:31:35
[INFO] [stdout]    |
[INFO] [stdout] 10 |         options: ChartOptions { .. },
[INFO] [stdout]    |                                   ^
[INFO] [stdout]    |
[INFO] [stdout] help: add a base expression here
[INFO] [stdout]    |
[INFO] [stdout] 10 |         options: ChartOptions { ../* expr */ },
[INFO] [stdout]    |                                   ++++++++++
[INFO] [stdout] 
[INFO] [stdout] error[E0797]: base expression required after `..`
[INFO] [stdout]   --> src/../README.md:32:27
[INFO] [stdout]    |
[INFO] [stdout] 11 |         data: Dataset { .. },
[INFO] [stdout]    |                           ^
[INFO] [stdout]    |
[INFO] [stdout] help: add a base expression here
[INFO] [stdout]    |
[INFO] [stdout] 11 |         data: Dataset { ../* expr */ },
[INFO] [stdout]    |                           ++++++++++
[INFO] [stdout] 
[INFO] [stdout] error: aborting due to 4 previous errors
[INFO] [stdout] 
[INFO] [stdout] Some errors have detailed explanations: E0422, E0797.
[INFO] [stdout] For more information about an error, try `rustc --explain E0422`.
[INFO] [stdout] Couldn't compile the test.
[INFO] [stdout] 
[INFO] [stdout] failures:
[INFO] [stdout]     src/../README.md - (line 103)
[INFO] [stdout]     src/../README.md - (line 24)
[INFO] [stdout] 
[INFO] [stdout] test result: FAILED. 0 passed; 2 failed; 0 ignored; 0 measured; 0 filtered out; finished in 0.12s
[INFO] [stdout] 
[INFO] [stderr] error: doctest failed, to rerun pass `--doc`
[INFO] running `Command { std: "docker" "inspect" "ef71054e45256ff6b38751af8e7a17b406387bd864eacf304fbbb60fa3d842f1", kill_on_drop: false }`
[INFO] running `Command { std: "docker" "rm" "-f" "ef71054e45256ff6b38751af8e7a17b406387bd864eacf304fbbb60fa3d842f1", kill_on_drop: false }`
[INFO] [stdout] ef71054e45256ff6b38751af8e7a17b406387bd864eacf304fbbb60fa3d842f1
