[INFO] fetching crate charming 0.4.0...
[INFO] testing charming-0.4.0 against beta-2024-12-08 for beta-1.84.0-4-retry
[INFO] extracting crate charming 0.4.0 into /workspace/builds/worker-6-tc2/source
[INFO] validating manifest of crates.io crate charming 0.4.0 on toolchain beta-2024-12-08
[INFO] running `Command { std: CARGO_HOME="/workspace/cargo-home" RUSTUP_HOME="/workspace/rustup-home" "/workspace/cargo-home/bin/cargo" "+beta-2024-12-08" "metadata" "--manifest-path" "Cargo.toml" "--no-deps", kill_on_drop: false }`
[INFO] started tweaking crates.io crate charming 0.4.0
[INFO] finished tweaking crates.io crate charming 0.4.0
[INFO] tweaked toml for crates.io crate charming 0.4.0 written to /workspace/builds/worker-6-tc2/source/Cargo.toml
[INFO] running `Command { std: CARGO_HOME="/workspace/cargo-home" RUSTUP_HOME="/workspace/rustup-home" "/workspace/cargo-home/bin/cargo" "+beta-2024-12-08" "generate-lockfile" "--manifest-path" "Cargo.toml", kill_on_drop: false }`
[INFO] [stderr]     Updating crates.io index
[INFO] [stderr]     Blocking waiting for file lock on package cache
[INFO] [stderr]      Locking 261 packages to latest compatible versions
[INFO] [stderr]       Adding deno_core v0.311.0 (available: v0.325.0)
[INFO] [stderr]       Adding handlebars v4.5.0 (available: v6.2.0)
[INFO] [stderr]       Adding image v0.24.9 (available: v0.25.5)
[INFO] [stderr]       Adding resvg v0.36.0 (available: v0.44.0)
[INFO] [stderr]       Adding serde_v8 v0.220.0 (available: v0.234.0)
[INFO] running `Command { std: CARGO_HOME="/workspace/cargo-home" RUSTUP_HOME="/workspace/rustup-home" "/workspace/cargo-home/bin/cargo" "+beta-2024-12-08" "fetch" "--manifest-path" "Cargo.toml", kill_on_drop: false }`
[INFO] [stderr]     Blocking waiting for file lock on package cache
[INFO] running `Command { std: "docker" "create" "-v" "/var/lib/crater-agent-workspace/builds/worker-6-tc2/target:/opt/rustwide/target:rw,Z" "-v" "/var/lib/crater-agent-workspace/builds/worker-6-tc2/source:/opt/rustwide/workdir:ro,Z" "-v" "/var/lib/crater-agent-workspace/cargo-home:/opt/rustwide/cargo-home:ro,Z" "-v" "/var/lib/crater-agent-workspace/rustup-home:/opt/rustwide/rustup-home:ro,Z" "-e" "SOURCE_DIR=/opt/rustwide/workdir" "-e" "CARGO_TARGET_DIR=/opt/rustwide/target" "-e" "CARGO_HOME=/opt/rustwide/cargo-home" "-e" "RUSTUP_HOME=/opt/rustwide/rustup-home" "-w" "/opt/rustwide/workdir" "-m" "1610612736" "--user" "0:0" "--network" "none" "ghcr.io/rust-lang/crates-build-env/linux@sha256:f3a9d4ad9d972b27faf3965f35b62e55ba32bbce8f20bc8fe909558a86702fde" "/opt/rustwide/cargo-home/bin/cargo" "+beta-2024-12-08" "metadata" "--no-deps" "--format-version=1", kill_on_drop: false }`
[INFO] [stdout] 881960c25dbacc98801be8b36ed7db6d69d88b73e354f903087af8ae1156087f
[INFO] running `Command { std: "docker" "start" "-a" "881960c25dbacc98801be8b36ed7db6d69d88b73e354f903087af8ae1156087f", kill_on_drop: false }`
[INFO] running `Command { std: "docker" "inspect" "881960c25dbacc98801be8b36ed7db6d69d88b73e354f903087af8ae1156087f", kill_on_drop: false }`
[INFO] running `Command { std: "docker" "rm" "-f" "881960c25dbacc98801be8b36ed7db6d69d88b73e354f903087af8ae1156087f", kill_on_drop: false }`
[INFO] [stdout] 881960c25dbacc98801be8b36ed7db6d69d88b73e354f903087af8ae1156087f
[INFO] running `Command { std: "docker" "create" "-v" "/var/lib/crater-agent-workspace/builds/worker-6-tc2/target:/opt/rustwide/target:rw,Z" "-v" "/var/lib/crater-agent-workspace/builds/worker-6-tc2/source:/opt/rustwide/workdir:ro,Z" "-v" "/var/lib/crater-agent-workspace/cargo-home:/opt/rustwide/cargo-home:ro,Z" "-v" "/var/lib/crater-agent-workspace/rustup-home:/opt/rustwide/rustup-home:ro,Z" "-e" "SOURCE_DIR=/opt/rustwide/workdir" "-e" "CARGO_TARGET_DIR=/opt/rustwide/target" "-e" "CARGO_INCREMENTAL=0" "-e" "RUST_BACKTRACE=full" "-e" "RUSTFLAGS=--cap-lints=warn" "-e" "RUSTDOCFLAGS=--cap-lints=warn" "-e" "CARGO_HOME=/opt/rustwide/cargo-home" "-e" "RUSTUP_HOME=/opt/rustwide/rustup-home" "-w" "/opt/rustwide/workdir" "-m" "1610612736" "--user" "0:0" "--network" "none" "ghcr.io/rust-lang/crates-build-env/linux@sha256:f3a9d4ad9d972b27faf3965f35b62e55ba32bbce8f20bc8fe909558a86702fde" "/opt/rustwide/cargo-home/bin/cargo" "+beta-2024-12-08" "build" "--frozen" "--message-format=json", kill_on_drop: false }`
[INFO] [stdout] d9b5c2915fabfa09225f9aaad02a453e837e6df66d97cc4e16fa8c9526db95bc
[INFO] running `Command { std: "docker" "start" "-a" "d9b5c2915fabfa09225f9aaad02a453e837e6df66d97cc4e16fa8c9526db95bc", kill_on_drop: false }`
[INFO] [stderr]    Compiling thiserror v2.0.7
[INFO] [stderr]    Compiling memchr v2.7.4
[INFO] [stderr]    Compiling ucd-trie v0.1.7
[INFO] [stderr]    Compiling once_cell v1.20.2
[INFO] [stderr]    Compiling serde v1.0.216
[INFO] [stderr]    Compiling thiserror v1.0.69
[INFO] [stderr]    Compiling serde_json v1.0.133
[INFO] [stderr]    Compiling ryu v1.0.18
[INFO] [stderr]    Compiling itoa v1.0.14
[INFO] [stderr]    Compiling syn v2.0.90
[INFO] [stderr]    Compiling thiserror-impl v2.0.7
[INFO] [stderr]    Compiling serde_derive v1.0.216
[INFO] [stderr]    Compiling thiserror-impl v1.0.69
[INFO] [stderr]    Compiling pest v2.7.15
[INFO] [stderr]    Compiling pest_meta v2.7.15
[INFO] [stderr]    Compiling pest_generator v2.7.15
[INFO] [stderr]    Compiling pest_derive v2.7.15
[INFO] [stderr]    Compiling handlebars v4.5.0
[INFO] [stderr]    Compiling charming v0.4.0 (/opt/rustwide/workdir)
[INFO] [stderr]     Finished `dev` profile [unoptimized + debuginfo] target(s) in 23.75s
[INFO] running `Command { std: "docker" "inspect" "d9b5c2915fabfa09225f9aaad02a453e837e6df66d97cc4e16fa8c9526db95bc", kill_on_drop: false }`
[INFO] running `Command { std: "docker" "rm" "-f" "d9b5c2915fabfa09225f9aaad02a453e837e6df66d97cc4e16fa8c9526db95bc", kill_on_drop: false }`
[INFO] [stdout] d9b5c2915fabfa09225f9aaad02a453e837e6df66d97cc4e16fa8c9526db95bc
[INFO] running `Command { std: "docker" "create" "-v" "/var/lib/crater-agent-workspace/builds/worker-6-tc2/target:/opt/rustwide/target:rw,Z" "-v" "/var/lib/crater-agent-workspace/builds/worker-6-tc2/source:/opt/rustwide/workdir:ro,Z" "-v" "/var/lib/crater-agent-workspace/cargo-home:/opt/rustwide/cargo-home:ro,Z" "-v" "/var/lib/crater-agent-workspace/rustup-home:/opt/rustwide/rustup-home:ro,Z" "-e" "SOURCE_DIR=/opt/rustwide/workdir" "-e" "CARGO_TARGET_DIR=/opt/rustwide/target" "-e" "CARGO_INCREMENTAL=0" "-e" "RUST_BACKTRACE=full" "-e" "RUSTFLAGS=--cap-lints=warn" "-e" "RUSTDOCFLAGS=--cap-lints=warn" "-e" "CARGO_HOME=/opt/rustwide/cargo-home" "-e" "RUSTUP_HOME=/opt/rustwide/rustup-home" "-w" "/opt/rustwide/workdir" "-m" "1610612736" "--user" "0:0" "--network" "none" "ghcr.io/rust-lang/crates-build-env/linux@sha256:f3a9d4ad9d972b27faf3965f35b62e55ba32bbce8f20bc8fe909558a86702fde" "/opt/rustwide/cargo-home/bin/cargo" "+beta-2024-12-08" "test" "--frozen" "--no-run" "--message-format=json", kill_on_drop: false }`
[INFO] [stdout] eb06b9336af21f7881612ccda0b593c0115fb7f786f4af18be18bc851af04779
[INFO] running `Command { std: "docker" "start" "-a" "eb06b9336af21f7881612ccda0b593c0115fb7f786f4af18be18bc851af04779", kill_on_drop: false }`
[INFO] [stderr]    Compiling charming v0.4.0 (/opt/rustwide/workdir)
[INFO] [stderr]     Finished `test` profile [unoptimized + debuginfo] target(s) in 4.13s
[INFO] running `Command { std: "docker" "inspect" "eb06b9336af21f7881612ccda0b593c0115fb7f786f4af18be18bc851af04779", kill_on_drop: false }`
[INFO] running `Command { std: "docker" "rm" "-f" "eb06b9336af21f7881612ccda0b593c0115fb7f786f4af18be18bc851af04779", kill_on_drop: false }`
[INFO] [stdout] eb06b9336af21f7881612ccda0b593c0115fb7f786f4af18be18bc851af04779
[INFO] running `Command { std: "docker" "create" "-v" "/var/lib/crater-agent-workspace/builds/worker-6-tc2/target:/opt/rustwide/target:rw,Z" "-v" "/var/lib/crater-agent-workspace/builds/worker-6-tc2/source:/opt/rustwide/workdir:ro,Z" "-v" "/var/lib/crater-agent-workspace/cargo-home:/opt/rustwide/cargo-home:ro,Z" "-v" "/var/lib/crater-agent-workspace/rustup-home:/opt/rustwide/rustup-home:ro,Z" "-e" "SOURCE_DIR=/opt/rustwide/workdir" "-e" "CARGO_TARGET_DIR=/opt/rustwide/target" "-e" "CARGO_INCREMENTAL=0" "-e" "RUST_BACKTRACE=full" "-e" "RUSTFLAGS=--cap-lints=warn" "-e" "RUSTDOCFLAGS=--cap-lints=warn" "-e" "CARGO_HOME=/opt/rustwide/cargo-home" "-e" "RUSTUP_HOME=/opt/rustwide/rustup-home" "-w" "/opt/rustwide/workdir" "-m" "1610612736" "--user" "0:0" "--network" "none" "ghcr.io/rust-lang/crates-build-env/linux@sha256:f3a9d4ad9d972b27faf3965f35b62e55ba32bbce8f20bc8fe909558a86702fde" "/opt/rustwide/cargo-home/bin/cargo" "+beta-2024-12-08" "test" "--frozen", kill_on_drop: false }`
[INFO] [stdout] 66eedfb779e4b256f6d5a4e9257aebabddd16c46362c033f9c161390a597af34
[INFO] running `Command { std: "docker" "start" "-a" "66eedfb779e4b256f6d5a4e9257aebabddd16c46362c033f9c161390a597af34", kill_on_drop: false }`
[INFO] [stderr]     Finished `test` profile [unoptimized + debuginfo] target(s) in 0.10s
[INFO] [stderr]      Running unittests src/lib.rs (/opt/rustwide/target/debug/deps/charming-87e65a5c0b499d56)
[INFO] [stdout] 
[INFO] [stdout] running 14 tests
[INFO] [stdout] test datatype::datapoint::test::data_point_from_composite_value ... ok
[INFO] [stdout] test datatype::datapoint::test::data_point_from_tuple ... ok
[INFO] [stdout] test datatype::source::test::data_frame_from_bigintegers ... ok
[INFO] [stdout] test datatype::source::test::composite_value_from_numeric_value ... ok
[INFO] [stdout] test datatype::source::test::composite_value_from_str ... ok
[INFO] [stdout] test datatype::source::test::data_frame_from_bigfloats ... ok
[INFO] [stdout] test datatype::source::test::data_frame_from_floats ... ok
[INFO] [stdout] test datatype::source::test::data_frame_from_integers ... ok
[INFO] [stdout] test datatype::source::test::data_frame_from_mixed ... ok
[INFO] [stdout] test datatype::source::test::numeric_value_from_f64 ... ok
[INFO] [stdout] test datatype::source::test::numeric_value_from_i32 ... ok
[INFO] [stdout] test datatype::source::test::numeric_value_from_i64 ... ok
[INFO] [stdout] test element::raw_string::test::raw_strings ... ok
[INFO] [stdout] test datatype::source::test::numeric_value_from_f32 - should panic ... ok
[INFO] [stdout] 
[INFO] [stdout] test result: ok. 14 passed; 0 failed; 0 ignored; 0 measured; 0 filtered out; finished in 0.04s
[INFO] [stdout] 
[INFO] [stderr]    Doc-tests charming
[INFO] [stdout] 
[INFO] [stdout] running 10 tests
[INFO] [stdout] test src/lib.rs - (line 33) ... FAILED
[INFO] [stdout] test src/lib.rs - (line 72) ... FAILED
[INFO] [stdout] test src/datatype/dataframe.rs - datatype::dataframe::DataFrame (line 42) ... ok
[INFO] [stdout] test src/lib.rs - Chart (line 181) ... ok
[INFO] [stdout] test src/lib.rs - Chart (line 168) ... ok
[INFO] [stdout] test src/datatype/dataframe.rs - datatype::dataframe::DataFrame (line 21) ... ok
[INFO] [stdout] test src/lib.rs - Chart (line 193) ... ok
[INFO] [stdout] test src/lib.rs - Chart (line 155) ... ok
[INFO] [stdout] test src/component/aria.rs - component::aria::Aria (line 183) ... ok
[INFO] [stdout] test src/lib.rs - Chart (line 134) ... ok
[INFO] [stdout] 
[INFO] [stdout] failures:
[INFO] [stdout] 
[INFO] [stdout] ---- src/lib.rs - (line 33) stdout ----
[INFO] [stdout] error[E0432]: unresolved import `charming::ImageRenderer`
[INFO] [stdout]  --> src/lib.rs:39:12
[INFO] [stdout]   |
[INFO] [stdout] 9 |     Chart, ImageRenderer
[INFO] [stdout]   |            ^^^^^^^^^^^^^ no `ImageRenderer` in the root
[INFO] [stdout] 
[INFO] [stdout] error: aborting due to 1 previous error
[INFO] [stdout] 
[INFO] [stdout] For more information about this error, try `rustc --explain E0432`.
[INFO] [stdout] Couldn't compile the test.
[INFO] [stdout] ---- src/lib.rs - (line 72) stdout ----
[INFO] [stdout] error[E0432]: unresolved import `charming::ImageRenderer`
[INFO] [stdout]  --> src/lib.rs:74:23
[INFO] [stdout]   |
[INFO] [stdout] 5 | use charming::{Chart, ImageRenderer};
[INFO] [stdout]   |                       ^^^^^^^^^^^^^ no `ImageRenderer` in the root
[INFO] [stdout] 
[INFO] [stdout] error: aborting due to 1 previous error
[INFO] [stdout] 
[INFO] [stdout] For more information about this error, try `rustc --explain E0432`.
[INFO] [stdout] Couldn't compile the test.
[INFO] [stdout] 
[INFO] [stdout] failures:
[INFO] [stdout]     src/lib.rs - (line 33)
[INFO] [stdout]     src/lib.rs - (line 72)
[INFO] [stdout] 
[INFO] [stdout] test result: FAILED. 8 passed; 2 failed; 0 ignored; 0 measured; 0 filtered out; finished in 1.58s
[INFO] [stdout] 
[INFO] [stderr] error: doctest failed, to rerun pass `--doc`
[INFO] running `Command { std: "docker" "inspect" "66eedfb779e4b256f6d5a4e9257aebabddd16c46362c033f9c161390a597af34", kill_on_drop: false }`
[INFO] running `Command { std: "docker" "rm" "-f" "66eedfb779e4b256f6d5a4e9257aebabddd16c46362c033f9c161390a597af34", kill_on_drop: false }`
[INFO] [stdout] 66eedfb779e4b256f6d5a4e9257aebabddd16c46362c033f9c161390a597af34
