[INFO] fetching crate channels-io 0.3.0...
[INFO] testing channels-io-0.3.0 against 1.83.0 for beta-1.84.0-4-retry
[INFO] extracting crate channels-io 0.3.0 into /workspace/builds/worker-7-tc1/source
[INFO] validating manifest of crates.io crate channels-io 0.3.0 on toolchain 1.83.0
[INFO] running `Command { std: CARGO_HOME="/workspace/cargo-home" RUSTUP_HOME="/workspace/rustup-home" "/workspace/cargo-home/bin/cargo" "+1.83.0" "metadata" "--manifest-path" "Cargo.toml" "--no-deps", kill_on_drop: false }`
[INFO] started tweaking crates.io crate channels-io 0.3.0
[INFO] finished tweaking crates.io crate channels-io 0.3.0
[INFO] tweaked toml for crates.io crate channels-io 0.3.0 written to /workspace/builds/worker-7-tc1/source/Cargo.toml
[INFO] running `Command { std: CARGO_HOME="/workspace/cargo-home" RUSTUP_HOME="/workspace/rustup-home" "/workspace/cargo-home/bin/cargo" "+1.83.0" "generate-lockfile" "--manifest-path" "Cargo.toml", kill_on_drop: false }`
[INFO] [stderr]     Updating crates.io index
[INFO] [stderr]      Locking 102 packages to latest compatible versions
[INFO] running `Command { std: CARGO_HOME="/workspace/cargo-home" RUSTUP_HOME="/workspace/rustup-home" "/workspace/cargo-home/bin/cargo" "+1.83.0" "fetch" "--manifest-path" "Cargo.toml", kill_on_drop: false }`
[INFO] [stderr]  Downloading crates ...
[INFO] [stderr]   Downloaded channels-macros v0.1.0
[INFO] running `Command { std: "docker" "create" "-v" "/var/lib/crater-agent-workspace/builds/worker-7-tc1/target:/opt/rustwide/target:rw,Z" "-v" "/var/lib/crater-agent-workspace/builds/worker-7-tc1/source:/opt/rustwide/workdir:ro,Z" "-v" "/var/lib/crater-agent-workspace/cargo-home:/opt/rustwide/cargo-home:ro,Z" "-v" "/var/lib/crater-agent-workspace/rustup-home:/opt/rustwide/rustup-home:ro,Z" "-e" "SOURCE_DIR=/opt/rustwide/workdir" "-e" "CARGO_TARGET_DIR=/opt/rustwide/target" "-e" "CARGO_HOME=/opt/rustwide/cargo-home" "-e" "RUSTUP_HOME=/opt/rustwide/rustup-home" "-w" "/opt/rustwide/workdir" "-m" "1610612736" "--user" "0:0" "--network" "none" "ghcr.io/rust-lang/crates-build-env/linux@sha256:f3a9d4ad9d972b27faf3965f35b62e55ba32bbce8f20bc8fe909558a86702fde" "/opt/rustwide/cargo-home/bin/cargo" "+1.83.0" "metadata" "--no-deps" "--format-version=1", kill_on_drop: false }`
[INFO] [stdout] ea94c829ec02c3a27fcdf8f515704da9b2a10aa887af7a4867ca122124e78529
[INFO] running `Command { std: "docker" "start" "-a" "ea94c829ec02c3a27fcdf8f515704da9b2a10aa887af7a4867ca122124e78529", kill_on_drop: false }`
[INFO] running `Command { std: "docker" "inspect" "ea94c829ec02c3a27fcdf8f515704da9b2a10aa887af7a4867ca122124e78529", kill_on_drop: false }`
[INFO] running `Command { std: "docker" "rm" "-f" "ea94c829ec02c3a27fcdf8f515704da9b2a10aa887af7a4867ca122124e78529", kill_on_drop: false }`
[INFO] [stdout] ea94c829ec02c3a27fcdf8f515704da9b2a10aa887af7a4867ca122124e78529
[INFO] running `Command { std: "docker" "create" "-v" "/var/lib/crater-agent-workspace/builds/worker-7-tc1/target:/opt/rustwide/target:rw,Z" "-v" "/var/lib/crater-agent-workspace/builds/worker-7-tc1/source:/opt/rustwide/workdir:ro,Z" "-v" "/var/lib/crater-agent-workspace/cargo-home:/opt/rustwide/cargo-home:ro,Z" "-v" "/var/lib/crater-agent-workspace/rustup-home:/opt/rustwide/rustup-home:ro,Z" "-e" "SOURCE_DIR=/opt/rustwide/workdir" "-e" "CARGO_TARGET_DIR=/opt/rustwide/target" "-e" "CARGO_INCREMENTAL=0" "-e" "RUST_BACKTRACE=full" "-e" "RUSTFLAGS=--cap-lints=warn" "-e" "RUSTDOCFLAGS=--cap-lints=warn" "-e" "CARGO_HOME=/opt/rustwide/cargo-home" "-e" "RUSTUP_HOME=/opt/rustwide/rustup-home" "-w" "/opt/rustwide/workdir" "-m" "1610612736" "--user" "0:0" "--network" "none" "ghcr.io/rust-lang/crates-build-env/linux@sha256:f3a9d4ad9d972b27faf3965f35b62e55ba32bbce8f20bc8fe909558a86702fde" "/opt/rustwide/cargo-home/bin/cargo" "+1.83.0" "build" "--frozen" "--message-format=json", kill_on_drop: false }`
[INFO] [stdout] 2ac1d4e63012b99eba4b0411990faee678a199f2dc26af412ee3c372414e0f4e
[INFO] running `Command { std: "docker" "start" "-a" "2ac1d4e63012b99eba4b0411990faee678a199f2dc26af412ee3c372414e0f4e", kill_on_drop: false }`
[INFO] [stderr]    Compiling proc-macro2 v1.0.92
[INFO] [stderr]    Compiling unicode-ident v1.0.14
[INFO] [stderr]    Compiling channels-io v0.3.0 (/opt/rustwide/workdir)
[INFO] [stderr]    Compiling channels-macros v0.1.0
[INFO] [stderr]    Compiling quote v1.0.37
[INFO] [stderr]    Compiling syn v2.0.90
[INFO] [stderr]    Compiling pin-project-internal v1.1.7
[INFO] [stderr]    Compiling pin-project v1.1.7
[INFO] [stderr]     Finished `dev` profile [unoptimized + debuginfo] target(s) in 7.90s
[INFO] running `Command { std: "docker" "inspect" "2ac1d4e63012b99eba4b0411990faee678a199f2dc26af412ee3c372414e0f4e", kill_on_drop: false }`
[INFO] running `Command { std: "docker" "rm" "-f" "2ac1d4e63012b99eba4b0411990faee678a199f2dc26af412ee3c372414e0f4e", kill_on_drop: false }`
[INFO] [stdout] 2ac1d4e63012b99eba4b0411990faee678a199f2dc26af412ee3c372414e0f4e
[INFO] running `Command { std: "docker" "create" "-v" "/var/lib/crater-agent-workspace/builds/worker-7-tc1/target:/opt/rustwide/target:rw,Z" "-v" "/var/lib/crater-agent-workspace/builds/worker-7-tc1/source:/opt/rustwide/workdir:ro,Z" "-v" "/var/lib/crater-agent-workspace/cargo-home:/opt/rustwide/cargo-home:ro,Z" "-v" "/var/lib/crater-agent-workspace/rustup-home:/opt/rustwide/rustup-home:ro,Z" "-e" "SOURCE_DIR=/opt/rustwide/workdir" "-e" "CARGO_TARGET_DIR=/opt/rustwide/target" "-e" "CARGO_INCREMENTAL=0" "-e" "RUST_BACKTRACE=full" "-e" "RUSTFLAGS=--cap-lints=warn" "-e" "RUSTDOCFLAGS=--cap-lints=warn" "-e" "CARGO_HOME=/opt/rustwide/cargo-home" "-e" "RUSTUP_HOME=/opt/rustwide/rustup-home" "-w" "/opt/rustwide/workdir" "-m" "1610612736" "--user" "0:0" "--network" "none" "ghcr.io/rust-lang/crates-build-env/linux@sha256:f3a9d4ad9d972b27faf3965f35b62e55ba32bbce8f20bc8fe909558a86702fde" "/opt/rustwide/cargo-home/bin/cargo" "+1.83.0" "test" "--frozen" "--no-run" "--message-format=json", kill_on_drop: false }`
[INFO] [stdout] 948e5a2adf270081679489c3575a52e6a79c1278b84ba4507ffd64b081fda5e9
[INFO] running `Command { std: "docker" "start" "-a" "948e5a2adf270081679489c3575a52e6a79c1278b84ba4507ffd64b081fda5e9", kill_on_drop: false }`
[INFO] [stderr]    Compiling pin-project-lite v0.2.15
[INFO] [stderr]    Compiling autocfg v1.4.0
[INFO] [stderr]    Compiling crossbeam-utils v0.8.20
[INFO] [stderr]    Compiling futures-core v0.3.31
[INFO] [stderr]    Compiling parking v2.2.1
[INFO] [stderr]    Compiling futures-io v0.3.31
[INFO] [stderr]    Compiling libc v0.2.168
[INFO] [stderr]    Compiling fastrand v2.3.0
[INFO] [stderr]    Compiling cfg-if v1.0.0
[INFO] [stderr]    Compiling rustix v0.38.42
[INFO] [stderr]    Compiling linux-raw-sys v0.4.14
[INFO] [stderr]    Compiling tracing-core v0.1.33
[INFO] [stderr]    Compiling bitflags v2.6.0
[INFO] [stderr]    Compiling memchr v2.7.4
[INFO] [stderr]    Compiling pin-utils v0.1.0
[INFO] [stderr]    Compiling syn v2.0.90
[INFO] [stderr]    Compiling futures-sink v0.3.31
[INFO] [stderr]    Compiling parking_lot_core v0.9.10
[INFO] [stderr]    Compiling async-task v4.7.1
[INFO] [stderr]    Compiling atomic-waker v1.1.2
[INFO] [stderr]    Compiling futures-channel v0.3.31
[INFO] [stderr]    Compiling scopeguard v1.2.0
[INFO] [stderr]    Compiling smallvec v1.13.2
[INFO] [stderr]    Compiling futures-task v0.3.31
[INFO] [stderr]    Compiling value-bag v1.10.0
[INFO] [stderr]    Compiling futures-lite v2.5.0
[INFO] [stderr]    Compiling piper v0.2.4
[INFO] [stderr]    Compiling once_cell v1.20.2
[INFO] [stderr]    Compiling event-listener v2.5.3
[INFO] [stderr]    Compiling slab v0.4.9
[INFO] [stderr]    Compiling lock_api v0.4.12
[INFO] [stderr]    Compiling bytes v1.9.0
[INFO] [stderr]    Compiling log v0.4.22
[INFO] [stderr]    Compiling concurrent-queue v2.5.0
[INFO] [stderr]    Compiling kv-log-macro v1.0.7
[INFO] [stderr]    Compiling tracing v0.1.41
[INFO] [stderr]    Compiling event-listener v5.3.1
[INFO] [stderr]    Compiling async-channel v1.9.0
[INFO] [stderr]    Compiling async-executor v1.13.1
[INFO] [stderr]    Compiling event-listener-strategy v0.5.3
[INFO] [stderr]    Compiling async-lock v3.4.0
[INFO] [stderr]    Compiling async-channel v2.3.1
[INFO] [stderr]    Compiling blocking v1.6.1
[INFO] [stderr]    Compiling socket2 v0.5.8
[INFO] [stderr]    Compiling signal-hook-registry v1.4.2
[INFO] [stderr]    Compiling mio v1.0.3
[INFO] [stderr]    Compiling parking_lot v0.12.3
[INFO] [stderr]    Compiling futures-macro v0.3.31
[INFO] [stderr]    Compiling pin-project-internal v1.1.7
[INFO] [stderr]    Compiling tokio-macros v2.4.0
[INFO] [stderr]    Compiling tokio v1.42.0
[INFO] [stderr]    Compiling pin-project v1.1.7
[INFO] [stderr]    Compiling futures-util v0.3.31
[INFO] [stderr]    Compiling channels-io v0.3.0 (/opt/rustwide/workdir)
[INFO] [stderr]    Compiling polling v3.7.4
[INFO] [stderr]    Compiling async-io v2.4.0
[INFO] [stderr]    Compiling async-global-executor v2.4.1
[INFO] [stderr]    Compiling async-std v1.13.0
[INFO] [stderr]    Compiling futures-executor v0.3.31
[INFO] [stderr]    Compiling futures v0.3.31
[INFO] [stderr]     Finished `test` profile [unoptimized + debuginfo] target(s) in 25.07s
[INFO] running `Command { std: "docker" "inspect" "948e5a2adf270081679489c3575a52e6a79c1278b84ba4507ffd64b081fda5e9", kill_on_drop: false }`
[INFO] running `Command { std: "docker" "rm" "-f" "948e5a2adf270081679489c3575a52e6a79c1278b84ba4507ffd64b081fda5e9", kill_on_drop: false }`
[INFO] [stdout] 948e5a2adf270081679489c3575a52e6a79c1278b84ba4507ffd64b081fda5e9
[INFO] running `Command { std: "docker" "create" "-v" "/var/lib/crater-agent-workspace/builds/worker-7-tc1/target:/opt/rustwide/target:rw,Z" "-v" "/var/lib/crater-agent-workspace/builds/worker-7-tc1/source:/opt/rustwide/workdir:ro,Z" "-v" "/var/lib/crater-agent-workspace/cargo-home:/opt/rustwide/cargo-home:ro,Z" "-v" "/var/lib/crater-agent-workspace/rustup-home:/opt/rustwide/rustup-home:ro,Z" "-e" "SOURCE_DIR=/opt/rustwide/workdir" "-e" "CARGO_TARGET_DIR=/opt/rustwide/target" "-e" "CARGO_INCREMENTAL=0" "-e" "RUST_BACKTRACE=full" "-e" "RUSTFLAGS=--cap-lints=warn" "-e" "RUSTDOCFLAGS=--cap-lints=warn" "-e" "CARGO_HOME=/opt/rustwide/cargo-home" "-e" "RUSTUP_HOME=/opt/rustwide/rustup-home" "-w" "/opt/rustwide/workdir" "-m" "1610612736" "--user" "0:0" "--network" "none" "ghcr.io/rust-lang/crates-build-env/linux@sha256:f3a9d4ad9d972b27faf3965f35b62e55ba32bbce8f20bc8fe909558a86702fde" "/opt/rustwide/cargo-home/bin/cargo" "+1.83.0" "test" "--frozen", kill_on_drop: false }`
[INFO] [stdout] 66ce4bb3da727d4298505a2836bda1b39ca0f8fdc9743861437f1534bcf9e5dd
[INFO] running `Command { std: "docker" "start" "-a" "66ce4bb3da727d4298505a2836bda1b39ca0f8fdc9743861437f1534bcf9e5dd", kill_on_drop: false }`
[INFO] [stderr]     Finished `test` profile [unoptimized + debuginfo] target(s) in 0.11s
[INFO] [stderr]      Running unittests src/lib.rs (/opt/rustwide/target/debug/deps/channels_io-d92897012f9c7714)
[INFO] [stdout] 
[INFO] [stdout] running 0 tests
[INFO] [stdout] 
[INFO] [stdout] test result: ok. 0 passed; 0 failed; 0 ignored; 0 measured; 0 filtered out; finished in 0.00s
[INFO] [stdout] 
[INFO] [stderr]    Doc-tests channels_io
[INFO] [stdout] 
[INFO] [stdout] running 12 tests
[INFO] [stdout] test src/convert.rs - convert::IntoWrite (line 121) - compile fail ... ok
[INFO] [stdout] test src/convert.rs - convert::IntoRead (line 74) - compile ... FAILED
[INFO] [stdout] test src/convert.rs - convert::IntoWrite (line 202) - compile fail ... ok
[INFO] [stdout] test src/convert.rs - convert::IntoWrite (line 194) - compile fail ... ok
[INFO] [stdout] test src/convert.rs - convert::IntoRead (line 94) - compile fail ... ok
[INFO] [stdout] test src/convert.rs - convert::IntoRead (line 86) - compile fail ... ok
[INFO] [stdout] test src/convert.rs - convert::IntoRead (line 42) - compile ... FAILED
[INFO] [stdout] test src/convert.rs - convert::IntoWrite (line 150) - compile ... FAILED
[INFO] [stdout] test src/convert.rs - convert::IntoRead (line 13) - compile fail ... ok
[INFO] [stdout] test src/convert.rs - convert::IntoWrite (line 182) - compile ... FAILED
[INFO] [stdout] test src/convert.rs - convert::Container (line 227) - compile ... FAILED
[INFO] [stdout] test src/lib.rs - (line 9) - compile ... FAILED
[INFO] [stdout] 
[INFO] [stdout] failures:
[INFO] [stdout] 
[INFO] [stdout] ---- src/convert.rs - convert::IntoRead (line 74) stdout ----
[INFO] [stdout] error[E0277]: the trait bound `std::io::Empty: IntoRead<_>` is not satisfied
[INFO] [stdout]   --> src/convert.rs:81:19
[INFO] [stdout]    |
[INFO] [stdout] 10 | let _ = sync_only(std::io::empty());
[INFO] [stdout]    |         --------- ^^^^^^^^^^^^^^^^ the trait `IntoRead<_>` is not implemented for `std::io::Empty`
[INFO] [stdout]    |         |
[INFO] [stdout]    |         required by a bound introduced by this call
[INFO] [stdout]    |
[INFO] [stdout] note: required by a bound in `sync_only`
[INFO] [stdout]   --> src/convert.rs:78:36
[INFO] [stdout]    |
[INFO] [stdout] 7  | fn sync_only<R: Read>(reader: impl IntoRead<R>) { /* ... */ }
[INFO] [stdout]    |                                    ^^^^^^^^^^^ required by this bound in `sync_only`
[INFO] [stdout] 
[INFO] [stdout] error[E0277]: the trait bound `tokio::io::Empty: IntoRead<_>` is not satisfied
[INFO] [stdout]   --> src/convert.rs:82:20
[INFO] [stdout]    |
[INFO] [stdout] 11 | let _ = async_only(tokio::io::empty());
[INFO] [stdout]    |         ---------- ^^^^^^^^^^^^^^^^^^ the trait `IntoRead<_>` is not implemented for `tokio::io::Empty`
[INFO] [stdout]    |         |
[INFO] [stdout]    |         required by a bound introduced by this call
[INFO] [stdout]    |
[INFO] [stdout] note: required by a bound in `async_only`
[INFO] [stdout]   --> src/convert.rs:79:42
[INFO] [stdout]    |
[INFO] [stdout] 8  | fn async_only<R: AsyncRead>(reader: impl IntoRead<R>) { /* ... */ }
[INFO] [stdout]    |                                          ^^^^^^^^^^^ required by this bound in `async_only`
[INFO] [stdout] 
[INFO] [stdout] error: aborting due to 2 previous errors
[INFO] [stdout] 
[INFO] [stdout] For more information about this error, try `rustc --explain E0277`.
[INFO] [stdout] Couldn't compile the test.
[INFO] [stdout] ---- src/convert.rs - convert::IntoRead (line 42) stdout ----
[INFO] [stdout] error[E0277]: the trait bound `std::io::Empty: IntoRead<_>` is not satisfied
[INFO] [stdout]   --> src/convert.rs:67:23
[INFO] [stdout]    |
[INFO] [stdout] 28 | let _ = MyStruct::new(std::io::empty());
[INFO] [stdout]    |         ------------- ^^^^^^^^^^^^^^^^ the trait `IntoRead<_>` is not implemented for `std::io::Empty`
[INFO] [stdout]    |         |
[INFO] [stdout]    |         required by a bound introduced by this call
[INFO] [stdout]    |
[INFO] [stdout] note: required by a bound in `MyStruct::<R>::new`
[INFO] [stdout]   --> src/convert.rs:51:29
[INFO] [stdout]    |
[INFO] [stdout] 12 |     pub fn new(reader: impl IntoRead<R>) -> Self {
[INFO] [stdout]    |                             ^^^^^^^^^^^ required by this bound in `MyStruct::<R>::new`
[INFO] [stdout] 
[INFO] [stdout] error[E0277]: the trait bound `tokio::io::Empty: IntoRead<_>` is not satisfied
[INFO] [stdout]   --> src/convert.rs:70:23
[INFO] [stdout]    |
[INFO] [stdout] 31 | let _ = MyStruct::new(tokio::io::empty());
[INFO] [stdout]    |         ------------- ^^^^^^^^^^^^^^^^^^ the trait `IntoRead<_>` is not implemented for `tokio::io::Empty`
[INFO] [stdout]    |         |
[INFO] [stdout]    |         required by a bound introduced by this call
[INFO] [stdout]    |
[INFO] [stdout] note: required by a bound in `MyStruct::<R>::new`
[INFO] [stdout]   --> src/convert.rs:51:29
[INFO] [stdout]    |
[INFO] [stdout] 12 |     pub fn new(reader: impl IntoRead<R>) -> Self {
[INFO] [stdout]    |                             ^^^^^^^^^^^ required by this bound in `MyStruct::<R>::new`
[INFO] [stdout] 
[INFO] [stdout] error: aborting due to 2 previous errors
[INFO] [stdout] 
[INFO] [stdout] For more information about this error, try `rustc --explain E0277`.
[INFO] [stdout] Couldn't compile the test.
[INFO] [stdout] ---- src/convert.rs - convert::IntoWrite (line 150) stdout ----
[INFO] [stdout] error[E0277]: the trait bound `std::io::Empty: IntoWrite<_>` is not satisfied
[INFO] [stdout]   --> src/convert.rs:175:23
[INFO] [stdout]    |
[INFO] [stdout] 28 | let _ = MyStruct::new(std::io::empty());
[INFO] [stdout]    |         ------------- ^^^^^^^^^^^^^^^^ the trait `IntoWrite<_>` is not implemented for `std::io::Empty`
[INFO] [stdout]    |         |
[INFO] [stdout]    |         required by a bound introduced by this call
[INFO] [stdout]    |
[INFO] [stdout] note: required by a bound in `MyStruct::<R>::new`
[INFO] [stdout]   --> src/convert.rs:159:29
[INFO] [stdout]    |
[INFO] [stdout] 12 |     pub fn new(writer: impl IntoWrite<R>) -> Self {
[INFO] [stdout]    |                             ^^^^^^^^^^^^ required by this bound in `MyStruct::<R>::new`
[INFO] [stdout] 
[INFO] [stdout] error[E0277]: the trait bound `tokio::io::Empty: IntoWrite<_>` is not satisfied
[INFO] [stdout]   --> src/convert.rs:178:23
[INFO] [stdout]    |
[INFO] [stdout] 31 | let _ = MyStruct::new(tokio::io::empty());
[INFO] [stdout]    |         ------------- ^^^^^^^^^^^^^^^^^^ the trait `IntoWrite<_>` is not implemented for `tokio::io::Empty`
[INFO] [stdout]    |         |
[INFO] [stdout]    |         required by a bound introduced by this call
[INFO] [stdout]    |
[INFO] [stdout] note: required by a bound in `MyStruct::<R>::new`
[INFO] [stdout]   --> src/convert.rs:159:29
[INFO] [stdout]    |
[INFO] [stdout] 12 |     pub fn new(writer: impl IntoWrite<R>) -> Self {
[INFO] [stdout]    |                             ^^^^^^^^^^^^ required by this bound in `MyStruct::<R>::new`
[INFO] [stdout] 
[INFO] [stdout] error: aborting due to 2 previous errors
[INFO] [stdout] 
[INFO] [stdout] For more information about this error, try `rustc --explain E0277`.
[INFO] [stdout] Couldn't compile the test.
[INFO] [stdout] ---- src/convert.rs - convert::IntoWrite (line 182) stdout ----
[INFO] [stdout] error[E0277]: the trait bound `std::io::Sink: IntoWrite<_>` is not satisfied
[INFO] [stdout]   --> src/convert.rs:189:19
[INFO] [stdout]    |
[INFO] [stdout] 10 | let _ = sync_only(std::io::sink());
[INFO] [stdout]    |         --------- ^^^^^^^^^^^^^^^ the trait `IntoWrite<_>` is not implemented for `std::io::Sink`
[INFO] [stdout]    |         |
[INFO] [stdout]    |         required by a bound introduced by this call
[INFO] [stdout]    |
[INFO] [stdout] note: required by a bound in `sync_only`
[INFO] [stdout]   --> src/convert.rs:186:37
[INFO] [stdout]    |
[INFO] [stdout] 7  | fn sync_only<W: Write>(writer: impl IntoWrite<W>) { /* ... */ }
[INFO] [stdout]    |                                     ^^^^^^^^^^^^ required by this bound in `sync_only`
[INFO] [stdout] 
[INFO] [stdout] error[E0277]: the trait bound `tokio::io::Sink: IntoWrite<_>` is not satisfied
[INFO] [stdout]   --> src/convert.rs:190:20
[INFO] [stdout]    |
[INFO] [stdout] 11 | let _ = async_only(tokio::io::sink());
[INFO] [stdout]    |         ---------- ^^^^^^^^^^^^^^^^^ the trait `IntoWrite<_>` is not implemented for `tokio::io::Sink`
[INFO] [stdout]    |         |
[INFO] [stdout]    |         required by a bound introduced by this call
[INFO] [stdout]    |
[INFO] [stdout] note: required by a bound in `async_only`
[INFO] [stdout]   --> src/convert.rs:187:43
[INFO] [stdout]    |
[INFO] [stdout] 8  | fn async_only<W: AsyncWrite>(writer: impl IntoWrite<W>) { /* ... */ }
[INFO] [stdout]    |                                           ^^^^^^^^^^^^ required by this bound in `async_only`
[INFO] [stdout] 
[INFO] [stdout] error: aborting due to 2 previous errors
[INFO] [stdout] 
[INFO] [stdout] For more information about this error, try `rustc --explain E0277`.
[INFO] [stdout] Couldn't compile the test.
[INFO] [stdout] ---- src/convert.rs - convert::Container (line 227) stdout ----
[INFO] [stdout] error[E0432]: unresolved import `channels_io::Std`
[INFO] [stdout]  --> src/convert.rs:230:29
[INFO] [stdout]   |
[INFO] [stdout] 6 | use channels_io::{IntoRead, Std, Read, Container};
[INFO] [stdout]   |                             ^^^ no `Std` in the root
[INFO] [stdout] 
[INFO] [stdout] error[E0277]: the trait bound `std::io::Empty: IntoRead<_>` is not satisfied
[INFO] [stdout]   --> src/convert.rs:252:29
[INFO] [stdout]    |
[INFO] [stdout] 28 | let mut foo = MyStruct::new(empty());
[INFO] [stdout]    |               ------------- ^^^^^^^ the trait `IntoRead<_>` is not implemented for `std::io::Empty`
[INFO] [stdout]    |               |
[INFO] [stdout]    |               required by a bound introduced by this call
[INFO] [stdout]    |
[INFO] [stdout] note: required by a bound in `MyStruct::<R>::new`
[INFO] [stdout]   --> src/convert.rs:237:29
[INFO] [stdout]    |
[INFO] [stdout] 13 |     pub fn new(reader: impl IntoRead<R>) -> Self {
[INFO] [stdout]    |                             ^^^^^^^^^^^ required by this bound in `MyStruct::<R>::new`
[INFO] [stdout] 
[INFO] [stdout] error: aborting due to 2 previous errors
[INFO] [stdout] 
[INFO] [stdout] Some errors have detailed explanations: E0277, E0432.
[INFO] [stdout] For more information about an error, try `rustc --explain E0277`.
[INFO] [stdout] Couldn't compile the test.
[INFO] [stdout] ---- src/lib.rs - (line 9) stdout ----
[INFO] [stdout] error[E0432]: unresolved import `channels_io::Futures`
[INFO] [stdout]  --> src/lib.rs:11:57
[INFO] [stdout]   |
[INFO] [stdout] 5 | use channels_io::{IntoWrite, AsyncWrite, AsyncWriteExt, Futures};
[INFO] [stdout]   |                                                         ^^^^^^^ no `Futures` in the root
[INFO] [stdout] 
[INFO] [stdout] error[E0277]: the trait bound `&mut tokio::fs::File: IntoWrite<_>` is not satisfied
[INFO] [stdout]   --> src/lib.rs:35:16
[INFO] [stdout]    |
[INFO] [stdout] 29 |     write_data(&mut file).await.unwrap();
[INFO] [stdout]    |     ---------- ^^^^^^^^^ the trait `IntoWrite<_>` is not implemented for `&mut tokio::fs::File`
[INFO] [stdout]    |     |
[INFO] [stdout]    |     required by a bound introduced by this call
[INFO] [stdout]    |
[INFO] [stdout] note: required by a bound in `write_data`
[INFO] [stdout]   --> src/lib.rs:13:37
[INFO] [stdout]    |
[INFO] [stdout] 7  | async fn write_data<W>(writer: impl IntoWrite<W>) -> Result<(), W::Error>
[INFO] [stdout]    |                                     ^^^^^^^^^^^^ required by this bound in `write_data`
[INFO] [stdout] 
[INFO] [stdout] error[E0277]: the trait bound `&mut tokio::fs::File: IntoWrite<_>` is not satisfied
[INFO] [stdout]   --> src/lib.rs:35:5
[INFO] [stdout]    |
[INFO] [stdout] 29 |     write_data(&mut file).await.unwrap();
[INFO] [stdout]    |     ^^^^^^^^^^^^^^^^^^^^^ the trait `IntoWrite<_>` is not implemented for `&mut tokio::fs::File`
[INFO] [stdout]    |
[INFO] [stdout] note: required by a bound in `write_data`
[INFO] [stdout]   --> src/lib.rs:13:37
[INFO] [stdout]    |
[INFO] [stdout] 7  | async fn write_data<W>(writer: impl IntoWrite<W>) -> Result<(), W::Error>
[INFO] [stdout]    |                                     ^^^^^^^^^^^^ required by this bound in `write_data`
[INFO] [stdout] 
[INFO] [stdout] error[E0277]: the trait bound `&mut tokio::fs::File: IntoWrite<_>` is not satisfied
[INFO] [stdout]   --> src/lib.rs:35:27
[INFO] [stdout]    |
[INFO] [stdout] 29 |     write_data(&mut file).await.unwrap();
[INFO] [stdout]    |                           ^^^^^ the trait `IntoWrite<_>` is not implemented for `&mut tokio::fs::File`
[INFO] [stdout]    |
[INFO] [stdout] note: required by a bound in `write_data`
[INFO] [stdout]   --> src/lib.rs:13:37
[INFO] [stdout]    |
[INFO] [stdout] 7  | async fn write_data<W>(writer: impl IntoWrite<W>) -> Result<(), W::Error>
[INFO] [stdout]    |                                     ^^^^^^^^^^^^ required by this bound in `write_data`
[INFO] [stdout] 
[INFO] [stdout] error: aborting due to 4 previous errors
[INFO] [stdout] 
[INFO] [stdout] Some errors have detailed explanations: E0277, E0432.
[INFO] [stdout] For more information about an error, try `rustc --explain E0277`.
[INFO] [stdout] Couldn't compile the test.
[INFO] [stdout] 
[INFO] [stdout] failures:
[INFO] [stdout]     src/convert.rs - convert::Container (line 227)
[INFO] [stdout]     src/convert.rs - convert::IntoRead (line 42)
[INFO] [stdout]     src/convert.rs - convert::IntoRead (line 74)
[INFO] [stdout]     src/convert.rs - convert::IntoWrite (line 150)
[INFO] [stdout]     src/convert.rs - convert::IntoWrite (line 182)
[INFO] [stdout]     src/lib.rs - (line 9)
[INFO] [stdout] 
[INFO] [stdout] test result: FAILED. 6 passed; 6 failed; 0 ignored; 0 measured; 0 filtered out; finished in 0.34s
[INFO] [stdout] 
[INFO] [stderr] error: doctest failed, to rerun pass `--doc`
[INFO] running `Command { std: "docker" "inspect" "66ce4bb3da727d4298505a2836bda1b39ca0f8fdc9743861437f1534bcf9e5dd", kill_on_drop: false }`
[INFO] running `Command { std: "docker" "rm" "-f" "66ce4bb3da727d4298505a2836bda1b39ca0f8fdc9743861437f1534bcf9e5dd", kill_on_drop: false }`
[INFO] [stdout] 66ce4bb3da727d4298505a2836bda1b39ca0f8fdc9743861437f1534bcf9e5dd
