[INFO] fetching crate chain_linq 0.1.3...
[INFO] testing chain_linq-0.1.3 against 1.83.0 for beta-1.84.0-4-retry
[INFO] extracting crate chain_linq 0.1.3 into /workspace/builds/worker-3-tc1/source
[INFO] validating manifest of crates.io crate chain_linq 0.1.3 on toolchain 1.83.0
[INFO] running `Command { std: CARGO_HOME="/workspace/cargo-home" RUSTUP_HOME="/workspace/rustup-home" "/workspace/cargo-home/bin/cargo" "+1.83.0" "metadata" "--manifest-path" "Cargo.toml" "--no-deps", kill_on_drop: false }`
[INFO] started tweaking crates.io crate chain_linq 0.1.3
[INFO] finished tweaking crates.io crate chain_linq 0.1.3
[INFO] tweaked toml for crates.io crate chain_linq 0.1.3 written to /workspace/builds/worker-3-tc1/source/Cargo.toml
[INFO] running `Command { std: CARGO_HOME="/workspace/cargo-home" RUSTUP_HOME="/workspace/rustup-home" "/workspace/cargo-home/bin/cargo" "+1.83.0" "generate-lockfile" "--manifest-path" "Cargo.toml", kill_on_drop: false }`
[INFO] [stderr]     Blocking waiting for file lock on package cache
[INFO] [stderr]     Updating crates.io index
[INFO] [stderr]     Blocking waiting for file lock on package cache
[INFO] [stderr]      Locking 3 packages to latest compatible versions
[INFO] [stderr]       Adding itertools v0.10.5 (available: v0.13.0)
[INFO] running `Command { std: CARGO_HOME="/workspace/cargo-home" RUSTUP_HOME="/workspace/rustup-home" "/workspace/cargo-home/bin/cargo" "+1.83.0" "fetch" "--manifest-path" "Cargo.toml", kill_on_drop: false }`
[INFO] [stderr]     Blocking waiting for file lock on package cache
[INFO] [stderr]  Downloading crates ...
[INFO] [stderr]   Downloaded big_mac v0.1.7
[INFO] running `Command { std: "docker" "create" "-v" "/var/lib/crater-agent-workspace/builds/worker-3-tc1/target:/opt/rustwide/target:rw,Z" "-v" "/var/lib/crater-agent-workspace/builds/worker-3-tc1/source:/opt/rustwide/workdir:ro,Z" "-v" "/var/lib/crater-agent-workspace/cargo-home:/opt/rustwide/cargo-home:ro,Z" "-v" "/var/lib/crater-agent-workspace/rustup-home:/opt/rustwide/rustup-home:ro,Z" "-e" "SOURCE_DIR=/opt/rustwide/workdir" "-e" "CARGO_TARGET_DIR=/opt/rustwide/target" "-e" "CARGO_HOME=/opt/rustwide/cargo-home" "-e" "RUSTUP_HOME=/opt/rustwide/rustup-home" "-w" "/opt/rustwide/workdir" "-m" "1610612736" "--user" "0:0" "--network" "none" "ghcr.io/rust-lang/crates-build-env/linux@sha256:f3a9d4ad9d972b27faf3965f35b62e55ba32bbce8f20bc8fe909558a86702fde" "/opt/rustwide/cargo-home/bin/cargo" "+1.83.0" "metadata" "--no-deps" "--format-version=1", kill_on_drop: false }`
[INFO] [stdout] b33083aaf7bdf41a827b0298c2f3d7da3de46da646d9ee4f71bf05791fe391d1
[INFO] running `Command { std: "docker" "start" "-a" "b33083aaf7bdf41a827b0298c2f3d7da3de46da646d9ee4f71bf05791fe391d1", kill_on_drop: false }`
[INFO] running `Command { std: "docker" "inspect" "b33083aaf7bdf41a827b0298c2f3d7da3de46da646d9ee4f71bf05791fe391d1", kill_on_drop: false }`
[INFO] running `Command { std: "docker" "rm" "-f" "b33083aaf7bdf41a827b0298c2f3d7da3de46da646d9ee4f71bf05791fe391d1", kill_on_drop: false }`
[INFO] [stdout] b33083aaf7bdf41a827b0298c2f3d7da3de46da646d9ee4f71bf05791fe391d1
[INFO] running `Command { std: "docker" "create" "-v" "/var/lib/crater-agent-workspace/builds/worker-3-tc1/target:/opt/rustwide/target:rw,Z" "-v" "/var/lib/crater-agent-workspace/builds/worker-3-tc1/source:/opt/rustwide/workdir:ro,Z" "-v" "/var/lib/crater-agent-workspace/cargo-home:/opt/rustwide/cargo-home:ro,Z" "-v" "/var/lib/crater-agent-workspace/rustup-home:/opt/rustwide/rustup-home:ro,Z" "-e" "SOURCE_DIR=/opt/rustwide/workdir" "-e" "CARGO_TARGET_DIR=/opt/rustwide/target" "-e" "CARGO_INCREMENTAL=0" "-e" "RUST_BACKTRACE=full" "-e" "RUSTFLAGS=--cap-lints=warn" "-e" "RUSTDOCFLAGS=--cap-lints=warn" "-e" "CARGO_HOME=/opt/rustwide/cargo-home" "-e" "RUSTUP_HOME=/opt/rustwide/rustup-home" "-w" "/opt/rustwide/workdir" "-m" "1610612736" "--user" "0:0" "--network" "none" "ghcr.io/rust-lang/crates-build-env/linux@sha256:f3a9d4ad9d972b27faf3965f35b62e55ba32bbce8f20bc8fe909558a86702fde" "/opt/rustwide/cargo-home/bin/cargo" "+1.83.0" "build" "--frozen" "--message-format=json", kill_on_drop: false }`
[INFO] [stdout] 9d95718c27feeb5e0d27ce8c72c37e56162dfeffdd5a132f2e6a187a476fdbbd
[INFO] running `Command { std: "docker" "start" "-a" "9d95718c27feeb5e0d27ce8c72c37e56162dfeffdd5a132f2e6a187a476fdbbd", kill_on_drop: false }`
[INFO] [stderr]    Compiling either v1.13.0
[INFO] [stderr]    Compiling big_mac v0.1.7
[INFO] [stderr]    Compiling itertools v0.10.5
[INFO] [stderr]    Compiling chain_linq v0.1.3 (/opt/rustwide/workdir)
[INFO] [stderr]     Finished `dev` profile [unoptimized + debuginfo] target(s) in 2.29s
[INFO] running `Command { std: "docker" "inspect" "9d95718c27feeb5e0d27ce8c72c37e56162dfeffdd5a132f2e6a187a476fdbbd", kill_on_drop: false }`
[INFO] running `Command { std: "docker" "rm" "-f" "9d95718c27feeb5e0d27ce8c72c37e56162dfeffdd5a132f2e6a187a476fdbbd", kill_on_drop: false }`
[INFO] [stdout] 9d95718c27feeb5e0d27ce8c72c37e56162dfeffdd5a132f2e6a187a476fdbbd
[INFO] running `Command { std: "docker" "create" "-v" "/var/lib/crater-agent-workspace/builds/worker-3-tc1/target:/opt/rustwide/target:rw,Z" "-v" "/var/lib/crater-agent-workspace/builds/worker-3-tc1/source:/opt/rustwide/workdir:ro,Z" "-v" "/var/lib/crater-agent-workspace/cargo-home:/opt/rustwide/cargo-home:ro,Z" "-v" "/var/lib/crater-agent-workspace/rustup-home:/opt/rustwide/rustup-home:ro,Z" "-e" "SOURCE_DIR=/opt/rustwide/workdir" "-e" "CARGO_TARGET_DIR=/opt/rustwide/target" "-e" "CARGO_INCREMENTAL=0" "-e" "RUST_BACKTRACE=full" "-e" "RUSTFLAGS=--cap-lints=warn" "-e" "RUSTDOCFLAGS=--cap-lints=warn" "-e" "CARGO_HOME=/opt/rustwide/cargo-home" "-e" "RUSTUP_HOME=/opt/rustwide/rustup-home" "-w" "/opt/rustwide/workdir" "-m" "1610612736" "--user" "0:0" "--network" "none" "ghcr.io/rust-lang/crates-build-env/linux@sha256:f3a9d4ad9d972b27faf3965f35b62e55ba32bbce8f20bc8fe909558a86702fde" "/opt/rustwide/cargo-home/bin/cargo" "+1.83.0" "test" "--frozen" "--no-run" "--message-format=json", kill_on_drop: false }`
[INFO] [stdout] abbc99daecfbec4026d99b2320592f517332c83e8baaa469f6c22f0c3b6090f7
[INFO] running `Command { std: "docker" "start" "-a" "abbc99daecfbec4026d99b2320592f517332c83e8baaa469f6c22f0c3b6090f7", kill_on_drop: false }`
[INFO] [stderr]    Compiling chain_linq v0.1.3 (/opt/rustwide/workdir)
[INFO] [stderr]     Finished `test` profile [unoptimized + debuginfo] target(s) in 0.40s
[INFO] running `Command { std: "docker" "inspect" "abbc99daecfbec4026d99b2320592f517332c83e8baaa469f6c22f0c3b6090f7", kill_on_drop: false }`
[INFO] running `Command { std: "docker" "rm" "-f" "abbc99daecfbec4026d99b2320592f517332c83e8baaa469f6c22f0c3b6090f7", kill_on_drop: false }`
[INFO] [stdout] abbc99daecfbec4026d99b2320592f517332c83e8baaa469f6c22f0c3b6090f7
[INFO] running `Command { std: "docker" "create" "-v" "/var/lib/crater-agent-workspace/builds/worker-3-tc1/target:/opt/rustwide/target:rw,Z" "-v" "/var/lib/crater-agent-workspace/builds/worker-3-tc1/source:/opt/rustwide/workdir:ro,Z" "-v" "/var/lib/crater-agent-workspace/cargo-home:/opt/rustwide/cargo-home:ro,Z" "-v" "/var/lib/crater-agent-workspace/rustup-home:/opt/rustwide/rustup-home:ro,Z" "-e" "SOURCE_DIR=/opt/rustwide/workdir" "-e" "CARGO_TARGET_DIR=/opt/rustwide/target" "-e" "CARGO_INCREMENTAL=0" "-e" "RUST_BACKTRACE=full" "-e" "RUSTFLAGS=--cap-lints=warn" "-e" "RUSTDOCFLAGS=--cap-lints=warn" "-e" "CARGO_HOME=/opt/rustwide/cargo-home" "-e" "RUSTUP_HOME=/opt/rustwide/rustup-home" "-w" "/opt/rustwide/workdir" "-m" "1610612736" "--user" "0:0" "--network" "none" "ghcr.io/rust-lang/crates-build-env/linux@sha256:f3a9d4ad9d972b27faf3965f35b62e55ba32bbce8f20bc8fe909558a86702fde" "/opt/rustwide/cargo-home/bin/cargo" "+1.83.0" "test" "--frozen", kill_on_drop: false }`
[INFO] [stdout] 34cf0fbe6abaa55f294059bd9d14e377c5eae58b2670029349475106d77ec58e
[INFO] running `Command { std: "docker" "start" "-a" "34cf0fbe6abaa55f294059bd9d14e377c5eae58b2670029349475106d77ec58e", kill_on_drop: false }`
[INFO] [stderr]     Finished `test` profile [unoptimized + debuginfo] target(s) in 0.02s
[INFO] [stderr]      Running unittests src/lib.rs (/opt/rustwide/target/debug/deps/chain_linq-fb8636a42829538a)
[INFO] [stdout] 
[INFO] [stdout] running 0 tests
[INFO] [stdout] 
[INFO] [stdout] test result: ok. 0 passed; 0 failed; 0 ignored; 0 measured; 0 filtered out; finished in 0.00s
[INFO] [stdout] 
[INFO] [stderr]    Doc-tests chain_linq
[INFO] [stdout] 
[INFO] [stdout] running 3 tests
[INFO] [stdout] test src/lib.rs - (line 44) ... FAILED
[INFO] [stdout] test src/lib.rs - (line 30) ... ok
[INFO] [stdout] test src/lib.rs - (line 58) ... ok
[INFO] [stdout] 
[INFO] [stdout] failures:
[INFO] [stdout] 
[INFO] [stdout] ---- src/lib.rs - (line 44) stdout ----
[INFO] [stdout] error: expected `;`, found reserved identifier `$crate`
[INFO] [stdout]   --> src/lib.rs:50:9
[INFO] [stdout]    |
[INFO] [stdout] 9  |   let x = linq!(
[INFO] [stdout]    |  _________^
[INFO] [stdout] 10 | |     from xs in xss
[INFO] [stdout] 11 | |     group xs by xs.len() into gs
[INFO] [stdout] 12 | |     from iter in gs
[INFO] [stdout] 13 | |     from x in iter
[INFO] [stdout] 14 | |     collect x + 1 as Vec<i32>
[INFO] [stdout] 15 | | );
[INFO] [stdout]    | | ^
[INFO] [stdout]    | | |
[INFO] [stdout]    | |_unexpected token
[INFO] [stdout]    |   help: add `;` here
[INFO] [stdout]    |
[INFO] [stdout]    = note: this error originates in the macro `$crate::linq_impl` which comes from the expansion of the macro `linq` (in Nightly builds, run with -Z macro-backtrace for more info)
[INFO] [stdout] 
[INFO] [stdout] error[E0369]: cannot add `{integer}` to `Vec<{integer}>`
[INFO] [stdout]   --> src/lib.rs:55:15
[INFO] [stdout]    |
[INFO] [stdout] 14 |     collect x + 1 as Vec<i32>
[INFO] [stdout]    |             - ^ - {integer}
[INFO] [stdout]    |             |
[INFO] [stdout]    |             Vec<{integer}>
[INFO] [stdout]    |
[INFO] [stdout] note: the foreign item type `Vec<{integer}>` doesn't implement `Add<{integer}>`
[INFO] [stdout]   --> /rustc/90b35a6239c3d8bdabc530a6a0816f7ff89a0aaf/library/alloc/src/vec/mod.rs:397:1
[INFO] [stdout]    |
[INFO] [stdout]    = note: not implement `Add<{integer}>`
[INFO] [stdout] 
[INFO] [stdout] error: aborting due to 2 previous errors
[INFO] [stdout] 
[INFO] [stdout] For more information about this error, try `rustc --explain E0369`.
[INFO] [stdout] Couldn't compile the test.
[INFO] [stdout] 
[INFO] [stdout] failures:
[INFO] [stdout]     src/lib.rs - (line 44)
[INFO] [stdout] 
[INFO] [stdout] test result: FAILED. 2 passed; 1 failed; 0 ignored; 0 measured; 0 filtered out; finished in 0.55s
[INFO] [stdout] 
[INFO] [stderr] error: doctest failed, to rerun pass `--doc`
[INFO] running `Command { std: "docker" "inspect" "34cf0fbe6abaa55f294059bd9d14e377c5eae58b2670029349475106d77ec58e", kill_on_drop: false }`
[INFO] running `Command { std: "docker" "rm" "-f" "34cf0fbe6abaa55f294059bd9d14e377c5eae58b2670029349475106d77ec58e", kill_on_drop: false }`
[INFO] [stdout] 34cf0fbe6abaa55f294059bd9d14e377c5eae58b2670029349475106d77ec58e
