[INFO] fetching crate chafa-sys 0.1.4...
[INFO] testing chafa-sys-0.1.4 against 1.83.0 for beta-1.84.0-4-retry
[INFO] extracting crate chafa-sys 0.1.4 into /workspace/builds/worker-3-tc1/source
[INFO] validating manifest of crates.io crate chafa-sys 0.1.4 on toolchain 1.83.0
[INFO] running `Command { std: CARGO_HOME="/workspace/cargo-home" RUSTUP_HOME="/workspace/rustup-home" "/workspace/cargo-home/bin/cargo" "+1.83.0" "metadata" "--manifest-path" "Cargo.toml" "--no-deps", kill_on_drop: false }`
[INFO] started tweaking crates.io crate chafa-sys 0.1.4
[INFO] finished tweaking crates.io crate chafa-sys 0.1.4
[INFO] tweaked toml for crates.io crate chafa-sys 0.1.4 written to /workspace/builds/worker-3-tc1/source/Cargo.toml
[INFO] running `Command { std: CARGO_HOME="/workspace/cargo-home" RUSTUP_HOME="/workspace/rustup-home" "/workspace/cargo-home/bin/cargo" "+1.83.0" "generate-lockfile" "--manifest-path" "Cargo.toml", kill_on_drop: false }`
[INFO] [stderr]     Updating crates.io index
[INFO] [stderr]      Locking 86 packages to latest compatible versions
[INFO] [stderr]       Adding bindgen v0.69.5 (available: v0.71.1)
[INFO] [stderr]       Adding image v0.24.9 (available: v0.25.5)
[INFO] [stderr]       Adding terminal_size v0.3.0 (available: v0.4.1)
[INFO] running `Command { std: CARGO_HOME="/workspace/cargo-home" RUSTUP_HOME="/workspace/rustup-home" "/workspace/cargo-home/bin/cargo" "+1.83.0" "fetch" "--manifest-path" "Cargo.toml", kill_on_drop: false }`
[INFO] running `Command { std: "docker" "create" "-v" "/var/lib/crater-agent-workspace/builds/worker-3-tc1/target:/opt/rustwide/target:rw,Z" "-v" "/var/lib/crater-agent-workspace/builds/worker-3-tc1/source:/opt/rustwide/workdir:ro,Z" "-v" "/var/lib/crater-agent-workspace/cargo-home:/opt/rustwide/cargo-home:ro,Z" "-v" "/var/lib/crater-agent-workspace/rustup-home:/opt/rustwide/rustup-home:ro,Z" "-e" "SOURCE_DIR=/opt/rustwide/workdir" "-e" "CARGO_TARGET_DIR=/opt/rustwide/target" "-e" "CARGO_HOME=/opt/rustwide/cargo-home" "-e" "RUSTUP_HOME=/opt/rustwide/rustup-home" "-w" "/opt/rustwide/workdir" "-m" "1610612736" "--user" "0:0" "--network" "none" "ghcr.io/rust-lang/crates-build-env/linux@sha256:f3a9d4ad9d972b27faf3965f35b62e55ba32bbce8f20bc8fe909558a86702fde" "/opt/rustwide/cargo-home/bin/cargo" "+1.83.0" "metadata" "--no-deps" "--format-version=1", kill_on_drop: false }`
[INFO] [stdout] 7083434985cb609c0e64887259c913b7ac4e18e088076224295b46096346af5e
[INFO] running `Command { std: "docker" "start" "-a" "7083434985cb609c0e64887259c913b7ac4e18e088076224295b46096346af5e", kill_on_drop: false }`
[INFO] running `Command { std: "docker" "inspect" "7083434985cb609c0e64887259c913b7ac4e18e088076224295b46096346af5e", kill_on_drop: false }`
[INFO] running `Command { std: "docker" "rm" "-f" "7083434985cb609c0e64887259c913b7ac4e18e088076224295b46096346af5e", kill_on_drop: false }`
[INFO] [stdout] 7083434985cb609c0e64887259c913b7ac4e18e088076224295b46096346af5e
[INFO] running `Command { std: "docker" "create" "-v" "/var/lib/crater-agent-workspace/builds/worker-3-tc1/target:/opt/rustwide/target:rw,Z" "-v" "/var/lib/crater-agent-workspace/builds/worker-3-tc1/source:/opt/rustwide/workdir:ro,Z" "-v" "/var/lib/crater-agent-workspace/cargo-home:/opt/rustwide/cargo-home:ro,Z" "-v" "/var/lib/crater-agent-workspace/rustup-home:/opt/rustwide/rustup-home:ro,Z" "-e" "SOURCE_DIR=/opt/rustwide/workdir" "-e" "CARGO_TARGET_DIR=/opt/rustwide/target" "-e" "CARGO_INCREMENTAL=0" "-e" "RUST_BACKTRACE=full" "-e" "RUSTFLAGS=--cap-lints=warn" "-e" "RUSTDOCFLAGS=--cap-lints=warn" "-e" "CARGO_HOME=/opt/rustwide/cargo-home" "-e" "RUSTUP_HOME=/opt/rustwide/rustup-home" "-w" "/opt/rustwide/workdir" "-m" "1610612736" "--user" "0:0" "--network" "none" "ghcr.io/rust-lang/crates-build-env/linux@sha256:f3a9d4ad9d972b27faf3965f35b62e55ba32bbce8f20bc8fe909558a86702fde" "/opt/rustwide/cargo-home/bin/cargo" "+1.83.0" "build" "--frozen" "--message-format=json", kill_on_drop: false }`
[INFO] [stdout] 7552cf7cdf0da2b46508d3286f3a7b57b3f6de8d35872aefbf7c5f41ceab435d
[INFO] running `Command { std: "docker" "start" "-a" "7552cf7cdf0da2b46508d3286f3a7b57b3f6de8d35872aefbf7c5f41ceab435d", kill_on_drop: false }`
[INFO] [stderr]    Compiling proc-macro2 v1.0.92
[INFO] [stderr]    Compiling unicode-ident v1.0.14
[INFO] [stderr]    Compiling glob v0.3.1
[INFO] [stderr]    Compiling libc v0.2.168
[INFO] [stderr]    Compiling rustix v0.38.42
[INFO] [stderr]    Compiling prettyplease v0.2.25
[INFO] [stderr]    Compiling regex-syntax v0.8.5
[INFO] [stderr]    Compiling bitflags v2.6.0
[INFO] [stderr]    Compiling memchr v2.7.4
[INFO] [stderr]    Compiling linux-raw-sys v0.4.14
[INFO] [stderr]    Compiling cfg-if v1.0.0
[INFO] [stderr]    Compiling minimal-lexical v0.2.1
[INFO] [stderr]    Compiling either v1.13.0
[INFO] [stderr]    Compiling libloading v0.8.6
[INFO] [stderr]    Compiling clang-sys v1.8.1
[INFO] [stderr]    Compiling home v0.5.9
[INFO] [stderr]    Compiling bindgen v0.69.5
[INFO] [stderr]    Compiling itertools v0.12.1
[INFO] [stderr]    Compiling rustc-hash v1.1.0
[INFO] [stderr]    Compiling shlex v1.3.0
[INFO] [stderr]    Compiling nom v7.1.3
[INFO] [stderr]    Compiling lazy_static v1.5.0
[INFO] [stderr]    Compiling log v0.4.22
[INFO] [stderr]    Compiling quote v1.0.37
[INFO] [stderr]    Compiling lazycell v1.3.0
[INFO] [stderr]    Compiling pkg-config v0.3.31
[INFO] [stderr]    Compiling syn v2.0.90
[INFO] [stderr]    Compiling regex-automata v0.4.9
[INFO] [stderr]    Compiling which v4.4.2
[INFO] [stderr]    Compiling cexpr v0.6.0
[INFO] [stderr]    Compiling regex v1.11.1
[INFO] [stderr]    Compiling chafa-sys v0.1.4 (/opt/rustwide/workdir)
[INFO] [stderr]     Finished `dev` profile [unoptimized + debuginfo] target(s) in 47.33s
[INFO] running `Command { std: "docker" "inspect" "7552cf7cdf0da2b46508d3286f3a7b57b3f6de8d35872aefbf7c5f41ceab435d", kill_on_drop: false }`
[INFO] running `Command { std: "docker" "rm" "-f" "7552cf7cdf0da2b46508d3286f3a7b57b3f6de8d35872aefbf7c5f41ceab435d", kill_on_drop: false }`
[INFO] [stdout] 7552cf7cdf0da2b46508d3286f3a7b57b3f6de8d35872aefbf7c5f41ceab435d
[INFO] running `Command { std: "docker" "create" "-v" "/var/lib/crater-agent-workspace/builds/worker-3-tc1/target:/opt/rustwide/target:rw,Z" "-v" "/var/lib/crater-agent-workspace/builds/worker-3-tc1/source:/opt/rustwide/workdir:ro,Z" "-v" "/var/lib/crater-agent-workspace/cargo-home:/opt/rustwide/cargo-home:ro,Z" "-v" "/var/lib/crater-agent-workspace/rustup-home:/opt/rustwide/rustup-home:ro,Z" "-e" "SOURCE_DIR=/opt/rustwide/workdir" "-e" "CARGO_TARGET_DIR=/opt/rustwide/target" "-e" "CARGO_INCREMENTAL=0" "-e" "RUST_BACKTRACE=full" "-e" "RUSTFLAGS=--cap-lints=warn" "-e" "RUSTDOCFLAGS=--cap-lints=warn" "-e" "CARGO_HOME=/opt/rustwide/cargo-home" "-e" "RUSTUP_HOME=/opt/rustwide/rustup-home" "-w" "/opt/rustwide/workdir" "-m" "1610612736" "--user" "0:0" "--network" "none" "ghcr.io/rust-lang/crates-build-env/linux@sha256:f3a9d4ad9d972b27faf3965f35b62e55ba32bbce8f20bc8fe909558a86702fde" "/opt/rustwide/cargo-home/bin/cargo" "+1.83.0" "test" "--frozen" "--no-run" "--message-format=json", kill_on_drop: false }`
[INFO] [stdout] 70683c80ff2e26c8da5dca5a6726df94c4572e99c7183900e50431c49e4b439e
[INFO] running `Command { std: "docker" "start" "-a" "70683c80ff2e26c8da5dca5a6726df94c4572e99c7183900e50431c49e4b439e", kill_on_drop: false }`
[INFO] [stderr]    Compiling cfg-if v1.0.0
[INFO] [stderr]    Compiling crossbeam-utils v0.8.20
[INFO] [stderr]    Compiling linux-raw-sys v0.4.14
[INFO] [stderr]    Compiling bitflags v2.6.0
[INFO] [stderr]    Compiling simd-adler32 v0.3.7
[INFO] [stderr]    Compiling rayon-core v1.12.1
[INFO] [stderr]    Compiling adler2 v2.0.0
[INFO] [stderr]    Compiling autocfg v1.4.0
[INFO] [stderr]    Compiling libloading v0.8.6
[INFO] [stderr]    Compiling crc32fast v1.4.2
[INFO] [stderr]    Compiling miniz_oxide v0.8.0
[INFO] [stderr]    Compiling clang-sys v1.8.1
[INFO] [stderr]    Compiling either v1.13.0
[INFO] [stderr]    Compiling rustix v0.38.42
[INFO] [stderr]    Compiling weezl v0.1.8
[INFO] [stderr]    Compiling num-traits v0.2.19
[INFO] [stderr]    Compiling fdeflate v0.3.7
[INFO] [stderr]    Compiling flate2 v1.0.35
[INFO] [stderr]    Compiling zune-inflate v0.2.54
[INFO] [stderr]    Compiling half v2.4.1
[INFO] [stderr]    Compiling bytemuck v1.20.0
[INFO] [stderr]    Compiling crossbeam-epoch v0.9.18
[INFO] [stderr]    Compiling smallvec v1.13.2
[INFO] [stderr]    Compiling color_quant v1.1.0
[INFO] [stderr]    Compiling lebe v0.5.2
[INFO] [stderr]    Compiling crossbeam-deque v0.8.5
[INFO] [stderr]    Compiling bit_field v0.10.2
[INFO] [stderr]    Compiling bitflags v1.3.2
[INFO] [stderr]    Compiling png v0.17.15
[INFO] [stderr]    Compiling gif v0.13.1
[INFO] [stderr]    Compiling qoi v0.4.1
[INFO] [stderr]    Compiling byteorder v1.5.0
[INFO] [stderr]    Compiling rayon v1.10.0
[INFO] [stderr]    Compiling exr v1.73.0
[INFO] [stderr]    Compiling terminal_size v0.3.0
[INFO] [stderr]    Compiling which v4.4.2
[INFO] [stderr]    Compiling bindgen v0.69.5
[INFO] [stderr]    Compiling jpeg-decoder v0.3.1
[INFO] [stderr]    Compiling tiff v0.9.1
[INFO] [stderr]    Compiling image v0.24.9
[INFO] [stderr]    Compiling chafa-sys v0.1.4 (/opt/rustwide/workdir)
[INFO] [stderr]     Finished `test` profile [unoptimized + debuginfo] target(s) in 1m 09s
[INFO] running `Command { std: "docker" "inspect" "70683c80ff2e26c8da5dca5a6726df94c4572e99c7183900e50431c49e4b439e", kill_on_drop: false }`
[INFO] running `Command { std: "docker" "rm" "-f" "70683c80ff2e26c8da5dca5a6726df94c4572e99c7183900e50431c49e4b439e", kill_on_drop: false }`
[INFO] [stdout] 70683c80ff2e26c8da5dca5a6726df94c4572e99c7183900e50431c49e4b439e
[INFO] running `Command { std: "docker" "create" "-v" "/var/lib/crater-agent-workspace/builds/worker-3-tc1/target:/opt/rustwide/target:rw,Z" "-v" "/var/lib/crater-agent-workspace/builds/worker-3-tc1/source:/opt/rustwide/workdir:ro,Z" "-v" "/var/lib/crater-agent-workspace/cargo-home:/opt/rustwide/cargo-home:ro,Z" "-v" "/var/lib/crater-agent-workspace/rustup-home:/opt/rustwide/rustup-home:ro,Z" "-e" "SOURCE_DIR=/opt/rustwide/workdir" "-e" "CARGO_TARGET_DIR=/opt/rustwide/target" "-e" "CARGO_INCREMENTAL=0" "-e" "RUST_BACKTRACE=full" "-e" "RUSTFLAGS=--cap-lints=warn" "-e" "RUSTDOCFLAGS=--cap-lints=warn" "-e" "CARGO_HOME=/opt/rustwide/cargo-home" "-e" "RUSTUP_HOME=/opt/rustwide/rustup-home" "-w" "/opt/rustwide/workdir" "-m" "1610612736" "--user" "0:0" "--network" "none" "ghcr.io/rust-lang/crates-build-env/linux@sha256:f3a9d4ad9d972b27faf3965f35b62e55ba32bbce8f20bc8fe909558a86702fde" "/opt/rustwide/cargo-home/bin/cargo" "+1.83.0" "test" "--frozen", kill_on_drop: false }`
[INFO] [stdout] d2ecd3fdded05245278c0170cacc5639ea84a10c872d4e82fc3fb0a8ed110af3
[INFO] running `Command { std: "docker" "start" "-a" "d2ecd3fdded05245278c0170cacc5639ea84a10c872d4e82fc3fb0a8ed110af3", kill_on_drop: false }`
[INFO] [stderr]     Finished `test` profile [unoptimized + debuginfo] target(s) in 0.18s
[INFO] [stderr]      Running unittests src/lib.rs (/opt/rustwide/target/debug/deps/chafa_sys-00ffd44857f2f6c0)
[INFO] [stdout] 
[INFO] [stdout] running 136 tests
[INFO] [stdout] test bindgen_test_layout__GByteArray ... ok
[INFO] [stdout] test bindgen_test_layout__GArray ... ok
[INFO] [stdout] test bindgen_test_layout__GCompletion ... ok
[INFO] [stdout] test bindgen_test_layout_GTestLogBuffer ... ok
[INFO] [stdout] test bindgen_test_layout_GTestLogMsg ... ok
[INFO] [stdout] test bindgen_test_layout_GStaticMutex ... ok
[INFO] [stdout] test bindgen_test_layout_GTestConfig ... ok
[INFO] [stdout] test bindgen_test_layout__GCond ... ok
[INFO] [stdout] test bindgen_test_layout__GDate ... ok
[INFO] [stdout] test bindgen_test_layout__GDebugKey ... ok
[INFO] [stdout] test bindgen_test_layout__GFloatIEEE754 ... ok
[INFO] [stdout] test bindgen_test_layout__GHook ... ok
[INFO] [stdout] test bindgen_test_layout__GHookList ... ok
[INFO] [stdout] test bindgen_test_layout__GIOChannel ... ok
[INFO] [stdout] test bindgen_test_layout__GIOFuncs ... ok
[INFO] [stdout] test bindgen_test_layout__GList ... ok
[INFO] [stdout] test bindgen_test_layout__GLogField ... ok
[INFO] [stdout] test bindgen_test_layout__GMarkupParser ... ok
[INFO] [stdout] test bindgen_test_layout__GMemVTable ... ok
[INFO] [stdout] test bindgen_test_layout__GDoubleIEEE754 ... ok
[INFO] [stdout] test bindgen_test_layout__GHashTableIter ... ok
[INFO] [stdout] test bindgen_test_layout__GNode ... ok
[INFO] [stdout] test bindgen_test_layout__GOptionEntry ... ok
[INFO] [stdout] test bindgen_test_layout__GPollFD ... ok
[INFO] [stdout] test bindgen_test_layout__GPtrArray ... ok
[INFO] [stdout] test bindgen_test_layout__GQueue ... ok
[INFO] [stdout] test bindgen_test_layout__GRWLock ... ok
[INFO] [stdout] test bindgen_test_layout__GRecMutex ... ok
[INFO] [stdout] test bindgen_test_layout__GSList ... ok
[INFO] [stdout] test bindgen_test_layout__GScanner ... ok
[INFO] [stdout] test bindgen_test_layout__GScannerConfig ... ok
[INFO] [stdout] test bindgen_test_layout__GMutex ... ok
[INFO] [stdout] test bindgen_test_layout__GOnce ... ok
[INFO] [stdout] test bindgen_test_layout__GPrivate ... ok
[INFO] [stdout] test bindgen_test_layout__GSourceCallbackFuncs ... ok
[INFO] [stdout] test bindgen_test_layout__GSourceFuncs ... ok
[INFO] [stdout] test bindgen_test_layout__GSource ... ok
[INFO] [stdout] test bindgen_test_layout__GStaticPrivate ... ok
[INFO] [stdout] test bindgen_test_layout__GStaticRWLock ... ok
[INFO] [stdout] test bindgen_test_layout__GDoubleIEEE754__bindgen_ty_1 ... ok
[INFO] [stdout] test bindgen_test_layout__GError ... ok
[INFO] [stdout] test bindgen_test_layout__GFloatIEEE754__bindgen_ty_1 ... ok
[INFO] [stdout] test bindgen_test_layout__GStaticRecMutex ... ok
[INFO] [stdout] test bindgen_test_layout__GTimeVal ... ok
[INFO] [stdout] test bindgen_test_layout__GTrashStack ... ok
[INFO] [stdout] test bindgen_test_layout__GString ... ok
[INFO] [stdout] test bindgen_test_layout__GThreadFunctions ... ok
[INFO] [stdout] test bindgen_test_layout__GThreadPool ... ok
[INFO] [stdout] test bindgen_test_layout__GTokenValue ... ok
[INFO] [stdout] test bindgen_test_layout__GTuples ... ok
[INFO] [stdout] test bindgen_test_layout__GUriParamsIter ... ok
[INFO] [stdout] test bindgen_test_layout__GVariantBuilder__bindgen_ty_1 ... ok
[INFO] [stdout] test bindgen_test_layout__GVariantDict__bindgen_ty_1 ... ok
[INFO] [stdout] test bindgen_test_layout__GVariantBuilder ... ok
[INFO] [stdout] test bindgen_test_layout__GStaticRecMutex__bindgen_ty_1 ... ok
[INFO] [stdout] test bindgen_test_layout__GThread ... ok
[INFO] [stdout] test bindgen_test_layout__GVariantBuilder__bindgen_ty_1__bindgen_ty_1 ... ok
[INFO] [stdout] test bindgen_test_layout__GVariantDict__bindgen_ty_1__bindgen_ty_1 ... ok
[INFO] [stdout] test bindgen_test_layout__GVariantIter ... ok
[INFO] [stdout] test bindgen_test_layout___atomic_wide_counter ... ok
[INFO] [stdout] test bindgen_test_layout__GVariantDict ... ok
[INFO] [stdout] test bindgen_test_layout___atomic_wide_counter__bindgen_ty_1 ... ok
[INFO] [stdout] test bindgen_test_layout___cancel_jmp_buf_tag ... ok
[INFO] [stdout] test bindgen_test_layout___fsid_t ... ok
[INFO] [stdout] test bindgen_test_layout___jmp_buf_tag ... ok
[INFO] [stdout] test bindgen_test_layout___locale_struct ... ok
[INFO] [stdout] test bindgen_test_layout___pthread_mutex_s ... ok
[INFO] [stdout] test bindgen_test_layout___pthread_rwlock_arch_t ... ok
[INFO] [stdout] test bindgen_test_layout___once_flag ... ok
[INFO] [stdout] test bindgen_test_layout___pthread_unwind_buf_t ... ok
[INFO] [stdout] test bindgen_test_layout___pthread_internal_slist ... ok
[INFO] [stdout] test bindgen_test_layout___sigset_t ... ok
[INFO] [stdout] test bindgen_test_layout___pthread_internal_list ... ok
[INFO] [stdout] test bindgen_test_layout___pthread_cleanup_frame ... ok
[INFO] [stdout] test bindgen_test_layout___pthread_cond_s ... ok
[INFO] [stdout] test bindgen_test_layout___va_list_tag ... ok
[INFO] [stdout] test bindgen_test_layout__fpreg ... ok
[INFO] [stdout] test bindgen_test_layout__fpstate ... ok
[INFO] [stdout] test bindgen_test_layout__fpx_sw_bytes ... ok
[INFO] [stdout] test bindgen_test_layout__libc_fpstate ... ok
[INFO] [stdout] test bindgen_test_layout__fpxreg ... ok
[INFO] [stdout] test bindgen_test_layout__pthread_cleanup_buffer ... ok
[INFO] [stdout] test bindgen_test_layout__xmmreg ... ok
[INFO] [stdout] test bindgen_test_layout__xsave_hdr ... ok
[INFO] [stdout] test bindgen_test_layout__ymmh_state ... ok
[INFO] [stdout] test bindgen_test_layout__xstate ... ok
[INFO] [stdout] test bindgen_test_layout_div_t ... ok
[INFO] [stdout] test bindgen_test_layout_cpu_set_t ... ok
[INFO] [stdout] test bindgen_test_layout_dirent ... ok
[INFO] [stdout] test bindgen_test_layout_itimerspec ... ok
[INFO] [stdout] test bindgen_test_layout_fd_set ... ok
[INFO] [stdout] test bindgen_test_layout_drand48_data ... ok
[INFO] [stdout] test bindgen_test_layout_lldiv_t ... ok
[INFO] [stdout] test bindgen_test_layout_ldiv_t ... ok
[INFO] [stdout] test bindgen_test_layout__libc_fpxreg ... ok
[INFO] [stdout] test bindgen_test_layout__libc_xmmreg ... ok
[INFO] [stdout] test bindgen_test_layout_max_align_t ... ok
[INFO] [stdout] test bindgen_test_layout_mcontext_t ... ok
[INFO] [stdout] test bindgen_test_layout_pthread_barrier_t ... ok
[INFO] [stdout] test bindgen_test_layout_pthread_attr_t ... ok
[INFO] [stdout] test bindgen_test_layout_pthread_cond_t ... ok
[INFO] [stdout] test bindgen_test_layout_pthread_barrierattr_t ... ok
[INFO] [stdout] test bindgen_test_layout_pthread_mutexattr_t ... ok
[INFO] [stdout] test bindgen_test_layout_pthread_condattr_t ... ok
[INFO] [stdout] test bindgen_test_layout_pthread_mutex_t ... ok
[INFO] [stdout] test bindgen_test_layout_pthread_rwlock_t ... ok
[INFO] [stdout] test bindgen_test_layout_pthread_rwlockattr_t ... ok
[INFO] [stdout] test bindgen_test_layout_random_data ... ok
[INFO] [stdout] test bindgen_test_layout_sched_param ... ok
[INFO] [stdout] test bindgen_test_layout_sigaction ... ok
[INFO] [stdout] test bindgen_test_layout_sigaction__bindgen_ty_1 ... ok
[INFO] [stdout] test bindgen_test_layout_sigcontext ... ok
[INFO] [stdout] test bindgen_test_layout_sigcontext__bindgen_ty_1 ... ok
[INFO] [stdout] test bindgen_test_layout_sigevent ... ok
[INFO] [stdout] test bindgen_test_layout_sigevent__bindgen_ty_1 ... ok
[INFO] [stdout] test bindgen_test_layout_sigevent__bindgen_ty_1__bindgen_ty_1 ... ok
[INFO] [stdout] test bindgen_test_layout_siginfo_t ... ok
[INFO] [stdout] test bindgen_test_layout_siginfo_t__bindgen_ty_1 ... ok
[INFO] [stdout] test bindgen_test_layout_siginfo_t__bindgen_ty_1__bindgen_ty_1 ... ok
[INFO] [stdout] test bindgen_test_layout_siginfo_t__bindgen_ty_1__bindgen_ty_2 ... ok
[INFO] [stdout] test bindgen_test_layout_siginfo_t__bindgen_ty_1__bindgen_ty_3 ... ok
[INFO] [stdout] test bindgen_test_layout_siginfo_t__bindgen_ty_1__bindgen_ty_4 ... ok
[INFO] [stdout] test bindgen_test_layout_siginfo_t__bindgen_ty_1__bindgen_ty_5__bindgen_ty_1 ... ok
[INFO] [stdout] test bindgen_test_layout_siginfo_t__bindgen_ty_1__bindgen_ty_5__bindgen_ty_1__bindgen_ty_1 ... ok
[INFO] [stdout] test bindgen_test_layout_siginfo_t__bindgen_ty_1__bindgen_ty_6 ... ok
[INFO] [stdout] test bindgen_test_layout_siginfo_t__bindgen_ty_1__bindgen_ty_7 ... ok
[INFO] [stdout] test bindgen_test_layout_sigstack ... ok
[INFO] [stdout] test bindgen_test_layout_siginfo_t__bindgen_ty_1__bindgen_ty_5 ... ok
[INFO] [stdout] test bindgen_test_layout_sigval ... ok
[INFO] [stdout] test bindgen_test_layout_stack_t ... ok
[INFO] [stdout] test bindgen_test_layout_timespec ... ok
[INFO] [stdout] test bindgen_test_layout_tm ... ok
[INFO] [stdout] test bindgen_test_layout_ucontext_t ... ok
[INFO] [stdout] test bindgen_test_layout_timeval ... ok
[INFO] [stdout] test tests::usage_example ... ok
[INFO] [stdout] test tests::frectonz_image ... FAILED
[INFO] [stdout] 
[INFO] [stdout] failures:
[INFO] [stdout] 
[INFO] [stdout] ---- tests::frectonz_image stdout ----
[INFO] [stdout] thread 'tests::frectonz_image' panicked at src/lib.rs:86:44:
[INFO] [stdout] couldn't get term width and height
[INFO] [stdout] stack backtrace:
[INFO] [stdout]    0:     0x5c639bdb7a8a - std::backtrace_rs::backtrace::libunwind::trace::h5a5b8284f2d0c266
[INFO] [stdout]                                at /rustc/90b35a6239c3d8bdabc530a6a0816f7ff89a0aaf/library/std/src/../../backtrace/src/backtrace/libunwind.rs:116:5
[INFO] [stdout]    1:     0x5c639bdb7a8a - std::backtrace_rs::backtrace::trace_unsynchronized::h76d4f1c9b0b875e3
[INFO] [stdout]                                at /rustc/90b35a6239c3d8bdabc530a6a0816f7ff89a0aaf/library/std/src/../../backtrace/src/backtrace/mod.rs:66:5
[INFO] [stdout]    2:     0x5c639bdb7a8a - std::sys::backtrace::_print_fmt::hc4546b8364a537c6
[INFO] [stdout]                                at /rustc/90b35a6239c3d8bdabc530a6a0816f7ff89a0aaf/library/std/src/sys/backtrace.rs:66:9
[INFO] [stdout]    3:     0x5c639bdb7a8a - <std::sys::backtrace::BacktraceLock::print::DisplayBacktrace as core::fmt::Display>::fmt::h5b6bd5631a6d1f6b
[INFO] [stdout]                                at /rustc/90b35a6239c3d8bdabc530a6a0816f7ff89a0aaf/library/std/src/sys/backtrace.rs:39:26
[INFO] [stdout]    4:     0x5c639bddef53 - core::fmt::rt::Argument::fmt::h270f6602a2b96f62
[INFO] [stdout]                                at /rustc/90b35a6239c3d8bdabc530a6a0816f7ff89a0aaf/library/core/src/fmt/rt.rs:177:76
[INFO] [stdout]    5:     0x5c639bddef53 - core::fmt::write::h7550c97b06c86515
[INFO] [stdout]                                at /rustc/90b35a6239c3d8bdabc530a6a0816f7ff89a0aaf/library/core/src/fmt/mod.rs:1186:21
[INFO] [stdout]    6:     0x5c639bdb4aa3 - std::io::Write::write_fmt::h509ff860e5956e5e
[INFO] [stdout]                                at /rustc/90b35a6239c3d8bdabc530a6a0816f7ff89a0aaf/library/std/src/io/mod.rs:1839:15
[INFO] [stdout]    7:     0x5c639bdb78d2 - std::sys::backtrace::BacktraceLock::print::h2395ccd2c84ba3aa
[INFO] [stdout]                                at /rustc/90b35a6239c3d8bdabc530a6a0816f7ff89a0aaf/library/std/src/sys/backtrace.rs:42:9
[INFO] [stdout]    8:     0x5c639bdb8eea - std::panicking::default_hook::{{closure}}::he19d4c7230e07961
[INFO] [stdout]                                at /rustc/90b35a6239c3d8bdabc530a6a0816f7ff89a0aaf/library/std/src/panicking.rs:268:22
[INFO] [stdout]    9:     0x5c639bdb8cf4 - std::panicking::default_hook::hf614597d3c67bbdb
[INFO] [stdout]                                at /rustc/90b35a6239c3d8bdabc530a6a0816f7ff89a0aaf/library/std/src/panicking.rs:292:9
[INFO] [stdout]   10:     0x5c639bd841c9 - <alloc::boxed::Box<F,A> as core::ops::function::Fn<Args>>::call::h39b51ce4599c23d1
[INFO] [stdout]                                at /rustc/90b35a6239c3d8bdabc530a6a0816f7ff89a0aaf/library/alloc/src/boxed.rs:2468:9
[INFO] [stdout]   11:     0x5c639bd841c9 - test::test_main::{{closure}}::he977ae839a582784
[INFO] [stdout]                                at /rustc/90b35a6239c3d8bdabc530a6a0816f7ff89a0aaf/library/test/src/lib.rs:133:21
[INFO] [stdout]   12:     0x5c639bdb9588 - <alloc::boxed::Box<F,A> as core::ops::function::Fn<Args>>::call::h9455091b6b06f9fb
[INFO] [stdout]                                at /rustc/90b35a6239c3d8bdabc530a6a0816f7ff89a0aaf/library/alloc/src/boxed.rs:2468:9
[INFO] [stdout]   13:     0x5c639bdb9588 - std::panicking::rust_panic_with_hook::h8942133a8b252070
[INFO] [stdout]                                at /rustc/90b35a6239c3d8bdabc530a6a0816f7ff89a0aaf/library/std/src/panicking.rs:809:13
[INFO] [stdout]   14:     0x5c639bdb934a - std::panicking::begin_panic_handler::{{closure}}::hb5f5963570096b29
[INFO] [stdout]                                at /rustc/90b35a6239c3d8bdabc530a6a0816f7ff89a0aaf/library/std/src/panicking.rs:674:13
[INFO] [stdout]   15:     0x5c639bdb7f69 - std::sys::backtrace::__rust_end_short_backtrace::h6208cedc1922feda
[INFO] [stdout]                                at /rustc/90b35a6239c3d8bdabc530a6a0816f7ff89a0aaf/library/std/src/sys/backtrace.rs:170:18
[INFO] [stdout]   16:     0x5c639bdb8fdc - rust_begin_unwind
[INFO] [stdout]                                at /rustc/90b35a6239c3d8bdabc530a6a0816f7ff89a0aaf/library/std/src/panicking.rs:665:5
[INFO] [stdout]   17:     0x5c639b9f80a0 - core::panicking::panic_fmt::h0c3082644d1bf418
[INFO] [stdout]                                at /rustc/90b35a6239c3d8bdabc530a6a0816f7ff89a0aaf/library/core/src/panicking.rs:74:14
[INFO] [stdout]   18:     0x5c639b9f807b - core::panicking::panic_display::h735d9af8bded520c
[INFO] [stdout]                                at /rustc/90b35a6239c3d8bdabc530a6a0816f7ff89a0aaf/library/core/src/panicking.rs:264:5
[INFO] [stdout]   19:     0x5c639b9f807b - core::option::expect_failed::h95d2432053ef5ebb
[INFO] [stdout]                                at /rustc/90b35a6239c3d8bdabc530a6a0816f7ff89a0aaf/library/core/src/option.rs:2021:5
[INFO] [stdout]   20:     0x5c639b9faf74 - core::option::Option<T>::expect::hba5f7e1419d2fac8
[INFO] [stdout]                                at /rustc/90b35a6239c3d8bdabc530a6a0816f7ff89a0aaf/library/core/src/option.rs:933:21
[INFO] [stdout]   21:     0x5c639ba27d64 - chafa_sys::tests::frectonz_image::hd07afa8a808a2872
[INFO] [stdout]                                at /opt/rustwide/workdir/src/lib.rs:86:13
[INFO] [stdout]   22:     0x5c639ba27c07 - chafa_sys::tests::frectonz_image::{{closure}}::h0e414c4978e1c719
[INFO] [stdout]                                at /opt/rustwide/workdir/src/lib.rs:73:24
[INFO] [stdout]   23:     0x5c639b9faae6 - core::ops::function::FnOnce::call_once::he258a7c6aa6b5a89
[INFO] [stdout]                                at /rustc/90b35a6239c3d8bdabc530a6a0816f7ff89a0aaf/library/core/src/ops/function.rs:250:5
[INFO] [stdout]   24:     0x5c639bd88b8b - core::ops::function::FnOnce::call_once::h109cf8051a59b34e
[INFO] [stdout]                                at /rustc/90b35a6239c3d8bdabc530a6a0816f7ff89a0aaf/library/core/src/ops/function.rs:250:5
[INFO] [stdout]   25:     0x5c639bd88b8b - test::__rust_begin_short_backtrace::hf4fff89d377446ba
[INFO] [stdout]                                at /rustc/90b35a6239c3d8bdabc530a6a0816f7ff89a0aaf/library/test/src/lib.rs:621:18
[INFO] [stdout]   26:     0x5c639bd883c7 - test::run_test_in_process::{{closure}}::h0e39181dd7ee5a43
[INFO] [stdout]                                at /rustc/90b35a6239c3d8bdabc530a6a0816f7ff89a0aaf/library/test/src/lib.rs:644:60
[INFO] [stdout]   27:     0x5c639bd883c7 - <core::panic::unwind_safe::AssertUnwindSafe<F> as core::ops::function::FnOnce<()>>::call_once::hc5a66a30f0bdfd1f
[INFO] [stdout]                                at /rustc/90b35a6239c3d8bdabc530a6a0816f7ff89a0aaf/library/core/src/panic/unwind_safe.rs:272:9
[INFO] [stdout]   28:     0x5c639bd883c7 - std::panicking::try::do_call::h873b7cf639554a5e
[INFO] [stdout]                                at /rustc/90b35a6239c3d8bdabc530a6a0816f7ff89a0aaf/library/std/src/panicking.rs:557:40
[INFO] [stdout]   29:     0x5c639bd883c7 - std::panicking::try::hdb19862fad9c8bd1
[INFO] [stdout]                                at /rustc/90b35a6239c3d8bdabc530a6a0816f7ff89a0aaf/library/std/src/panicking.rs:520:19
[INFO] [stdout]   30:     0x5c639bd883c7 - std::panic::catch_unwind::h281fe732d236d260
[INFO] [stdout]                                at /rustc/90b35a6239c3d8bdabc530a6a0816f7ff89a0aaf/library/std/src/panic.rs:358:14
[INFO] [stdout]   31:     0x5c639bd883c7 - test::run_test_in_process::h949b6df8457ed338
[INFO] [stdout]                                at /rustc/90b35a6239c3d8bdabc530a6a0816f7ff89a0aaf/library/test/src/lib.rs:644:27
[INFO] [stdout]   32:     0x5c639bd883c7 - test::run_test::{{closure}}::h52c556a6d4740e10
[INFO] [stdout]                                at /rustc/90b35a6239c3d8bdabc530a6a0816f7ff89a0aaf/library/test/src/lib.rs:565:43
[INFO] [stdout]   33:     0x5c639bd4d6a4 - test::run_test::{{closure}}::h4237f6381c45ccb9
[INFO] [stdout]                                at /rustc/90b35a6239c3d8bdabc530a6a0816f7ff89a0aaf/library/test/src/lib.rs:595:41
[INFO] [stdout]   34:     0x5c639bd4d6a4 - std::sys::backtrace::__rust_begin_short_backtrace::h505c97a579eca628
[INFO] [stdout]                                at /rustc/90b35a6239c3d8bdabc530a6a0816f7ff89a0aaf/library/std/src/sys/backtrace.rs:154:18
[INFO] [stdout]   35:     0x5c639bd50d6e - std::thread::Builder::spawn_unchecked_::{{closure}}::{{closure}}::h9e86b2e2bc107ea3
[INFO] [stdout]                                at /rustc/90b35a6239c3d8bdabc530a6a0816f7ff89a0aaf/library/std/src/thread/mod.rs:538:17
[INFO] [stdout]   36:     0x5c639bd50d6e - <core::panic::unwind_safe::AssertUnwindSafe<F> as core::ops::function::FnOnce<()>>::call_once::h8b06ddb275ff4a25
[INFO] [stdout]                                at /rustc/90b35a6239c3d8bdabc530a6a0816f7ff89a0aaf/library/core/src/panic/unwind_safe.rs:272:9
[INFO] [stdout]   37:     0x5c639bd50d6e - std::panicking::try::do_call::hb26ecd7cd9a9355d
[INFO] [stdout]                                at /rustc/90b35a6239c3d8bdabc530a6a0816f7ff89a0aaf/library/std/src/panicking.rs:557:40
[INFO] [stdout]   38:     0x5c639bd50d6e - std::panicking::try::h8ddeca9d705f9069
[INFO] [stdout]                                at /rustc/90b35a6239c3d8bdabc530a6a0816f7ff89a0aaf/library/std/src/panicking.rs:520:19
[INFO] [stdout]   39:     0x5c639bd50d6e - std::panic::catch_unwind::h49e1c33078844c46
[INFO] [stdout]                                at /rustc/90b35a6239c3d8bdabc530a6a0816f7ff89a0aaf/library/std/src/panic.rs:358:14
[INFO] [stdout]   40:     0x5c639bd50d6e - std::thread::Builder::spawn_unchecked_::{{closure}}::h6073db6ff56ad35d
[INFO] [stdout]                                at /rustc/90b35a6239c3d8bdabc530a6a0816f7ff89a0aaf/library/std/src/thread/mod.rs:537:30
[INFO] [stdout]   41:     0x5c639bd50d6e - core::ops::function::FnOnce::call_once{{vtable.shim}}::h2c5a5f3779c774f1
[INFO] [stdout]                                at /rustc/90b35a6239c3d8bdabc530a6a0816f7ff89a0aaf/library/core/src/ops/function.rs:250:5
[INFO] [stdout]   42:     0x5c639bdbd3eb - <alloc::boxed::Box<F,A> as core::ops::function::FnOnce<Args>>::call_once::hf75717d9f28faebf
[INFO] [stdout]                                at /rustc/90b35a6239c3d8bdabc530a6a0816f7ff89a0aaf/library/alloc/src/boxed.rs:2454:9
[INFO] [stdout]   43:     0x5c639bdbd3eb - <alloc::boxed::Box<F,A> as core::ops::function::FnOnce<Args>>::call_once::h7bd883a5f3c5f3c1
[INFO] [stdout]                                at /rustc/90b35a6239c3d8bdabc530a6a0816f7ff89a0aaf/library/alloc/src/boxed.rs:2454:9
[INFO] [stdout]   44:     0x5c639bdbd3eb - std::sys::pal::unix::thread::Thread::new::thread_start::hcc78f3943333fa94
[INFO] [stdout]                                at /rustc/90b35a6239c3d8bdabc530a6a0816f7ff89a0aaf/library/std/src/sys/pal/unix/thread.rs:105:17
[INFO] [stdout]   45:     0x7932478beac3 - <unknown>
[INFO] [stdout]   46:     0x79324794fa04 - clone
[INFO] [stdout]   47:                0x0 - <unknown>
[INFO] [stdout] 
[INFO] [stdout] 
[INFO] [stdout] failures:
[INFO] [stdout]     tests::frectonz_image
[INFO] [stdout] 
[INFO] [stdout] test result: FAILED. 135 passed; 1 failed; 0 ignored; 0 measured; 0 filtered out; finished in 0.26s
[INFO] [stdout] 
[INFO] [stderr] error: test failed, to rerun pass `--lib`
[INFO] running `Command { std: "docker" "inspect" "d2ecd3fdded05245278c0170cacc5639ea84a10c872d4e82fc3fb0a8ed110af3", kill_on_drop: false }`
[INFO] running `Command { std: "docker" "rm" "-f" "d2ecd3fdded05245278c0170cacc5639ea84a10c872d4e82fc3fb0a8ed110af3", kill_on_drop: false }`
[INFO] [stdout] d2ecd3fdded05245278c0170cacc5639ea84a10c872d4e82fc3fb0a8ed110af3
