[INFO] fetching crate cg-math 0.1.2...
[INFO] testing cg-math-0.1.2 against beta-2024-12-08 for beta-1.84.0-4-retry
[INFO] extracting crate cg-math 0.1.2 into /workspace/builds/worker-7-tc2/source
[INFO] validating manifest of crates.io crate cg-math 0.1.2 on toolchain beta-2024-12-08
[INFO] running `Command { std: CARGO_HOME="/workspace/cargo-home" RUSTUP_HOME="/workspace/rustup-home" "/workspace/cargo-home/bin/cargo" "+beta-2024-12-08" "metadata" "--manifest-path" "Cargo.toml" "--no-deps", kill_on_drop: false }`
[INFO] started tweaking crates.io crate cg-math 0.1.2
[INFO] finished tweaking crates.io crate cg-math 0.1.2
[INFO] tweaked toml for crates.io crate cg-math 0.1.2 written to /workspace/builds/worker-7-tc2/source/Cargo.toml
[INFO] running `Command { std: CARGO_HOME="/workspace/cargo-home" RUSTUP_HOME="/workspace/rustup-home" "/workspace/cargo-home/bin/cargo" "+beta-2024-12-08" "generate-lockfile" "--manifest-path" "Cargo.toml", kill_on_drop: false }`
[INFO] [stderr]     Updating crates.io index
[INFO] [stderr]      Locking 92 packages to latest compatible versions
[INFO] [stderr]       Adding egui v0.22.0 (available: v0.29.1)
[INFO] [stderr]       Adding nalgebra v0.32.6 (available: v0.33.2)
[INFO] [stderr]       Adding ordered-float v3.9.2 (available: v4.5.0)
[INFO] [stderr]       Adding parry2d-f64 v0.13.8 (available: v0.17.4)
[INFO] [stderr]       Adding wasi v0.10.0+wasi-snapshot-preview1 (available: v0.10.2+wasi-snapshot-preview1)
[INFO] running `Command { std: CARGO_HOME="/workspace/cargo-home" RUSTUP_HOME="/workspace/rustup-home" "/workspace/cargo-home/bin/cargo" "+beta-2024-12-08" "fetch" "--manifest-path" "Cargo.toml", kill_on_drop: false }`
[INFO] running `Command { std: "docker" "create" "-v" "/var/lib/crater-agent-workspace/builds/worker-7-tc2/target:/opt/rustwide/target:rw,Z" "-v" "/var/lib/crater-agent-workspace/builds/worker-7-tc2/source:/opt/rustwide/workdir:ro,Z" "-v" "/var/lib/crater-agent-workspace/cargo-home:/opt/rustwide/cargo-home:ro,Z" "-v" "/var/lib/crater-agent-workspace/rustup-home:/opt/rustwide/rustup-home:ro,Z" "-e" "SOURCE_DIR=/opt/rustwide/workdir" "-e" "CARGO_TARGET_DIR=/opt/rustwide/target" "-e" "CARGO_HOME=/opt/rustwide/cargo-home" "-e" "RUSTUP_HOME=/opt/rustwide/rustup-home" "-w" "/opt/rustwide/workdir" "-m" "1610612736" "--user" "0:0" "--network" "none" "ghcr.io/rust-lang/crates-build-env/linux@sha256:f3a9d4ad9d972b27faf3965f35b62e55ba32bbce8f20bc8fe909558a86702fde" "/opt/rustwide/cargo-home/bin/cargo" "+beta-2024-12-08" "metadata" "--no-deps" "--format-version=1", kill_on_drop: false }`
[INFO] [stdout] 54f4caa19461beb28c0a25d08bef25db893f35bce80619209d86814d53afc7ca
[INFO] running `Command { std: "docker" "start" "-a" "54f4caa19461beb28c0a25d08bef25db893f35bce80619209d86814d53afc7ca", kill_on_drop: false }`
[INFO] running `Command { std: "docker" "inspect" "54f4caa19461beb28c0a25d08bef25db893f35bce80619209d86814d53afc7ca", kill_on_drop: false }`
[INFO] running `Command { std: "docker" "rm" "-f" "54f4caa19461beb28c0a25d08bef25db893f35bce80619209d86814d53afc7ca", kill_on_drop: false }`
[INFO] [stdout] 54f4caa19461beb28c0a25d08bef25db893f35bce80619209d86814d53afc7ca
[INFO] running `Command { std: "docker" "create" "-v" "/var/lib/crater-agent-workspace/builds/worker-7-tc2/target:/opt/rustwide/target:rw,Z" "-v" "/var/lib/crater-agent-workspace/builds/worker-7-tc2/source:/opt/rustwide/workdir:ro,Z" "-v" "/var/lib/crater-agent-workspace/cargo-home:/opt/rustwide/cargo-home:ro,Z" "-v" "/var/lib/crater-agent-workspace/rustup-home:/opt/rustwide/rustup-home:ro,Z" "-e" "SOURCE_DIR=/opt/rustwide/workdir" "-e" "CARGO_TARGET_DIR=/opt/rustwide/target" "-e" "CARGO_INCREMENTAL=0" "-e" "RUST_BACKTRACE=full" "-e" "RUSTFLAGS=--cap-lints=warn" "-e" "RUSTDOCFLAGS=--cap-lints=warn" "-e" "CARGO_HOME=/opt/rustwide/cargo-home" "-e" "RUSTUP_HOME=/opt/rustwide/rustup-home" "-w" "/opt/rustwide/workdir" "-m" "1610612736" "--user" "0:0" "--network" "none" "ghcr.io/rust-lang/crates-build-env/linux@sha256:f3a9d4ad9d972b27faf3965f35b62e55ba32bbce8f20bc8fe909558a86702fde" "/opt/rustwide/cargo-home/bin/cargo" "+beta-2024-12-08" "build" "--frozen" "--message-format=json", kill_on_drop: false }`
[INFO] [stdout] 3be88fe4b64ecfd3547e5ec2e0b796a36707471c7ec573f6b7dfe0f26c0a5fc6
[INFO] running `Command { std: "docker" "start" "-a" "3be88fe4b64ecfd3547e5ec2e0b796a36707471c7ec573f6b7dfe0f26c0a5fc6", kill_on_drop: false }`
[INFO] [stderr]    Compiling libm v0.2.11
[INFO] [stderr]    Compiling num-traits v0.2.19
[INFO] [stderr]    Compiling byteorder v1.5.0
[INFO] [stderr]    Compiling smallvec v1.13.2
[INFO] [stderr]    Compiling once_cell v1.20.2
[INFO] [stderr]    Compiling paste v1.0.15
[INFO] [stderr]    Compiling bytemuck v1.20.0
[INFO] [stderr]    Compiling matrixmultiply v0.3.9
[INFO] [stderr]    Compiling ttf-parser v0.25.1
[INFO] [stderr]    Compiling ahash v0.8.11
[INFO] [stderr]    Compiling lock_api v0.4.12
[INFO] [stderr]    Compiling parking_lot_core v0.9.10
[INFO] [stderr]    Compiling typenum v1.17.0
[INFO] [stderr]    Compiling scopeguard v1.2.0
[INFO] [stderr]    Compiling getrandom v0.2.15
[INFO] [stderr]    Compiling syn v2.0.90
[INFO] [stderr]    Compiling rawpointer v0.2.1
[INFO] [stderr]    Compiling allocator-api2 v0.2.21
[INFO] [stderr]    Compiling ab_glyph_rasterizer v0.1.8
[INFO] [stderr]    Compiling serde v1.0.216
[INFO] [stderr]    Compiling safe_arch v0.7.2
[INFO] [stderr]    Compiling rand_core v0.6.4
[INFO] [stderr]    Compiling slab v0.4.9
[INFO] [stderr]    Compiling nohash-hasher v0.2.0
[INFO] [stderr]    Compiling hashbrown v0.15.2
[INFO] [stderr]    Compiling memchr v2.7.4
[INFO] [stderr]    Compiling robust v1.1.0
[INFO] [stderr]    Compiling equivalent v1.0.1
[INFO] [stderr]    Compiling ecolor v0.22.0
[INFO] [stderr]    Compiling emath v0.22.0
[INFO] [stderr]    Compiling parking_lot v0.12.3
[INFO] [stderr]    Compiling time v0.1.45
[INFO] [stderr]    Compiling arrayvec v0.7.6
[INFO] [stderr]    Compiling indexmap v2.7.0
[INFO] [stderr]    Compiling csv-core v0.1.11
[INFO] [stderr]    Compiling fixedbitset v0.4.2
[INFO] [stderr]    Compiling bitflags v1.3.2
[INFO] [stderr]    Compiling wide v0.7.30
[INFO] [stderr]    Compiling downcast-rs v1.2.1
[INFO] [stderr]    Compiling ryu v1.0.18
[INFO] [stderr]    Compiling rustc-hash v1.1.0
[INFO] [stderr]    Compiling itoa v1.0.14
[INFO] [stderr]    Compiling either v1.13.0
[INFO] [stderr]    Compiling timeit v0.1.2
[INFO] [stderr]    Compiling petgraph v0.6.5
[INFO] [stderr]    Compiling num-integer v0.1.46
[INFO] [stderr]    Compiling approx v0.5.1
[INFO] [stderr]    Compiling num-complex v0.4.6
[INFO] [stderr]    Compiling ordered-float v3.9.2
[INFO] [stderr]    Compiling num-rational v0.4.2
[INFO] [stderr]    Compiling simba v0.8.1
[INFO] [stderr]    Compiling owned_ttf_parser v0.25.0
[INFO] [stderr]    Compiling ab_glyph v0.2.29
[INFO] [stderr]    Compiling zerocopy-derive v0.7.35
[INFO] [stderr]    Compiling nalgebra-macros v0.2.2
[INFO] [stderr]    Compiling num-derive v0.4.2
[INFO] [stderr]    Compiling csv v1.3.1
[INFO] [stderr]    Compiling zerocopy v0.7.35
[INFO] [stderr]    Compiling ppv-lite86 v0.2.20
[INFO] [stderr]    Compiling hashbrown v0.14.5
[INFO] [stderr]    Compiling epaint v0.22.0
[INFO] [stderr]    Compiling rand_chacha v0.3.1
[INFO] [stderr]    Compiling rand v0.8.5
[INFO] [stderr]    Compiling spade v2.12.1
[INFO] [stderr]    Compiling egui v0.22.0
[INFO] [stderr]    Compiling nalgebra v0.32.6
[INFO] [stderr]    Compiling parry2d-f64 v0.13.8
[INFO] [stderr]    Compiling cg-math v0.1.2 (/opt/rustwide/workdir)
[INFO] [stderr]     Finished `dev` profile [unoptimized + debuginfo] target(s) in 27.70s
[INFO] running `Command { std: "docker" "inspect" "3be88fe4b64ecfd3547e5ec2e0b796a36707471c7ec573f6b7dfe0f26c0a5fc6", kill_on_drop: false }`
[INFO] running `Command { std: "docker" "rm" "-f" "3be88fe4b64ecfd3547e5ec2e0b796a36707471c7ec573f6b7dfe0f26c0a5fc6", kill_on_drop: false }`
[INFO] [stdout] 3be88fe4b64ecfd3547e5ec2e0b796a36707471c7ec573f6b7dfe0f26c0a5fc6
[INFO] running `Command { std: "docker" "create" "-v" "/var/lib/crater-agent-workspace/builds/worker-7-tc2/target:/opt/rustwide/target:rw,Z" "-v" "/var/lib/crater-agent-workspace/builds/worker-7-tc2/source:/opt/rustwide/workdir:ro,Z" "-v" "/var/lib/crater-agent-workspace/cargo-home:/opt/rustwide/cargo-home:ro,Z" "-v" "/var/lib/crater-agent-workspace/rustup-home:/opt/rustwide/rustup-home:ro,Z" "-e" "SOURCE_DIR=/opt/rustwide/workdir" "-e" "CARGO_TARGET_DIR=/opt/rustwide/target" "-e" "CARGO_INCREMENTAL=0" "-e" "RUST_BACKTRACE=full" "-e" "RUSTFLAGS=--cap-lints=warn" "-e" "RUSTDOCFLAGS=--cap-lints=warn" "-e" "CARGO_HOME=/opt/rustwide/cargo-home" "-e" "RUSTUP_HOME=/opt/rustwide/rustup-home" "-w" "/opt/rustwide/workdir" "-m" "1610612736" "--user" "0:0" "--network" "none" "ghcr.io/rust-lang/crates-build-env/linux@sha256:f3a9d4ad9d972b27faf3965f35b62e55ba32bbce8f20bc8fe909558a86702fde" "/opt/rustwide/cargo-home/bin/cargo" "+beta-2024-12-08" "test" "--frozen" "--no-run" "--message-format=json", kill_on_drop: false }`
[INFO] [stdout] f6d13a576cd287ab9794a6427ea02204bfd64758b80c3901ac3165e5b6f339e4
[INFO] running `Command { std: "docker" "start" "-a" "f6d13a576cd287ab9794a6427ea02204bfd64758b80c3901ac3165e5b6f339e4", kill_on_drop: false }`
[INFO] [stderr]    Compiling cg-math v0.1.2 (/opt/rustwide/workdir)
[INFO] [stderr]     Finished `test` profile [unoptimized + debuginfo] target(s) in 2.80s
[INFO] running `Command { std: "docker" "inspect" "f6d13a576cd287ab9794a6427ea02204bfd64758b80c3901ac3165e5b6f339e4", kill_on_drop: false }`
[INFO] running `Command { std: "docker" "rm" "-f" "f6d13a576cd287ab9794a6427ea02204bfd64758b80c3901ac3165e5b6f339e4", kill_on_drop: false }`
[INFO] [stdout] f6d13a576cd287ab9794a6427ea02204bfd64758b80c3901ac3165e5b6f339e4
[INFO] running `Command { std: "docker" "create" "-v" "/var/lib/crater-agent-workspace/builds/worker-7-tc2/target:/opt/rustwide/target:rw,Z" "-v" "/var/lib/crater-agent-workspace/builds/worker-7-tc2/source:/opt/rustwide/workdir:ro,Z" "-v" "/var/lib/crater-agent-workspace/cargo-home:/opt/rustwide/cargo-home:ro,Z" "-v" "/var/lib/crater-agent-workspace/rustup-home:/opt/rustwide/rustup-home:ro,Z" "-e" "SOURCE_DIR=/opt/rustwide/workdir" "-e" "CARGO_TARGET_DIR=/opt/rustwide/target" "-e" "CARGO_INCREMENTAL=0" "-e" "RUST_BACKTRACE=full" "-e" "RUSTFLAGS=--cap-lints=warn" "-e" "RUSTDOCFLAGS=--cap-lints=warn" "-e" "CARGO_HOME=/opt/rustwide/cargo-home" "-e" "RUSTUP_HOME=/opt/rustwide/rustup-home" "-w" "/opt/rustwide/workdir" "-m" "1610612736" "--user" "0:0" "--network" "none" "ghcr.io/rust-lang/crates-build-env/linux@sha256:f3a9d4ad9d972b27faf3965f35b62e55ba32bbce8f20bc8fe909558a86702fde" "/opt/rustwide/cargo-home/bin/cargo" "+beta-2024-12-08" "test" "--frozen", kill_on_drop: false }`
[INFO] [stdout] 79df43cf950fba2f2f86d4940fce2abb1ae77dde99b841bbd736e19baaf28cce
[INFO] running `Command { std: "docker" "start" "-a" "79df43cf950fba2f2f86d4940fce2abb1ae77dde99b841bbd736e19baaf28cce", kill_on_drop: false }`
[INFO] [stderr]     Finished `test` profile [unoptimized + debuginfo] target(s) in 0.08s
[INFO] [stderr]      Running unittests src/lib.rs (/opt/rustwide/target/debug/deps/cg_math-c37d581226123771)
[INFO] [stdout] 
[INFO] [stdout] running 10 tests
[INFO] [stdout] test geometry::tests::edges_equal ... ok
[INFO] [stdout] test utils::tests::test_barycentric_coords ... ok
[INFO] [stdout] test utils::tests::test_convex_hull ... ok
[INFO] [stdout] test utils::tests::test_edge_not_flippable ... ok
[INFO] [stdout] test geometry::tests::triangles_equal ... ok
[INFO] [stdout] test utils::tests::test_edge_flippable ... ok
[INFO] [stdout] test algos::tests::test_algos ... ok
[INFO] [stdout] test geometry::tests::triangle_and_point_regular ... ok
[INFO] [stdout] test geometry::tests::neighbors ... ok
[INFO] [stdout] test algos::tests::test_debug_ric ... ok
[INFO] [stdout] 
[INFO] [stdout] test result: ok. 10 passed; 0 failed; 0 ignored; 0 measured; 0 filtered out; finished in 0.00s
[INFO] [stdout] 
[INFO] [stderr]      Running tests/integration_tests.rs (/opt/rustwide/target/debug/deps/integration_tests-60715df47f974556)
[INFO] [stdout] 
[INFO] [stdout] running 6 tests
[INFO] [stdout] test minimal_delaunay_triangulation4 ... ok
[INFO] [stdout] test minimal_regular_triangulation4 ... ok
[INFO] [stdout] test minimal_regular_triangulation8 ... ok
[INFO] [stdout] test minimal_delaunay_triangulation8 ... ok
[INFO] [stdout] test random_regular_triangulation50 ... ok
[INFO] [stdout] test random_delaunay_triangulation50 has been running for over 60 seconds
[INFO] [stdout] test random_delaunay_triangulation50 ... ok
[INFO] [stdout] 
[INFO] [stdout] test result: ok. 6 passed; 0 failed; 0 ignored; 0 measured; 0 filtered out; finished in 87.18s
[INFO] [stdout] 
[INFO] [stderr]    Doc-tests cg_math
[INFO] [stdout] 
[INFO] [stdout] running 7 tests
[INFO] [stdout] test src/utils/mod.rs - utils::is_flippable_strict (line 142) ... FAILED
[INFO] [stdout] test src/utils/mod.rs - utils::induced_subcomplex (line 106) ... ok
[INFO] [stdout] test src/geometry.rs - geometry::WeightedTriangle::area3d (line 181) ... ok
[INFO] [stdout] test src/algos/mod.rs - algos::ric::compute2d (line 98) ... ok
[INFO] [stdout] test src/geometry.rs - geometry::WeightedTriangle::area (line 158) ... ok
[INFO] [stdout] test src/geometry.rs - geometry::WeightedTriangle::is_regular (line 225) ... ok
[INFO] [stdout] test src/algos/mod.rs - algos::bw::compute2d (line 201) ... ok
[INFO] [stdout] 
[INFO] [stdout] failures:
[INFO] [stdout] 
[INFO] [stdout] ---- src/utils/mod.rs - utils::is_flippable_strict (line 142) stdout ----
[INFO] [stdout] error[E0432]: unresolved import `cg_math::utils::is_flippable2`
[INFO] [stdout]  --> src/utils/mod.rs:144:104
[INFO] [stdout]   |
[INFO] [stdout] 5 | use cg_math::{geometry::{WeightedVertex, WeightedTriangle, Triangulation}, utils::{induced_subcomplex, is_flippable2}};
[INFO] [stdout]   |                                                                                                        ^^^^^^^^^^^^^
[INFO] [stdout]   |                                                                                                        |
[INFO] [stdout]   |                                                                                                        no `is_flippable2` in `utils`
[INFO] [stdout]   |                                                                                                        help: a similar name exists in the module: `is_flippable`
[INFO] [stdout] 
[INFO] [stdout] error: aborting due to 1 previous error
[INFO] [stdout] 
[INFO] [stdout] For more information about this error, try `rustc --explain E0432`.
[INFO] [stdout] Couldn't compile the test.
[INFO] [stdout] 
[INFO] [stdout] failures:
[INFO] [stdout]     src/utils/mod.rs - utils::is_flippable_strict (line 142)
[INFO] [stdout] 
[INFO] [stdout] test result: FAILED. 6 passed; 1 failed; 0 ignored; 0 measured; 0 filtered out; finished in 4.48s
[INFO] [stdout] 
[INFO] [stderr] error: doctest failed, to rerun pass `--doc`
[INFO] running `Command { std: "docker" "inspect" "79df43cf950fba2f2f86d4940fce2abb1ae77dde99b841bbd736e19baaf28cce", kill_on_drop: false }`
[INFO] running `Command { std: "docker" "rm" "-f" "79df43cf950fba2f2f86d4940fce2abb1ae77dde99b841bbd736e19baaf28cce", kill_on_drop: false }`
[INFO] [stdout] 79df43cf950fba2f2f86d4940fce2abb1ae77dde99b841bbd736e19baaf28cce
