[INFO] fetching crate cfg-vis 0.2.2...
[INFO] testing cfg-vis-0.2.2 against 1.83.0 for beta-1.84.0-4-retry
[INFO] extracting crate cfg-vis 0.2.2 into /workspace/builds/worker-4-tc1/source
[INFO] validating manifest of crates.io crate cfg-vis 0.2.2 on toolchain 1.83.0
[INFO] running `Command { std: CARGO_HOME="/workspace/cargo-home" RUSTUP_HOME="/workspace/rustup-home" "/workspace/cargo-home/bin/cargo" "+1.83.0" "metadata" "--manifest-path" "Cargo.toml" "--no-deps", kill_on_drop: false }`
[INFO] started tweaking crates.io crate cfg-vis 0.2.2
[INFO] finished tweaking crates.io crate cfg-vis 0.2.2
[INFO] tweaked toml for crates.io crate cfg-vis 0.2.2 written to /workspace/builds/worker-4-tc1/source/Cargo.toml
[INFO] running `Command { std: CARGO_HOME="/workspace/cargo-home" RUSTUP_HOME="/workspace/rustup-home" "/workspace/cargo-home/bin/cargo" "+1.83.0" "generate-lockfile" "--manifest-path" "Cargo.toml", kill_on_drop: false }`
[INFO] [stderr]     Updating crates.io index
[INFO] [stderr]      Locking 4 packages to latest compatible versions
[INFO] [stderr]       Adding syn v1.0.109 (available: v2.0.90)
[INFO] running `Command { std: CARGO_HOME="/workspace/cargo-home" RUSTUP_HOME="/workspace/rustup-home" "/workspace/cargo-home/bin/cargo" "+1.83.0" "fetch" "--manifest-path" "Cargo.toml", kill_on_drop: false }`
[INFO] running `Command { std: "docker" "create" "-v" "/var/lib/crater-agent-workspace/builds/worker-4-tc1/target:/opt/rustwide/target:rw,Z" "-v" "/var/lib/crater-agent-workspace/builds/worker-4-tc1/source:/opt/rustwide/workdir:ro,Z" "-v" "/var/lib/crater-agent-workspace/cargo-home:/opt/rustwide/cargo-home:ro,Z" "-v" "/var/lib/crater-agent-workspace/rustup-home:/opt/rustwide/rustup-home:ro,Z" "-e" "SOURCE_DIR=/opt/rustwide/workdir" "-e" "CARGO_TARGET_DIR=/opt/rustwide/target" "-e" "CARGO_HOME=/opt/rustwide/cargo-home" "-e" "RUSTUP_HOME=/opt/rustwide/rustup-home" "-w" "/opt/rustwide/workdir" "-m" "1610612736" "--user" "0:0" "--network" "none" "ghcr.io/rust-lang/crates-build-env/linux@sha256:f3a9d4ad9d972b27faf3965f35b62e55ba32bbce8f20bc8fe909558a86702fde" "/opt/rustwide/cargo-home/bin/cargo" "+1.83.0" "metadata" "--no-deps" "--format-version=1", kill_on_drop: false }`
[INFO] [stdout] 894aa5f1927ce1864aba07463555ec7a1c656bca5f4caf2d44cb2bd3b093226e
[INFO] running `Command { std: "docker" "start" "-a" "894aa5f1927ce1864aba07463555ec7a1c656bca5f4caf2d44cb2bd3b093226e", kill_on_drop: false }`
[INFO] running `Command { std: "docker" "inspect" "894aa5f1927ce1864aba07463555ec7a1c656bca5f4caf2d44cb2bd3b093226e", kill_on_drop: false }`
[INFO] running `Command { std: "docker" "rm" "-f" "894aa5f1927ce1864aba07463555ec7a1c656bca5f4caf2d44cb2bd3b093226e", kill_on_drop: false }`
[INFO] [stdout] 894aa5f1927ce1864aba07463555ec7a1c656bca5f4caf2d44cb2bd3b093226e
[INFO] running `Command { std: "docker" "create" "-v" "/var/lib/crater-agent-workspace/builds/worker-4-tc1/target:/opt/rustwide/target:rw,Z" "-v" "/var/lib/crater-agent-workspace/builds/worker-4-tc1/source:/opt/rustwide/workdir:ro,Z" "-v" "/var/lib/crater-agent-workspace/cargo-home:/opt/rustwide/cargo-home:ro,Z" "-v" "/var/lib/crater-agent-workspace/rustup-home:/opt/rustwide/rustup-home:ro,Z" "-e" "SOURCE_DIR=/opt/rustwide/workdir" "-e" "CARGO_TARGET_DIR=/opt/rustwide/target" "-e" "CARGO_INCREMENTAL=0" "-e" "RUST_BACKTRACE=full" "-e" "RUSTFLAGS=--cap-lints=warn" "-e" "RUSTDOCFLAGS=--cap-lints=warn" "-e" "CARGO_HOME=/opt/rustwide/cargo-home" "-e" "RUSTUP_HOME=/opt/rustwide/rustup-home" "-w" "/opt/rustwide/workdir" "-m" "1610612736" "--user" "0:0" "--network" "none" "ghcr.io/rust-lang/crates-build-env/linux@sha256:f3a9d4ad9d972b27faf3965f35b62e55ba32bbce8f20bc8fe909558a86702fde" "/opt/rustwide/cargo-home/bin/cargo" "+1.83.0" "build" "--frozen" "--message-format=json", kill_on_drop: false }`
[INFO] [stdout] 827f74a6c414128741835e2896758b99b01a1b60d6ef59ed91f4e859f73f16d7
[INFO] running `Command { std: "docker" "start" "-a" "827f74a6c414128741835e2896758b99b01a1b60d6ef59ed91f4e859f73f16d7", kill_on_drop: false }`
[INFO] [stderr]    Compiling proc-macro2 v1.0.92
[INFO] [stderr]    Compiling unicode-ident v1.0.14
[INFO] [stderr]    Compiling syn v1.0.109
[INFO] [stderr]    Compiling quote v1.0.37
[INFO] [stderr]    Compiling cfg-vis v0.2.2 (/opt/rustwide/workdir)
[INFO] [stderr]     Finished `dev` profile [unoptimized + debuginfo] target(s) in 7.88s
[INFO] running `Command { std: "docker" "inspect" "827f74a6c414128741835e2896758b99b01a1b60d6ef59ed91f4e859f73f16d7", kill_on_drop: false }`
[INFO] running `Command { std: "docker" "rm" "-f" "827f74a6c414128741835e2896758b99b01a1b60d6ef59ed91f4e859f73f16d7", kill_on_drop: false }`
[INFO] [stdout] 827f74a6c414128741835e2896758b99b01a1b60d6ef59ed91f4e859f73f16d7
[INFO] running `Command { std: "docker" "create" "-v" "/var/lib/crater-agent-workspace/builds/worker-4-tc1/target:/opt/rustwide/target:rw,Z" "-v" "/var/lib/crater-agent-workspace/builds/worker-4-tc1/source:/opt/rustwide/workdir:ro,Z" "-v" "/var/lib/crater-agent-workspace/cargo-home:/opt/rustwide/cargo-home:ro,Z" "-v" "/var/lib/crater-agent-workspace/rustup-home:/opt/rustwide/rustup-home:ro,Z" "-e" "SOURCE_DIR=/opt/rustwide/workdir" "-e" "CARGO_TARGET_DIR=/opt/rustwide/target" "-e" "CARGO_INCREMENTAL=0" "-e" "RUST_BACKTRACE=full" "-e" "RUSTFLAGS=--cap-lints=warn" "-e" "RUSTDOCFLAGS=--cap-lints=warn" "-e" "CARGO_HOME=/opt/rustwide/cargo-home" "-e" "RUSTUP_HOME=/opt/rustwide/rustup-home" "-w" "/opt/rustwide/workdir" "-m" "1610612736" "--user" "0:0" "--network" "none" "ghcr.io/rust-lang/crates-build-env/linux@sha256:f3a9d4ad9d972b27faf3965f35b62e55ba32bbce8f20bc8fe909558a86702fde" "/opt/rustwide/cargo-home/bin/cargo" "+1.83.0" "test" "--frozen" "--no-run" "--message-format=json", kill_on_drop: false }`
[INFO] [stdout] f9e3ebdd4b75f4214317cc0a53e2986a39a9082b16ab3f56b76ee6e4451377bf
[INFO] running `Command { std: "docker" "start" "-a" "f9e3ebdd4b75f4214317cc0a53e2986a39a9082b16ab3f56b76ee6e4451377bf", kill_on_drop: false }`
[INFO] [stderr]    Compiling proc-macro2 v1.0.92
[INFO] [stderr]    Compiling unicode-ident v1.0.14
[INFO] [stderr]    Compiling syn v1.0.109
[INFO] [stderr]    Compiling quote v1.0.37
[INFO] [stderr]    Compiling cfg-vis v0.2.2 (/opt/rustwide/workdir)
[INFO] [stderr]     Finished `test` profile [unoptimized + debuginfo] target(s) in 8.63s
[INFO] running `Command { std: "docker" "inspect" "f9e3ebdd4b75f4214317cc0a53e2986a39a9082b16ab3f56b76ee6e4451377bf", kill_on_drop: false }`
[INFO] running `Command { std: "docker" "rm" "-f" "f9e3ebdd4b75f4214317cc0a53e2986a39a9082b16ab3f56b76ee6e4451377bf", kill_on_drop: false }`
[INFO] [stdout] f9e3ebdd4b75f4214317cc0a53e2986a39a9082b16ab3f56b76ee6e4451377bf
[INFO] running `Command { std: "docker" "create" "-v" "/var/lib/crater-agent-workspace/builds/worker-4-tc1/target:/opt/rustwide/target:rw,Z" "-v" "/var/lib/crater-agent-workspace/builds/worker-4-tc1/source:/opt/rustwide/workdir:ro,Z" "-v" "/var/lib/crater-agent-workspace/cargo-home:/opt/rustwide/cargo-home:ro,Z" "-v" "/var/lib/crater-agent-workspace/rustup-home:/opt/rustwide/rustup-home:ro,Z" "-e" "SOURCE_DIR=/opt/rustwide/workdir" "-e" "CARGO_TARGET_DIR=/opt/rustwide/target" "-e" "CARGO_INCREMENTAL=0" "-e" "RUST_BACKTRACE=full" "-e" "RUSTFLAGS=--cap-lints=warn" "-e" "RUSTDOCFLAGS=--cap-lints=warn" "-e" "CARGO_HOME=/opt/rustwide/cargo-home" "-e" "RUSTUP_HOME=/opt/rustwide/rustup-home" "-w" "/opt/rustwide/workdir" "-m" "1610612736" "--user" "0:0" "--network" "none" "ghcr.io/rust-lang/crates-build-env/linux@sha256:f3a9d4ad9d972b27faf3965f35b62e55ba32bbce8f20bc8fe909558a86702fde" "/opt/rustwide/cargo-home/bin/cargo" "+1.83.0" "test" "--frozen", kill_on_drop: false }`
[INFO] [stdout] 4406d85e8e0b8fc5058c5df4f57f40bd74755d7a798b428b85aa1fa130c7a83c
[INFO] running `Command { std: "docker" "start" "-a" "4406d85e8e0b8fc5058c5df4f57f40bd74755d7a798b428b85aa1fa130c7a83c", kill_on_drop: false }`
[INFO] [stderr]     Finished `test` profile [unoptimized + debuginfo] target(s) in 0.01s
[INFO] [stderr]      Running unittests src/lib.rs (/opt/rustwide/target/debug/deps/cfg_vis-e3e9666215f21cf1)
[INFO] [stdout] 
[INFO] [stdout] running 0 tests
[INFO] [stdout] 
[INFO] [stdout] test result: ok. 0 passed; 0 failed; 0 ignored; 0 measured; 0 filtered out; finished in 0.00s
[INFO] [stdout] 
[INFO] [stderr]      Running tests/test.rs (/opt/rustwide/target/debug/deps/test-086d88ec033f37d6)
[INFO] [stderr]    Doc-tests cfg_vis
[INFO] [stdout] 
[INFO] [stdout] running 1 test
[INFO] [stdout] test it_works ... ok
[INFO] [stdout] 
[INFO] [stdout] test result: ok. 1 passed; 0 failed; 0 ignored; 0 measured; 0 filtered out; finished in 0.00s
[INFO] [stdout] 
[INFO] [stdout] 
[INFO] [stdout] running 5 tests
[INFO] [stdout] test src/lib.rs - cfg_vis (line 49) ... ignored
[INFO] [stdout] test src/lib.rs - cfg_vis (line 56) ... ignored
[INFO] [stdout] test src/../README.md - (line 5) ... FAILED
[INFO] [stdout] test src/lib.rs - cfg_vis (line 66) ... FAILED
[INFO] [stdout] test src/lib.rs - cfg_vis_fields (line 208) ... ok
[INFO] [stdout] 
[INFO] [stdout] failures:
[INFO] [stdout] 
[INFO] [stdout] ---- src/../README.md - (line 5) stdout ----
[INFO] [stdout] error[E0433]: failed to resolve: there are too many leading `super` keywords
[INFO] [stdout]  --> src/../README.md:10:36
[INFO] [stdout]   |
[INFO] [stdout] 8 | #[cfg_vis(target_os = "linux", pub(super))]
[INFO] [stdout]   |                                    ^^^^^ there are too many leading `super` keywords
[INFO] [stdout] 
[INFO] [stdout] error: aborting due to 1 previous error
[INFO] [stdout] 
[INFO] [stdout] For more information about this error, try `rustc --explain E0433`.
[INFO] [stdout] Couldn't compile the test.
[INFO] [stdout] ---- src/lib.rs - cfg_vis (line 66) stdout ----
[INFO] [stdout] error[E0433]: failed to resolve: there are too many leading `super` keywords
[INFO] [stdout]  --> src/lib.rs:71:36
[INFO] [stdout]   |
[INFO] [stdout] 8 | #[cfg_vis(target_os = "linux", pub(super))]
[INFO] [stdout]   |                                    ^^^^^ there are too many leading `super` keywords
[INFO] [stdout] 
[INFO] [stdout] error: aborting due to 1 previous error
[INFO] [stdout] 
[INFO] [stdout] For more information about this error, try `rustc --explain E0433`.
[INFO] [stdout] Couldn't compile the test.
[INFO] [stdout] 
[INFO] [stdout] failures:
[INFO] [stdout]     src/../README.md - (line 5)
[INFO] [stdout]     src/lib.rs - cfg_vis (line 66)
[INFO] [stdout] 
[INFO] [stdout] test result: FAILED. 1 passed; 2 failed; 2 ignored; 0 measured; 0 filtered out; finished in 0.34s
[INFO] [stdout] 
[INFO] [stderr] error: doctest failed, to rerun pass `--doc`
[INFO] running `Command { std: "docker" "inspect" "4406d85e8e0b8fc5058c5df4f57f40bd74755d7a798b428b85aa1fa130c7a83c", kill_on_drop: false }`
[INFO] running `Command { std: "docker" "rm" "-f" "4406d85e8e0b8fc5058c5df4f57f40bd74755d7a798b428b85aa1fa130c7a83c", kill_on_drop: false }`
[INFO] [stdout] 4406d85e8e0b8fc5058c5df4f57f40bd74755d7a798b428b85aa1fa130c7a83c
