[INFO] fetching crate cetana 0.0.0...
[INFO] testing cetana-0.0.0 against beta-2024-12-08 for beta-1.84.0-4-retry
[INFO] extracting crate cetana 0.0.0 into /workspace/builds/worker-5-tc2/source
[INFO] validating manifest of crates.io crate cetana 0.0.0 on toolchain beta-2024-12-08
[INFO] running `Command { std: CARGO_HOME="/workspace/cargo-home" RUSTUP_HOME="/workspace/rustup-home" "/workspace/cargo-home/bin/cargo" "+beta-2024-12-08" "metadata" "--manifest-path" "Cargo.toml" "--no-deps", kill_on_drop: false }`
[INFO] started tweaking crates.io crate cetana 0.0.0
[INFO] removed 0 missing examples
[INFO] finished tweaking crates.io crate cetana 0.0.0
[INFO] tweaked toml for crates.io crate cetana 0.0.0 written to /workspace/builds/worker-5-tc2/source/Cargo.toml
[INFO] crate crates.io crate cetana 0.0.0 already has a lockfile, it will not be regenerated
[INFO] running `Command { std: CARGO_HOME="/workspace/cargo-home" RUSTUP_HOME="/workspace/rustup-home" "/workspace/cargo-home/bin/cargo" "+beta-2024-12-08" "fetch" "--manifest-path" "Cargo.toml", kill_on_drop: false }`
[INFO] running `Command { std: "docker" "create" "-v" "/var/lib/crater-agent-workspace/builds/worker-5-tc2/target:/opt/rustwide/target:rw,Z" "-v" "/var/lib/crater-agent-workspace/builds/worker-5-tc2/source:/opt/rustwide/workdir:ro,Z" "-v" "/var/lib/crater-agent-workspace/cargo-home:/opt/rustwide/cargo-home:ro,Z" "-v" "/var/lib/crater-agent-workspace/rustup-home:/opt/rustwide/rustup-home:ro,Z" "-e" "SOURCE_DIR=/opt/rustwide/workdir" "-e" "CARGO_TARGET_DIR=/opt/rustwide/target" "-e" "CARGO_HOME=/opt/rustwide/cargo-home" "-e" "RUSTUP_HOME=/opt/rustwide/rustup-home" "-w" "/opt/rustwide/workdir" "-m" "1610612736" "--user" "0:0" "--network" "none" "ghcr.io/rust-lang/crates-build-env/linux@sha256:f3a9d4ad9d972b27faf3965f35b62e55ba32bbce8f20bc8fe909558a86702fde" "/opt/rustwide/cargo-home/bin/cargo" "+beta-2024-12-08" "metadata" "--no-deps" "--format-version=1", kill_on_drop: false }`
[INFO] [stdout] e1f9e6d72f485e5f8078ff980b56b7f0782f01610a7ba356c29cd6d2b1539e6a
[INFO] running `Command { std: "docker" "start" "-a" "e1f9e6d72f485e5f8078ff980b56b7f0782f01610a7ba356c29cd6d2b1539e6a", kill_on_drop: false }`
[INFO] running `Command { std: "docker" "inspect" "e1f9e6d72f485e5f8078ff980b56b7f0782f01610a7ba356c29cd6d2b1539e6a", kill_on_drop: false }`
[INFO] running `Command { std: "docker" "rm" "-f" "e1f9e6d72f485e5f8078ff980b56b7f0782f01610a7ba356c29cd6d2b1539e6a", kill_on_drop: false }`
[INFO] [stdout] e1f9e6d72f485e5f8078ff980b56b7f0782f01610a7ba356c29cd6d2b1539e6a
[INFO] running `Command { std: "docker" "create" "-v" "/var/lib/crater-agent-workspace/builds/worker-5-tc2/target:/opt/rustwide/target:rw,Z" "-v" "/var/lib/crater-agent-workspace/builds/worker-5-tc2/source:/opt/rustwide/workdir:ro,Z" "-v" "/var/lib/crater-agent-workspace/cargo-home:/opt/rustwide/cargo-home:ro,Z" "-v" "/var/lib/crater-agent-workspace/rustup-home:/opt/rustwide/rustup-home:ro,Z" "-e" "SOURCE_DIR=/opt/rustwide/workdir" "-e" "CARGO_TARGET_DIR=/opt/rustwide/target" "-e" "CARGO_INCREMENTAL=0" "-e" "RUST_BACKTRACE=full" "-e" "RUSTFLAGS=--cap-lints=warn" "-e" "RUSTDOCFLAGS=--cap-lints=warn" "-e" "CARGO_HOME=/opt/rustwide/cargo-home" "-e" "RUSTUP_HOME=/opt/rustwide/rustup-home" "-w" "/opt/rustwide/workdir" "-m" "1610612736" "--user" "0:0" "--network" "none" "ghcr.io/rust-lang/crates-build-env/linux@sha256:f3a9d4ad9d972b27faf3965f35b62e55ba32bbce8f20bc8fe909558a86702fde" "/opt/rustwide/cargo-home/bin/cargo" "+beta-2024-12-08" "build" "--frozen" "--message-format=json", kill_on_drop: false }`
[INFO] [stdout] dc03b4bc1b5534d7008a37d76ba7fe5ec6dc6254c9f0578633ee0c79a3f3fb22
[INFO] running `Command { std: "docker" "start" "-a" "dc03b4bc1b5534d7008a37d76ba7fe5ec6dc6254c9f0578633ee0c79a3f3fb22", kill_on_drop: false }`
[INFO] [stderr]    Compiling shlex v1.3.0
[INFO] [stderr]    Compiling aporia v0.1.1
[INFO] [stderr]    Compiling log v0.4.22
[INFO] [stderr]    Compiling cc v1.1.34
[INFO] [stderr]    Compiling cmake v0.1.51
[INFO] [stderr]    Compiling cetana v0.0.0 (/opt/rustwide/workdir)
[INFO] [stdout] warning: unused import: `std::env`
[INFO] [stdout]  --> build.rs:1:5
[INFO] [stdout]   |
[INFO] [stdout] 1 | use std::env;
[INFO] [stdout]   |     ^^^^^^^^
[INFO] [stdout]   |
[INFO] [stdout]   = note: `#[warn(unused_imports)]` on by default
[INFO] [stdout] 
[INFO] [stdout] 
[INFO] [stdout] warning: unused import: `std::path::PathBuf`
[INFO] [stdout]  --> build.rs:4:5
[INFO] [stdout]   |
[INFO] [stdout] 4 | use std::path::PathBuf;
[INFO] [stdout]   |     ^^^^^^^^^^^^^^^^^^
[INFO] [stdout] 
[INFO] [stdout] 
[INFO] [stdout] warning: unused import: `std::process::Command`
[INFO] [stdout]  --> build.rs:5:5
[INFO] [stdout]   |
[INFO] [stdout] 5 | use std::process::Command;
[INFO] [stdout]   |     ^^^^^^^^^^^^^^^^^^^^^
[INFO] [stdout] 
[INFO] [stdout] 
[INFO] [stdout] warning: unused variable: `manager`
[INFO] [stdout]    --> src/backend/device.rs:133:21
[INFO] [stdout]     |
[INFO] [stdout] 133 |                 let manager = GLOBAL_DEVICE_MANAGER.as_ref().unwrap();
[INFO] [stdout]     |                     ^^^^^^^ help: if this is intentional, prefix it with an underscore: `_manager`
[INFO] [stdout]     |
[INFO] [stdout]     = note: `#[warn(unused_variables)]` on by default
[INFO] [stdout] 
[INFO] [stdout] 
[INFO] [stdout] warning: constant `CPU_FEATURE_SSE4_1` is never used
[INFO] [stdout]   --> src/backend/feature.rs:40:11
[INFO] [stdout]    |
[INFO] [stdout] 40 | pub const CPU_FEATURE_SSE4_1: &str = "sse4.1";
[INFO] [stdout]    |           ^^^^^^^^^^^^^^^^^^
[INFO] [stdout]    |
[INFO] [stdout]    = note: `#[warn(dead_code)]` on by default
[INFO] [stdout] 
[INFO] [stdout] 
[INFO] [stdout] warning: constant `CPU_FEATURE_SSE4_2` is never used
[INFO] [stdout]   --> src/backend/feature.rs:41:11
[INFO] [stdout]    |
[INFO] [stdout] 41 | pub const CPU_FEATURE_SSE4_2: &str = "sse4.2";
[INFO] [stdout]    |           ^^^^^^^^^^^^^^^^^^
[INFO] [stdout] 
[INFO] [stdout] 
[INFO] [stdout] warning: constant `GPU_FEATURE_FP16` is never used
[INFO] [stdout]   --> src/backend/feature.rs:44:11
[INFO] [stdout]    |
[INFO] [stdout] 44 | pub const GPU_FEATURE_FP16: &str = "fp16";
[INFO] [stdout]    |           ^^^^^^^^^^^^^^^^
[INFO] [stdout] 
[INFO] [stdout] 
[INFO] [stdout] warning: constant `GPU_FEATURE_FP64` is never used
[INFO] [stdout]   --> src/backend/feature.rs:45:11
[INFO] [stdout]    |
[INFO] [stdout] 45 | pub const GPU_FEATURE_FP64: &str = "fp64";
[INFO] [stdout]    |           ^^^^^^^^^^^^^^^^
[INFO] [stdout] 
[INFO] [stdout] 
[INFO] [stdout] warning: constant `GPU_FEATURE_TENSOR_CORES` is never used
[INFO] [stdout]   --> src/backend/feature.rs:46:11
[INFO] [stdout]    |
[INFO] [stdout] 46 | pub const GPU_FEATURE_TENSOR_CORES: &str = "tensor_cores";
[INFO] [stdout]    |           ^^^^^^^^^^^^^^^^^^^^^^^^
[INFO] [stdout] 
[INFO] [stdout] 
[INFO] [stdout] warning: method `supports_feature` is never used
[INFO] [stdout]   --> src/backend/cpu/core.rs:15:12
[INFO] [stdout]    |
[INFO] [stdout] 6  | impl CpuCore {
[INFO] [stdout]    | ------------ method in this implementation
[INFO] [stdout] ...
[INFO] [stdout] 15 |     pub fn supports_feature(&self, _feature: &str) -> DeviceFeatures {
[INFO] [stdout]    |            ^^^^^^^^^^^^^^^^
[INFO] [stdout] 
[INFO] [stdout] 
[INFO] [stdout] warning: creating a shared reference to mutable static is discouraged
[INFO] [stdout]    --> src/backend/device.rs:133:31
[INFO] [stdout]     |
[INFO] [stdout] 133 |                 let manager = GLOBAL_DEVICE_MANAGER.as_ref().unwrap();
[INFO] [stdout]     |                               ^^^^^^^^^^^^^^^^^^^^^^^^^^^^^^ shared reference to mutable static
[INFO] [stdout]     |
[INFO] [stdout]     = note: for more information, see <https://doc.rust-lang.org/nightly/edition-guide/rust-2024/static-mut-references.html>
[INFO] [stdout]     = note: shared references to mutable statics are dangerous; it's undefined behavior if the static is mutated or if a mutable reference is created for it while the shared reference lives
[INFO] [stdout]     = note: `#[warn(static_mut_refs)]` on by default
[INFO] [stdout] 
[INFO] [stdout] 
[INFO] [stdout] warning: creating a shared reference to mutable static is discouraged
[INFO] [stdout]    --> src/backend/device.rs:162:13
[INFO] [stdout]     |
[INFO] [stdout] 162 |             GLOBAL_DEVICE_MANAGER.as_ref().unwrap()
[INFO] [stdout]     |             ^^^^^^^^^^^^^^^^^^^^^^^^^^^^^^ shared reference to mutable static
[INFO] [stdout]     |
[INFO] [stdout]     = note: for more information, see <https://doc.rust-lang.org/nightly/edition-guide/rust-2024/static-mut-references.html>
[INFO] [stdout]     = note: shared references to mutable statics are dangerous; it's undefined behavior if the static is mutated or if a mutable reference is created for it while the shared reference lives
[INFO] [stdout] 
[INFO] [stdout] 
[INFO] [stderr]     Finished `dev` profile [unoptimized + debuginfo] target(s) in 2.98s
[INFO] running `Command { std: "docker" "inspect" "dc03b4bc1b5534d7008a37d76ba7fe5ec6dc6254c9f0578633ee0c79a3f3fb22", kill_on_drop: false }`
[INFO] running `Command { std: "docker" "rm" "-f" "dc03b4bc1b5534d7008a37d76ba7fe5ec6dc6254c9f0578633ee0c79a3f3fb22", kill_on_drop: false }`
[INFO] [stdout] dc03b4bc1b5534d7008a37d76ba7fe5ec6dc6254c9f0578633ee0c79a3f3fb22
[INFO] running `Command { std: "docker" "create" "-v" "/var/lib/crater-agent-workspace/builds/worker-5-tc2/target:/opt/rustwide/target:rw,Z" "-v" "/var/lib/crater-agent-workspace/builds/worker-5-tc2/source:/opt/rustwide/workdir:ro,Z" "-v" "/var/lib/crater-agent-workspace/cargo-home:/opt/rustwide/cargo-home:ro,Z" "-v" "/var/lib/crater-agent-workspace/rustup-home:/opt/rustwide/rustup-home:ro,Z" "-e" "SOURCE_DIR=/opt/rustwide/workdir" "-e" "CARGO_TARGET_DIR=/opt/rustwide/target" "-e" "CARGO_INCREMENTAL=0" "-e" "RUST_BACKTRACE=full" "-e" "RUSTFLAGS=--cap-lints=warn" "-e" "RUSTDOCFLAGS=--cap-lints=warn" "-e" "CARGO_HOME=/opt/rustwide/cargo-home" "-e" "RUSTUP_HOME=/opt/rustwide/rustup-home" "-w" "/opt/rustwide/workdir" "-m" "1610612736" "--user" "0:0" "--network" "none" "ghcr.io/rust-lang/crates-build-env/linux@sha256:f3a9d4ad9d972b27faf3965f35b62e55ba32bbce8f20bc8fe909558a86702fde" "/opt/rustwide/cargo-home/bin/cargo" "+beta-2024-12-08" "test" "--frozen" "--no-run" "--message-format=json", kill_on_drop: false }`
[INFO] [stdout] 377686aebcaa3b5afc17b5b30c4714bbd888f824ac4fc93e62e8b489300443a1
[INFO] running `Command { std: "docker" "start" "-a" "377686aebcaa3b5afc17b5b30c4714bbd888f824ac4fc93e62e8b489300443a1", kill_on_drop: false }`
[INFO] [stderr]    Compiling proc-macro2 v1.0.89
[INFO] [stderr]    Compiling unicode-ident v1.0.13
[INFO] [stderr]    Compiling libc v0.2.161
[INFO] [stderr]    Compiling cfg-if v1.0.0
[INFO] [stderr]    Compiling smallvec v1.13.2
[INFO] [stderr]    Compiling stable_deref_trait v1.2.0
[INFO] [stderr]    Compiling pin-project-lite v0.2.15
[INFO] [stderr]    Compiling parking_lot_core v0.9.10
[INFO] [stderr]    Compiling bytes v1.8.0
[INFO] [stderr]    Compiling itoa v1.0.11
[INFO] [stderr]    Compiling scopeguard v1.2.0
[INFO] [stderr]    Compiling futures-core v0.3.31
[INFO] [stderr]    Compiling once_cell v1.20.2
[INFO] [stderr]    Compiling vcpkg v0.2.15
[INFO] [stderr]    Compiling lock_api v0.4.12
[INFO] [stderr]    Compiling pkg-config v0.3.31
[INFO] [stderr]    Compiling writeable v0.5.5
[INFO] [stderr]    Compiling litemap v0.7.3
[INFO] [stderr]    Compiling fnv v1.0.7
[INFO] [stderr]    Compiling slab v0.4.9
[INFO] [stderr]    Compiling icu_locid_transform_data v1.5.0
[INFO] [stderr]    Compiling httparse v1.9.5
[INFO] [stderr]    Compiling foreign-types-shared v0.1.1
[INFO] [stderr]    Compiling icu_properties_data v1.5.0
[INFO] [stderr]    Compiling futures-sink v0.3.31
[INFO] [stderr]    Compiling equivalent v1.0.1
[INFO] [stderr]    Compiling futures-task v0.3.31
[INFO] [stderr]    Compiling hashbrown v0.15.1
[INFO] [stderr]    Compiling openssl v0.10.68
[INFO] [stderr]    Compiling tracing-core v0.1.32
[INFO] [stderr]    Compiling pin-utils v0.1.0
[INFO] [stderr]    Compiling foreign-types v0.3.2
[INFO] [stderr]    Compiling write16 v1.0.0
[INFO] [stderr]    Compiling futures-util v0.3.31
[INFO] [stderr]    Compiling serde v1.0.214
[INFO] [stderr]    Compiling utf8_iter v1.0.4
[INFO] [stderr]    Compiling icu_normalizer_data v1.5.0
[INFO] [stderr]    Compiling native-tls v0.2.12
[INFO] [stderr]    Compiling atomic-waker v1.1.2
[INFO] [stderr]    Compiling bitflags v2.6.0
[INFO] [stderr]    Compiling utf16_iter v1.0.5
[INFO] [stderr]    Compiling try-lock v0.2.5
[INFO] [stderr]    Compiling http v1.1.0
[INFO] [stderr]    Compiling futures-channel v0.3.31
[INFO] [stderr]    Compiling want v0.3.1
[INFO] [stderr]    Compiling byteorder v1.5.0
[INFO] [stderr]    Compiling openssl-probe v0.1.5
[INFO] [stderr]    Compiling percent-encoding v2.3.1
[INFO] [stderr]    Compiling tower-service v0.3.3
[INFO] [stderr]    Compiling quote v1.0.37
[INFO] [stderr]    Compiling tracing v0.1.40
[INFO] [stderr]    Compiling rustls-pki-types v1.10.0
[INFO] [stdout] warning: unused import: `std::env`
[INFO] [stdout]  --> build.rs:1:5
[INFO] [stdout]   |
[INFO] [stdout] 1 | use std::env;
[INFO] [stdout]   |     ^^^^^^^^
[INFO] [stdout]   |
[INFO] [stdout]   = note: `#[warn(unused_imports)]` on by default
[INFO] [stdout] 
[INFO] [stdout] 
[INFO] [stdout] warning: unused import: `std::path::PathBuf`
[INFO] [stdout]  --> build.rs:4:5
[INFO] [stdout]   |
[INFO] [stdout] 4 | use std::path::PathBuf;
[INFO] [stdout]   |     ^^^^^^^^^^^^^^^^^^
[INFO] [stdout] 
[INFO] [stdout] 
[INFO] [stdout] warning: unused import: `std::process::Command`
[INFO] [stdout]  --> build.rs:5:5
[INFO] [stdout]   |
[INFO] [stdout] 5 | use std::process::Command;
[INFO] [stdout]   |     ^^^^^^^^^^^^^^^^^^^^^
[INFO] [stdout] 
[INFO] [stdout] 
[INFO] [stderr]    Compiling form_urlencoded v1.2.1
[INFO] [stderr]    Compiling memchr v2.7.4
[INFO] [stderr]    Compiling adler2 v2.0.0
[INFO] [stderr]    Compiling sync_wrapper v1.0.1
[INFO] [stderr]    Compiling syn v2.0.86
[INFO] [stderr]    Compiling openssl-sys v0.9.104
[INFO] [stderr]    Compiling indexmap v2.6.0
[INFO] [stderr]    Compiling miniz_oxide v0.8.0
[INFO] [stderr]    Compiling encoding_rs v0.8.35
[INFO] [stderr]    Compiling crc32fast v1.4.2
[INFO] [stderr]    Compiling mime v0.3.17
[INFO] [stderr]    Compiling signal-hook-registry v1.4.2
[INFO] [stderr]    Compiling mio v1.0.2
[INFO] [stderr]    Compiling socket2 v0.5.7
[INFO] [stderr]    Compiling getrandom v0.2.15
[INFO] [stderr]    Compiling parking_lot v0.12.3
[INFO] [stderr]    Compiling rand_core v0.6.4
[INFO] [stderr]    Compiling rustls-pemfile v2.2.0
[INFO] [stderr]    Compiling csv-core v0.1.11
[INFO] [stderr]    Compiling base64 v0.22.1
[INFO] [stderr]    Compiling ipnet v2.10.1
[INFO] [stderr]    Compiling http-body v1.0.1
[INFO] [stderr]    Compiling http-body-util v0.1.2
[INFO] [stderr]    Compiling flate2 v1.0.34
[INFO] [stderr]    Compiling pinax v0.1.0
[INFO] [stdout] warning: unused variable: `manager`
[INFO] [stdout]    --> src/backend/device.rs:133:21
[INFO] [stdout]     |
[INFO] [stdout] 133 |                 let manager = GLOBAL_DEVICE_MANAGER.as_ref().unwrap();
[INFO] [stdout]     |                     ^^^^^^^ help: if this is intentional, prefix it with an underscore: `_manager`
[INFO] [stdout]     |
[INFO] [stdout]     = note: `#[warn(unused_variables)]` on by default
[INFO] [stdout] 
[INFO] [stdout] 
[INFO] [stdout] warning: constant `CPU_FEATURE_SSE4_1` is never used
[INFO] [stdout]   --> src/backend/feature.rs:40:11
[INFO] [stdout]    |
[INFO] [stdout] 40 | pub const CPU_FEATURE_SSE4_1: &str = "sse4.1";
[INFO] [stdout]    |           ^^^^^^^^^^^^^^^^^^
[INFO] [stdout]    |
[INFO] [stdout]    = note: `#[warn(dead_code)]` on by default
[INFO] [stdout] 
[INFO] [stdout] 
[INFO] [stdout] warning: constant `CPU_FEATURE_SSE4_2` is never used
[INFO] [stdout]   --> src/backend/feature.rs:41:11
[INFO] [stdout]    |
[INFO] [stdout] 41 | pub const CPU_FEATURE_SSE4_2: &str = "sse4.2";
[INFO] [stdout]    |           ^^^^^^^^^^^^^^^^^^
[INFO] [stdout] 
[INFO] [stdout] 
[INFO] [stdout] warning: constant `GPU_FEATURE_FP16` is never used
[INFO] [stdout]   --> src/backend/feature.rs:44:11
[INFO] [stdout]    |
[INFO] [stdout] 44 | pub const GPU_FEATURE_FP16: &str = "fp16";
[INFO] [stdout]    |           ^^^^^^^^^^^^^^^^
[INFO] [stdout] 
[INFO] [stdout] 
[INFO] [stdout] warning: constant `GPU_FEATURE_FP64` is never used
[INFO] [stdout]   --> src/backend/feature.rs:45:11
[INFO] [stdout]    |
[INFO] [stdout] 45 | pub const GPU_FEATURE_FP64: &str = "fp64";
[INFO] [stdout]    |           ^^^^^^^^^^^^^^^^
[INFO] [stdout] 
[INFO] [stdout] 
[INFO] [stdout] warning: constant `GPU_FEATURE_TENSOR_CORES` is never used
[INFO] [stdout]   --> src/backend/feature.rs:46:11
[INFO] [stdout]    |
[INFO] [stdout] 46 | pub const GPU_FEATURE_TENSOR_CORES: &str = "tensor_cores";
[INFO] [stdout]    |           ^^^^^^^^^^^^^^^^^^^^^^^^
[INFO] [stdout] 
[INFO] [stdout] 
[INFO] [stdout] warning: method `supports_feature` is never used
[INFO] [stdout]   --> src/backend/cpu/core.rs:15:12
[INFO] [stdout]    |
[INFO] [stdout] 6  | impl CpuCore {
[INFO] [stdout]    | ------------ method in this implementation
[INFO] [stdout] ...
[INFO] [stdout] 15 |     pub fn supports_feature(&self, _feature: &str) -> DeviceFeatures {
[INFO] [stdout]    |            ^^^^^^^^^^^^^^^^
[INFO] [stdout] 
[INFO] [stdout] 
[INFO] [stdout] warning: creating a shared reference to mutable static is discouraged
[INFO] [stdout]    --> src/backend/device.rs:133:31
[INFO] [stdout]     |
[INFO] [stdout] 133 |                 let manager = GLOBAL_DEVICE_MANAGER.as_ref().unwrap();
[INFO] [stdout]     |                               ^^^^^^^^^^^^^^^^^^^^^^^^^^^^^^ shared reference to mutable static
[INFO] [stdout]     |
[INFO] [stdout]     = note: for more information, see <https://doc.rust-lang.org/nightly/edition-guide/rust-2024/static-mut-references.html>
[INFO] [stdout]     = note: shared references to mutable statics are dangerous; it's undefined behavior if the static is mutated or if a mutable reference is created for it while the shared reference lives
[INFO] [stdout]     = note: `#[warn(static_mut_refs)]` on by default
[INFO] [stdout] 
[INFO] [stdout] 
[INFO] [stdout] warning: creating a shared reference to mutable static is discouraged
[INFO] [stdout]    --> src/backend/device.rs:162:13
[INFO] [stdout]     |
[INFO] [stdout] 162 |             GLOBAL_DEVICE_MANAGER.as_ref().unwrap()
[INFO] [stdout]     |             ^^^^^^^^^^^^^^^^^^^^^^^^^^^^^^ shared reference to mutable static
[INFO] [stdout]     |
[INFO] [stdout]     = note: for more information, see <https://doc.rust-lang.org/nightly/edition-guide/rust-2024/static-mut-references.html>
[INFO] [stdout]     = note: shared references to mutable statics are dangerous; it's undefined behavior if the static is mutated or if a mutable reference is created for it while the shared reference lives
[INFO] [stdout] 
[INFO] [stdout] 
[INFO] [stderr]    Compiling serde_urlencoded v0.7.1
[INFO] [stderr]    Compiling csv v1.3.0
[INFO] [stderr]    Compiling synstructure v0.13.1
[INFO] [stderr]    Compiling zerofrom-derive v0.1.4
[INFO] [stderr]    Compiling yoke-derive v0.7.4
[INFO] [stderr]    Compiling zerovec-derive v0.10.3
[INFO] [stderr]    Compiling displaydoc v0.2.5
[INFO] [stderr]    Compiling tokio-macros v2.4.0
[INFO] [stderr]    Compiling icu_provider_macros v1.5.0
[INFO] [stderr]    Compiling openssl-macros v0.1.1
[INFO] [stderr]    Compiling zerocopy-derive v0.7.35
[INFO] [stderr]    Compiling tokio v1.41.0
[INFO] [stderr]    Compiling zerofrom v0.1.4
[INFO] [stderr]    Compiling zerocopy v0.7.35
[INFO] [stderr]    Compiling yoke v0.7.4
[INFO] [stderr]    Compiling zerovec v0.10.4
[INFO] [stderr]    Compiling ppv-lite86 v0.2.20
[INFO] [stderr]    Compiling tinystr v0.7.6
[INFO] [stderr]    Compiling icu_collections v1.5.0
[INFO] [stderr]    Compiling rand_chacha v0.3.1
[INFO] [stderr]    Compiling icu_locid v1.5.0
[INFO] [stderr]    Compiling rand v0.8.5
[INFO] [stderr]    Compiling icu_provider v1.5.0
[INFO] [stderr]    Compiling icu_locid_transform v1.5.0
[INFO] [stderr]    Compiling icu_properties v1.5.1
[INFO] [stderr]    Compiling tokio-util v0.7.12
[INFO] [stderr]    Compiling tokio-native-tls v0.3.1
[INFO] [stderr]    Compiling icu_normalizer v1.5.0
[INFO] [stderr]    Compiling h2 v0.4.6
[INFO] [stderr]    Compiling idna_adapter v1.2.0
[INFO] [stderr]    Compiling idna v1.0.3
[INFO] [stderr]    Compiling url v2.5.3
[INFO] [stderr]    Compiling hyper v1.5.0
[INFO] [stderr]    Compiling hyper-util v0.1.10
[INFO] [stderr]    Compiling hyper-tls v0.6.0
[INFO] [stderr]    Compiling reqwest v0.12.9
[INFO] [stderr]    Compiling cetana v0.0.0 (/opt/rustwide/workdir)
[INFO] [stdout] warning: method `compute_loss` is never used
[INFO] [stdout]    --> examples/basic_xor_function.rs:106:8
[INFO] [stdout]     |
[INFO] [stdout] 42  | impl SimpleNN {
[INFO] [stdout]     | ------------- method in this implementation
[INFO] [stdout] ...
[INFO] [stdout] 106 |     fn compute_loss(&self, predictions: &Tensor, targets: &Tensor) -> NetworkResult<Float> {
[INFO] [stdout]     |        ^^^^^^^^^^^^
[INFO] [stdout]     |
[INFO] [stdout]     = note: `#[warn(dead_code)]` on by default
[INFO] [stdout] 
[INFO] [stdout] 
[INFO] [stdout] warning: unused variable: `manager`
[INFO] [stdout]    --> src/backend/device.rs:133:21
[INFO] [stdout]     |
[INFO] [stdout] 133 |                 let manager = GLOBAL_DEVICE_MANAGER.as_ref().unwrap();
[INFO] [stdout]     |                     ^^^^^^^ help: if this is intentional, prefix it with an underscore: `_manager`
[INFO] [stdout]     |
[INFO] [stdout]     = note: `#[warn(unused_variables)]` on by default
[INFO] [stdout] 
[INFO] [stdout] 
[INFO] [stdout] warning: constant `CPU_FEATURE_SSE4_1` is never used
[INFO] [stdout]   --> src/backend/feature.rs:40:11
[INFO] [stdout]    |
[INFO] [stdout] 40 | pub const CPU_FEATURE_SSE4_1: &str = "sse4.1";
[INFO] [stdout]    |           ^^^^^^^^^^^^^^^^^^
[INFO] [stdout]    |
[INFO] [stdout]    = note: `#[warn(dead_code)]` on by default
[INFO] [stdout] 
[INFO] [stdout] 
[INFO] [stdout] warning: constant `CPU_FEATURE_SSE4_2` is never used
[INFO] [stdout]   --> src/backend/feature.rs:41:11
[INFO] [stdout]    |
[INFO] [stdout] 41 | pub const CPU_FEATURE_SSE4_2: &str = "sse4.2";
[INFO] [stdout]    |           ^^^^^^^^^^^^^^^^^^
[INFO] [stdout] 
[INFO] [stdout] 
[INFO] [stdout] warning: constant `GPU_FEATURE_FP16` is never used
[INFO] [stdout]   --> src/backend/feature.rs:44:11
[INFO] [stdout]    |
[INFO] [stdout] 44 | pub const GPU_FEATURE_FP16: &str = "fp16";
[INFO] [stdout]    |           ^^^^^^^^^^^^^^^^
[INFO] [stdout] 
[INFO] [stdout] 
[INFO] [stdout] warning: constant `GPU_FEATURE_FP64` is never used
[INFO] [stdout]   --> src/backend/feature.rs:45:11
[INFO] [stdout]    |
[INFO] [stdout] 45 | pub const GPU_FEATURE_FP64: &str = "fp64";
[INFO] [stdout]    |           ^^^^^^^^^^^^^^^^
[INFO] [stdout] 
[INFO] [stdout] 
[INFO] [stdout] warning: constant `GPU_FEATURE_TENSOR_CORES` is never used
[INFO] [stdout]   --> src/backend/feature.rs:46:11
[INFO] [stdout]    |
[INFO] [stdout] 46 | pub const GPU_FEATURE_TENSOR_CORES: &str = "tensor_cores";
[INFO] [stdout]    |           ^^^^^^^^^^^^^^^^^^^^^^^^
[INFO] [stdout] 
[INFO] [stdout] 
[INFO] [stdout] warning: method `supports_feature` is never used
[INFO] [stdout]   --> src/backend/cpu/core.rs:15:12
[INFO] [stdout]    |
[INFO] [stdout] 6  | impl CpuCore {
[INFO] [stdout]    | ------------ method in this implementation
[INFO] [stdout] ...
[INFO] [stdout] 15 |     pub fn supports_feature(&self, _feature: &str) -> DeviceFeatures {
[INFO] [stdout]    |            ^^^^^^^^^^^^^^^^
[INFO] [stdout] 
[INFO] [stdout] 
[INFO] [stdout] warning: creating a shared reference to mutable static is discouraged
[INFO] [stdout]    --> src/backend/device.rs:133:31
[INFO] [stdout]     |
[INFO] [stdout] 133 |                 let manager = GLOBAL_DEVICE_MANAGER.as_ref().unwrap();
[INFO] [stdout]     |                               ^^^^^^^^^^^^^^^^^^^^^^^^^^^^^^ shared reference to mutable static
[INFO] [stdout]     |
[INFO] [stdout]     = note: for more information, see <https://doc.rust-lang.org/nightly/edition-guide/rust-2024/static-mut-references.html>
[INFO] [stdout]     = note: shared references to mutable statics are dangerous; it's undefined behavior if the static is mutated or if a mutable reference is created for it while the shared reference lives
[INFO] [stdout]     = note: `#[warn(static_mut_refs)]` on by default
[INFO] [stdout] 
[INFO] [stdout] 
[INFO] [stdout] warning: creating a shared reference to mutable static is discouraged
[INFO] [stdout]    --> src/backend/device.rs:162:13
[INFO] [stdout]     |
[INFO] [stdout] 162 |             GLOBAL_DEVICE_MANAGER.as_ref().unwrap()
[INFO] [stdout]     |             ^^^^^^^^^^^^^^^^^^^^^^^^^^^^^^ shared reference to mutable static
[INFO] [stdout]     |
[INFO] [stdout]     = note: for more information, see <https://doc.rust-lang.org/nightly/edition-guide/rust-2024/static-mut-references.html>
[INFO] [stdout]     = note: shared references to mutable statics are dangerous; it's undefined behavior if the static is mutated or if a mutable reference is created for it while the shared reference lives
[INFO] [stdout] 
[INFO] [stdout] 
[INFO] [stderr]     Finished `test` profile [unoptimized + debuginfo] target(s) in 52.37s
[INFO] running `Command { std: "docker" "inspect" "377686aebcaa3b5afc17b5b30c4714bbd888f824ac4fc93e62e8b489300443a1", kill_on_drop: false }`
[INFO] running `Command { std: "docker" "rm" "-f" "377686aebcaa3b5afc17b5b30c4714bbd888f824ac4fc93e62e8b489300443a1", kill_on_drop: false }`
[INFO] [stdout] 377686aebcaa3b5afc17b5b30c4714bbd888f824ac4fc93e62e8b489300443a1
[INFO] running `Command { std: "docker" "create" "-v" "/var/lib/crater-agent-workspace/builds/worker-5-tc2/target:/opt/rustwide/target:rw,Z" "-v" "/var/lib/crater-agent-workspace/builds/worker-5-tc2/source:/opt/rustwide/workdir:ro,Z" "-v" "/var/lib/crater-agent-workspace/cargo-home:/opt/rustwide/cargo-home:ro,Z" "-v" "/var/lib/crater-agent-workspace/rustup-home:/opt/rustwide/rustup-home:ro,Z" "-e" "SOURCE_DIR=/opt/rustwide/workdir" "-e" "CARGO_TARGET_DIR=/opt/rustwide/target" "-e" "CARGO_INCREMENTAL=0" "-e" "RUST_BACKTRACE=full" "-e" "RUSTFLAGS=--cap-lints=warn" "-e" "RUSTDOCFLAGS=--cap-lints=warn" "-e" "CARGO_HOME=/opt/rustwide/cargo-home" "-e" "RUSTUP_HOME=/opt/rustwide/rustup-home" "-w" "/opt/rustwide/workdir" "-m" "1610612736" "--user" "0:0" "--network" "none" "ghcr.io/rust-lang/crates-build-env/linux@sha256:f3a9d4ad9d972b27faf3965f35b62e55ba32bbce8f20bc8fe909558a86702fde" "/opt/rustwide/cargo-home/bin/cargo" "+beta-2024-12-08" "test" "--frozen", kill_on_drop: false }`
[INFO] [stdout] 127afb4e219d04c0086206491488aad9974bc544a55435317d0ed6a6cc58c2b0
[INFO] running `Command { std: "docker" "start" "-a" "127afb4e219d04c0086206491488aad9974bc544a55435317d0ed6a6cc58c2b0", kill_on_drop: false }`
[INFO] [stderr] warning: unused import: `std::env`
[INFO] [stderr]  --> build.rs:1:5
[INFO] [stderr]   |
[INFO] [stderr] 1 | use std::env;
[INFO] [stderr]   |     ^^^^^^^^
[INFO] [stderr]   |
[INFO] [stderr]   = note: `#[warn(unused_imports)]` on by default
[INFO] [stderr] 
[INFO] [stderr] warning: unused import: `std::path::PathBuf`
[INFO] [stderr]  --> build.rs:4:5
[INFO] [stderr]   |
[INFO] [stderr] 4 | use std::path::PathBuf;
[INFO] [stderr]   |     ^^^^^^^^^^^^^^^^^^
[INFO] [stderr] 
[INFO] [stderr] warning: unused import: `std::process::Command`
[INFO] [stderr]  --> build.rs:5:5
[INFO] [stderr]   |
[INFO] [stderr] 5 | use std::process::Command;
[INFO] [stderr]   |     ^^^^^^^^^^^^^^^^^^^^^
[INFO] [stderr] 
[INFO] [stderr] warning: `cetana` (build script) generated 3 warnings
[INFO] [stderr] warning: unused variable: `manager`
[INFO] [stderr]    --> src/backend/device.rs:133:21
[INFO] [stderr]     |
[INFO] [stderr] 133 |                 let manager = GLOBAL_DEVICE_MANAGER.as_ref().unwrap();
[INFO] [stderr]     |                     ^^^^^^^ help: if this is intentional, prefix it with an underscore: `_manager`
[INFO] [stderr]     |
[INFO] [stderr]     = note: `#[warn(unused_variables)]` on by default
[INFO] [stderr] 
[INFO] [stderr] warning: constant `CPU_FEATURE_SSE4_1` is never used
[INFO] [stderr]   --> src/backend/feature.rs:40:11
[INFO] [stderr]    |
[INFO] [stderr] 40 | pub const CPU_FEATURE_SSE4_1: &str = "sse4.1";
[INFO] [stderr]    |           ^^^^^^^^^^^^^^^^^^
[INFO] [stderr]    |
[INFO] [stderr]    = note: `#[warn(dead_code)]` on by default
[INFO] [stderr] 
[INFO] [stderr] warning: constant `CPU_FEATURE_SSE4_2` is never used
[INFO] [stderr]   --> src/backend/feature.rs:41:11
[INFO] [stderr]    |
[INFO] [stderr] 41 | pub const CPU_FEATURE_SSE4_2: &str = "sse4.2";
[INFO] [stderr]    |           ^^^^^^^^^^^^^^^^^^
[INFO] [stderr] 
[INFO] [stderr] warning: constant `GPU_FEATURE_FP16` is never used
[INFO] [stderr]   --> src/backend/feature.rs:44:11
[INFO] [stderr]    |
[INFO] [stderr] 44 | pub const GPU_FEATURE_FP16: &str = "fp16";
[INFO] [stderr]    |           ^^^^^^^^^^^^^^^^
[INFO] [stderr] 
[INFO] [stderr] warning: constant `GPU_FEATURE_FP64` is never used
[INFO] [stderr]   --> src/backend/feature.rs:45:11
[INFO] [stderr]    |
[INFO] [stderr] 45 | pub const GPU_FEATURE_FP64: &str = "fp64";
[INFO] [stderr]    |           ^^^^^^^^^^^^^^^^
[INFO] [stderr] 
[INFO] [stderr] warning: constant `GPU_FEATURE_TENSOR_CORES` is never used
[INFO] [stderr]   --> src/backend/feature.rs:46:11
[INFO] [stderr]    |
[INFO] [stderr] 46 | pub const GPU_FEATURE_TENSOR_CORES: &str = "tensor_cores";
[INFO] [stderr]    |           ^^^^^^^^^^^^^^^^^^^^^^^^
[INFO] [stderr] 
[INFO] [stderr] warning: method `supports_feature` is never used
[INFO] [stderr]   --> src/backend/cpu/core.rs:15:12
[INFO] [stderr]    |
[INFO] [stderr] 6  | impl CpuCore {
[INFO] [stderr]    | ------------ method in this implementation
[INFO] [stderr] ...
[INFO] [stderr] 15 |     pub fn supports_feature(&self, _feature: &str) -> DeviceFeatures {
[INFO] [stderr]    |            ^^^^^^^^^^^^^^^^
[INFO] [stderr] 
[INFO] [stderr] warning: creating a shared reference to mutable static is discouraged
[INFO] [stderr]    --> src/backend/device.rs:133:31
[INFO] [stderr]     |
[INFO] [stderr] 133 |                 let manager = GLOBAL_DEVICE_MANAGER.as_ref().unwrap();
[INFO] [stderr]     |                               ^^^^^^^^^^^^^^^^^^^^^^^^^^^^^^ shared reference to mutable static
[INFO] [stderr]     |
[INFO] [stderr]     = note: for more information, see <https://doc.rust-lang.org/nightly/edition-guide/rust-2024/static-mut-references.html>
[INFO] [stderr]     = note: shared references to mutable statics are dangerous; it's undefined behavior if the static is mutated or if a mutable reference is created for it while the shared reference lives
[INFO] [stderr]     = note: `#[warn(static_mut_refs)]` on by default
[INFO] [stderr] 
[INFO] [stderr] warning: creating a shared reference to mutable static is discouraged
[INFO] [stderr]    --> src/backend/device.rs:162:13
[INFO] [stderr]     |
[INFO] [stderr] 162 |             GLOBAL_DEVICE_MANAGER.as_ref().unwrap()
[INFO] [stderr]     |             ^^^^^^^^^^^^^^^^^^^^^^^^^^^^^^ shared reference to mutable static
[INFO] [stderr]     |
[INFO] [stderr]     = note: for more information, see <https://doc.rust-lang.org/nightly/edition-guide/rust-2024/static-mut-references.html>
[INFO] [stderr]     = note: shared references to mutable statics are dangerous; it's undefined behavior if the static is mutated or if a mutable reference is created for it while the shared reference lives
[INFO] [stderr] 
[INFO] [stderr] warning: `cetana` (lib) generated 9 warnings
[INFO] [stderr] warning: method `compute_loss` is never used
[INFO] [stderr]    --> examples/basic_xor_function.rs:106:8
[INFO] [stderr]     |
[INFO] [stderr] 42  | impl SimpleNN {
[INFO] [stderr]     | ------------- method in this implementation
[INFO] [stderr] ...
[INFO] [stderr] 106 |     fn compute_loss(&self, predictions: &Tensor, targets: &Tensor) -> NetworkResult<Float> {
[INFO] [stderr]     |        ^^^^^^^^^^^^
[INFO] [stderr]     |
[INFO] [stderr]     = note: `#[warn(dead_code)]` on by default
[INFO] [stderr] 
[INFO] [stderr] warning: `cetana` (lib test) generated 9 warnings (9 duplicates)
[INFO] [stderr] warning: `cetana` (example "basic_xor_function") generated 1 warning
[INFO] [stderr]     Finished `test` profile [unoptimized + debuginfo] target(s) in 0.21s
[INFO] [stderr]      Running unittests src/lib.rs (/opt/rustwide/target/debug/deps/cetana-a6dd378d58f4d482)
[INFO] [stdout] 
[INFO] [stdout] running 68 tests
[INFO] [stdout] test backend::cpu::compute::tests::test_aggregation_operations ... ok
[INFO] [stdout] test backend::cpu::compute::tests::test_basic_operations ... ok
[INFO] [stdout] test backend::cpu::compute::tests::test_empty_array ... ok
[INFO] [stdout] test backend::cpu::compute::tests::test_exponential_operations ... ok
[INFO] [stdout] test backend::cpu::compute::tests::test_matmul ... ok
[INFO] [stdout] test backend::cpu::compute::tests::test_edge_cases ... ok
[INFO] [stdout] test backend::cpu::compute::tests::test_power_operations ... ok
[INFO] [stdout] test backend::cpu::tests::test_basic_operations ... ok
[INFO] [stdout] test backend::cpu::tests::test_matmul ... ok
[INFO] [stdout] test backend::device::tests::test_device_manager ... ok
[INFO] [stdout] test backend::device::tests::test_device_selection_with_preference ... ok
[INFO] [stdout] test loss::tests::test_binary_cross_entropy_invalid_shapes ... ok
[INFO] [stdout] test loss::tests::test_binary_cross_entropy_perfect_prediction ... ok
[INFO] [stdout] test loss::tests::test_binary_cross_entropy_batch ... ok
[INFO] [stdout] test loss::tests::test_cross_entropy_worst_prediction ... ok
[INFO] [stdout] test loss::tests::test_mse_invalid_shapes ... ok
[INFO] [stdout] test loss::tests::test_mse_perfect_prediction ... ok
[INFO] [stdout] test loss::tests::test_mse_partial_error ... ok
[INFO] [stdout] test nn::activation::relu::tests::test_relu_2d ... ok
[INFO] [stdout] test loss::tests::test_binary_cross_entropy_worst_prediction ... ok
[INFO] [stdout] test nn::activation::sigmoid::tests::test_sigmoid_backward ... ok
[INFO] [stdout] test nn::activation::softmax::tests::test_softmax_forward ... ok
[INFO] [stdout] test nn::activation::softmax::tests::test_softmax_numerical_stability ... ok
[INFO] [stdout] test nn::activation::relu::tests::test_relu_backward ... ok
[INFO] [stdout] test nn::activation::relu::tests::test_relu_forward ... ok
[INFO] [stdout] test loss::tests::test_cross_entropy_perfect_prediction ... ok
[INFO] [stdout] test loss::tests::test_cross_entropy_uncertain_prediction ... ok
[INFO] [stdout] test nn::activation::sigmoid::tests::test_sigmoid_forward ... ok
[INFO] [stdout] test nn::activation::tanh::tests::test_tanh_backward ... ok
[INFO] [stdout] test nn::activation::softmax::tests::test_softmax_backward ... ok
[INFO] [stdout] test backend::cpu::compute::tests::test_matrix_multiplication_different_sizes ... ok
[INFO] [stdout] test nn::activation::tanh::tests::test_tanh_forward ... ok
[INFO] [stdout] test nn::activation::tests::test_relu ... ok
[INFO] [stdout] test nn::activation::tests::test_tanh ... ok
[INFO] [stdout] test loss::tests::test_mse_worst_prediction ... ok
[INFO] [stdout] test nn::activation::tests::test_sigmoid ... ok
[INFO] [stdout] test nn::conv::tests::test_conv2d_backward ... ok
[INFO] [stdout] test nn::conv::tests::test_conv2d_creation ... ok
[INFO] [stdout] test nn::conv::tests::test_conv2d_forward ... ok
[INFO] [stdout] test nn::linear::tests::test_backward ... ok
[INFO] [stdout] test nn::linear::tests::test_linear_creation ... ok
[INFO] [stdout] test nn::linear::tests::test_weight_initialization ... ok
[INFO] [stdout] test nn::pooling::tests::test_average_pooling ... ok
[INFO] [stdout] test nn::pooling::tests::test_max_pooling ... ok
[INFO] [stdout] test loss::tests::test_binary_cross_entropy_uncertain_prediction ... ok
[INFO] [stdout] test nn::pooling::tests::test_pooling_backward ... ok
[INFO] [stdout] test nn::linear::tests::test_linear_forward ... ok
[INFO] [stdout] test nn::random::tests::test_random_distribution ... ok
[INFO] [stdout] test nn::random::tests::test_random_range ... ok
[INFO] [stdout] test serialize::tests::test_tensor_serialization_edge_cases ... ok
[INFO] [stdout] test tensor::tests::test_add ... ok
[INFO] [stdout] test tensor::tests::test_add_broadcasting ... ok
[INFO] [stdout] test tensor::tests::test_clip ... ok
[INFO] [stdout] test tensor::tests::test_div ... ok
[INFO] [stdout] test tensor::tests::test_element_wise_mul ... ok
[INFO] [stdout] test tensor::tests::test_matmul ... ok
[INFO] [stdout] test tensor::tests::test_exp ... ok
[INFO] [stdout] test tensor::tests::test_pow ... ok
[INFO] [stdout] test serialize::tests::test_tensor_serialization ... ok
[INFO] [stdout] test tensor::tests::test_tensor_creation ... ok
[INFO] [stdout] test tensor::tests::test_transpose ... ok
[INFO] [stdout] test tensor::tests::test_reshape ... ok
[INFO] [stdout] test tensor::tests::test_sqrt ... ok
[INFO] [stdout] test tensor::tests::test_sum ... ok
[INFO] [stdout] test tensor::tests::test_mul_scalar ... ok
[INFO] [stdout] test nn::activation::softmax::tests::test_softmax_batch ... ok
[INFO] [stdout] test serialize::tests::test_invalid_magic_bytes ... FAILED
[INFO] [stdout] test serialize::tests::test_tensor_save_load ... FAILED
[INFO] [stdout] 
[INFO] [stdout] failures:
[INFO] [stdout] 
[INFO] [stdout] ---- serialize::tests::test_invalid_magic_bytes stdout ----
[INFO] [stdout] thread 'serialize::tests::test_invalid_magic_bytes' panicked at src/serialize.rs:218:48:
[INFO] [stdout] Failed to create test file: Os { code: 30, kind: ReadOnlyFilesystem, message: "Read-only file system" }
[INFO] [stdout] stack backtrace:
[INFO] [stdout]    0:     0x603fd6505f9a - std::backtrace_rs::backtrace::libunwind::trace::h8810477743020387
[INFO] [stdout]                                at /rustc/202008a1b8de96d2e5b6bc02d379db03a877d34d/library/std/src/../../backtrace/src/backtrace/libunwind.rs:116:5
[INFO] [stdout]    1:     0x603fd6505f9a - std::backtrace_rs::backtrace::trace_unsynchronized::h3aa55355dd6c54a6
[INFO] [stdout]                                at /rustc/202008a1b8de96d2e5b6bc02d379db03a877d34d/library/std/src/../../backtrace/src/backtrace/mod.rs:66:5
[INFO] [stdout]    2:     0x603fd6505f9a - std::sys::backtrace::_print_fmt::h8588b0f62410823f
[INFO] [stdout]                                at /rustc/202008a1b8de96d2e5b6bc02d379db03a877d34d/library/std/src/sys/backtrace.rs:66:9
[INFO] [stdout]    3:     0x603fd6505f9a - <std::sys::backtrace::BacktraceLock::print::DisplayBacktrace as core::fmt::Display>::fmt::h98c26ac25ffe89bb
[INFO] [stdout]                                at /rustc/202008a1b8de96d2e5b6bc02d379db03a877d34d/library/std/src/sys/backtrace.rs:39:26
[INFO] [stdout]    4:     0x603fd652c633 - core::fmt::rt::Argument::fmt::hf95377f4aebd453b
[INFO] [stdout]                                at /rustc/202008a1b8de96d2e5b6bc02d379db03a877d34d/library/core/src/fmt/rt.rs:177:76
[INFO] [stdout]    5:     0x603fd652c633 - core::fmt::write::h0dd5f6e2238c7982
[INFO] [stdout]                                at /rustc/202008a1b8de96d2e5b6bc02d379db03a877d34d/library/core/src/fmt/mod.rs:1189:21
[INFO] [stdout]    6:     0x603fd6503113 - std::io::Write::write_fmt::h03bb0ca26e6faf8c
[INFO] [stdout]                                at /rustc/202008a1b8de96d2e5b6bc02d379db03a877d34d/library/std/src/io/mod.rs:1884:15
[INFO] [stdout]    7:     0x603fd6505de2 - std::sys::backtrace::BacktraceLock::print::h5c19c1c038ee186d
[INFO] [stdout]                                at /rustc/202008a1b8de96d2e5b6bc02d379db03a877d34d/library/std/src/sys/backtrace.rs:42:9
[INFO] [stdout]    8:     0x603fd650741d - std::panicking::default_hook::{{closure}}::h77172f079a1fcb13
[INFO] [stdout]                                at /rustc/202008a1b8de96d2e5b6bc02d379db03a877d34d/library/std/src/panicking.rs:268:22
[INFO] [stdout]    9:     0x603fd6507227 - std::panicking::default_hook::he5f8e3b203ccddba
[INFO] [stdout]                                at /rustc/202008a1b8de96d2e5b6bc02d379db03a877d34d/library/std/src/panicking.rs:292:9
[INFO] [stdout]   10:     0x603fd64d0237 - <alloc::boxed::Box<F,A> as core::ops::function::Fn<Args>>::call::h7a3c7b4a1ae77f2f
[INFO] [stdout]                                at /rustc/202008a1b8de96d2e5b6bc02d379db03a877d34d/library/alloc/src/boxed.rs:1986:9
[INFO] [stdout]   11:     0x603fd64d0237 - test::test_main::{{closure}}::hf0d3b69ae9b353d1
[INFO] [stdout]                                at /rustc/202008a1b8de96d2e5b6bc02d379db03a877d34d/library/test/src/lib.rs:134:21
[INFO] [stdout]   12:     0x603fd6507ac8 - <alloc::boxed::Box<F,A> as core::ops::function::Fn<Args>>::call::h6332e82e7b189abd
[INFO] [stdout]                                at /rustc/202008a1b8de96d2e5b6bc02d379db03a877d34d/library/alloc/src/boxed.rs:1986:9
[INFO] [stdout]   13:     0x603fd6507ac8 - std::panicking::rust_panic_with_hook::h53863d4e9018df39
[INFO] [stdout]                                at /rustc/202008a1b8de96d2e5b6bc02d379db03a877d34d/library/std/src/panicking.rs:809:13
[INFO] [stdout]   14:     0x603fd650788a - std::panicking::begin_panic_handler::{{closure}}::h67280e6fa0757873
[INFO] [stdout]                                at /rustc/202008a1b8de96d2e5b6bc02d379db03a877d34d/library/std/src/panicking.rs:674:13
[INFO] [stdout]   15:     0x603fd6506479 - std::sys::backtrace::__rust_end_short_backtrace::h1dac3f54d6fbbeb2
[INFO] [stdout]                                at /rustc/202008a1b8de96d2e5b6bc02d379db03a877d34d/library/std/src/sys/backtrace.rs:170:18
[INFO] [stdout]   16:     0x603fd650751c - rust_begin_unwind
[INFO] [stdout]                                at /rustc/202008a1b8de96d2e5b6bc02d379db03a877d34d/library/std/src/panicking.rs:665:5
[INFO] [stdout]   17:     0x603fd6443b50 - core::panicking::panic_fmt::h6792bd1b2bf01041
[INFO] [stdout]                                at /rustc/202008a1b8de96d2e5b6bc02d379db03a877d34d/library/core/src/panicking.rs:76:14
[INFO] [stdout]   18:     0x603fd6443f96 - core::result::unwrap_failed::h05e0602ed34287c5
[INFO] [stdout]                                at /rustc/202008a1b8de96d2e5b6bc02d379db03a877d34d/library/core/src/result.rs:1699:5
[INFO] [stdout]   19:     0x603fd6461a2d - core::result::Result<T,E>::expect::h0343367b79b432a6
[INFO] [stdout]                                at /rustc/202008a1b8de96d2e5b6bc02d379db03a877d34d/library/core/src/result.rs:1061:23
[INFO] [stdout]   20:     0x603fd648b2c7 - cetana::serialize::tests::test_invalid_magic_bytes::h1b60fed0a01b8ba8
[INFO] [stdout]                                at /opt/rustwide/workdir/src/serialize.rs:218:24
[INFO] [stdout]   21:     0x603fd648b247 - cetana::serialize::tests::test_invalid_magic_bytes::{{closure}}::he4b0b26f996965e3
[INFO] [stdout]                                at /opt/rustwide/workdir/src/serialize.rs:213:34
[INFO] [stdout]   22:     0x603fd6475116 - core::ops::function::FnOnce::call_once::hd4630f3527fde7cb
[INFO] [stdout]                                at /rustc/202008a1b8de96d2e5b6bc02d379db03a877d34d/library/core/src/ops/function.rs:250:5
[INFO] [stdout]   23:     0x603fd64d4d5b - core::ops::function::FnOnce::call_once::h871bf86719ec9aa4
[INFO] [stdout]                                at /rustc/202008a1b8de96d2e5b6bc02d379db03a877d34d/library/core/src/ops/function.rs:250:5
[INFO] [stdout]   24:     0x603fd64d4d5b - test::__rust_begin_short_backtrace::h2167df1e2b7d76fd
[INFO] [stdout]                                at /rustc/202008a1b8de96d2e5b6bc02d379db03a877d34d/library/test/src/lib.rs:632:18
[INFO] [stdout]   25:     0x603fd64d4748 - test::run_test_in_process::{{closure}}::h15d92f75a3adfb79
[INFO] [stdout]                                at /rustc/202008a1b8de96d2e5b6bc02d379db03a877d34d/library/test/src/lib.rs:655:60
[INFO] [stdout]   26:     0x603fd64d4748 - <core::panic::unwind_safe::AssertUnwindSafe<F> as core::ops::function::FnOnce<()>>::call_once::hb6c8955835a8dbbb
[INFO] [stdout]                                at /rustc/202008a1b8de96d2e5b6bc02d379db03a877d34d/library/core/src/panic/unwind_safe.rs:272:9
[INFO] [stdout]   27:     0x603fd64d4748 - std::panicking::try::do_call::hc79d0fc888a0bd30
[INFO] [stdout]                                at /rustc/202008a1b8de96d2e5b6bc02d379db03a877d34d/library/std/src/panicking.rs:557:40
[INFO] [stdout]   28:     0x603fd64d4748 - std::panicking::try::hb8a7878e3a8589d6
[INFO] [stdout]                                at /rustc/202008a1b8de96d2e5b6bc02d379db03a877d34d/library/std/src/panicking.rs:520:19
[INFO] [stdout]   29:     0x603fd64d4748 - std::panic::catch_unwind::hb8e4600ff0ff5cfa
[INFO] [stdout]                                at /rustc/202008a1b8de96d2e5b6bc02d379db03a877d34d/library/std/src/panic.rs:358:14
[INFO] [stdout]   30:     0x603fd64d4748 - test::run_test_in_process::hc2900b0b18688dd6
[INFO] [stdout]                                at /rustc/202008a1b8de96d2e5b6bc02d379db03a877d34d/library/test/src/lib.rs:655:27
[INFO] [stdout]   31:     0x603fd64d4748 - test::run_test::{{closure}}::hac2a9cb07be3d48d
[INFO] [stdout]                                at /rustc/202008a1b8de96d2e5b6bc02d379db03a877d34d/library/test/src/lib.rs:576:43
[INFO] [stdout]   32:     0x603fd64981ea - test::run_test::{{closure}}::h4a5b729e66a38cd8
[INFO] [stdout]                                at /rustc/202008a1b8de96d2e5b6bc02d379db03a877d34d/library/test/src/lib.rs:606:41
[INFO] [stdout]   33:     0x603fd64981ea - std::sys::backtrace::__rust_begin_short_backtrace::h0496fb742492f573
[INFO] [stdout]                                at /rustc/202008a1b8de96d2e5b6bc02d379db03a877d34d/library/std/src/sys/backtrace.rs:154:18
[INFO] [stdout]   34:     0x603fd649bb64 - std::thread::Builder::spawn_unchecked_::{{closure}}::{{closure}}::hbb6d257c550a54bd
[INFO] [stdout]                                at /rustc/202008a1b8de96d2e5b6bc02d379db03a877d34d/library/std/src/thread/mod.rs:561:17
[INFO] [stdout]   35:     0x603fd649bb64 - <core::panic::unwind_safe::AssertUnwindSafe<F> as core::ops::function::FnOnce<()>>::call_once::h46696fe4a6832328
[INFO] [stdout]                                at /rustc/202008a1b8de96d2e5b6bc02d379db03a877d34d/library/core/src/panic/unwind_safe.rs:272:9
[INFO] [stdout]   36:     0x603fd649bb64 - std::panicking::try::do_call::h2625a51b667bfb64
[INFO] [stdout]                                at /rustc/202008a1b8de96d2e5b6bc02d379db03a877d34d/library/std/src/panicking.rs:557:40
[INFO] [stdout]   37:     0x603fd649bb64 - std::panicking::try::hb956a59a1973aa4c
[INFO] [stdout]                                at /rustc/202008a1b8de96d2e5b6bc02d379db03a877d34d/library/std/src/panicking.rs:520:19
[INFO] [stdout]   38:     0x603fd649bb64 - std::panic::catch_unwind::h64f3b9d1067ef6a0
[INFO] [stdout]                                at /rustc/202008a1b8de96d2e5b6bc02d379db03a877d34d/library/std/src/panic.rs:358:14
[INFO] [stdout]   39:     0x603fd649bb64 - std::thread::Builder::spawn_unchecked_::{{closure}}::h42b2841295b6c0b2
[INFO] [stdout]                                at /rustc/202008a1b8de96d2e5b6bc02d379db03a877d34d/library/std/src/thread/mod.rs:559:30
[INFO] [stdout]   40:     0x603fd649bb64 - core::ops::function::FnOnce::call_once{{vtable.shim}}::h6127de71b8124639
[INFO] [stdout]                                at /rustc/202008a1b8de96d2e5b6bc02d379db03a877d34d/library/core/src/ops/function.rs:250:5
[INFO] [stdout]   41:     0x603fd650bafb - <alloc::boxed::Box<F,A> as core::ops::function::FnOnce<Args>>::call_once::h42f0ba71002a1b2c
[INFO] [stdout]                                at /rustc/202008a1b8de96d2e5b6bc02d379db03a877d34d/library/alloc/src/boxed.rs:1972:9
[INFO] [stdout]   42:     0x603fd650bafb - <alloc::boxed::Box<F,A> as core::ops::function::FnOnce<Args>>::call_once::had9e47d7a3dcecb8
[INFO] [stdout]                                at /rustc/202008a1b8de96d2e5b6bc02d379db03a877d34d/library/alloc/src/boxed.rs:1972:9
[INFO] [stdout]   43:     0x603fd650bafb - std::sys::pal::unix::thread::Thread::new::thread_start::h48cf765408f6f5f2
[INFO] [stdout]                                at /rustc/202008a1b8de96d2e5b6bc02d379db03a877d34d/library/std/src/sys/pal/unix/thread.rs:105:17
[INFO] [stdout]   44:     0x71570b58fac3 - <unknown>
[INFO] [stdout]   45:     0x71570b620a04 - clone
[INFO] [stdout]   46:                0x0 - <unknown>
[INFO] [stdout] 
[INFO] [stdout] ---- serialize::tests::test_tensor_save_load stdout ----
[INFO] [stdout] thread 'serialize::tests::test_tensor_save_load' panicked at src/serialize.rs:199:31:
[INFO] [stdout] Failed to save model: StringError("Failed to create file: Read-only file system (os error 30)")
[INFO] [stdout] stack backtrace:
[INFO] [stdout]    0:     0x603fd6505f9a - std::backtrace_rs::backtrace::libunwind::trace::h8810477743020387
[INFO] [stderr] error: test failed, to rerun pass `--lib`
[INFO] [stdout]                                at /rustc/202008a1b8de96d2e5b6bc02d379db03a877d34d/library/std/src/../../backtrace/src/backtrace/libunwind.rs:116:5
[INFO] [stdout]    1:     0x603fd6505f9a - std::backtrace_rs::backtrace::trace_unsynchronized::h3aa55355dd6c54a6
[INFO] [stdout]                                at /rustc/202008a1b8de96d2e5b6bc02d379db03a877d34d/library/std/src/../../backtrace/src/backtrace/mod.rs:66:5
[INFO] [stdout]    2:     0x603fd6505f9a - std::sys::backtrace::_print_fmt::h8588b0f62410823f
[INFO] [stdout]                                at /rustc/202008a1b8de96d2e5b6bc02d379db03a877d34d/library/std/src/sys/backtrace.rs:66:9
[INFO] [stdout]    3:     0x603fd6505f9a - <std::sys::backtrace::BacktraceLock::print::DisplayBacktrace as core::fmt::Display>::fmt::h98c26ac25ffe89bb
[INFO] [stdout]                                at /rustc/202008a1b8de96d2e5b6bc02d379db03a877d34d/library/std/src/sys/backtrace.rs:39:26
[INFO] [stdout]    4:     0x603fd652c633 - core::fmt::rt::Argument::fmt::hf95377f4aebd453b
[INFO] [stdout]                                at /rustc/202008a1b8de96d2e5b6bc02d379db03a877d34d/library/core/src/fmt/rt.rs:177:76
[INFO] [stdout]    5:     0x603fd652c633 - core::fmt::write::h0dd5f6e2238c7982
[INFO] [stdout]                                at /rustc/202008a1b8de96d2e5b6bc02d379db03a877d34d/library/core/src/fmt/mod.rs:1189:21
[INFO] [stdout]    6:     0x603fd6503113 - std::io::Write::write_fmt::h03bb0ca26e6faf8c
[INFO] [stdout]                                at /rustc/202008a1b8de96d2e5b6bc02d379db03a877d34d/library/std/src/io/mod.rs:1884:15
[INFO] [stdout]    7:     0x603fd6505de2 - std::sys::backtrace::BacktraceLock::print::h5c19c1c038ee186d
[INFO] [stdout]                                at /rustc/202008a1b8de96d2e5b6bc02d379db03a877d34d/library/std/src/sys/backtrace.rs:42:9
[INFO] [stdout]    8:     0x603fd650741d - std::panicking::default_hook::{{closure}}::h77172f079a1fcb13
[INFO] [stdout]                                at /rustc/202008a1b8de96d2e5b6bc02d379db03a877d34d/library/std/src/panicking.rs:268:22
[INFO] [stdout]    9:     0x603fd6507227 - std::panicking::default_hook::he5f8e3b203ccddba
[INFO] [stdout]                                at /rustc/202008a1b8de96d2e5b6bc02d379db03a877d34d/library/std/src/panicking.rs:292:9
[INFO] [stdout]   10:     0x603fd64d0237 - <alloc::boxed::Box<F,A> as core::ops::function::Fn<Args>>::call::h7a3c7b4a1ae77f2f
[INFO] [stdout]                                at /rustc/202008a1b8de96d2e5b6bc02d379db03a877d34d/library/alloc/src/boxed.rs:1986:9
[INFO] [stdout]   11:     0x603fd64d0237 - test::test_main::{{closure}}::hf0d3b69ae9b353d1
[INFO] [stdout]                                at /rustc/202008a1b8de96d2e5b6bc02d379db03a877d34d/library/test/src/lib.rs:134:21
[INFO] [stdout]   12:     0x603fd6507ac8 - <alloc::boxed::Box<F,A> as core::ops::function::Fn<Args>>::call::h6332e82e7b189abd
[INFO] [stdout]                                at /rustc/202008a1b8de96d2e5b6bc02d379db03a877d34d/library/alloc/src/boxed.rs:1986:9
[INFO] [stdout]   13:     0x603fd6507ac8 - std::panicking::rust_panic_with_hook::h53863d4e9018df39
[INFO] [stdout]                                at /rustc/202008a1b8de96d2e5b6bc02d379db03a877d34d/library/std/src/panicking.rs:809:13
[INFO] [stdout]   14:     0x603fd650788a - std::panicking::begin_panic_handler::{{closure}}::h67280e6fa0757873
[INFO] [stdout]                                at /rustc/202008a1b8de96d2e5b6bc02d379db03a877d34d/library/std/src/panicking.rs:674:13
[INFO] [stdout]   15:     0x603fd6506479 - std::sys::backtrace::__rust_end_short_backtrace::h1dac3f54d6fbbeb2
[INFO] [stdout]                                at /rustc/202008a1b8de96d2e5b6bc02d379db03a877d34d/library/std/src/sys/backtrace.rs:170:18
[INFO] [stdout]   16:     0x603fd650751c - rust_begin_unwind
[INFO] [stdout]                                at /rustc/202008a1b8de96d2e5b6bc02d379db03a877d34d/library/std/src/panicking.rs:665:5
[INFO] [stdout]   17:     0x603fd6443b50 - core::panicking::panic_fmt::h6792bd1b2bf01041
[INFO] [stdout]                                at /rustc/202008a1b8de96d2e5b6bc02d379db03a877d34d/library/core/src/panicking.rs:76:14
[INFO] [stdout]   18:     0x603fd6443f96 - core::result::unwrap_failed::h05e0602ed34287c5
[INFO] [stdout]                                at /rustc/202008a1b8de96d2e5b6bc02d379db03a877d34d/library/core/src/result.rs:1699:5
[INFO] [stdout]   19:     0x603fd6461bdc - core::result::Result<T,E>::expect::h2be1731db6dbb1c0
[INFO] [stdout]                                at /rustc/202008a1b8de96d2e5b6bc02d379db03a877d34d/library/core/src/result.rs:1061:23
[INFO] [stdout]   20:     0x603fd648ad12 - cetana::serialize::tests::test_tensor_save_load::hdad2b997dbeccefd
[INFO] [stdout]                                at /opt/rustwide/workdir/src/serialize.rs:199:9
[INFO] [stdout]   21:     0x603fd648ab77 - cetana::serialize::tests::test_tensor_save_load::{{closure}}::h8161a0442734bd39
[INFO] [stdout]                                at /opt/rustwide/workdir/src/serialize.rs:156:31
[INFO] [stdout]   22:     0x603fd6474416 - core::ops::function::FnOnce::call_once::h3752df486363bef8
[INFO] [stdout]                                at /rustc/202008a1b8de96d2e5b6bc02d379db03a877d34d/library/core/src/ops/function.rs:250:5
[INFO] [stdout]   23:     0x603fd64d4d5b - core::ops::function::FnOnce::call_once::h871bf86719ec9aa4
[INFO] [stdout]                                at /rustc/202008a1b8de96d2e5b6bc02d379db03a877d34d/library/core/src/ops/function.rs:250:5
[INFO] [stdout]   24:     0x603fd64d4d5b - test::__rust_begin_short_backtrace::h2167df1e2b7d76fd
[INFO] [stdout]                                at /rustc/202008a1b8de96d2e5b6bc02d379db03a877d34d/library/test/src/lib.rs:632:18
[INFO] [stdout]   25:     0x603fd64d4748 - test::run_test_in_process::{{closure}}::h15d92f75a3adfb79
[INFO] [stdout]                                at /rustc/202008a1b8de96d2e5b6bc02d379db03a877d34d/library/test/src/lib.rs:655:60
[INFO] [stdout]   26:     0x603fd64d4748 - <core::panic::unwind_safe::AssertUnwindSafe<F> as core::ops::function::FnOnce<()>>::call_once::hb6c8955835a8dbbb
[INFO] [stdout]                                at /rustc/202008a1b8de96d2e5b6bc02d379db03a877d34d/library/core/src/panic/unwind_safe.rs:272:9
[INFO] [stdout]   27:     0x603fd64d4748 - std::panicking::try::do_call::hc79d0fc888a0bd30
[INFO] [stdout]                                at /rustc/202008a1b8de96d2e5b6bc02d379db03a877d34d/library/std/src/panicking.rs:557:40
[INFO] [stdout]   28:     0x603fd64d4748 - std::panicking::try::hb8a7878e3a8589d6
[INFO] [stdout]                                at /rustc/202008a1b8de96d2e5b6bc02d379db03a877d34d/library/std/src/panicking.rs:520:19
[INFO] [stdout]   29:     0x603fd64d4748 - std::panic::catch_unwind::hb8e4600ff0ff5cfa
[INFO] [stdout]                                at /rustc/202008a1b8de96d2e5b6bc02d379db03a877d34d/library/std/src/panic.rs:358:14
[INFO] [stdout]   30:     0x603fd64d4748 - test::run_test_in_process::hc2900b0b18688dd6
[INFO] [stdout]                                at /rustc/202008a1b8de96d2e5b6bc02d379db03a877d34d/library/test/src/lib.rs:655:27
[INFO] [stdout]   31:     0x603fd64d4748 - test::run_test::{{closure}}::hac2a9cb07be3d48d
[INFO] [stdout]                                at /rustc/202008a1b8de96d2e5b6bc02d379db03a877d34d/library/test/src/lib.rs:576:43
[INFO] [stdout]   32:     0x603fd64981ea - test::run_test::{{closure}}::h4a5b729e66a38cd8
[INFO] [stdout]                                at /rustc/202008a1b8de96d2e5b6bc02d379db03a877d34d/library/test/src/lib.rs:606:41
[INFO] [stdout]   33:     0x603fd64981ea - std::sys::backtrace::__rust_begin_short_backtrace::h0496fb742492f573
[INFO] [stdout]                                at /rustc/202008a1b8de96d2e5b6bc02d379db03a877d34d/library/std/src/sys/backtrace.rs:154:18
[INFO] [stdout]   34:     0x603fd649bb64 - std::thread::Builder::spawn_unchecked_::{{closure}}::{{closure}}::hbb6d257c550a54bd
[INFO] [stdout]                                at /rustc/202008a1b8de96d2e5b6bc02d379db03a877d34d/library/std/src/thread/mod.rs:561:17
[INFO] [stdout]   35:     0x603fd649bb64 - <core::panic::unwind_safe::AssertUnwindSafe<F> as core::ops::function::FnOnce<()>>::call_once::h46696fe4a6832328
[INFO] [stdout]                                at /rustc/202008a1b8de96d2e5b6bc02d379db03a877d34d/library/core/src/panic/unwind_safe.rs:272:9
[INFO] [stdout]   36:     0x603fd649bb64 - std::panicking::try::do_call::h2625a51b667bfb64
[INFO] [stdout]                                at /rustc/202008a1b8de96d2e5b6bc02d379db03a877d34d/library/std/src/panicking.rs:557:40
[INFO] [stdout]   37:     0x603fd649bb64 - std::panicking::try::hb956a59a1973aa4c
[INFO] [stdout]                                at /rustc/202008a1b8de96d2e5b6bc02d379db03a877d34d/library/std/src/panicking.rs:520:19
[INFO] [stdout]   38:     0x603fd649bb64 - std::panic::catch_unwind::h64f3b9d1067ef6a0
[INFO] [stdout]                                at /rustc/202008a1b8de96d2e5b6bc02d379db03a877d34d/library/std/src/panic.rs:358:14
[INFO] [stdout]   39:     0x603fd649bb64 - std::thread::Builder::spawn_unchecked_::{{closure}}::h42b2841295b6c0b2
[INFO] [stdout]                                at /rustc/202008a1b8de96d2e5b6bc02d379db03a877d34d/library/std/src/thread/mod.rs:559:30
[INFO] [stdout]   40:     0x603fd649bb64 - core::ops::function::FnOnce::call_once{{vtable.shim}}::h6127de71b8124639
[INFO] [stdout]                                at /rustc/202008a1b8de96d2e5b6bc02d379db03a877d34d/library/core/src/ops/function.rs:250:5
[INFO] [stdout]   41:     0x603fd650bafb - <alloc::boxed::Box<F,A> as core::ops::function::FnOnce<Args>>::call_once::h42f0ba71002a1b2c
[INFO] [stdout]                                at /rustc/202008a1b8de96d2e5b6bc02d379db03a877d34d/library/alloc/src/boxed.rs:1972:9
[INFO] [stdout]   42:     0x603fd650bafb - <alloc::boxed::Box<F,A> as core::ops::function::FnOnce<Args>>::call_once::had9e47d7a3dcecb8
[INFO] [stdout]                                at /rustc/202008a1b8de96d2e5b6bc02d379db03a877d34d/library/alloc/src/boxed.rs:1972:9
[INFO] [stdout]   43:     0x603fd650bafb - std::sys::pal::unix::thread::Thread::new::thread_start::h48cf765408f6f5f2
[INFO] [stdout]                                at /rustc/202008a1b8de96d2e5b6bc02d379db03a877d34d/library/std/src/sys/pal/unix/thread.rs:105:17
[INFO] [stdout]   44:     0x71570b58fac3 - <unknown>
[INFO] [stdout]   45:     0x71570b620a04 - clone
[INFO] [stdout]   46:                0x0 - <unknown>
[INFO] [stdout] 
[INFO] [stdout] 
[INFO] [stdout] failures:
[INFO] [stdout]     serialize::tests::test_invalid_magic_bytes
[INFO] [stdout]     serialize::tests::test_tensor_save_load
[INFO] [stdout] 
[INFO] [stdout] test result: FAILED. 66 passed; 2 failed; 0 ignored; 0 measured; 0 filtered out; finished in 0.06s
[INFO] [stdout] 
[INFO] running `Command { std: "docker" "inspect" "127afb4e219d04c0086206491488aad9974bc544a55435317d0ed6a6cc58c2b0", kill_on_drop: false }`
[INFO] running `Command { std: "docker" "rm" "-f" "127afb4e219d04c0086206491488aad9974bc544a55435317d0ed6a6cc58c2b0", kill_on_drop: false }`
[INFO] [stdout] 127afb4e219d04c0086206491488aad9974bc544a55435317d0ed6a6cc58c2b0
