[INFO] fetching crate cell-family 0.1.0...
[INFO] testing cell-family-0.1.0 against 1.83.0 for beta-1.84.0-4-retry
[INFO] extracting crate cell-family 0.1.0 into /workspace/builds/worker-1-tc1/source
[INFO] validating manifest of crates.io crate cell-family 0.1.0 on toolchain 1.83.0
[INFO] running `Command { std: CARGO_HOME="/workspace/cargo-home" RUSTUP_HOME="/workspace/rustup-home" "/workspace/cargo-home/bin/cargo" "+1.83.0" "metadata" "--manifest-path" "Cargo.toml" "--no-deps", kill_on_drop: false }`
[INFO] started tweaking crates.io crate cell-family 0.1.0
[INFO] finished tweaking crates.io crate cell-family 0.1.0
[INFO] tweaked toml for crates.io crate cell-family 0.1.0 written to /workspace/builds/worker-1-tc1/source/Cargo.toml
[INFO] running `Command { std: CARGO_HOME="/workspace/cargo-home" RUSTUP_HOME="/workspace/rustup-home" "/workspace/cargo-home/bin/cargo" "+1.83.0" "generate-lockfile" "--manifest-path" "Cargo.toml", kill_on_drop: false }`
[INFO] [stderr]     Updating crates.io index
[INFO] [stderr]      Locking 34 packages to latest compatible versions
[INFO] running `Command { std: CARGO_HOME="/workspace/cargo-home" RUSTUP_HOME="/workspace/rustup-home" "/workspace/cargo-home/bin/cargo" "+1.83.0" "fetch" "--manifest-path" "Cargo.toml", kill_on_drop: false }`
[INFO] running `Command { std: "docker" "create" "-v" "/var/lib/crater-agent-workspace/builds/worker-1-tc1/target:/opt/rustwide/target:rw,Z" "-v" "/var/lib/crater-agent-workspace/builds/worker-1-tc1/source:/opt/rustwide/workdir:ro,Z" "-v" "/var/lib/crater-agent-workspace/cargo-home:/opt/rustwide/cargo-home:ro,Z" "-v" "/var/lib/crater-agent-workspace/rustup-home:/opt/rustwide/rustup-home:ro,Z" "-e" "SOURCE_DIR=/opt/rustwide/workdir" "-e" "CARGO_TARGET_DIR=/opt/rustwide/target" "-e" "CARGO_HOME=/opt/rustwide/cargo-home" "-e" "RUSTUP_HOME=/opt/rustwide/rustup-home" "-w" "/opt/rustwide/workdir" "-m" "1610612736" "--user" "0:0" "--network" "none" "ghcr.io/rust-lang/crates-build-env/linux@sha256:f3a9d4ad9d972b27faf3965f35b62e55ba32bbce8f20bc8fe909558a86702fde" "/opt/rustwide/cargo-home/bin/cargo" "+1.83.0" "metadata" "--no-deps" "--format-version=1", kill_on_drop: false }`
[INFO] [stdout] 0470621c08bdf1252f5dd96cd068f5f5c10af0a072309ee5129f2c7e7945aedc
[INFO] running `Command { std: "docker" "start" "-a" "0470621c08bdf1252f5dd96cd068f5f5c10af0a072309ee5129f2c7e7945aedc", kill_on_drop: false }`
[INFO] running `Command { std: "docker" "inspect" "0470621c08bdf1252f5dd96cd068f5f5c10af0a072309ee5129f2c7e7945aedc", kill_on_drop: false }`
[INFO] running `Command { std: "docker" "rm" "-f" "0470621c08bdf1252f5dd96cd068f5f5c10af0a072309ee5129f2c7e7945aedc", kill_on_drop: false }`
[INFO] [stdout] 0470621c08bdf1252f5dd96cd068f5f5c10af0a072309ee5129f2c7e7945aedc
[INFO] running `Command { std: "docker" "create" "-v" "/var/lib/crater-agent-workspace/builds/worker-1-tc1/target:/opt/rustwide/target:rw,Z" "-v" "/var/lib/crater-agent-workspace/builds/worker-1-tc1/source:/opt/rustwide/workdir:ro,Z" "-v" "/var/lib/crater-agent-workspace/cargo-home:/opt/rustwide/cargo-home:ro,Z" "-v" "/var/lib/crater-agent-workspace/rustup-home:/opt/rustwide/rustup-home:ro,Z" "-e" "SOURCE_DIR=/opt/rustwide/workdir" "-e" "CARGO_TARGET_DIR=/opt/rustwide/target" "-e" "CARGO_INCREMENTAL=0" "-e" "RUST_BACKTRACE=full" "-e" "RUSTFLAGS=--cap-lints=warn" "-e" "RUSTDOCFLAGS=--cap-lints=warn" "-e" "CARGO_HOME=/opt/rustwide/cargo-home" "-e" "RUSTUP_HOME=/opt/rustwide/rustup-home" "-w" "/opt/rustwide/workdir" "-m" "1610612736" "--user" "0:0" "--network" "none" "ghcr.io/rust-lang/crates-build-env/linux@sha256:f3a9d4ad9d972b27faf3965f35b62e55ba32bbce8f20bc8fe909558a86702fde" "/opt/rustwide/cargo-home/bin/cargo" "+1.83.0" "build" "--frozen" "--message-format=json", kill_on_drop: false }`
[INFO] [stdout] 5e32bd773be0fb6ba9717a88faeca2ac1cb24f9254ca82b5a216ae5ef26a238d
[INFO] running `Command { std: "docker" "start" "-a" "5e32bd773be0fb6ba9717a88faeca2ac1cb24f9254ca82b5a216ae5ef26a238d", kill_on_drop: false }`
[INFO] [stderr]    Compiling rustversion v1.0.18
[INFO] [stderr]    Compiling cell-family v0.1.0 (/opt/rustwide/workdir)
[INFO] [stdout] warning: field `0` is never read
[INFO] [stdout]    --> src/lib.rs:499:21
[INFO] [stdout]     |
[INFO] [stdout] 499 | struct Invariant<T>(fn(T) -> T);
[INFO] [stdout]     |        ---------    ^^^^^^^^^^
[INFO] [stdout]     |        |
[INFO] [stdout]     |        field in this struct
[INFO] [stdout]     |
[INFO] [stdout]     = help: consider removing this field
[INFO] [stdout]     = note: `#[warn(dead_code)]` on by default
[INFO] [stdout] 
[INFO] [stdout] 
[INFO] [stdout] warning: field `0` is never read
[INFO] [stdout]    --> src/lib.rs:503:22
[INFO] [stdout]     |
[INFO] [stdout] 503 | struct NotSendOrSync(*const ());
[INFO] [stdout]     |        ------------- ^^^^^^^^^
[INFO] [stdout]     |        |
[INFO] [stdout]     |        field in this struct
[INFO] [stdout]     |
[INFO] [stdout]     = help: consider removing this field
[INFO] [stdout] 
[INFO] [stdout] 
[INFO] [stderr]     Finished `dev` profile [unoptimized + debuginfo] target(s) in 1.33s
[INFO] running `Command { std: "docker" "inspect" "5e32bd773be0fb6ba9717a88faeca2ac1cb24f9254ca82b5a216ae5ef26a238d", kill_on_drop: false }`
[INFO] running `Command { std: "docker" "rm" "-f" "5e32bd773be0fb6ba9717a88faeca2ac1cb24f9254ca82b5a216ae5ef26a238d", kill_on_drop: false }`
[INFO] [stdout] 5e32bd773be0fb6ba9717a88faeca2ac1cb24f9254ca82b5a216ae5ef26a238d
[INFO] running `Command { std: "docker" "create" "-v" "/var/lib/crater-agent-workspace/builds/worker-1-tc1/target:/opt/rustwide/target:rw,Z" "-v" "/var/lib/crater-agent-workspace/builds/worker-1-tc1/source:/opt/rustwide/workdir:ro,Z" "-v" "/var/lib/crater-agent-workspace/cargo-home:/opt/rustwide/cargo-home:ro,Z" "-v" "/var/lib/crater-agent-workspace/rustup-home:/opt/rustwide/rustup-home:ro,Z" "-e" "SOURCE_DIR=/opt/rustwide/workdir" "-e" "CARGO_TARGET_DIR=/opt/rustwide/target" "-e" "CARGO_INCREMENTAL=0" "-e" "RUST_BACKTRACE=full" "-e" "RUSTFLAGS=--cap-lints=warn" "-e" "RUSTDOCFLAGS=--cap-lints=warn" "-e" "CARGO_HOME=/opt/rustwide/cargo-home" "-e" "RUSTUP_HOME=/opt/rustwide/rustup-home" "-w" "/opt/rustwide/workdir" "-m" "1610612736" "--user" "0:0" "--network" "none" "ghcr.io/rust-lang/crates-build-env/linux@sha256:f3a9d4ad9d972b27faf3965f35b62e55ba32bbce8f20bc8fe909558a86702fde" "/opt/rustwide/cargo-home/bin/cargo" "+1.83.0" "test" "--frozen" "--no-run" "--message-format=json", kill_on_drop: false }`
[INFO] [stdout] 6f5af456dfd21a0228694d7665ac9125d2d99cd3920e68e7f940b1a856a7e2cd
[INFO] running `Command { std: "docker" "start" "-a" "6f5af456dfd21a0228694d7665ac9125d2d99cd3920e68e7f940b1a856a7e2cd", kill_on_drop: false }`
[INFO] [stderr]    Compiling serde v1.0.216
[INFO] [stderr]    Compiling proc-macro2 v1.0.92
[INFO] [stderr]    Compiling unicode-ident v1.0.14
[INFO] [stderr]    Compiling hashbrown v0.15.2
[INFO] [stderr]    Compiling equivalent v1.0.1
[INFO] [stderr]    Compiling target-triple v0.1.3
[INFO] [stderr]    Compiling winnow v0.6.20
[INFO] [stderr]    Compiling serde_json v1.0.133
[INFO] [stderr]    Compiling itoa v1.0.14
[INFO] [stderr]    Compiling memchr v2.7.4
[INFO] [stderr]    Compiling ryu v1.0.18
[INFO] [stderr]    Compiling glob v0.3.1
[INFO] [stderr]    Compiling termcolor v1.4.1
[INFO] [stdout] warning: field `0` is never read
[INFO] [stdout]    --> src/lib.rs:499:21
[INFO] [stdout]     |
[INFO] [stdout] 499 | struct Invariant<T>(fn(T) -> T);
[INFO] [stdout]     |        ---------    ^^^^^^^^^^
[INFO] [stdout]     |        |
[INFO] [stdout]     |        field in this struct
[INFO] [stdout]     |
[INFO] [stdout]     = help: consider removing this field
[INFO] [stdout]     = note: `#[warn(dead_code)]` on by default
[INFO] [stdout] 
[INFO] [stdout] 
[INFO] [stdout] warning: field `0` is never read
[INFO] [stdout]    --> src/lib.rs:503:22
[INFO] [stdout]     |
[INFO] [stdout] 503 | struct NotSendOrSync(*const ());
[INFO] [stdout]     |        ------------- ^^^^^^^^^
[INFO] [stdout]     |        |
[INFO] [stdout]     |        field in this struct
[INFO] [stdout]     |
[INFO] [stdout]     = help: consider removing this field
[INFO] [stdout] 
[INFO] [stdout] 
[INFO] [stderr]    Compiling indexmap v2.7.0
[INFO] [stderr]    Compiling quote v1.0.37
[INFO] [stderr]    Compiling syn v2.0.90
[INFO] [stderr]    Compiling serde_derive v1.0.216
[INFO] [stderr]    Compiling toml_datetime v0.6.8
[INFO] [stderr]    Compiling serde_spanned v0.6.8
[INFO] [stderr]    Compiling toml_edit v0.22.22
[INFO] [stderr]    Compiling toml v0.8.19
[INFO] [stderr]    Compiling trybuild v1.0.101
[INFO] [stderr]    Compiling cell-family v0.1.0 (/opt/rustwide/workdir)
[INFO] [stdout] warning: field `0` is never read
[INFO] [stdout]    --> src/lib.rs:499:21
[INFO] [stdout]     |
[INFO] [stdout] 499 | struct Invariant<T>(fn(T) -> T);
[INFO] [stdout]     |        ---------    ^^^^^^^^^^
[INFO] [stdout]     |        |
[INFO] [stdout]     |        field in this struct
[INFO] [stdout]     |
[INFO] [stdout]     = help: consider removing this field
[INFO] [stdout]     = note: `#[warn(dead_code)]` on by default
[INFO] [stdout] 
[INFO] [stdout] 
[INFO] [stdout] warning: field `0` is never read
[INFO] [stdout]    --> src/lib.rs:503:22
[INFO] [stdout]     |
[INFO] [stdout] 503 | struct NotSendOrSync(*const ());
[INFO] [stdout]     |        ------------- ^^^^^^^^^
[INFO] [stdout]     |        |
[INFO] [stdout]     |        field in this struct
[INFO] [stdout]     |
[INFO] [stdout]     = help: consider removing this field
[INFO] [stdout] 
[INFO] [stdout] 
[INFO] [stderr]     Finished `test` profile [unoptimized + debuginfo] target(s) in 10.66s
[INFO] running `Command { std: "docker" "inspect" "6f5af456dfd21a0228694d7665ac9125d2d99cd3920e68e7f940b1a856a7e2cd", kill_on_drop: false }`
[INFO] running `Command { std: "docker" "rm" "-f" "6f5af456dfd21a0228694d7665ac9125d2d99cd3920e68e7f940b1a856a7e2cd", kill_on_drop: false }`
[INFO] [stdout] 6f5af456dfd21a0228694d7665ac9125d2d99cd3920e68e7f940b1a856a7e2cd
[INFO] running `Command { std: "docker" "create" "-v" "/var/lib/crater-agent-workspace/builds/worker-1-tc1/target:/opt/rustwide/target:rw,Z" "-v" "/var/lib/crater-agent-workspace/builds/worker-1-tc1/source:/opt/rustwide/workdir:ro,Z" "-v" "/var/lib/crater-agent-workspace/cargo-home:/opt/rustwide/cargo-home:ro,Z" "-v" "/var/lib/crater-agent-workspace/rustup-home:/opt/rustwide/rustup-home:ro,Z" "-e" "SOURCE_DIR=/opt/rustwide/workdir" "-e" "CARGO_TARGET_DIR=/opt/rustwide/target" "-e" "CARGO_INCREMENTAL=0" "-e" "RUST_BACKTRACE=full" "-e" "RUSTFLAGS=--cap-lints=warn" "-e" "RUSTDOCFLAGS=--cap-lints=warn" "-e" "CARGO_HOME=/opt/rustwide/cargo-home" "-e" "RUSTUP_HOME=/opt/rustwide/rustup-home" "-w" "/opt/rustwide/workdir" "-m" "1610612736" "--user" "0:0" "--network" "none" "ghcr.io/rust-lang/crates-build-env/linux@sha256:f3a9d4ad9d972b27faf3965f35b62e55ba32bbce8f20bc8fe909558a86702fde" "/opt/rustwide/cargo-home/bin/cargo" "+1.83.0" "test" "--frozen", kill_on_drop: false }`
[INFO] [stdout] 46899f6e71d3050e4f79c792b7f26612e227955f40a2785bd83dc128d5180ca2
[INFO] running `Command { std: "docker" "start" "-a" "46899f6e71d3050e4f79c792b7f26612e227955f40a2785bd83dc128d5180ca2", kill_on_drop: false }`
[INFO] [stderr] warning: field `0` is never read
[INFO] [stderr]    --> src/lib.rs:499:21
[INFO] [stderr]     |
[INFO] [stderr] 499 | struct Invariant<T>(fn(T) -> T);
[INFO] [stderr]     |        ---------    ^^^^^^^^^^
[INFO] [stderr]     |        |
[INFO] [stderr]     |        field in this struct
[INFO] [stderr]     |
[INFO] [stderr]     = help: consider removing this field
[INFO] [stderr]     = note: `#[warn(dead_code)]` on by default
[INFO] [stderr] 
[INFO] [stderr] warning: field `0` is never read
[INFO] [stderr]    --> src/lib.rs:503:22
[INFO] [stderr]     |
[INFO] [stderr] 503 | struct NotSendOrSync(*const ());
[INFO] [stderr]     |        ------------- ^^^^^^^^^
[INFO] [stderr]     |        |
[INFO] [stderr]     |        field in this struct
[INFO] [stderr]     |
[INFO] [stderr]     = help: consider removing this field
[INFO] [stderr] 
[INFO] [stderr] warning: `cell-family` (lib) generated 2 warnings
[INFO] [stderr] warning: `cell-family` (lib test) generated 2 warnings (2 duplicates)
[INFO] [stderr]     Finished `test` profile [unoptimized + debuginfo] target(s) in 0.04s
[INFO] [stderr]      Running unittests src/lib.rs (/opt/rustwide/target/debug/deps/cell_family-2ba498a762828564)
[INFO] [stdout] 
[INFO] [stdout] running 0 tests
[INFO] [stdout] 
[INFO] [stdout] test result: ok. 0 passed; 0 failed; 0 ignored; 0 measured; 0 filtered out; finished in 0.00s
[INFO] [stdout] 
[INFO] [stderr]      Running tests/common.rs (/opt/rustwide/target/debug/deps/common-42391fa2dc327923)
[INFO] [stdout] 
[INFO] [stdout] running 6 tests
[INFO] [stdout] test thread_local_tests::basic ... ok
[INFO] [stdout] test thread_local_tests::different_families ... ok
[INFO] [stdout] test different_families ... ok
[INFO] [stdout] test basic ... ok
[INFO] [stdout] test thread_local_tests::multiple_borrows ... ok
[INFO] [stdout] test multiple_borrows ... ok
[INFO] [stdout] 
[INFO] [stdout] test result: ok. 6 passed; 0 failed; 0 ignored; 0 measured; 0 filtered out; finished in 0.00s
[INFO] [stdout] 
[INFO] [stderr]      Running tests/multiple_threads.rs (/opt/rustwide/target/debug/deps/multiple_threads-c6173570b7b5b45f)
[INFO] [stdout] 
[INFO] [stdout] running 5 tests
[INFO] [stdout] test one_owner_per_program ... ok
[INFO] [stdout] test one_owner_per_thread ... ok
[INFO] [stdout] test cannot_race_cell ... ok
[INFO] [stdout] test cannot_race_after_drop ... ok
[INFO] [stdout] test cannot_race ... ok
[INFO] [stdout] 
[INFO] [stdout] test result: ok. 5 passed; 0 failed; 0 ignored; 0 measured; 0 filtered out; finished in 0.51s
[INFO] [stdout] 
[INFO] [stderr]      Running tests/ui.rs (/opt/rustwide/target/debug/deps/ui-48a411d7a4d6e249)
[INFO] [stdout] 
[INFO] [stdout] running 1 test
[INFO] [stderr]    Compiling rustversion v1.0.18
[INFO] [stderr]    Compiling cell-family v0.1.0 (/opt/rustwide/workdir)
[INFO] [stderr]     Checking cell-family-tests v0.0.0 (/opt/rustwide/target/tests/trybuild/cell-family)
[INFO] [stderr]     Finished `dev` profile [unoptimized + debuginfo] target(s) in 1.94s
[INFO] [stderr] 
[INFO] [stderr] 
[INFO] [stderr] test tests/ui/send_cell_owner.rs ... mismatch
[INFO] [stderr] 
[INFO] [stderr] EXPECTED:
[INFO] [stderr] ┈┈┈┈┈┈┈┈┈┈┈┈┈┈┈┈┈┈┈┈┈┈┈┈┈┈┈┈┈┈┈┈┈┈┈┈┈┈┈┈┈┈┈┈┈┈┈┈┈┈┈┈┈┈┈┈┈┈┈┈
[INFO] [stderr] error[E0277]: the trait bound `Family: ThreadSafeFamily` is not satisfied
[INFO] [stderr]  --> tests/ui/send_cell_owner.rs:8:5
[INFO] [stderr]   |
[INFO] [stderr] 8 |     std::thread::spawn(move || {
[INFO] [stderr]   |     ^^^^^^^^^^^^^^^^^^ the trait `ThreadSafeFamily` is not implemented for `Family`
[INFO] [stderr]   |
[INFO] [stderr]   = note: required because of the requirements on the impl of `Send` for `cell_family::CellOwner<Family>`
[INFO] [stderr]   = note: required because it appears within the type `[closure@$DIR/tests/ui/send_cell_owner.rs:8:24: 13:6]`
[INFO] [stderr] note: required by a bound in `spawn`
[INFO] [stderr] ┈┈┈┈┈┈┈┈┈┈┈┈┈┈┈┈┈┈┈┈┈┈┈┈┈┈┈┈┈┈┈┈┈┈┈┈┈┈┈┈┈┈┈┈┈┈┈┈┈┈┈┈┈┈┈┈┈┈┈┈
[INFO] [stderr] 
[INFO] [stderr] ACTUAL OUTPUT:
[INFO] [stderr] ┈┈┈┈┈┈┈┈┈┈┈┈┈┈┈┈┈┈┈┈┈┈┈┈┈┈┈┈┈┈┈┈┈┈┈┈┈┈┈┈┈┈┈┈┈┈┈┈┈┈┈┈┈┈┈┈┈┈┈┈
[INFO] [stderr] error[E0277]: the trait bound `Family: ThreadSafeFamily` is not satisfied
[INFO] [stderr]   --> tests/ui/send_cell_owner.rs:8:24
[INFO] [stderr]    |
[INFO] [stderr] 8  |       std::thread::spawn(move || {
[INFO] [stderr]    |  _____------------------_^
[INFO] [stderr]    | |     |
[INFO] [stderr]    | |     required by a bound introduced by this call
[INFO] [stderr] 9  | |         // We *cannot* move the `owner` here (`CellOwner: !Send`).
[INFO] [stderr] 10 | |         let cell = Cell::new(vec![1, 2, 3]);
[INFO] [stderr] ...  |
[INFO] [stderr] 13 | |     });
[INFO] [stderr]    | |_____^ the trait `ThreadSafeFamily` is not implemented for `Family`, which is required by `{closure@$DIR/tests/ui/send_cell_owner.rs:8:24: 8:31}: Send`
[INFO] [stderr]    |
[INFO] [stderr]    = note: required for `cell_family::CellOwner<Family>` to implement `Send`
[INFO] [stderr] note: required because it's used within this closure
[INFO] [stderr]   --> tests/ui/send_cell_owner.rs:8:24
[INFO] [stderr]    |
[INFO] [stderr] 8  |     std::thread::spawn(move || {
[INFO] [stderr]    |                        ^^^^^^^
[INFO] [stderr] note: required by a bound in `spawn`
[INFO] [stderr]   --> $RUST/std/src/thread/mod.rs
[INFO] [stderr] ┈┈┈┈┈┈┈┈┈┈┈┈┈┈┈┈┈┈┈┈┈┈┈┈┈┈┈┈┈┈┈┈┈┈┈┈┈┈┈┈┈┈┈┈┈┈┈┈┈┈┈┈┈┈┈┈┈┈┈┈
[INFO] [stderr] note: If the actual output is the correct output you can bless it by rerunning
[INFO] [stderr]       your test with the environment variable TRYBUILD=overwrite
[INFO] [stderr] 
[INFO] [stderr] test tests/ui/sync_cell.rs ... mismatch
[INFO] [stderr] 
[INFO] [stderr] EXPECTED:
[INFO] [stderr] ┈┈┈┈┈┈┈┈┈┈┈┈┈┈┈┈┈┈┈┈┈┈┈┈┈┈┈┈┈┈┈┈┈┈┈┈┈┈┈┈┈┈┈┈┈┈┈┈┈┈┈┈┈┈┈┈┈┈┈┈
[INFO] [stderr] error[E0277]: the trait bound `Family: ThreadSafeFamily` is not satisfied
[INFO] [stderr]  --> tests/ui/sync_cell.rs:8:5
[INFO] [stderr]   |
[INFO] [stderr] 8 |     std::thread::spawn(|| {
[INFO] [stderr]   |     ^^^^^^^^^^^^^^^^^^ the trait `ThreadSafeFamily` is not implemented for `Family`
[INFO] [stderr]   |
[INFO] [stderr]   = note: required because of the requirements on the impl of `Sync` for `cell_family::Cell<Family, Vec<i32>>`
[INFO] [stderr]   = note: required because of the requirements on the impl of `Send` for `&cell_family::Cell<Family, Vec<i32>>`
[INFO] [stderr]   = note: required because it appears within the type `[closure@$DIR/tests/ui/sync_cell.rs:8:24: 13:6]`
[INFO] [stderr] note: required by a bound in `spawn`
[INFO] [stderr] ┈┈┈┈┈┈┈┈┈┈┈┈┈┈┈┈┈┈┈┈┈┈┈┈┈┈┈┈┈┈┈┈┈┈┈┈┈┈┈┈┈┈┈┈┈┈┈┈┈┈┈┈┈┈┈┈┈┈┈┈
[INFO] [stderr] 
[INFO] [stderr] ACTUAL OUTPUT:
[INFO] [stderr] ┈┈┈┈┈┈┈┈┈┈┈┈┈┈┈┈┈┈┈┈┈┈┈┈┈┈┈┈┈┈┈┈┈┈┈┈┈┈┈┈┈┈┈┈┈┈┈┈┈┈┈┈┈┈┈┈┈┈┈┈
[INFO] [stderr] error[E0277]: the trait bound `Family: ThreadSafeFamily` is not satisfied
[INFO] [stderr]   --> tests/ui/sync_cell.rs:8:24
[INFO] [stderr]    |
[INFO] [stderr] 8  |       std::thread::spawn(|| {
[INFO] [stderr]    |  _____------------------_^
[INFO] [stderr]    | |     |
[INFO] [stderr]    | |     required by a bound introduced by this call
[INFO] [stderr] 9  | |         // We *cannot* reference the `cell` here (`Cell: !Sync`).
[INFO] [stderr] 10 | |         let mut owner = CellOwner::new();
[INFO] [stderr] ...  |
[INFO] [stderr] 13 | |     });
[INFO] [stderr]    | |_____^ the trait `ThreadSafeFamily` is not implemented for `Family`, which is required by `{closure@$DIR/tests/ui/sync_cell.rs:8:24: 8:26}: Send`
[INFO] [stderr]    |
[INFO] [stderr]    = note: required for `cell_family::Cell<Family, Vec<i32>>` to implement `Sync`
[INFO] [stderr]    = note: required for `&cell_family::Cell<Family, Vec<i32>>` to implement `Send`
[INFO] [stderr] note: required because it's used within this closure
[INFO] [stderr]   --> tests/ui/sync_cell.rs:8:24
[INFO] [stderr]    |
[INFO] [stderr] 8  |     std::thread::spawn(|| {
[INFO] [stderr]    |                        ^^
[INFO] [stderr] note: required by a bound in `spawn`
[INFO] [stderr]   --> $RUST/std/src/thread/mod.rs
[INFO] [stderr] ┈┈┈┈┈┈┈┈┈┈┈┈┈┈┈┈┈┈┈┈┈┈┈┈┈┈┈┈┈┈┈┈┈┈┈┈┈┈┈┈┈┈┈┈┈┈┈┈┈┈┈┈┈┈┈┈┈┈┈┈
[INFO] [stderr] note: If the actual output is the correct output you can bless it by rerunning
[INFO] [stderr]       your test with the environment variable TRYBUILD=overwrite
[INFO] [stderr] 
[INFO] [stderr] test tests/ui/sync_cell_owner.rs ... mismatch
[INFO] [stderr] 
[INFO] [stderr] EXPECTED:
[INFO] [stderr] ┈┈┈┈┈┈┈┈┈┈┈┈┈┈┈┈┈┈┈┈┈┈┈┈┈┈┈┈┈┈┈┈┈┈┈┈┈┈┈┈┈┈┈┈┈┈┈┈┈┈┈┈┈┈┈┈┈┈┈┈
[INFO] [stderr] error[E0277]: the trait bound `Family: ThreadSafeFamily` is not satisfied
[INFO] [stderr]  --> tests/ui/sync_cell_owner.rs:8:5
[INFO] [stderr]   |
[INFO] [stderr] 8 |     std::thread::spawn(|| {
[INFO] [stderr]   |     ^^^^^^^^^^^^^^^^^^ the trait `ThreadSafeFamily` is not implemented for `Family`
[INFO] [stderr]   |
[INFO] [stderr]   = note: required because of the requirements on the impl of `Send` for `cell_family::CellOwner<Family>`
[INFO] [stderr]   = note: 1 redundant requirement hidden
[INFO] [stderr]   = note: required because of the requirements on the impl of `Send` for `&mut cell_family::CellOwner<Family>`
[INFO] [stderr]   = note: required because it appears within the type `[closure@$DIR/tests/ui/sync_cell_owner.rs:8:24: 13:6]`
[INFO] [stderr] note: required by a bound in `spawn`
[INFO] [stderr] ┈┈┈┈┈┈┈┈┈┈┈┈┈┈┈┈┈┈┈┈┈┈┈┈┈┈┈┈┈┈┈┈┈┈┈┈┈┈┈┈┈┈┈┈┈┈┈┈┈┈┈┈┈┈┈┈┈┈┈┈
[INFO] [stderr] 
[INFO] [stderr] ACTUAL OUTPUT:
[INFO] [stderr] ┈┈┈┈┈┈┈┈┈┈┈┈┈┈┈┈┈┈┈┈┈┈┈┈┈┈┈┈┈┈┈┈┈┈┈┈┈┈┈┈┈┈┈┈┈┈┈┈┈┈┈┈┈┈┈┈┈┈┈┈
[INFO] [stderr] error[E0277]: the trait bound `Family: ThreadSafeFamily` is not satisfied
[INFO] [stderr]   --> tests/ui/sync_cell_owner.rs:8:24
[INFO] [stderr]    |
[INFO] [stderr] 8  |       std::thread::spawn(|| {
[INFO] [stderr]    |  _____------------------_^
[INFO] [stderr]    | |     |
[INFO] [stderr]    | |     required by a bound introduced by this call
[INFO] [stderr] 9  | |         // We *cannot* reference the `owner` here (`CellOwner: !Sync`).
[INFO] [stderr] 10 | |         let cell = Cell::new(vec![1, 2, 3]);
[INFO] [stderr] ...  |
[INFO] [stderr] 13 | |     });
[INFO] [stderr]    | |_____^ the trait `ThreadSafeFamily` is not implemented for `Family`, which is required by `{closure@$DIR/tests/ui/sync_cell_owner.rs:8:24: 8:26}: Send`
[INFO] [stderr]    |
[INFO] [stderr]    = note: required for `cell_family::CellOwner<Family>` to implement `Send`
[INFO] [stderr]    = note: required because it appears within the type `&mut cell_family::CellOwner<Family>`
[INFO] [stderr] note: required because it's used within this closure
[INFO] [stderr]   --> tests/ui/sync_cell_owner.rs:8:24
[INFO] [stderr]    |
[INFO] [stderr] 8  |     std::thread::spawn(|| {
[INFO] [stderr]    |                        ^^
[INFO] [stderr] note: required by a bound in `spawn`
[INFO] [stderr]   --> $RUST/std/src/thread/mod.rs
[INFO] [stderr] ┈┈┈┈┈┈┈┈┈┈┈┈┈┈┈┈┈┈┈┈┈┈┈┈┈┈┈┈┈┈┈┈┈┈┈┈┈┈┈┈┈┈┈┈┈┈┈┈┈┈┈┈┈┈┈┈┈┈┈┈
[INFO] [stderr] note: If the actual output is the correct output you can bless it by rerunning
[INFO] [stderr]       your test with the environment variable TRYBUILD=overwrite
[INFO] [stderr] 
[INFO] [stderr] 
[INFO] [stderr] 
[INFO] [stdout] test test ... FAILED
[INFO] [stdout] 
[INFO] [stdout] failures:
[INFO] [stdout] 
[INFO] [stdout] ---- test stdout ----
[INFO] [stdout] thread 'test' panicked at /opt/rustwide/cargo-home/registry/src/index.crates.io-6f17d22bba15001f/trybuild-1.0.101/src/run.rs:101:13:
[INFO] [stdout] 3 of 3 tests failed
[INFO] [stdout] stack backtrace:
[INFO] [stdout]    0:     0x5b5e4a664a2a - std::backtrace_rs::backtrace::libunwind::trace::h5a5b8284f2d0c266
[INFO] [stdout]                                at /rustc/90b35a6239c3d8bdabc530a6a0816f7ff89a0aaf/library/std/src/../../backtrace/src/backtrace/libunwind.rs:116:5
[INFO] [stdout]    1:     0x5b5e4a664a2a - std::backtrace_rs::backtrace::trace_unsynchronized::h76d4f1c9b0b875e3
[INFO] [stdout]                                at /rustc/90b35a6239c3d8bdabc530a6a0816f7ff89a0aaf/library/std/src/../../backtrace/src/backtrace/mod.rs:66:5
[INFO] [stdout]    2:     0x5b5e4a664a2a - std::sys::backtrace::_print_fmt::hc4546b8364a537c6
[INFO] [stdout]                                at /rustc/90b35a6239c3d8bdabc530a6a0816f7ff89a0aaf/library/std/src/sys/backtrace.rs:66:9
[INFO] [stdout]    3:     0x5b5e4a664a2a - <std::sys::backtrace::BacktraceLock::print::DisplayBacktrace as core::fmt::Display>::fmt::h5b6bd5631a6d1f6b
[INFO] [stdout]                                at /rustc/90b35a6239c3d8bdabc530a6a0816f7ff89a0aaf/library/std/src/sys/backtrace.rs:39:26
[INFO] [stdout]    4:     0x5b5e4a68d633 - core::fmt::rt::Argument::fmt::h270f6602a2b96f62
[INFO] [stdout]                                at /rustc/90b35a6239c3d8bdabc530a6a0816f7ff89a0aaf/library/core/src/fmt/rt.rs:177:76
[INFO] [stdout]    5:     0x5b5e4a68d633 - core::fmt::write::h7550c97b06c86515
[INFO] [stdout]                                at /rustc/90b35a6239c3d8bdabc530a6a0816f7ff89a0aaf/library/core/src/fmt/mod.rs:1186:21
[INFO] [stdout]    6:     0x5b5e4a661103 - std::io::Write::write_fmt::h509ff860e5956e5e
[INFO] [stdout]                                at /rustc/90b35a6239c3d8bdabc530a6a0816f7ff89a0aaf/library/std/src/io/mod.rs:1839:15
[INFO] [stdout]    7:     0x5b5e4a664872 - std::sys::backtrace::BacktraceLock::print::h2395ccd2c84ba3aa
[INFO] [stdout]                                at /rustc/90b35a6239c3d8bdabc530a6a0816f7ff89a0aaf/library/std/src/sys/backtrace.rs:42:9
[INFO] [stdout]    8:     0x5b5e4a66648a - std::panicking::default_hook::{{closure}}::he19d4c7230e07961
[INFO] [stdout]                                at /rustc/90b35a6239c3d8bdabc530a6a0816f7ff89a0aaf/library/std/src/panicking.rs:268:22
[INFO] [stdout]    9:     0x5b5e4a666294 - std::panicking::default_hook::hf614597d3c67bbdb
[INFO] [stdout]                                at /rustc/90b35a6239c3d8bdabc530a6a0816f7ff89a0aaf/library/std/src/panicking.rs:292:9
[INFO] [stdout]   10:     0x5b5e4a62ebb9 - <alloc::boxed::Box<F,A> as core::ops::function::Fn<Args>>::call::h39b51ce4599c23d1
[INFO] [stdout]                                at /rustc/90b35a6239c3d8bdabc530a6a0816f7ff89a0aaf/library/alloc/src/boxed.rs:2468:9
[INFO] [stdout]   11:     0x5b5e4a62ebb9 - test::test_main::{{closure}}::he977ae839a582784
[INFO] [stdout]                                at /rustc/90b35a6239c3d8bdabc530a6a0816f7ff89a0aaf/library/test/src/lib.rs:133:21
[INFO] [stdout]   12:     0x5b5e4a666b28 - <alloc::boxed::Box<F,A> as core::ops::function::Fn<Args>>::call::h9455091b6b06f9fb
[INFO] [stdout]                                at /rustc/90b35a6239c3d8bdabc530a6a0816f7ff89a0aaf/library/alloc/src/boxed.rs:2468:9
[INFO] [stdout]   13:     0x5b5e4a666b28 - std::panicking::rust_panic_with_hook::h8942133a8b252070
[INFO] [stdout]                                at /rustc/90b35a6239c3d8bdabc530a6a0816f7ff89a0aaf/library/std/src/panicking.rs:809:13
[INFO] [stdout]   14:     0x5b5e4a6668ea - std::panicking::begin_panic_handler::{{closure}}::hb5f5963570096b29
[INFO] [stdout]                                at /rustc/90b35a6239c3d8bdabc530a6a0816f7ff89a0aaf/library/std/src/panicking.rs:674:13
[INFO] [stdout]   15:     0x5b5e4a664f09 - std::sys::backtrace::__rust_end_short_backtrace::h6208cedc1922feda
[INFO] [stdout]                                at /rustc/90b35a6239c3d8bdabc530a6a0816f7ff89a0aaf/library/std/src/sys/backtrace.rs:170:18
[INFO] [stdout]   16:     0x5b5e4a66657c - rust_begin_unwind
[INFO] [stdout]                                at /rustc/90b35a6239c3d8bdabc530a6a0816f7ff89a0aaf/library/std/src/panicking.rs:665:5
[INFO] [stdout]   17:     0x5b5e4a341210 - core::panicking::panic_fmt::h0c3082644d1bf418
[INFO] [stdout]                                at /rustc/90b35a6239c3d8bdabc530a6a0816f7ff89a0aaf/library/core/src/panicking.rs:74:14
[INFO] [stdout]   18:     0x5b5e4a34ef1f - trybuild::run::<impl trybuild::Runner>::run::hc72910e80b2aa1f2
[INFO] [stdout]                                at /opt/rustwide/cargo-home/registry/src/index.crates.io-6f17d22bba15001f/trybuild-1.0.101/src/run.rs:101:13
[INFO] [stdout]   19:     0x5b5e4a354428 - <trybuild::TestCases as core::ops::drop::Drop>::drop::h2762d89ef3c92686
[INFO] [stdout]                                at /opt/rustwide/cargo-home/registry/src/index.crates.io-6f17d22bba15001f/trybuild-1.0.101/src/lib.rs:340:13
[INFO] [stdout]   20:     0x5b5e4a341e57 - core::ptr::drop_in_place<trybuild::TestCases>::h47fedbc8149636ca
[INFO] [stdout]                                at /rustc/90b35a6239c3d8bdabc530a6a0816f7ff89a0aaf/library/core/src/ptr/mod.rs:574:1
[INFO] [stdout]   21:     0x5b5e4a342593 - ui::test::hf928e5a4d9f0f5c2
[INFO] [stdout]                                at /opt/rustwide/workdir/tests/ui.rs:7:1
[INFO] [stdout]   22:     0x5b5e4a342527 - ui::test::{{closure}}::h549086278b06e872
[INFO] [stdout]                                at /opt/rustwide/workdir/tests/ui.rs:3:10
[INFO] [stdout]   23:     0x5b5e4a341dc6 - core::ops::function::FnOnce::call_once::h778b3f7d5f387d56
[INFO] [stdout]                                at /rustc/90b35a6239c3d8bdabc530a6a0816f7ff89a0aaf/library/core/src/ops/function.rs:250:5
[INFO] [stdout]   24:     0x5b5e4a63357b - core::ops::function::FnOnce::call_once::h109cf8051a59b34e
[INFO] [stdout]                                at /rustc/90b35a6239c3d8bdabc530a6a0816f7ff89a0aaf/library/core/src/ops/function.rs:250:5
[INFO] [stdout]   25:     0x5b5e4a63357b - test::__rust_begin_short_backtrace::hf4fff89d377446ba
[INFO] [stdout]                                at /rustc/90b35a6239c3d8bdabc530a6a0816f7ff89a0aaf/library/test/src/lib.rs:621:18
[INFO] [stdout]   26:     0x5b5e4a632db7 - test::run_test_in_process::{{closure}}::h0e39181dd7ee5a43
[INFO] [stdout]                                at /rustc/90b35a6239c3d8bdabc530a6a0816f7ff89a0aaf/library/test/src/lib.rs:644:60
[INFO] [stdout]   27:     0x5b5e4a632db7 - <core::panic::unwind_safe::AssertUnwindSafe<F> as core::ops::function::FnOnce<()>>::call_once::hc5a66a30f0bdfd1f
[INFO] [stdout]                                at /rustc/90b35a6239c3d8bdabc530a6a0816f7ff89a0aaf/library/core/src/panic/unwind_safe.rs:272:9
[INFO] [stdout]   28:     0x5b5e4a632db7 - std::panicking::try::do_call::h873b7cf639554a5e
[INFO] [stdout]                                at /rustc/90b35a6239c3d8bdabc530a6a0816f7ff89a0aaf/library/std/src/panicking.rs:557:40
[INFO] [stdout]   29:     0x5b5e4a632db7 - std::panicking::try::hdb19862fad9c8bd1
[INFO] [stdout]                                at /rustc/90b35a6239c3d8bdabc530a6a0816f7ff89a0aaf/library/std/src/panicking.rs:520:19
[INFO] [stdout]   30:     0x5b5e4a632db7 - std::panic::catch_unwind::h281fe732d236d260
[INFO] [stdout]                                at /rustc/90b35a6239c3d8bdabc530a6a0816f7ff89a0aaf/library/std/src/panic.rs:358:14
[INFO] [stdout]   31:     0x5b5e4a632db7 - test::run_test_in_process::h949b6df8457ed338
[INFO] [stdout]                                at /rustc/90b35a6239c3d8bdabc530a6a0816f7ff89a0aaf/library/test/src/lib.rs:644:27
[INFO] [stdout]   32:     0x5b5e4a632db7 - test::run_test::{{closure}}::h52c556a6d4740e10
[INFO] [stdout]                                at /rustc/90b35a6239c3d8bdabc530a6a0816f7ff89a0aaf/library/test/src/lib.rs:565:43
[INFO] [stdout]   33:     0x5b5e4a5f8094 - test::run_test::{{closure}}::h4237f6381c45ccb9
[INFO] [stdout]                                at /rustc/90b35a6239c3d8bdabc530a6a0816f7ff89a0aaf/library/test/src/lib.rs:595:41
[INFO] [stdout]   34:     0x5b5e4a5f8094 - std::sys::backtrace::__rust_begin_short_backtrace::h505c97a579eca628
[INFO] [stdout]                                at /rustc/90b35a6239c3d8bdabc530a6a0816f7ff89a0aaf/library/std/src/sys/backtrace.rs:154:18
[INFO] [stdout]   35:     0x5b5e4a5fb75e - std::thread::Builder::spawn_unchecked_::{{closure}}::{{closure}}::h9e86b2e2bc107ea3
[INFO] [stdout]                                at /rustc/90b35a6239c3d8bdabc530a6a0816f7ff89a0aaf/library/std/src/thread/mod.rs:538:17
[INFO] [stdout]   36:     0x5b5e4a5fb75e - <core::panic::unwind_safe::AssertUnwindSafe<F> as core::ops::function::FnOnce<()>>::call_once::h8b06ddb275ff4a25
[INFO] [stdout]                                at /rustc/90b35a6239c3d8bdabc530a6a0816f7ff89a0aaf/library/core/src/panic/unwind_safe.rs:272:9
[INFO] [stdout]   37:     0x5b5e4a5fb75e - std::panicking::try::do_call::hb26ecd7cd9a9355d
[INFO] [stdout]                                at /rustc/90b35a6239c3d8bdabc530a6a0816f7ff89a0aaf/library/std/src/panicking.rs:557:40
[INFO] [stdout]   38:     0x5b5e4a5fb75e - std::panicking::try::h8ddeca9d705f9069
[INFO] [stdout]                                at /rustc/90b35a6239c3d8bdabc530a6a0816f7ff89a0aaf/library/std/src/panicking.rs:520:19
[INFO] [stdout]   39:     0x5b5e4a5fb75e - std::panic::catch_unwind::h49e1c33078844c46
[INFO] [stdout]                                at /rustc/90b35a6239c3d8bdabc530a6a0816f7ff89a0aaf/library/std/src/panic.rs:358:14
[INFO] [stdout]   40:     0x5b5e4a5fb75e - std::thread::Builder::spawn_unchecked_::{{closure}}::h6073db6ff56ad35d
[INFO] [stdout]                                at /rustc/90b35a6239c3d8bdabc530a6a0816f7ff89a0aaf/library/std/src/thread/mod.rs:537:30
[INFO] [stdout]   41:     0x5b5e4a5fb75e - core::ops::function::FnOnce::call_once{{vtable.shim}}::h2c5a5f3779c774f1
[INFO] [stdout]                                at /rustc/90b35a6239c3d8bdabc530a6a0816f7ff89a0aaf/library/core/src/ops/function.rs:250:5
[INFO] [stdout]   42:     0x5b5e4a66b81b - <alloc::boxed::Box<F,A> as core::ops::function::FnOnce<Args>>::call_once::hf75717d9f28faebf
[INFO] [stdout]                                at /rustc/90b35a6239c3d8bdabc530a6a0816f7ff89a0aaf/library/alloc/src/boxed.rs:2454:9
[INFO] [stdout]   43:     0x5b5e4a66b81b - <alloc::boxed::Box<F,A> as core::ops::function::FnOnce<Args>>::call_once::h7bd883a5f3c5f3c1
[INFO] [stdout]                                at /rustc/90b35a6239c3d8bdabc530a6a0816f7ff89a0aaf/library/alloc/src/boxed.rs:2454:9
[INFO] [stdout]   44:     0x5b5e4a66b81b - std::sys::pal::unix::thread::Thread::new::thread_start::hcc78f3943333fa94
[INFO] [stdout]                                at /rustc/90b35a6239c3d8bdabc530a6a0816f7ff89a0aaf/library/std/src/sys/pal/unix/thread.rs:105:17
[INFO] [stdout]   45:     0x71c574c9dac3 - <unknown>
[INFO] [stdout]   46:     0x71c574d2ea04 - clone
[INFO] [stdout]   47:                0x0 - <unknown>
[INFO] [stdout] 
[INFO] [stdout] 
[INFO] [stdout] failures:
[INFO] [stdout]     test
[INFO] [stdout] 
[INFO] [stdout] test result: FAILED. 0 passed; 1 failed; 0 ignored; 0 measured; 0 filtered out; finished in 2.22s
[INFO] [stdout] 
[INFO] [stderr] error: test failed, to rerun pass `--test ui`
[INFO] running `Command { std: "docker" "inspect" "46899f6e71d3050e4f79c792b7f26612e227955f40a2785bd83dc128d5180ca2", kill_on_drop: false }`
[INFO] running `Command { std: "docker" "rm" "-f" "46899f6e71d3050e4f79c792b7f26612e227955f40a2785bd83dc128d5180ca2", kill_on_drop: false }`
[INFO] [stdout] 46899f6e71d3050e4f79c792b7f26612e227955f40a2785bd83dc128d5180ca2
