[INFO] fetching crate celestia-core 0.34.0...
[INFO] testing celestia-core-0.34.0 against beta-2024-12-08 for beta-1.84.0-4-retry
[INFO] extracting crate celestia-core 0.34.0 into /workspace/builds/worker-3-tc2/source
[INFO] validating manifest of crates.io crate celestia-core 0.34.0 on toolchain beta-2024-12-08
[INFO] running `Command { std: CARGO_HOME="/workspace/cargo-home" RUSTUP_HOME="/workspace/rustup-home" "/workspace/cargo-home/bin/cargo" "+beta-2024-12-08" "metadata" "--manifest-path" "Cargo.toml" "--no-deps", kill_on_drop: false }`
[INFO] started tweaking crates.io crate celestia-core 0.34.0
[INFO] finished tweaking crates.io crate celestia-core 0.34.0
[INFO] tweaked toml for crates.io crate celestia-core 0.34.0 written to /workspace/builds/worker-3-tc2/source/Cargo.toml
[INFO] running `Command { std: CARGO_HOME="/workspace/cargo-home" RUSTUP_HOME="/workspace/rustup-home" "/workspace/cargo-home/bin/cargo" "+beta-2024-12-08" "generate-lockfile" "--manifest-path" "Cargo.toml", kill_on_drop: false }`
[INFO] [stderr]     Updating crates.io index
[INFO] [stderr]      Locking 114 packages to latest compatible versions
[INFO] [stderr]       Adding proptest v0.10.1 (available: v1.5.0)
[INFO] [stderr]       Adding prost v0.12.6 (available: v0.13.4)
[INFO] [stderr]       Adding prost-types v0.12.6 (available: v0.13.4)
[INFO] running `Command { std: CARGO_HOME="/workspace/cargo-home" RUSTUP_HOME="/workspace/rustup-home" "/workspace/cargo-home/bin/cargo" "+beta-2024-12-08" "fetch" "--manifest-path" "Cargo.toml", kill_on_drop: false }`
[INFO] running `Command { std: "docker" "create" "-v" "/var/lib/crater-agent-workspace/builds/worker-3-tc2/target:/opt/rustwide/target:rw,Z" "-v" "/var/lib/crater-agent-workspace/builds/worker-3-tc2/source:/opt/rustwide/workdir:ro,Z" "-v" "/var/lib/crater-agent-workspace/cargo-home:/opt/rustwide/cargo-home:ro,Z" "-v" "/var/lib/crater-agent-workspace/rustup-home:/opt/rustwide/rustup-home:ro,Z" "-e" "SOURCE_DIR=/opt/rustwide/workdir" "-e" "CARGO_TARGET_DIR=/opt/rustwide/target" "-e" "CARGO_HOME=/opt/rustwide/cargo-home" "-e" "RUSTUP_HOME=/opt/rustwide/rustup-home" "-w" "/opt/rustwide/workdir" "-m" "1610612736" "--user" "0:0" "--network" "none" "ghcr.io/rust-lang/crates-build-env/linux@sha256:f3a9d4ad9d972b27faf3965f35b62e55ba32bbce8f20bc8fe909558a86702fde" "/opt/rustwide/cargo-home/bin/cargo" "+beta-2024-12-08" "metadata" "--no-deps" "--format-version=1", kill_on_drop: false }`
[INFO] [stdout] 4676c7adb64f03c42c55467df93b8fbf5d1d42fc8084c90711fbc65b0008fa4b
[INFO] running `Command { std: "docker" "start" "-a" "4676c7adb64f03c42c55467df93b8fbf5d1d42fc8084c90711fbc65b0008fa4b", kill_on_drop: false }`
[INFO] running `Command { std: "docker" "inspect" "4676c7adb64f03c42c55467df93b8fbf5d1d42fc8084c90711fbc65b0008fa4b", kill_on_drop: false }`
[INFO] running `Command { std: "docker" "rm" "-f" "4676c7adb64f03c42c55467df93b8fbf5d1d42fc8084c90711fbc65b0008fa4b", kill_on_drop: false }`
[INFO] [stdout] 4676c7adb64f03c42c55467df93b8fbf5d1d42fc8084c90711fbc65b0008fa4b
[INFO] running `Command { std: "docker" "create" "-v" "/var/lib/crater-agent-workspace/builds/worker-3-tc2/target:/opt/rustwide/target:rw,Z" "-v" "/var/lib/crater-agent-workspace/builds/worker-3-tc2/source:/opt/rustwide/workdir:ro,Z" "-v" "/var/lib/crater-agent-workspace/cargo-home:/opt/rustwide/cargo-home:ro,Z" "-v" "/var/lib/crater-agent-workspace/rustup-home:/opt/rustwide/rustup-home:ro,Z" "-e" "SOURCE_DIR=/opt/rustwide/workdir" "-e" "CARGO_TARGET_DIR=/opt/rustwide/target" "-e" "CARGO_INCREMENTAL=0" "-e" "RUST_BACKTRACE=full" "-e" "RUSTFLAGS=--cap-lints=warn" "-e" "RUSTDOCFLAGS=--cap-lints=warn" "-e" "CARGO_HOME=/opt/rustwide/cargo-home" "-e" "RUSTUP_HOME=/opt/rustwide/rustup-home" "-w" "/opt/rustwide/workdir" "-m" "1610612736" "--user" "0:0" "--network" "none" "ghcr.io/rust-lang/crates-build-env/linux@sha256:f3a9d4ad9d972b27faf3965f35b62e55ba32bbce8f20bc8fe909558a86702fde" "/opt/rustwide/cargo-home/bin/cargo" "+beta-2024-12-08" "build" "--frozen" "--message-format=json", kill_on_drop: false }`
[INFO] [stdout] 8bcae07257d324af0a3d5cb9f284e8be2b74095ae77a1351f708ee90dfc7d404
[INFO] running `Command { std: "docker" "start" "-a" "8bcae07257d324af0a3d5cb9f284e8be2b74095ae77a1351f708ee90dfc7d404", kill_on_drop: false }`
[INFO] [stderr]    Compiling proc-macro2 v1.0.92
[INFO] [stderr]    Compiling unicode-ident v1.0.14
[INFO] [stderr]    Compiling version_check v0.9.5
[INFO] [stderr]    Compiling typenum v1.17.0
[INFO] [stderr]    Compiling serde v1.0.216
[INFO] [stderr]    Compiling anyhow v1.0.94
[INFO] [stderr]    Compiling either v1.13.0
[INFO] [stderr]    Compiling paste v1.0.15
[INFO] [stderr]    Compiling autocfg v1.4.0
[INFO] [stderr]    Compiling syn v1.0.109
[INFO] [stderr]    Compiling eyre v0.6.12
[INFO] [stderr]    Compiling cpufeatures v0.2.16
[INFO] [stderr]    Compiling time-core v0.1.2
[INFO] [stderr]    Compiling powerfmt v0.2.0
[INFO] [stderr]    Compiling num-conv v0.1.0
[INFO] [stderr]    Compiling indenter v0.3.3
[INFO] [stderr]    Compiling once_cell v1.20.2
[INFO] [stderr]    Compiling futures-sink v0.3.31
[INFO] [stderr]    Compiling futures-core v0.3.31
[INFO] [stderr]    Compiling cfg-if v1.0.0
[INFO] [stderr]    Compiling deranged v0.3.11
[INFO] [stderr]    Compiling itertools v0.12.1
[INFO] [stderr]    Compiling opaque-debug v0.3.1
[INFO] [stderr]    Compiling time-macros v0.2.19
[INFO] [stderr]    Compiling rand_core v0.6.4
[INFO] [stderr]    Compiling subtle-ng v2.5.0
[INFO] [stderr]    Compiling pin-project-lite v0.2.15
[INFO] [stderr]    Compiling serde_json v1.0.133
[INFO] [stderr]    Compiling pin-utils v0.1.0
[INFO] [stderr]    Compiling generic-array v0.14.7
[INFO] [stderr]    Compiling futures-task v0.3.31
[INFO] [stderr]    Compiling byteorder v1.5.0
[INFO] [stderr]    Compiling futures-channel v0.3.31
[INFO] [stderr]    Compiling itoa v1.0.14
[INFO] [stderr]    Compiling futures-io v0.3.31
[INFO] [stderr]    Compiling futures-util v0.3.31
[INFO] [stderr]    Compiling memchr v2.7.4
[INFO] [stderr]    Compiling signature v2.2.0
[INFO] [stderr]    Compiling ryu v1.0.18
[INFO] [stderr]    Compiling hex v0.4.3
[INFO] [stderr]    Compiling ed25519 v2.2.3
[INFO] [stderr]    Compiling subtle v2.6.1
[INFO] [stderr]    Compiling num-traits v0.2.19
[INFO] [stderr]    Compiling flex-error v0.4.4
[INFO] [stderr]    Compiling quote v1.0.37
[INFO] [stderr]    Compiling syn v2.0.90
[INFO] [stderr]    Compiling time v0.3.37
[INFO] [stderr]    Compiling digest v0.9.0
[INFO] [stderr]    Compiling crypto-common v0.1.6
[INFO] [stderr]    Compiling block-buffer v0.9.0
[INFO] [stderr]    Compiling block-buffer v0.10.4
[INFO] [stderr]    Compiling sha2 v0.9.9
[INFO] [stderr]    Compiling digest v0.10.7
[INFO] [stderr]    Compiling sha2 v0.10.8
[INFO] [stderr]    Compiling futures v0.3.31
[INFO] [stderr]    Compiling num-derive v0.3.3
[INFO] [stderr]    Compiling serde_derive v1.0.216
[INFO] [stderr]    Compiling zeroize_derive v1.4.2
[INFO] [stderr]    Compiling prost-derive v0.12.6
[INFO] [stderr]    Compiling serde_repr v0.1.19
[INFO] [stderr]    Compiling zeroize v1.8.1
[INFO] [stderr]    Compiling subtle-encoding v0.5.1
[INFO] [stderr]    Compiling curve25519-dalek-ng v4.1.1
[INFO] [stderr]    Compiling ed25519-consensus v2.1.0
[INFO] [stderr]    Compiling bytes v1.9.0
[INFO] [stderr]    Compiling serde_bytes v0.11.15
[INFO] [stderr]    Compiling prost v0.12.6
[INFO] [stderr]    Compiling prost-types v0.12.6
[INFO] [stderr]    Compiling celestia-core-proto v0.34.0
[INFO] [stderr]    Compiling celestia-core v0.34.0 (/opt/rustwide/workdir)
[INFO] [stdout] warning: unnecessary qualification
[INFO] [stdout]    --> src/public_key.rs:116:14
[INFO] [stdout]     |
[INFO] [stdout] 116 |     .map_err(serde::de::Error::custom)
[INFO] [stdout]     |              ^^^^^^^^^^^^^^^^^^^^^^^^
[INFO] [stdout]     |
[INFO] [stdout] note: the lint level is defined here
[INFO] [stdout]    --> src/lib.rs:14:5
[INFO] [stdout]     |
[INFO] [stdout] 14  |     unused_qualifications
[INFO] [stdout]     |     ^^^^^^^^^^^^^^^^^^^^^
[INFO] [stdout] help: remove the unnecessary path segments
[INFO] [stdout]     |
[INFO] [stdout] 116 -     .map_err(serde::de::Error::custom)
[INFO] [stdout] 116 +     .map_err(de::Error::custom)
[INFO] [stdout]     |
[INFO] [stdout] 
[INFO] [stdout] 
[INFO] [stdout] warning: unnecessary qualification
[INFO] [stdout]    --> src/v0_34/abci/request.rs:229:25
[INFO] [stdout]     |
[INFO] [stdout] 229 |             None => Err(crate::Error::missing_data()),
[INFO] [stdout]     |                         ^^^^^^^^^^^^^^^^^^^^^^^^^^
[INFO] [stdout]     |
[INFO] [stdout] help: remove the unnecessary path segments
[INFO] [stdout]     |
[INFO] [stdout] 229 -             None => Err(crate::Error::missing_data()),
[INFO] [stdout] 229 +             None => Err(Error::missing_data()),
[INFO] [stdout]     |
[INFO] [stdout] 
[INFO] [stdout] 
[INFO] [stdout] warning: unnecessary qualification
[INFO] [stdout]    --> src/v0_34/abci/response.rs:204:25
[INFO] [stdout]     |
[INFO] [stdout] 204 |             None => Err(crate::Error::missing_data()),
[INFO] [stdout]     |                         ^^^^^^^^^^^^^^^^^^^^^^^^^^
[INFO] [stdout]     |
[INFO] [stdout] help: remove the unnecessary path segments
[INFO] [stdout]     |
[INFO] [stdout] 204 -             None => Err(crate::Error::missing_data()),
[INFO] [stdout] 204 +             None => Err(Error::missing_data()),
[INFO] [stdout]     |
[INFO] [stdout] 
[INFO] [stdout] 
[INFO] [stderr]     Finished `dev` profile [unoptimized + debuginfo] target(s) in 33.65s
[INFO] running `Command { std: "docker" "inspect" "8bcae07257d324af0a3d5cb9f284e8be2b74095ae77a1351f708ee90dfc7d404", kill_on_drop: false }`
[INFO] running `Command { std: "docker" "rm" "-f" "8bcae07257d324af0a3d5cb9f284e8be2b74095ae77a1351f708ee90dfc7d404", kill_on_drop: false }`
[INFO] [stdout] 8bcae07257d324af0a3d5cb9f284e8be2b74095ae77a1351f708ee90dfc7d404
[INFO] running `Command { std: "docker" "create" "-v" "/var/lib/crater-agent-workspace/builds/worker-3-tc2/target:/opt/rustwide/target:rw,Z" "-v" "/var/lib/crater-agent-workspace/builds/worker-3-tc2/source:/opt/rustwide/workdir:ro,Z" "-v" "/var/lib/crater-agent-workspace/cargo-home:/opt/rustwide/cargo-home:ro,Z" "-v" "/var/lib/crater-agent-workspace/rustup-home:/opt/rustwide/rustup-home:ro,Z" "-e" "SOURCE_DIR=/opt/rustwide/workdir" "-e" "CARGO_TARGET_DIR=/opt/rustwide/target" "-e" "CARGO_INCREMENTAL=0" "-e" "RUST_BACKTRACE=full" "-e" "RUSTFLAGS=--cap-lints=warn" "-e" "RUSTDOCFLAGS=--cap-lints=warn" "-e" "CARGO_HOME=/opt/rustwide/cargo-home" "-e" "RUSTUP_HOME=/opt/rustwide/rustup-home" "-w" "/opt/rustwide/workdir" "-m" "1610612736" "--user" "0:0" "--network" "none" "ghcr.io/rust-lang/crates-build-env/linux@sha256:f3a9d4ad9d972b27faf3965f35b62e55ba32bbce8f20bc8fe909558a86702fde" "/opt/rustwide/cargo-home/bin/cargo" "+beta-2024-12-08" "test" "--frozen" "--no-run" "--message-format=json", kill_on_drop: false }`
[INFO] [stdout] de951c7e48cfaaaece3348aeb1f9aa63a51e3dfcd6190b2d7becc2632e907009
[INFO] running `Command { std: "docker" "start" "-a" "de951c7e48cfaaaece3348aeb1f9aa63a51e3dfcd6190b2d7becc2632e907009", kill_on_drop: false }`
[INFO] [stderr]    Compiling generic-array v0.14.7
[INFO] [stderr]    Compiling subtle v2.6.1
[INFO] [stderr]    Compiling const-oid v0.9.6
[INFO] [stderr]    Compiling byteorder v1.5.0
[INFO] [stderr]    Compiling libc v0.2.168
[INFO] [stderr]    Compiling getrandom v0.1.16
[INFO] [stderr]    Compiling zerocopy-derive v0.7.35
[INFO] [stderr]    Compiling num-traits v0.2.19
[INFO] [stderr]    Compiling base16ct v0.2.0
[INFO] [stderr]    Compiling regex-syntax v0.6.29
[INFO] [stderr]    Compiling quick-error v1.2.3
[INFO] [stderr]    Compiling diff v0.1.13
[INFO] [stderr]    Compiling yansi v1.0.1
[INFO] [stderr]    Compiling bitflags v1.3.2
[INFO] [stderr]    Compiling lazy_static v1.5.0
[INFO] [stderr]    Compiling der v0.7.9
[INFO] [stderr]    Compiling ff v0.13.0
[INFO] [stderr]    Compiling pretty_assertions v1.4.1
[INFO] [stderr]    Compiling group v0.13.0
[INFO] [stderr]    Compiling crypto-common v0.1.6
[INFO] [stderr]    Compiling block-buffer v0.10.4
[INFO] [stderr]    Compiling digest v0.9.0
[INFO] [stderr]    Compiling block-buffer v0.9.0
[INFO] [stderr]    Compiling crypto-bigint v0.5.5
[INFO] [stderr]    Compiling zerocopy v0.7.35
[INFO] [stderr]    Compiling sha2 v0.9.9
[INFO] [stderr]    Compiling curve25519-dalek-ng v4.1.1
[INFO] [stderr]    Compiling digest v0.10.7
[INFO] [stderr]    Compiling signature v2.2.0
[INFO] [stderr]    Compiling hmac v0.12.1
[INFO] [stderr]    Compiling sha2 v0.10.8
[INFO] [stderr]    Compiling sec1 v0.7.3
[INFO] [stderr]    Compiling ed25519 v2.2.3
[INFO] [stderr]    Compiling rfc6979 v0.4.0
[INFO] [stderr]    Compiling celestia-core-proto v0.34.0
[INFO] [stderr]    Compiling ed25519-consensus v2.1.0
[INFO] [stderr]    Compiling rand_core v0.5.1
[INFO] [stderr]    Compiling ppv-lite86 v0.2.20
[INFO] [stderr]    Compiling rand_xorshift v0.2.0
[INFO] [stderr]    Compiling rand_chacha v0.2.2
[INFO] [stderr]    Compiling rand v0.7.3
[INFO] [stderr]    Compiling elliptic-curve v0.13.8
[INFO] [stderr]    Compiling ecdsa v0.16.9
[INFO] [stderr]    Compiling proptest v0.10.1
[INFO] [stderr]    Compiling k256 v0.13.4
[INFO] [stderr]    Compiling celestia-core v0.34.0 (/opt/rustwide/workdir)
[INFO] [stdout] warning: unnecessary qualification
[INFO] [stdout]    --> src/public_key.rs:116:14
[INFO] [stdout]     |
[INFO] [stdout] 116 |     .map_err(serde::de::Error::custom)
[INFO] [stdout]     |              ^^^^^^^^^^^^^^^^^^^^^^^^
[INFO] [stdout]     |
[INFO] [stdout] note: the lint level is defined here
[INFO] [stdout]    --> src/lib.rs:14:5
[INFO] [stdout]     |
[INFO] [stdout] 14  |     unused_qualifications
[INFO] [stdout]     |     ^^^^^^^^^^^^^^^^^^^^^
[INFO] [stdout] help: remove the unnecessary path segments
[INFO] [stdout]     |
[INFO] [stdout] 116 -     .map_err(serde::de::Error::custom)
[INFO] [stdout] 116 +     .map_err(de::Error::custom)
[INFO] [stdout]     |
[INFO] [stdout] 
[INFO] [stdout] 
[INFO] [stdout] warning: unnecessary qualification
[INFO] [stdout]    --> src/v0_34/abci/request.rs:229:25
[INFO] [stdout]     |
[INFO] [stdout] 229 |             None => Err(crate::Error::missing_data()),
[INFO] [stdout]     |                         ^^^^^^^^^^^^^^^^^^^^^^^^^^
[INFO] [stdout]     |
[INFO] [stdout] help: remove the unnecessary path segments
[INFO] [stdout]     |
[INFO] [stdout] 229 -             None => Err(crate::Error::missing_data()),
[INFO] [stdout] 229 +             None => Err(Error::missing_data()),
[INFO] [stdout]     |
[INFO] [stdout] 
[INFO] [stdout] 
[INFO] [stdout] warning: unnecessary qualification
[INFO] [stdout]    --> src/v0_34/abci/response.rs:204:25
[INFO] [stdout]     |
[INFO] [stdout] 204 |             None => Err(crate::Error::missing_data()),
[INFO] [stdout]     |                         ^^^^^^^^^^^^^^^^^^^^^^^^^^
[INFO] [stdout]     |
[INFO] [stdout] help: remove the unnecessary path segments
[INFO] [stdout]     |
[INFO] [stdout] 204 -             None => Err(crate::Error::missing_data()),
[INFO] [stdout] 204 +             None => Err(Error::missing_data()),
[INFO] [stdout]     |
[INFO] [stdout] 
[INFO] [stdout] 
[INFO] [stdout] warning: unnecessary qualification
[INFO] [stdout]    --> src/public_key.rs:116:14
[INFO] [stdout]     |
[INFO] [stdout] 116 |     .map_err(serde::de::Error::custom)
[INFO] [stdout]     |              ^^^^^^^^^^^^^^^^^^^^^^^^
[INFO] [stdout]     |
[INFO] [stdout] note: the lint level is defined here
[INFO] [stdout]    --> src/lib.rs:14:5
[INFO] [stdout]     |
[INFO] [stdout] 14  |     unused_qualifications
[INFO] [stdout]     |     ^^^^^^^^^^^^^^^^^^^^^
[INFO] [stdout] help: remove the unnecessary path segments
[INFO] [stdout]     |
[INFO] [stdout] 116 -     .map_err(serde::de::Error::custom)
[INFO] [stdout] 116 +     .map_err(de::Error::custom)
[INFO] [stdout]     |
[INFO] [stdout] 
[INFO] [stdout] 
[INFO] [stdout] warning: unnecessary qualification
[INFO] [stdout]    --> src/v0_34/abci/request.rs:229:25
[INFO] [stdout]     |
[INFO] [stdout] 229 |             None => Err(crate::Error::missing_data()),
[INFO] [stdout]     |                         ^^^^^^^^^^^^^^^^^^^^^^^^^^
[INFO] [stdout]     |
[INFO] [stdout] help: remove the unnecessary path segments
[INFO] [stdout]     |
[INFO] [stdout] 229 -             None => Err(crate::Error::missing_data()),
[INFO] [stdout] 229 +             None => Err(Error::missing_data()),
[INFO] [stdout]     |
[INFO] [stdout] 
[INFO] [stdout] 
[INFO] [stdout] warning: unnecessary qualification
[INFO] [stdout]    --> src/v0_34/abci/response.rs:204:25
[INFO] [stdout]     |
[INFO] [stdout] 204 |             None => Err(crate::Error::missing_data()),
[INFO] [stdout]     |                         ^^^^^^^^^^^^^^^^^^^^^^^^^^
[INFO] [stdout]     |
[INFO] [stdout] help: remove the unnecessary path segments
[INFO] [stdout]     |
[INFO] [stdout] 204 -             None => Err(crate::Error::missing_data()),
[INFO] [stdout] 204 +             None => Err(Error::missing_data()),
[INFO] [stdout]     |
[INFO] [stdout] 
[INFO] [stdout] 
[INFO] [stderr]     Finished `test` profile [unoptimized + debuginfo] target(s) in 22.49s
[INFO] running `Command { std: "docker" "inspect" "de951c7e48cfaaaece3348aeb1f9aa63a51e3dfcd6190b2d7becc2632e907009", kill_on_drop: false }`
[INFO] running `Command { std: "docker" "rm" "-f" "de951c7e48cfaaaece3348aeb1f9aa63a51e3dfcd6190b2d7becc2632e907009", kill_on_drop: false }`
[INFO] [stdout] de951c7e48cfaaaece3348aeb1f9aa63a51e3dfcd6190b2d7becc2632e907009
[INFO] running `Command { std: "docker" "create" "-v" "/var/lib/crater-agent-workspace/builds/worker-3-tc2/target:/opt/rustwide/target:rw,Z" "-v" "/var/lib/crater-agent-workspace/builds/worker-3-tc2/source:/opt/rustwide/workdir:ro,Z" "-v" "/var/lib/crater-agent-workspace/cargo-home:/opt/rustwide/cargo-home:ro,Z" "-v" "/var/lib/crater-agent-workspace/rustup-home:/opt/rustwide/rustup-home:ro,Z" "-e" "SOURCE_DIR=/opt/rustwide/workdir" "-e" "CARGO_TARGET_DIR=/opt/rustwide/target" "-e" "CARGO_INCREMENTAL=0" "-e" "RUST_BACKTRACE=full" "-e" "RUSTFLAGS=--cap-lints=warn" "-e" "RUSTDOCFLAGS=--cap-lints=warn" "-e" "CARGO_HOME=/opt/rustwide/cargo-home" "-e" "RUSTUP_HOME=/opt/rustwide/rustup-home" "-w" "/opt/rustwide/workdir" "-m" "1610612736" "--user" "0:0" "--network" "none" "ghcr.io/rust-lang/crates-build-env/linux@sha256:f3a9d4ad9d972b27faf3965f35b62e55ba32bbce8f20bc8fe909558a86702fde" "/opt/rustwide/cargo-home/bin/cargo" "+beta-2024-12-08" "test" "--frozen", kill_on_drop: false }`
[INFO] [stdout] f40bfbaa281e607c5d94bd3547eb00202b47bdf7cdec4b093a04568119e805a4
[INFO] running `Command { std: "docker" "start" "-a" "f40bfbaa281e607c5d94bd3547eb00202b47bdf7cdec4b093a04568119e805a4", kill_on_drop: false }`
[INFO] [stderr] warning: unnecessary qualification
[INFO] [stderr]    --> src/public_key.rs:116:14
[INFO] [stderr]     |
[INFO] [stderr] 116 |     .map_err(serde::de::Error::custom)
[INFO] [stderr]     |              ^^^^^^^^^^^^^^^^^^^^^^^^
[INFO] [stderr]     |
[INFO] [stderr] note: the lint level is defined here
[INFO] [stderr]    --> src/lib.rs:14:5
[INFO] [stderr]     |
[INFO] [stderr] 14  |     unused_qualifications
[INFO] [stderr]     |     ^^^^^^^^^^^^^^^^^^^^^
[INFO] [stderr] help: remove the unnecessary path segments
[INFO] [stderr]     |
[INFO] [stderr] 116 -     .map_err(serde::de::Error::custom)
[INFO] [stderr] 116 +     .map_err(de::Error::custom)
[INFO] [stderr]     |
[INFO] [stderr] 
[INFO] [stderr] warning: unnecessary qualification
[INFO] [stderr]    --> src/v0_34/abci/request.rs:229:25
[INFO] [stderr]     |
[INFO] [stderr] 229 |             None => Err(crate::Error::missing_data()),
[INFO] [stderr]     |                         ^^^^^^^^^^^^^^^^^^^^^^^^^^
[INFO] [stderr]     |
[INFO] [stderr] help: remove the unnecessary path segments
[INFO] [stderr]     |
[INFO] [stderr] 229 -             None => Err(crate::Error::missing_data()),
[INFO] [stderr] 229 +             None => Err(Error::missing_data()),
[INFO] [stderr]     |
[INFO] [stderr] 
[INFO] [stderr] warning: unnecessary qualification
[INFO] [stderr]    --> src/v0_34/abci/response.rs:204:25
[INFO] [stderr]     |
[INFO] [stderr] 204 |             None => Err(crate::Error::missing_data()),
[INFO] [stderr]     |                         ^^^^^^^^^^^^^^^^^^^^^^^^^^
[INFO] [stderr]     |
[INFO] [stderr] help: remove the unnecessary path segments
[INFO] [stderr]     |
[INFO] [stderr] 204 -             None => Err(crate::Error::missing_data()),
[INFO] [stderr] 204 +             None => Err(Error::missing_data()),
[INFO] [stderr]     |
[INFO] [stderr] 
[INFO] [stderr] warning: `celestia-core` (lib) generated 3 warnings (run `cargo fix --lib -p celestia-core` to apply 3 suggestions)
[INFO] [stderr] warning: `celestia-core` (lib test) generated 3 warnings (3 duplicates)
[INFO] [stderr]     Finished `test` profile [unoptimized + debuginfo] target(s) in 0.12s
[INFO] [stderr]      Running unittests src/lib.rs (/opt/rustwide/target/debug/deps/celestia_core-845f122115e4e880)
[INFO] [stdout] 
[INFO] [stdout] running 46 tests
[INFO] [stdout] test abci::event::tests::event_eq_ignoring_index_ignores_index ... ok
[INFO] [stdout] test block::height::tests::avoid_try_unwrap_dance ... ok
[INFO] [stdout] test block::id::tests::parses_hex_strings ... ok
[INFO] [stdout] test block::round::tests::avoid_try_unwrap_dance ... ok
[INFO] [stdout] test block::id::tests::serializes_hex_strings ... ok
[INFO] [stdout] test chain::id::tests::rejects_empty_chain_ids ... ok
[INFO] [stdout] test chain::id::tests::rejects_overlength_chain_ids ... ok
[INFO] [stdout] test block::round::tests::increment_by_one ... ok
[INFO] [stdout] test consensus::state::tests::state_deser_update_null_test ... ok
[INFO] [stdout] test consensus::state::tests::state_deser_update_total_test ... ok
[INFO] [stdout] test consensus::state::tests::state_ord_test ... ok
[INFO] [stdout] test abci::event::tests::exercise_typed_event ... ok
[INFO] [stdout] test merkle::tests::test_rfc6962_empty_leaf ... ok
[INFO] [stdout] test merkle::tests::non_incremental::test_rfc6962_tree_of_2 ... ok
[INFO] [stdout] test chain::id::tests::parses_valid_chain_ids ... ok
[INFO] [stdout] test merkle::proof::test::serialization_roundtrip ... ok
[INFO] [stdout] test proposal::tests::test_encoding_with_empty_block_id ... ok
[INFO] [stdout] test merkle::tests::test_rfc6962_tree_of_2 ... ok
[INFO] [stdout] test proposal::tests::v0_34::test_deserialization ... ok
[INFO] [stdout] test crypto::default::signature::tests::ed25519_test_vectors ... ok
[INFO] [stdout] test public_key::pub_key_request::tests::v0_34::test_empty_pubkey_msg ... ok
[INFO] [stdout] test merkle::tests::test_rfc6962_empty_tree ... ok
[INFO] [stdout] test proposal::canonical_proposal::tests::v0_34::canonical_proposal_domain_checks ... ok
[INFO] [stdout] test timeout::tests::parse_milliseconds ... ok
[INFO] [stdout] test block::height::tests::increment_by_one ... ok
[INFO] [stdout] test timeout::tests::reject_no_units ... ok
[INFO] [stdout] test public_key::tests::v0_34::test_ed25519_pubkey_msg ... ok
[INFO] [stdout] test account::tests::test_ed25519_id ... ok
[INFO] [stdout] test public_key::tests::json_parsing ... ok
[INFO] [stdout] test proposal::tests::test_serialization ... ok
[INFO] [stdout] test timeout::tests::parse_seconds ... ok
[INFO] [stdout] test public_key::tests::test_consensus_serialization ... ok
[INFO] [stdout] test merkle::tests::test_rfc6962_leaf ... ok
[INFO] [stdout] test validator::tests::deserialize_validator_updates ... ok
[INFO] [stdout] test vote::canonical_vote::tests::v0_34::canonical_vote_domain_checks ... ok
[INFO] [stdout] test validator::tests::crypto::test_validator_set ... ok
[INFO] [stdout] test vote::sign_vote::tests::test_vote_encoding_with_empty_block_id ... ok
[INFO] [stdout] test vote::sign_vote::tests::v0_34::test_sign_bytes_compatibility ... ok
[INFO] [stdout] test vote::sign_vote::tests::v0_34::test_vote_rountrip_with_sig ... ok
[INFO] [stdout] test vote::sign_vote::tests::test_vote_serialization ... ok
[INFO] [stdout] test vote::sign_vote::tests::v0_34::test_deserialization ... ok
[INFO] [stdout] test trust_threshold::test::just_right ... ok
[INFO] [stdout] test trust_threshold::test::can_be_one ... ok
[INFO] [stdout] test trust_threshold::test::too_large ... ok
[INFO] [stdout] test trust_threshold::test::undefined ... ok
[INFO] [stdout] test trust_threshold::test::too_small ... ok
[INFO] [stdout] 
[INFO] [stdout] test result: ok. 46 passed; 0 failed; 0 ignored; 0 measured; 0 filtered out; finished in 0.06s
[INFO] [stdout] 
[INFO] [stderr]    Doc-tests celestia_core
[INFO] [stdout] 
[INFO] [stdout] running 1 test
[INFO] [stdout] test src/abci/event.rs - abci::event::Event::new (line 32) ... FAILED
[INFO] [stdout] 
[INFO] [stdout] failures:
[INFO] [stdout] 
[INFO] [stdout] ---- src/abci/event.rs - abci::event::Event::new (line 32) stdout ----
[INFO] [stdout] error[E0433]: failed to resolve: use of undeclared crate or module `celestia_tendermint`
[INFO] [stdout]  --> src/abci/event.rs:33:5
[INFO] [stdout]   |
[INFO] [stdout] 3 | use celestia_tendermint::abci::{Event, EventAttributeIndexExt};
[INFO] [stdout]   |     ^^^^^^^^^^^^^^^^^^^ use of undeclared crate or module `celestia_tendermint`
[INFO] [stdout] 
[INFO] [stdout] error[E0599]: no method named `index` found for tuple `(&'static str, &'static str)` in the current scope
[INFO] [stdout]  --> src/abci/event.rs:38:28
[INFO] [stdout]   |
[INFO] [stdout] 8 |         ("key1", "value1").index(),
[INFO] [stdout]   |                            ^^^^^ method not found in `(&str, &str)`
[INFO] [stdout] 
[INFO] [stdout] error[E0599]: no method named `index` found for tuple `(&'static str, &'static str)` in the current scope
[INFO] [stdout]  --> src/abci/event.rs:39:28
[INFO] [stdout]   |
[INFO] [stdout] 9 |         ("key2", "value2").index(),
[INFO] [stdout]   |                            ^^^^^ method not found in `(&str, &str)`
[INFO] [stdout] 
[INFO] [stdout] error[E0599]: no method named `no_index` found for tuple `(&'static str, &'static str)` in the current scope
[INFO] [stdout]   --> src/abci/event.rs:40:28
[INFO] [stdout]    |
[INFO] [stdout] 10 |         ("key3", "value3").no_index(), // will not be indexed
[INFO] [stdout]    |                            ^^^^^^^^ method not found in `(&str, &str)`
[INFO] [stdout] 
[INFO] [stdout] error: aborting due to 4 previous errors
[INFO] [stdout] 
[INFO] [stdout] Some errors have detailed explanations: E0433, E0599.
[INFO] [stdout] For more information about an error, try `rustc --explain E0433`.
[INFO] [stdout] Couldn't compile the test.
[INFO] [stdout] 
[INFO] [stdout] failures:
[INFO] [stdout]     src/abci/event.rs - abci::event::Event::new (line 32)
[INFO] [stdout] 
[INFO] [stdout] test result: FAILED. 0 passed; 1 failed; 0 ignored; 0 measured; 0 filtered out; finished in 0.07s
[INFO] [stdout] 
[INFO] [stderr] error: doctest failed, to rerun pass `--doc`
[INFO] running `Command { std: "docker" "inspect" "f40bfbaa281e607c5d94bd3547eb00202b47bdf7cdec4b093a04568119e805a4", kill_on_drop: false }`
[INFO] running `Command { std: "docker" "rm" "-f" "f40bfbaa281e607c5d94bd3547eb00202b47bdf7cdec4b093a04568119e805a4", kill_on_drop: false }`
[INFO] [stdout] f40bfbaa281e607c5d94bd3547eb00202b47bdf7cdec4b093a04568119e805a4
