[INFO] fetching crate cds 0.10.0...
[INFO] testing cds-0.10.0 against beta-2024-12-08 for beta-1.84.0-4-retry
[INFO] extracting crate cds 0.10.0 into /workspace/builds/worker-3-tc2/source
[INFO] validating manifest of crates.io crate cds 0.10.0 on toolchain beta-2024-12-08
[INFO] running `Command { std: CARGO_HOME="/workspace/cargo-home" RUSTUP_HOME="/workspace/rustup-home" "/workspace/cargo-home/bin/cargo" "+beta-2024-12-08" "metadata" "--manifest-path" "Cargo.toml" "--no-deps", kill_on_drop: false }`
[INFO] started tweaking crates.io crate cds 0.10.0
[INFO] finished tweaking crates.io crate cds 0.10.0
[INFO] tweaked toml for crates.io crate cds 0.10.0 written to /workspace/builds/worker-3-tc2/source/Cargo.toml
[INFO] running `Command { std: CARGO_HOME="/workspace/cargo-home" RUSTUP_HOME="/workspace/rustup-home" "/workspace/cargo-home/bin/cargo" "+beta-2024-12-08" "generate-lockfile" "--manifest-path" "Cargo.toml", kill_on_drop: false }`
[INFO] running `Command { std: CARGO_HOME="/workspace/cargo-home" RUSTUP_HOME="/workspace/rustup-home" "/workspace/cargo-home/bin/cargo" "+beta-2024-12-08" "fetch" "--manifest-path" "Cargo.toml", kill_on_drop: false }`
[INFO] running `Command { std: "docker" "create" "-v" "/var/lib/crater-agent-workspace/builds/worker-3-tc2/target:/opt/rustwide/target:rw,Z" "-v" "/var/lib/crater-agent-workspace/builds/worker-3-tc2/source:/opt/rustwide/workdir:ro,Z" "-v" "/var/lib/crater-agent-workspace/cargo-home:/opt/rustwide/cargo-home:ro,Z" "-v" "/var/lib/crater-agent-workspace/rustup-home:/opt/rustwide/rustup-home:ro,Z" "-e" "SOURCE_DIR=/opt/rustwide/workdir" "-e" "CARGO_TARGET_DIR=/opt/rustwide/target" "-e" "CARGO_HOME=/opt/rustwide/cargo-home" "-e" "RUSTUP_HOME=/opt/rustwide/rustup-home" "-w" "/opt/rustwide/workdir" "-m" "1610612736" "--user" "0:0" "--network" "none" "ghcr.io/rust-lang/crates-build-env/linux@sha256:f3a9d4ad9d972b27faf3965f35b62e55ba32bbce8f20bc8fe909558a86702fde" "/opt/rustwide/cargo-home/bin/cargo" "+beta-2024-12-08" "metadata" "--no-deps" "--format-version=1", kill_on_drop: false }`
[INFO] [stdout] 7999ad96239715faf74032b83ecda53c6b889d2e795381db9f0166981e4686b6
[INFO] running `Command { std: "docker" "start" "-a" "7999ad96239715faf74032b83ecda53c6b889d2e795381db9f0166981e4686b6", kill_on_drop: false }`
[INFO] running `Command { std: "docker" "inspect" "7999ad96239715faf74032b83ecda53c6b889d2e795381db9f0166981e4686b6", kill_on_drop: false }`
[INFO] running `Command { std: "docker" "rm" "-f" "7999ad96239715faf74032b83ecda53c6b889d2e795381db9f0166981e4686b6", kill_on_drop: false }`
[INFO] [stdout] 7999ad96239715faf74032b83ecda53c6b889d2e795381db9f0166981e4686b6
[INFO] running `Command { std: "docker" "create" "-v" "/var/lib/crater-agent-workspace/builds/worker-3-tc2/target:/opt/rustwide/target:rw,Z" "-v" "/var/lib/crater-agent-workspace/builds/worker-3-tc2/source:/opt/rustwide/workdir:ro,Z" "-v" "/var/lib/crater-agent-workspace/cargo-home:/opt/rustwide/cargo-home:ro,Z" "-v" "/var/lib/crater-agent-workspace/rustup-home:/opt/rustwide/rustup-home:ro,Z" "-e" "SOURCE_DIR=/opt/rustwide/workdir" "-e" "CARGO_TARGET_DIR=/opt/rustwide/target" "-e" "CARGO_INCREMENTAL=0" "-e" "RUST_BACKTRACE=full" "-e" "RUSTFLAGS=--cap-lints=warn" "-e" "RUSTDOCFLAGS=--cap-lints=warn" "-e" "CARGO_HOME=/opt/rustwide/cargo-home" "-e" "RUSTUP_HOME=/opt/rustwide/rustup-home" "-w" "/opt/rustwide/workdir" "-m" "1610612736" "--user" "0:0" "--network" "none" "ghcr.io/rust-lang/crates-build-env/linux@sha256:f3a9d4ad9d972b27faf3965f35b62e55ba32bbce8f20bc8fe909558a86702fde" "/opt/rustwide/cargo-home/bin/cargo" "+beta-2024-12-08" "build" "--frozen" "--message-format=json", kill_on_drop: false }`
[INFO] [stdout] 9bf9299002d6be2a90d9020034491de3582d81c1cf1db08b2334b6f9c5c5d511
[INFO] running `Command { std: "docker" "start" "-a" "9bf9299002d6be2a90d9020034491de3582d81c1cf1db08b2334b6f9c5c5d511", kill_on_drop: false }`
[INFO] [stderr]    Compiling cds v0.10.0 (/opt/rustwide/workdir)
[INFO] [stdout] warning: trait `Sealed` is never used
[INFO] [stdout]  --> src/sealed.rs:2:11
[INFO] [stdout]   |
[INFO] [stdout] 2 | pub trait Sealed {}
[INFO] [stdout]   |           ^^^^^^
[INFO] [stdout]   |
[INFO] [stdout]   = note: `#[warn(dead_code)]` on by default
[INFO] [stdout] 
[INFO] [stdout] 
[INFO] [stderr]     Finished `dev` profile [unoptimized + debuginfo] target(s) in 0.57s
[INFO] running `Command { std: "docker" "inspect" "9bf9299002d6be2a90d9020034491de3582d81c1cf1db08b2334b6f9c5c5d511", kill_on_drop: false }`
[INFO] running `Command { std: "docker" "rm" "-f" "9bf9299002d6be2a90d9020034491de3582d81c1cf1db08b2334b6f9c5c5d511", kill_on_drop: false }`
[INFO] [stdout] 9bf9299002d6be2a90d9020034491de3582d81c1cf1db08b2334b6f9c5c5d511
[INFO] running `Command { std: "docker" "create" "-v" "/var/lib/crater-agent-workspace/builds/worker-3-tc2/target:/opt/rustwide/target:rw,Z" "-v" "/var/lib/crater-agent-workspace/builds/worker-3-tc2/source:/opt/rustwide/workdir:ro,Z" "-v" "/var/lib/crater-agent-workspace/cargo-home:/opt/rustwide/cargo-home:ro,Z" "-v" "/var/lib/crater-agent-workspace/rustup-home:/opt/rustwide/rustup-home:ro,Z" "-e" "SOURCE_DIR=/opt/rustwide/workdir" "-e" "CARGO_TARGET_DIR=/opt/rustwide/target" "-e" "CARGO_INCREMENTAL=0" "-e" "RUST_BACKTRACE=full" "-e" "RUSTFLAGS=--cap-lints=warn" "-e" "RUSTDOCFLAGS=--cap-lints=warn" "-e" "CARGO_HOME=/opt/rustwide/cargo-home" "-e" "RUSTUP_HOME=/opt/rustwide/rustup-home" "-w" "/opt/rustwide/workdir" "-m" "1610612736" "--user" "0:0" "--network" "none" "ghcr.io/rust-lang/crates-build-env/linux@sha256:f3a9d4ad9d972b27faf3965f35b62e55ba32bbce8f20bc8fe909558a86702fde" "/opt/rustwide/cargo-home/bin/cargo" "+beta-2024-12-08" "test" "--frozen" "--no-run" "--message-format=json", kill_on_drop: false }`
[INFO] [stdout] 8cd82c6307b96cd05889412781e3c31ee715972de17206457bc3d5c6832a8db9
[INFO] running `Command { std: "docker" "start" "-a" "8cd82c6307b96cd05889412781e3c31ee715972de17206457bc3d5c6832a8db9", kill_on_drop: false }`
[INFO] [stdout] warning: trait `Sealed` is never used
[INFO] [stdout]  --> src/sealed.rs:2:11
[INFO] [stdout]   |
[INFO] [stdout] 2 | pub trait Sealed {}
[INFO] [stdout]   |           ^^^^^^
[INFO] [stdout]   |
[INFO] [stdout]   = note: `#[warn(dead_code)]` on by default
[INFO] [stdout] 
[INFO] [stdout] 
[INFO] [stderr]    Compiling cds v0.10.0 (/opt/rustwide/workdir)
[INFO] [stdout] warning: unexpected `cfg` condition name: `tarpaulin_include`
[INFO] [stdout]   --> src/lib.rs:80:11
[INFO] [stdout]    |
[INFO] [stdout] 80 | #[cfg(not(tarpaulin_include))]
[INFO] [stdout]    |           ^^^^^^^^^^^^^^^^^
[INFO] [stdout]    |
[INFO] [stdout]    = help: expected names are: `clippy`, `debug_assertions`, `doc`, `docsrs`, `doctest`, `feature`, `fmt_debug`, `miri`, `overflow_checks`, `panic`, `proc_macro`, `relocation_model`, `rustfmt`, `sanitize`, `sanitizer_cfi_generalize_pointers`, `sanitizer_cfi_normalize_integers`, `target_abi`, `target_arch`, `target_endian`, `target_env`, `target_family`, `target_feature`, `target_has_atomic`, `target_has_atomic_equal_alignment`, `target_has_atomic_load_store`, `target_os`, `target_pointer_width`, `target_thread_local`, `target_vendor`, `test`, `ub_checks`, `unix`, and `windows`
[INFO] [stdout]    = help: consider using a Cargo feature instead
[INFO] [stdout]    = help: or consider adding in `Cargo.toml` the `check-cfg` lint config for the lint:
[INFO] [stdout]             [lints.rust]
[INFO] [stdout]             unexpected_cfgs = { level = "warn", check-cfg = ['cfg(tarpaulin_include)'] }
[INFO] [stdout]    = help: or consider adding `println!("cargo::rustc-check-cfg=cfg(tarpaulin_include)");` to the top of the `build.rs`
[INFO] [stdout]    = note: see <https://doc.rust-lang.org/nightly/rustc/check-cfg/cargo-specifics.html> for more information about checking conditional configuration
[INFO] [stdout]    = note: `#[warn(unexpected_cfgs)]` on by default
[INFO] [stdout] 
[INFO] [stdout] 
[INFO] [stdout] warning: trait `Sealed` is never used
[INFO] [stdout]  --> src/sealed.rs:2:11
[INFO] [stdout]   |
[INFO] [stdout] 2 | pub trait Sealed {}
[INFO] [stdout]   |           ^^^^^^
[INFO] [stdout]   |
[INFO] [stdout]   = note: `#[warn(dead_code)]` on by default
[INFO] [stdout] 
[INFO] [stdout] 
[INFO] [stdout] warning: unused return value of `must_use` that must be used
[INFO] [stdout]    --> src/arrayvec/errors.rs:166:9
[INFO] [stdout]     |
[INFO] [stdout] 166 |         format!("{} {}", e, e2);
[INFO] [stdout]     |         ^^^^^^^^^^^^^^^^^^^^^^^
[INFO] [stdout]     |
[INFO] [stdout]     = note: `#[warn(unused_must_use)]` on by default
[INFO] [stdout]     = note: this warning originates in the macro `format` (in Nightly builds, run with -Z macro-backtrace for more info)
[INFO] [stdout] 
[INFO] [stdout] 
[INFO] [stdout] warning: unused return value of `must_use` that must be used
[INFO] [stdout]    --> src/arrayvec/errors.rs:173:9
[INFO] [stdout]     |
[INFO] [stdout] 173 |         format!("{} {}", e, e2);
[INFO] [stdout]     |         ^^^^^^^^^^^^^^^^^^^^^^^
[INFO] [stdout]     |
[INFO] [stdout]     = note: this warning originates in the macro `format` (in Nightly builds, run with -Z macro-backtrace for more info)
[INFO] [stdout] 
[INFO] [stdout] 
[INFO] [stdout] warning: missing documentation for a macro
[INFO] [stdout]   --> src/testing/dropped_zst.rs:12:1
[INFO] [stdout]    |
[INFO] [stdout] 12 | macro_rules! gen_dropped_zst {
[INFO] [stdout]    | ^^^^^^^^^^^^^^^^^^^^^^^^^^^^
[INFO] [stdout]    |
[INFO] [stdout] note: the lint level is defined here
[INFO] [stdout]   --> src/lib.rs:56:9
[INFO] [stdout]    |
[INFO] [stdout] 56 | #![warn(missing_docs)]
[INFO] [stdout]    |         ^^^^^^^^^^^^
[INFO] [stdout] 
[INFO] [stdout] 
[INFO] [stderr]     Finished `test` profile [unoptimized + debuginfo] target(s) in 6.56s
[INFO] running `Command { std: "docker" "inspect" "8cd82c6307b96cd05889412781e3c31ee715972de17206457bc3d5c6832a8db9", kill_on_drop: false }`
[INFO] running `Command { std: "docker" "rm" "-f" "8cd82c6307b96cd05889412781e3c31ee715972de17206457bc3d5c6832a8db9", kill_on_drop: false }`
[INFO] [stdout] 8cd82c6307b96cd05889412781e3c31ee715972de17206457bc3d5c6832a8db9
[INFO] running `Command { std: "docker" "create" "-v" "/var/lib/crater-agent-workspace/builds/worker-3-tc2/target:/opt/rustwide/target:rw,Z" "-v" "/var/lib/crater-agent-workspace/builds/worker-3-tc2/source:/opt/rustwide/workdir:ro,Z" "-v" "/var/lib/crater-agent-workspace/cargo-home:/opt/rustwide/cargo-home:ro,Z" "-v" "/var/lib/crater-agent-workspace/rustup-home:/opt/rustwide/rustup-home:ro,Z" "-e" "SOURCE_DIR=/opt/rustwide/workdir" "-e" "CARGO_TARGET_DIR=/opt/rustwide/target" "-e" "CARGO_INCREMENTAL=0" "-e" "RUST_BACKTRACE=full" "-e" "RUSTFLAGS=--cap-lints=warn" "-e" "RUSTDOCFLAGS=--cap-lints=warn" "-e" "CARGO_HOME=/opt/rustwide/cargo-home" "-e" "RUSTUP_HOME=/opt/rustwide/rustup-home" "-w" "/opt/rustwide/workdir" "-m" "1610612736" "--user" "0:0" "--network" "none" "ghcr.io/rust-lang/crates-build-env/linux@sha256:f3a9d4ad9d972b27faf3965f35b62e55ba32bbce8f20bc8fe909558a86702fde" "/opt/rustwide/cargo-home/bin/cargo" "+beta-2024-12-08" "test" "--frozen", kill_on_drop: false }`
[INFO] [stdout] 4b7b695e12c260c2047fb8fbbc2e47a84055c01f0276b432879d10ceea3de574
[INFO] running `Command { std: "docker" "start" "-a" "4b7b695e12c260c2047fb8fbbc2e47a84055c01f0276b432879d10ceea3de574", kill_on_drop: false }`
[INFO] [stderr] warning: trait `Sealed` is never used
[INFO] [stderr]  --> src/sealed.rs:2:11
[INFO] [stderr]   |
[INFO] [stderr] 2 | pub trait Sealed {}
[INFO] [stderr]   |           ^^^^^^
[INFO] [stderr]   |
[INFO] [stderr]   = note: `#[warn(dead_code)]` on by default
[INFO] [stderr] 
[INFO] [stderr] warning: `cds` (lib) generated 1 warning
[INFO] [stderr] warning: unexpected `cfg` condition name: `tarpaulin_include`
[INFO] [stderr]   --> src/lib.rs:80:11
[INFO] [stderr]    |
[INFO] [stderr] 80 | #[cfg(not(tarpaulin_include))]
[INFO] [stderr]    |           ^^^^^^^^^^^^^^^^^
[INFO] [stderr]    |
[INFO] [stderr]    = help: expected names are: `clippy`, `debug_assertions`, `doc`, `docsrs`, `doctest`, `feature`, `fmt_debug`, `miri`, `overflow_checks`, `panic`, `proc_macro`, `relocation_model`, `rustfmt`, `sanitize`, `sanitizer_cfi_generalize_pointers`, `sanitizer_cfi_normalize_integers`, `target_abi`, `target_arch`, `target_endian`, `target_env`, `target_family`, `target_feature`, `target_has_atomic`, `target_has_atomic_equal_alignment`, `target_has_atomic_load_store`, `target_os`, `target_pointer_width`, `target_thread_local`, `target_vendor`, `test`, `ub_checks`, `unix`, and `windows`
[INFO] [stderr]    = help: consider using a Cargo feature instead
[INFO] [stderr]    = help: or consider adding in `Cargo.toml` the `check-cfg` lint config for the lint:
[INFO] [stderr]             [lints.rust]
[INFO] [stderr]             unexpected_cfgs = { level = "warn", check-cfg = ['cfg(tarpaulin_include)'] }
[INFO] [stderr]    = help: or consider adding `println!("cargo::rustc-check-cfg=cfg(tarpaulin_include)");` to the top of the `build.rs`
[INFO] [stderr]    = note: see <https://doc.rust-lang.org/nightly/rustc/check-cfg/cargo-specifics.html> for more information about checking conditional configuration
[INFO] [stderr]    = note: `#[warn(unexpected_cfgs)]` on by default
[INFO] [stderr] 
[INFO] [stderr] warning: unused return value of `must_use` that must be used
[INFO] [stderr]    --> src/arrayvec/errors.rs:166:9
[INFO] [stderr]     |
[INFO] [stderr] 166 |         format!("{} {}", e, e2);
[INFO] [stderr]     |         ^^^^^^^^^^^^^^^^^^^^^^^
[INFO] [stderr]     |
[INFO] [stderr]     = note: `#[warn(unused_must_use)]` on by default
[INFO] [stderr]     = note: this warning originates in the macro `format` (in Nightly builds, run with -Z macro-backtrace for more info)
[INFO] [stderr] 
[INFO] [stderr] warning: unused return value of `must_use` that must be used
[INFO] [stderr]    --> src/arrayvec/errors.rs:173:9
[INFO] [stderr]     |
[INFO] [stderr] 173 |         format!("{} {}", e, e2);
[INFO] [stderr]     |         ^^^^^^^^^^^^^^^^^^^^^^^
[INFO] [stderr]     |
[INFO] [stderr]     = note: this warning originates in the macro `format` (in Nightly builds, run with -Z macro-backtrace for more info)
[INFO] [stderr] 
[INFO] [stderr] warning: missing documentation for a macro
[INFO] [stderr]   --> src/testing/dropped_zst.rs:12:1
[INFO] [stderr]    |
[INFO] [stderr] 12 | macro_rules! gen_dropped_zst {
[INFO] [stderr]    | ^^^^^^^^^^^^^^^^^^^^^^^^^^^^
[INFO] [stderr]    |
[INFO] [stderr] note: the lint level is defined here
[INFO] [stderr]   --> src/lib.rs:56:9
[INFO] [stderr]    |
[INFO] [stderr] 56 | #![warn(missing_docs)]
[INFO] [stderr]    |         ^^^^^^^^^^^^
[INFO] [stderr] 
[INFO] [stderr] warning: `cds` (lib test) generated 5 warnings (1 duplicate)
[INFO] [stderr]     Finished `test` profile [unoptimized + debuginfo] target(s) in 0.02s
[INFO] [stderr]      Running unittests src/lib.rs (/opt/rustwide/target/debug/deps/cds-ff99f3d7b5343438)
[INFO] [stdout] 
[INFO] [stdout] running 393 tests
[INFO] [stdout] test arraystring::errors::testing::index_error ... ok
[INFO] [stdout] test arraystring::errors::testing::insufficient_capacity_error_display ... ok
[INFO] [stdout] test arraystring::test_arraystring::test_insert_str ... ok
[INFO] [stdout] test arraystring::test_arraystring::test_insert ... ok
[INFO] [stdout] test arraystring::test_arraystring::test_add_str ... ok
[INFO] [stdout] test arraystring::errors::testing::insert_error_display ... ok
[INFO] [stdout] test arraystring::test_arraystring::test_is_empty ... ok
[INFO] [stdout] test arraystring::test_arraystring::test_push ... ok
[INFO] [stdout] test arraystring::test_arraystring::test_new ... ok
[INFO] [stdout] test arraystring::test_arraystring::test_push_str_unchecked ... ok
[INFO] [stdout] test arraystring::test_arraystring::test_push_str ... ok
[INFO] [stdout] test arraystring::test_arraystring::test_clear ... ok
[INFO] [stdout] test arraystring::format::testing::test_format_lossy ... ok
[INFO] [stdout] test arraystring::test_arraystring::test_push_unchecked ... ok
[INFO] [stdout] test arraystring::test_arraystring::test_truncate ... ok
[INFO] [stdout] test arraystring::test_arraystring::test_remove ... ok
[INFO] [stdout] test arraystring::test_arraystring::test_try_insert ... ok
[INFO] [stdout] test arraystring::test_arraystring::test_try_push ... ok
[INFO] [stdout] test arraystring::test_arraystring::test_try_push_str ... ok
[INFO] [stdout] test arraystring::test_arraystring::test_try_remove ... ok
[INFO] [stdout] test arraystring::test_arraystring::test_try_insert_str ... ok
[INFO] [stdout] test arraystring::test_arraystring::test_try_truncate ... ok
[INFO] [stdout] test arraystring::traits::as_ref::testing::test_as_ref_bytes ... ok
[INFO] [stdout] test arraystring::traits::as_ref::testing::test_as_ref_path ... ok
[INFO] [stdout] test arraystring::traits::as_mut::testing::test_as_mut_str ... ok
[INFO] [stdout] test arraystring::traits::as_ref::testing::test_as_ref_os_str ... ok
[INFO] [stdout] test arraystring::traits::as_ref::testing::test_as_ref_str ... ok
[INFO] [stdout] test arraystring::traits::borrow::testing::test_borrow ... ok
[INFO] [stdout] test arraystring::traits::clone::testing::test_clone ... ok
[INFO] [stdout] test arraystring::traits::clone::testing::test_clone_from ... ok
[INFO] [stdout] test arraystring::traits::debug::testing::test_debug ... ok
[INFO] [stdout] test arraystring::traits::borrow::testing::test_borrow_mut ... ok
[INFO] [stdout] test arraystring::traits::deref::testing::test_deref ... ok
[INFO] [stdout] test arraystring::traits::default::testing::test_default ... ok
[INFO] [stdout] test arraystring::traits::deref::testing::test_deref_mut ... ok
[INFO] [stdout] test arraystring::test_arraystring::test_pop ... ok
[INFO] [stdout] test arraystring::traits::display::testing::test_display ... ok
[INFO] [stdout] test arraystring::traits::eq::testing::test_eq_str ... ok
[INFO] [stdout] test arraystring::traits::eq::testing::test_eq_self ... ok
[INFO] [stdout] test arraystring::traits::fmt_write::testing::test_write_char ... ok
[INFO] [stdout] test arraystring::traits::fmt_write::testing::test_write_char_fails ... ok
[INFO] [stdout] test arraystring::traits::eq::testing::test_eq_string ... ok
[INFO] [stdout] test arraystring::traits::fmt_write::testing::test_write_str ... ok
[INFO] [stdout] test arraystring::traits::from_str::testing::test_from_str ... ok
[INFO] [stdout] test arraystring::traits::hash::testing::test_hash ... ok
[INFO] [stdout] test arraystring::traits::ord::testing::test_ord ... ok
[INFO] [stdout] test arraystring::traits::ord::testing::test_partial_ord ... ok
[INFO] [stdout] test arraystring::traits::try_from::testing::test_try_from_char ... ok
[INFO] [stdout] test arraystring::traits::try_from::testing::test_try_from_mut_str_err ... ok
[INFO] [stdout] test arraystring::traits::try_from::testing::test_try_from_mut_str ... ok
[INFO] [stdout] test arraystring::traits::try_from::testing::test_try_from_char_fails ... ok
[INFO] [stdout] test arraystring::traits::try_from::testing::test_try_from_str ... ok
[INFO] [stdout] test arraystring::traits::try_from::testing::test_try_from_str_err ... ok
[INFO] [stdout] test arraystring::traits::try_from::testing::test_try_from_string ... ok
[INFO] [stdout] test arrayvec::drain::tests::test_drain_as_ref ... ok
[INFO] [stdout] test arraystring::traits::try_from::testing::test_try_from_string_fails ... ok
[INFO] [stdout] test arrayvec::drain::tests::test_drain_as_slice ... ok
[INFO] [stdout] test arrayvec::drain::tests::test_drain_double_ended_iterator ... ok
[INFO] [stdout] test arraystring::test_arraystring::test_insert_index_out_of_bounds - should panic ... ok
[INFO] [stdout] test arraystring::test_arraystring::test_insert_no_char_boundary - should panic ... ok
[INFO] [stdout] test arrayvec::errors::testing::test_capacity_error_clone ... ok
[INFO] [stdout] test arraystring::test_arraystring::test_insert_no_spare_capacity - should panic ... ok
[INFO] [stdout] test arrayvec::drain::tests::test_drain_size_hint ... ok
[INFO] [stdout] test arrayvec::errors::testing::test_capacity_error_display ... ok
[INFO] [stdout] test arrayvec::errors::testing::test_capacity_error_copy ... ok
[INFO] [stdout] test arrayvec::errors::testing::test_capacity_error_debug ... ok
[INFO] [stdout] test arrayvec::errors::testing::test_capacity_error_val_clone ... ok
[INFO] [stdout] test arrayvec::errors::testing::test_capacity_error_val_debug ... ok
[INFO] [stdout] test arrayvec::errors::testing::test_capacity_error_val_display ... ok
[INFO] [stdout] test arrayvec::errors::testing::test_insert_error_display ... ok
[INFO] [stdout] test arrayvec::errors::testing::test_insert_error_debug ... ok
[INFO] [stdout] test arrayvec::errors::testing::test_insert_error_val_debug ... ok
[INFO] [stdout] test arrayvec::errors::testing::test_insert_error_val_clone ... ok
[INFO] [stdout] test arrayvec::errors::testing::test_insert_error_val_copy ... ok
[INFO] [stdout] test arraystring::test_arraystring::test_insert_str_index_out_of_bounds - should panic ... ok
[INFO] [stdout] test arrayvec::errors::testing::test_insert_error_val_display ... ok
[INFO] [stdout] test arrayvec::errors::testing::test_insert_error_val_into_value ... ok
[INFO] [stdout] test arrayvec::test_arrayvec::test_arrayvec_covariance ... ok
[INFO] [stdout] test arrayvec::test_arrayvec::test_copy_from_slice ... ok
[INFO] [stdout] test arrayvec::test_arrayvec::test_capacity_len_empty_full ... ok
[INFO] [stdout] test arrayvec::test_arrayvec::test_arrayvec_drain_covariance ... ok
[INFO] [stdout] test arrayvec::test_arrayvec::test_drain_dropped ... ok
[INFO] [stdout] test arrayvec::test_arrayvec::test_drain_empty_range ... ok
[INFO] [stdout] test arrayvec::test_arrayvec::test_drain_excluded_start ... ok
[INFO] [stdout] test arrayvec::test_arrayvec::test_drain_included_end ... ok
[INFO] [stdout] test arrayvec::test_arrayvec::test_drain_prefix_smp ... ok
[INFO] [stdout] test arrayvec::test_arrayvec::test_copy_from_slice_panics - should panic ... ok
[INFO] [stdout] test arrayvec::test_arrayvec::test_drain_suffix_smp ... ok
[INFO] [stdout] test arraystring::test_arraystring::test_push_panics - should panic ... ok
[INFO] [stdout] test arrayvec::drain::tests::test_drain_debug ... ok
[INFO] [stdout] test arrayvec::test_arrayvec::test_drain_unbounded_range ... ok
[INFO] [stdout] test arrayvec::test_arrayvec::test_drain_unbounded_start ... ok
[INFO] [stdout] test arrayvec::test_arrayvec::test_drain_zst ... ok
[INFO] [stdout] test arrayvec::test_arrayvec::test_extend ... ok
[INFO] [stdout] test arrayvec::test_arrayvec::test_extend_panics - should panic ... ok
[INFO] [stdout] test arrayvec::test_arrayvec::test_insert ... ok
[INFO] [stdout] test arrayvec::test_arrayvec::test_insert_unchecked ... ok
[INFO] [stdout] test arrayvec::test_arrayvec::test_insert_panics - should panic ... ok
[INFO] [stdout] test arrayvec::test_arrayvec::test_insert_unchecked_dropped ... ok
[INFO] [stdout] test arrayvec::test_arrayvec::test_iter ... ok
[INFO] [stdout] test arrayvec::test_arrayvec::test_iter_mut ... ok
[INFO] [stdout] test arrayvec::test_arrayvec::test_pop ... ok
[INFO] [stdout] test arrayvec::test_arrayvec::test_pop_dropped ... ok
[INFO] [stdout] test arrayvec::test_arrayvec::test_pop_unchecked ... ok
[INFO] [stdout] test arrayvec::test_arrayvec::test_pop_unchecked_dropped ... ok
[INFO] [stdout] test arrayvec::test_arrayvec::test_push ... ok
[INFO] [stdout] test arrayvec::test_arrayvec::test_push_panics - should panic ... ok
[INFO] [stdout] test arrayvec::test_arrayvec::test_push_unchecked ... ok
[INFO] [stdout] test arrayvec::test_arrayvec::test_remove ... ok
[INFO] [stdout] test arrayvec::test_arrayvec::test_push_unchecked_dropped ... ok
[INFO] [stdout] test arrayvec::test_arrayvec::test_drain_unbounded_end ... ok
[INFO] [stdout] test arrayvec::test_arrayvec::test_remove_dropped ... ok
[INFO] [stdout] test arrayvec::test_arrayvec::test_remove_unchecked ... ok
[INFO] [stdout] test arrayvec::test_arrayvec::test_remove_invalid_index - should panic ... ok
[INFO] [stdout] test arrayvec::test_arrayvec::test_remove_unchecked_dropped ... ok
[INFO] [stdout] test arrayvec::test_arrayvec::test_resize ... ok
[INFO] [stdout] test arraystring::test_arraystring::test_insert_str_no_char_boundary - should panic ... ok
[INFO] [stdout] test arrayvec::test_arrayvec::test_copy_from_slice_unchecked ... ok
[INFO] [stdout] test arraystring::test_arraystring::test_remove_no_char_boundary - should panic ... ok
[INFO] [stdout] test arrayvec::test_arrayvec::test_resize_with_dropped ... ok
[INFO] [stdout] test arraystring::test_arraystring::test_remove_index_equals_length - should panic ... ok
[INFO] [stdout] test arrayvec::test_arrayvec::test_retain_dropped_retain_all ... ok
[INFO] [stdout] test arrayvec::test_arrayvec::test_resize_with_panics - should panic ... ok
[INFO] [stdout] test arrayvec::test_arrayvec::test_retain ... ok
[INFO] [stdout] test arrayvec::test_arrayvec::test_retain_dropped_retain_none ... ok
[INFO] [stdout] test arrayvec::test_arrayvec::test_retain_mut ... ok
[INFO] [stdout] test arrayvec::test_arrayvec::test_spare_capacity_mut_dropped ... ok
[INFO] [stdout] test arraystring::test_arraystring::test_push_str_panics - should panic ... ok
[INFO] [stdout] test arrayvec::test_arrayvec::test_split_at_spare_mut_dropped ... ok
[INFO] [stdout] test arrayvec::test_arrayvec::test_swap_remove_dropped ... ok
[INFO] [stdout] test arrayvec::test_arrayvec::test_retain_dropped ... ok
[INFO] [stdout] test arraystring::test_arraystring::test_remove_index_exceeds_length - should panic ... ok
[INFO] [stdout] test arraystring::traits::fmt_write::testing::test_write_str_fails ... FAILED
[INFO] [stdout] test arraystring::test_arraystring::test_insert_str_no_spare_capacity - should panic ... ok
[INFO] [stdout] test arrayvec::test_arrayvec::test_drain_end_overflow - should panic ... ok
[INFO] [stdout] test arrayvec::test_arrayvec::test_swap_remove ... ok
[INFO] [stdout] test arrayvec::test_arrayvec::test_try_copy_from_slice ... ok
[INFO] [stdout] test arrayvec::test_arrayvec::test_swap_remove_panics - should panic ... ok
[INFO] [stdout] test arrayvec::test_arrayvec::test_try_from_iter ... ok
[INFO] [stdout] test arrayvec::test_arrayvec::test_try_insert ... ok
[INFO] [stdout] test arrayvec::test_arrayvec::test_try_insert_val ... ok
[INFO] [stdout] test arrayvec::test_arrayvec::test_try_insert_val_dropped ... ok
[INFO] [stdout] test arrayvec::test_arrayvec::test_try_push ... ok
[INFO] [stdout] test arrayvec::test_arrayvec::test_drain_invalid_range - should panic ... ok
[INFO] [stdout] test arrayvec::test_arrayvec::test_swap_remove_unchecked_dropped ... ok
[INFO] [stdout] test arrayvec::test_arrayvec::test_drain_end_out_of_bounds - should panic ... ok
[INFO] [stdout] test arrayvec::test_arrayvec::test_try_push_val ... ok
[INFO] [stdout] test arrayvec::test_arrayvec::test_swap_remove_unchecked ... ok
[INFO] [stdout] test arrayvec::test_arrayvec::test_drain_start_overflow - should panic ... ok
[INFO] [stdout] test arrayvec::test_arrayvec::test_try_push_val_dropped ... ok
[INFO] [stdout] test arrayvec::test_arrayvec::test_try_remove ... ok
[INFO] [stdout] test arrayvec::test_arrayvec::test_try_remove_dropped ... ok
[INFO] [stdout] test arrayvec::test_arrayvec::test_try_swap_remove ... ok
[INFO] [stdout] test arrayvec::test_arrayvec::test_resize_panics - should panic ... ok
[INFO] [stdout] test arrayvec::test_arrayvec::test_try_swap_remove_dropped ... ok
[INFO] [stdout] test arraystring::test_arraystring::test_truncate_panics - should panic ... ok
[INFO] [stdout] test arrayvec::test_arrayvec::test_try_resize ... ok
[INFO] [stdout] test arrayvec::test_arrayvec::test_zst_push_pop ... ok
[INFO] [stdout] test arrayvec::test_arrayvec::test_zst_clone ... ok
[INFO] [stdout] test arrayvec::test_arrayvec::test_zst_truncate ... ok
[INFO] [stdout] test arrayvec::test_arrayvec::test_zst_size ... ok
[INFO] [stdout] test arrayvec::traits::as_mut::testing::test_as_mut_av ... ok
[INFO] [stdout] test arrayvec::traits::borrow::testing::test_borrow_mut ... ok
[INFO] [stdout] test arrayvec::traits::clone::testing::test_clone ... ok
[INFO] [stdout] test arrayvec::traits::clone::testing::test_clone_from ... ok
[INFO] [stdout] test arrayvec::traits::default::testing::test_default ... ok
[INFO] [stdout] test arrayvec::traits::debug::testing::test_debug ... ok
[INFO] [stdout] test arrayvec::traits::as_ref::testing::test_as_ref_av ... ok
[INFO] [stdout] test arrayvec::traits::eq::testing::test_eq_arr ... ok
[INFO] [stdout] test arrayvec::traits::drop::testing::test_drop ... ok
[INFO] [stdout] test arrayvec::traits::eq::testing::test_eq_arr_ref ... ok
[INFO] [stdout] test arrayvec::traits::eq::testing::test_eq_av ... ok
[INFO] [stdout] test arrayvec::test_arrayvec::test_try_resize_with_dropped ... ok
[INFO] [stdout] test arrayvec::traits::as_ref::testing::test_as_ref_slice ... ok
[INFO] [stdout] test arrayvec::traits::drop::testing::test_drop_copy ... ok
[INFO] [stdout] test arrayvec::traits::borrow::testing::test_borrow ... ok
[INFO] [stdout] test arrayvec::traits::eq::testing::test_eq_av_ref ... ok
[INFO] [stdout] test arrayvec::traits::eq::testing::test_eq_slice ... ok
[INFO] [stdout] test arrayvec::traits::eq::testing::test_eq_slice_ref ... ok
[INFO] [stdout] test arrayvec::traits::from_iterator::testing::test_from_iter ... ok
[INFO] [stdout] test arrayvec::traits::as_mut::testing::test_as_mut_slice ... ok
[INFO] [stdout] test arrayvec::traits::from_iterator::testing::test_from_iter_copy ... ok
[INFO] [stdout] test arrayvec::traits::hash::testing::test_hash ... ok
[INFO] [stdout] test arrayvec::traits::from_iterator::testing::test_from_iter_panics_on_capacity_error - should panic ... ok
[INFO] [stdout] test arrayvec::traits::index::testing::test_index ... ok
[INFO] [stdout] test arrayvec::traits::index::testing::test_index_mut ... ok
[INFO] [stdout] test arrayvec::traits::index::testing::test_index_mut_dropped ... ok
[INFO] [stdout] test arrayvec::traits::index::testing::test_index_mut_panics - should panic ... ok
[INFO] [stdout] test arrayvec::traits::index::testing::test_index_panics - should panic ... ok
[INFO] [stdout] test arrayvec::traits::index::testing::test_range_index_mut_panics - should panic ... ok
[INFO] [stdout] test arrayvec::traits::into_iterator::testing::test_into_iterator_mut ... ok
[INFO] [stdout] test arrayvec::traits::io_write::tests::test_io_write ... ok
[INFO] [stdout] test arrayvec::traits::io_write::tests::test_io_write_empty ... ok
[INFO] [stdout] test arrayvec::traits::io_write::tests::test_io_write_flush ... ok
[INFO] [stdout] test arrayvec::traits::index::testing::test_range_index_panics - should panic ... ok
[INFO] [stdout] test arrayvec::traits::into_iterator::testing::test_into_iterator_ref ... ok
[INFO] [stdout] test arrayvec::traits::io_write::tests::test_io_write_full ... ok
[INFO] [stdout] test arrayvec::traits::ord::testing::test_ord ... ok
[INFO] [stdout] test arrayvec::traits::ord::testing::test_partial_ord ... ok
[INFO] [stdout] test arrayvec::traits::try_from::testing::test_try_from_array ... ok
[INFO] [stdout] test arrayvec::traits::try_from::testing::test_try_from_array_err ... ok
[INFO] [stdout] test arrayvec::traits::try_from::testing::test_try_from_mut_slice ... ok
[INFO] [stdout] test arrayvec::traits::try_from::testing::test_try_from_mut_slice_err ... ok
[INFO] [stdout] test arrayvec::traits::try_from::testing::test_try_from_slice ... ok
[INFO] [stdout] test arrayvec::traits::try_from::testing::test_try_from_slice_err ... ok
[INFO] [stdout] test len::length_type::testing::test_display ... ok
[INFO] [stdout] test mem::errors::reservation_error::testing::test_reservation_error_display ... ok
[INFO] [stdout] test mem::policy::testing::test_zeroed ... ok
[INFO] [stdout] test smallvec::drain::tests::test_drain_as_ref ... ok
[INFO] [stdout] test smallvec::drain::tests::test_drain_double_ended_iterator ... ok
[INFO] [stdout] test smallvec::drain::tests::test_drain_size_hint ... ok
[INFO] [stdout] test smallvec::drain::tests::test_drain_debug ... ok
[INFO] [stdout] test smallvec::test_smallvec::test_as_ptr ... ok
[INFO] [stdout] test smallvec::test_smallvec::test_as_slice ... ok
[INFO] [stdout] test smallvec::test_smallvec::test_clear ... ok
[INFO] [stdout] test smallvec::test_smallvec::test_clone_from_heap_heap ... ok
[INFO] [stdout] test smallvec::drain::tests::test_drain_as_slice ... ok
[INFO] [stdout] test smallvec::test_smallvec::test_clone_heap ... ok
[INFO] [stdout] test smallvec::test_smallvec::test_copy_from_slice_zst ... ok
[INFO] [stdout] test smallvec::test_smallvec::test_clone_zst ... ok
[INFO] [stdout] test mem::policy::testing::test_pattern ... ok
[INFO] [stdout] test smallvec::test_smallvec::test_copy_from_slice ... ok
[INFO] [stdout] test smallvec::test_smallvec::test_drain_all_heap ... ok
[INFO] [stdout] test smallvec::test_smallvec::test_drain_all_local ... ok
[INFO] [stdout] test smallvec::test_smallvec::test_drain_empty_range ... ok
[INFO] [stdout] test smallvec::test_smallvec::test_drain_middle_heap ... ok
[INFO] [stdout] test smallvec::test_smallvec::test_drain_prefix_heap ... ok
[INFO] [stdout] test smallvec::test_smallvec::test_drain_suffix_heap ... ok
[INFO] [stdout] test smallvec::test_smallvec::test_drain_suffix_local ... ok
[INFO] [stdout] test smallvec::test_smallvec::test_drain_zst ... ok
[INFO] [stdout] test smallvec::test_smallvec::test_clone_from_heap_local ... ok
[INFO] [stdout] test smallvec::test_smallvec::test_clone_local ... ok
[INFO] [stdout] test smallvec::test_smallvec::test_has_spare_capacity ... ok
[INFO] [stdout] test smallvec::test_smallvec::test_has_spare_capacity_zst ... ok
[INFO] [stdout] test smallvec::test_smallvec::test_insert ... ok
[INFO] [stdout] test mem::policy::testing::test_uninitialized ... ok
[INFO] [stdout] test smallvec::test_smallvec::test_drain_middle_local ... ok
[INFO] [stdout] test smallvec::test_smallvec::test_drain_prefix_local ... ok
[INFO] [stdout] test smallvec::test_smallvec::test_clone_from_local_heap ... ok
[INFO] [stdout] test smallvec::test_smallvec::test_clone_from_local_local ... ok
[INFO] [stdout] test smallvec::test_smallvec::test_is_full ... ok
[INFO] [stdout] test smallvec::errors::testing::test_insert_error_display ... ok
[INFO] [stdout] test smallvec::test_smallvec::test_pop ... ok
[INFO] [stdout] test smallvec::test_smallvec::test_push ... ok
[INFO] [stdout] test smallvec::test_smallvec::test_push_dropped ... ok
[INFO] [stdout] test smallvec::test_smallvec::test_push_move_local_to_heap ... ok
[INFO] [stdout] test smallvec::test_smallvec::test_is_full_zst ... ok
[INFO] [stdout] test smallvec::test_smallvec::test_remove_local ... ok
[INFO] [stdout] test smallvec::test_smallvec::test_push_panics_on_length_overflow - should panic ... ok
[INFO] [stdout] test smallvec::test_smallvec::test_drain_end_overflow - should panic ... ok
[INFO] [stdout] test smallvec::test_smallvec::test_remove_heap ... ok
[INFO] [stdout] test smallvec::test_smallvec::test_drain_end_out_of_bounds - should panic ... ok
[INFO] [stdout] test smallvec::test_smallvec::test_drain_start_out_of_bounds - should panic ... ok
[INFO] [stdout] test smallvec::test_smallvec::test_drain_start_overflow - should panic ... ok
[INFO] [stdout] test smallvec::test_smallvec::test_insert_panics_on_invalid_index_heap - should panic ... ok
[INFO] [stdout] test smallvec::test_smallvec::test_insert_panics_on_invalid_index_local - should panic ... ok
[INFO] [stdout] test smallvec::test_smallvec::test_insert_panics_on_invalid_index_local_to_heap - should panic ... ok
[INFO] [stdout] test smallvec::test_smallvec::test_insert_panics_on_reservation_error_heap - should panic ... ok
[INFO] [stdout] test smallvec::test_smallvec::test_insert_panics_on_reservation_error_local_to_heap - should panic ... ok
[INFO] [stdout] test smallvec::test_smallvec::test_remove_heap_panics - should panic ... ok
[INFO] [stdout] test smallvec::test_smallvec::test_clone_dropped ... ok
[INFO] [stdout] test smallvec::test_smallvec::test_reserve ... ok
[INFO] [stdout] test smallvec::test_smallvec::test_copy_from_slice_zst_panics - should panic ... ok
[INFO] [stdout] test smallvec::test_smallvec::test_resize_heap ... ok
[INFO] [stdout] test smallvec::test_smallvec::test_reserve_panics_on_length_overflow_when_heap - should panic ... ok
[INFO] [stdout] test smallvec::test_smallvec::test_resize_with_dropped ... ok
[INFO] [stdout] test smallvec::test_smallvec::test_reserve_panics_on_length_overflow_when_local - should panic ... ok
[INFO] [stdout] test smallvec::test_smallvec::test_resize_with_local ... ok
[INFO] [stdout] test smallvec::test_smallvec::test_retain ... ok
[INFO] [stdout] test smallvec::test_smallvec::test_resize_with_heap_panics - should panic ... ok
[INFO] [stdout] test smallvec::test_smallvec::test_retain_dropped ... ok
[INFO] [stdout] test smallvec::test_smallvec::test_reserve_panics_on_usize_overflow_when_local - should panic ... ok
[INFO] [stdout] test smallvec::test_smallvec::test_reserve_panics_on_usize_overflow_when_heap - should panic ... ok
[INFO] [stdout] test smallvec::test_smallvec::test_resize_with_local_panics - should panic ... ok
[INFO] [stdout] test smallvec::test_smallvec::test_resize_local ... ok
[INFO] [stdout] test smallvec::test_smallvec::test_remove_local_panics - should panic ... ok
[INFO] [stdout] test smallvec::test_smallvec::test_small_vec_covariance ... ok
[INFO] [stdout] test smallvec::test_smallvec::test_spare_capacity ... ok
[INFO] [stdout] test smallvec::test_smallvec::test_reserve_zst_panics_on_length_overflow - should panic ... ok
[INFO] [stdout] test smallvec::test_smallvec::test_split_at_spare_mut_zst ... ok
[INFO] [stdout] test smallvec::test_smallvec::test_spare_capacity_zst ... ok
[INFO] [stdout] test smallvec::test_smallvec::test_small_vec_drain_covariance ... ok
[INFO] [stdout] test smallvec::test_smallvec::test_resize_local_panics - should panic ... ok
[INFO] [stdout] test smallvec::test_smallvec::test_swap_remove_local ... ok
[INFO] [stdout] test smallvec::test_smallvec::test_retain_mut ... ok
[INFO] [stdout] test smallvec::test_smallvec::test_spare_capacity_mut_zst ... ok
[INFO] [stdout] test smallvec::test_smallvec::test_truncate ... ok
[INFO] [stdout] test smallvec::test_smallvec::test_swap_remove_heap ... ok
[INFO] [stdout] test smallvec::test_smallvec::test_try_copy_from_slice ... ok
[INFO] [stdout] test smallvec::test_smallvec::test_swap_remove_heap_panics - should panic ... ok
[INFO] [stdout] test smallvec::test_smallvec::test_swap_remove_local_panics - should panic ... ok
[INFO] [stdout] test smallvec::test_smallvec::test_split_at_spare_mut ... ok
[INFO] [stdout] test smallvec::test_smallvec::test_try_copy_from_slice_zst ... ok
[INFO] [stdout] test smallvec::test_smallvec::test_try_from_iter_fails_without_valid_hint ... ok
[INFO] [stdout] test smallvec::test_smallvec::test_try_insert_dropped ... ok
[INFO] [stdout] test smallvec::test_smallvec::test_try_insert_reservation_error_heap ... ok
[INFO] [stdout] test smallvec::test_smallvec::test_try_from_iter_drops_on_failure_without_valid_hint ... ok
[INFO] [stdout] test smallvec::test_smallvec::test_try_from_iter_fails_on_iterator_size_hint ... ok
[INFO] [stdout] test smallvec::test_smallvec::test_try_insert_local ... ok
[INFO] [stdout] test smallvec::test_smallvec::test_try_insert_heap ... ok
[INFO] [stdout] test smallvec::test_smallvec::test_try_insert_local_to_heap ... ok
[INFO] [stdout] test smallvec::test_smallvec::test_try_from_iter ... ok
[INFO] [stdout] test smallvec::test_smallvec::test_try_insert_reservation_error_local_to_heap ... ok
[INFO] [stdout] test smallvec::test_smallvec::test_try_push ... ok
[INFO] [stdout] test smallvec::test_smallvec::test_resize_with_heap ... ok
[INFO] [stdout] test smallvec::test_smallvec::test_try_remove_empty_sv ... ok
[INFO] [stdout] test smallvec::test_smallvec::test_try_push_dropped ... ok
[INFO] [stdout] test smallvec::test_smallvec::test_spare_capacity_mut ... ok
[INFO] [stdout] test smallvec::test_smallvec::test_try_push_zst_capacity_overflow ... ok
[INFO] [stdout] test smallvec::test_smallvec::test_try_push_fails_on_length_overflow ... ok
[INFO] [stdout] test smallvec::test_smallvec::test_try_remove_heap ... ok
[INFO] [stdout] test smallvec::test_smallvec::test_try_remove_local ... ok
[INFO] [stdout] test smallvec::test_smallvec::test_try_reserve ... ok
[INFO] [stdout] test smallvec::test_smallvec::test_try_reserve_fails_on_length_overflow_when_local ... ok
[INFO] [stdout] test smallvec::test_smallvec::test_try_reserve_fails_on_usize_overflow_when_heap ... ok
[INFO] [stdout] test smallvec::test_smallvec::test_try_resize_with_dropped ... ok
[INFO] [stdout] test smallvec::test_smallvec::test_try_resize_with_local ... ok
[INFO] [stdout] test smallvec::test_smallvec::test_try_resize_with_heap ... ok
[INFO] [stdout] test smallvec::test_smallvec::test_try_swap_remove_empty_vector ... ok
[INFO] [stdout] test smallvec::test_smallvec::test_try_swap_remove_heap ... ok
[INFO] [stdout] test smallvec::test_smallvec::test_with_capacity ... ok
[INFO] [stdout] test smallvec::test_smallvec::test_zst_capacity ... ok
[INFO] [stdout] test smallvec::test_smallvec::test_try_resize_heap ... ok
[INFO] [stdout] test smallvec::test_smallvec::test_zst_never_heap ... ok
[INFO] [stdout] test smallvec::test_smallvec::test_try_swap_remove_local ... ok
[INFO] [stdout] test smallvec::test_smallvec::test_zst_pop_local ... ok
[INFO] [stdout] test smallvec::test_smallvec::test_zst_pop_heap ... ok
[INFO] [stdout] test smallvec::test_smallvec::test_zst_remove ... ok
[INFO] [stdout] test smallvec::test_smallvec::test_try_resize_local ... ok
[INFO] [stdout] test smallvec::test_smallvec::test_zst_push ... ok
[INFO] [stdout] test smallvec::test_smallvec::test_try_reserve_fails_on_length_overflow_when_heap ... ok
[INFO] [stdout] test smallvec::test_smallvec::test_zst_resize ... ok
[INFO] [stdout] test smallvec::test_smallvec::test_zst_resize_with ... ok
[INFO] [stdout] test smallvec::test_smallvec::test_copy_from_slice_panics - should panic ... ok
[INFO] [stdout] test smallvec::test_smallvec::test_zst_remove_panics - should panic ... ok
[INFO] [stdout] test smallvec::test_smallvec::test_zst_resize_panics - should panic ... ok
[INFO] [stdout] test smallvec::test_smallvec::test_try_reserve_fails_on_usize_overflow_when_local ... ok
[INFO] [stdout] test smallvec::test_smallvec::test_zst_swap_remove ... ok
[INFO] [stdout] test smallvec::test_smallvec::test_try_reserve_exact ... ok
[INFO] [stdout] test smallvec::test_smallvec::test_try_reserve_zst_fails_on_length_overflow ... ok
[INFO] [stdout] test smallvec::test_smallvec::test_zst_resize_with_panics - should panic ... ok
[INFO] [stdout] test smallvec::test_smallvec::test_zst_try_push ... ok
[INFO] [stdout] test smallvec::test_smallvec::test_zst_try_remove ... ok
[INFO] [stdout] test smallvec::test_smallvec::test_zst_try_swap_remove ... ok
[INFO] [stdout] test smallvec::test_smallvec::test_zst_try_resize_with ... ok
[INFO] [stdout] test smallvec::test_smallvec::test_zst_swap_remove_panics - should panic ... ok
[INFO] [stdout] test smallvec::traits::as_mut::testing::test_as_mut_slice ... ok
[INFO] [stdout] test smallvec::traits::as_ref::testing::test_as_ref_av ... ok
[INFO] [stdout] test smallvec::traits::as_ref::testing::test_as_ref_slice ... ok
[INFO] [stdout] test smallvec::traits::borrow::testing::test_borrow ... ok
[INFO] [stdout] test smallvec::traits::borrow::testing::test_borrow_mut ... ok
[INFO] [stdout] test smallvec::traits::debug::testing::test_debug ... ok
[INFO] [stdout] test smallvec::traits::default::testing::test_default ... ok
[INFO] [stdout] test smallvec::traits::deref::testing::test_deref_mut ... ok
[INFO] [stdout] test smallvec::traits::drop::testing::test_drop_truncate_heap ... ok
[INFO] [stdout] test smallvec::traits::drop::testing::test_drop_truncate_local ... ok
[INFO] [stdout] test smallvec::test_smallvec::test_zst_try_resize ... ok
[INFO] [stdout] test smallvec::traits::as_mut::testing::test_as_mut_av ... ok
[INFO] [stdout] test smallvec::traits::eq::testing::test_eq_arr ... ok
[INFO] [stdout] test smallvec::traits::eq::testing::test_eq_arr_ref ... ok
[INFO] [stdout] test smallvec::traits::eq::testing::test_eq_av ... ok
[INFO] [stdout] test smallvec::traits::eq::testing::test_eq_av_ref ... ok
[INFO] [stdout] test smallvec::traits::eq::testing::test_eq_slice ... ok
[INFO] [stdout] test smallvec::traits::eq::testing::test_eq_slice_ref ... ok
[INFO] [stdout] test smallvec::test_smallvec::test_zst_try_insert ... ok
[INFO] [stdout] test smallvec::traits::eq::testing::test_ref_eq_arr ... ok
[INFO] [stdout] test smallvec::traits::extend::testing::test_extend ... ok
[INFO] [stdout] test smallvec::traits::extend::testing::test_extend_dropped ... ok
[INFO] [stdout] test smallvec::traits::extend::testing::test_extend_panics - should panic ... ok
[INFO] [stdout] test smallvec::traits::from_iterator::testing::test_from_iter_copy ... ok
[INFO] [stdout] test smallvec::traits::index::testing::test_index ... ok
[INFO] [stdout] test smallvec::traits::from_iterator::testing::test_from_iter ... ok
[INFO] [stdout] test smallvec::traits::into_iterator::testing::test_into_iterator_mut ... ok
[INFO] [stdout] test smallvec::traits::index::testing::test_range_index_panics - should panic ... ok
[INFO] [stdout] test smallvec::traits::hash::testing::test_hash ... ok
[INFO] [stdout] test smallvec::traits::io_write::tests::test_io_write_local ... ok
[INFO] [stdout] test smallvec::traits::into_iterator::testing::test_into_iterator_ref ... ok
[INFO] [stdout] test smallvec::traits::index::testing::test_index_mut_dropped ... ok
[INFO] [stdout] test smallvec::traits::io_write::tests::test_io_write ... ok
[INFO] [stdout] test smallvec::traits::io_write::tests::test_io_write_out_of_memory ... ok
[INFO] [stdout] test smallvec::traits::io_write::tests::test_io_write_empty ... ok
[INFO] [stdout] test smallvec::traits::index::testing::test_index_mut_panics - should panic ... ok
[INFO] [stdout] test smallvec::traits::index::testing::test_index_panics - should panic ... ok
[INFO] [stdout] test smallvec::traits::ord::testing::test_ord ... ok
[INFO] [stdout] test smallvec::traits::ord::testing::test_partial_ord ... ok
[INFO] [stdout] test smallvec::traits::index::testing::test_range_index_mut_panics - should panic ... ok
[INFO] [stdout] test smallvec::traits::try_from::testing::test_try_from_arr ... ok
[INFO] [stdout] test smallvec::traits::io_write::tests::test_io_write_flush ... ok
[INFO] [stdout] test smallvec::traits::try_from::testing::test_try_from_mut_slice ... ok
[INFO] [stdout] test smallvec::traits::try_from::testing::test_try_from_slice ... ok
[INFO] [stdout] test smallvec::traits::index::testing::test_index_mut ... ok
[INFO] [stdout] test smallvec::traits::deref::testing::test_deref ... ok
[INFO] [stdout] test testing::dropped_zst::testing::test_dropped_zst ... ok
[INFO] [stdout] 
[INFO] [stdout] failures:
[INFO] [stdout] 
[INFO] [stdout] ---- arraystring::traits::fmt_write::testing::test_write_str_fails stdout ----
[INFO] [stdout] thread 'arraystring::traits::fmt_write::testing::test_write_str_fails' panicked at src/arraystring/traits/fmt_write.rs:48:9:
[INFO] [stdout] assertion `left == right` failed
[INFO] [stdout]   left: ""
[INFO] [stdout]  right: "Hello, "
[INFO] [stdout] stack backtrace:
[INFO] [stdout]    0:     0x56449b09262a - std::backtrace_rs::backtrace::libunwind::trace::h8810477743020387
[INFO] [stdout]                                at /rustc/202008a1b8de96d2e5b6bc02d379db03a877d34d/library/std/src/../../backtrace/src/backtrace/libunwind.rs:116:5
[INFO] [stdout]    1:     0x56449b09262a - std::backtrace_rs::backtrace::trace_unsynchronized::h3aa55355dd6c54a6
[INFO] [stdout]                                at /rustc/202008a1b8de96d2e5b6bc02d379db03a877d34d/library/std/src/../../backtrace/src/backtrace/mod.rs:66:5
[INFO] [stdout]    2:     0x56449b09262a - std::sys::backtrace::_print_fmt::h8588b0f62410823f
[INFO] [stdout]                                at /rustc/202008a1b8de96d2e5b6bc02d379db03a877d34d/library/std/src/sys/backtrace.rs:66:9
[INFO] [stdout]    3:     0x56449b09262a - <std::sys::backtrace::BacktraceLock::print::DisplayBacktrace as core::fmt::Display>::fmt::h98c26ac25ffe89bb
[INFO] [stdout]                                at /rustc/202008a1b8de96d2e5b6bc02d379db03a877d34d/library/std/src/sys/backtrace.rs:39:26
[INFO] [stdout]    4:     0x56449b0b8183 - core::fmt::rt::Argument::fmt::hf95377f4aebd453b
[INFO] [stdout]                                at /rustc/202008a1b8de96d2e5b6bc02d379db03a877d34d/library/core/src/fmt/rt.rs:177:76
[INFO] [stdout]    5:     0x56449b0b8183 - core::fmt::write::h0dd5f6e2238c7982
[INFO] [stdout]                                at /rustc/202008a1b8de96d2e5b6bc02d379db03a877d34d/library/core/src/fmt/mod.rs:1189:21
[INFO] [stdout]    6:     0x56449b08f7c3 - std::io::Write::write_fmt::h03bb0ca26e6faf8c
[INFO] [stdout]                                at /rustc/202008a1b8de96d2e5b6bc02d379db03a877d34d/library/std/src/io/mod.rs:1884:15
[INFO] [stdout]    7:     0x56449b092472 - std::sys::backtrace::BacktraceLock::print::h5c19c1c038ee186d
[INFO] [stdout]                                at /rustc/202008a1b8de96d2e5b6bc02d379db03a877d34d/library/std/src/sys/backtrace.rs:42:9
[INFO] [stdout]    8:     0x56449b093aad - std::panicking::default_hook::{{closure}}::h77172f079a1fcb13
[INFO] [stdout]                                at /rustc/202008a1b8de96d2e5b6bc02d379db03a877d34d/library/std/src/panicking.rs:268:22
[INFO] [stdout]    9:     0x56449b0938b7 - std::panicking::default_hook::he5f8e3b203ccddba
[INFO] [stdout]                                at /rustc/202008a1b8de96d2e5b6bc02d379db03a877d34d/library/std/src/panicking.rs:292:9
[INFO] [stdout]   10:     0x56449b05d1e7 - <alloc::boxed::Box<F,A> as core::ops::function::Fn<Args>>::call::h7a3c7b4a1ae77f2f
[INFO] [stdout]                                at /rustc/202008a1b8de96d2e5b6bc02d379db03a877d34d/library/alloc/src/boxed.rs:1986:9
[INFO] [stdout]   11:     0x56449b05d1e7 - test::test_main::{{closure}}::hf0d3b69ae9b353d1
[INFO] [stdout]                                at /rustc/202008a1b8de96d2e5b6bc02d379db03a877d34d/library/test/src/lib.rs:134:21
[INFO] [stdout]   12:     0x56449b094158 - <alloc::boxed::Box<F,A> as core::ops::function::Fn<Args>>::call::h6332e82e7b189abd
[INFO] [stdout]                                at /rustc/202008a1b8de96d2e5b6bc02d379db03a877d34d/library/alloc/src/boxed.rs:1986:9
[INFO] [stdout]   13:     0x56449b094158 - std::panicking::rust_panic_with_hook::h53863d4e9018df39
[INFO] [stdout]                                at /rustc/202008a1b8de96d2e5b6bc02d379db03a877d34d/library/std/src/panicking.rs:809:13
[INFO] [stdout]   14:     0x56449b093f1a - std::panicking::begin_panic_handler::{{closure}}::h67280e6fa0757873
[INFO] [stdout]                                at /rustc/202008a1b8de96d2e5b6bc02d379db03a877d34d/library/std/src/panicking.rs:674:13
[INFO] [stdout]   15:     0x56449b092b09 - std::sys::backtrace::__rust_end_short_backtrace::h1dac3f54d6fbbeb2
[INFO] [stdout]                                at /rustc/202008a1b8de96d2e5b6bc02d379db03a877d34d/library/std/src/sys/backtrace.rs:170:18
[INFO] [stdout]   16:     0x56449b093bac - rust_begin_unwind
[INFO] [stdout]                                at /rustc/202008a1b8de96d2e5b6bc02d379db03a877d34d/library/std/src/panicking.rs:665:5
[INFO] [stdout]   17:     0x56449ae9eb00 - core::panicking::panic_fmt::h6792bd1b2bf01041
[INFO] [stdout]                                at /rustc/202008a1b8de96d2e5b6bc02d379db03a877d34d/library/core/src/panicking.rs:76:14
[INFO] [stdout]   18:     0x56449ae9ee2b - core::panicking::assert_failed_inner::hf2c17e6d30928787
[INFO] [stdout]   19:     0x56449afd0988 - core::panicking::assert_failed::hed59ef6f0d78e209
[INFO] [stdout]                                at /rustc/202008a1b8de96d2e5b6bc02d379db03a877d34d/library/core/src/panicking.rs:373:5
[INFO] [stdout]   20:     0x56449b00fa3b - cds::arraystring::traits::fmt_write::testing::test_write_str_fails::h6f66bbe3b7ba9e72
[INFO] [stdout]                                at /opt/rustwide/workdir/src/arraystring/traits/fmt_write.rs:48:9
[INFO] [stdout]   21:     0x56449b00f947 - cds::arraystring::traits::fmt_write::testing::test_write_str_fails::{{closure}}::hac4e8760a7db2f9b
[INFO] [stdout]                                at /opt/rustwide/workdir/src/arraystring/traits/fmt_write.rs:42:30
[INFO] [stdout]   22:     0x56449afd9576 - core::ops::function::FnOnce::call_once::h59694b7a69e6a912
[INFO] [stdout]                                at /rustc/202008a1b8de96d2e5b6bc02d379db03a877d34d/library/core/src/ops/function.rs:250:5
[INFO] [stdout]   23:     0x56449b061d0b - core::ops::function::FnOnce::call_once::h871bf86719ec9aa4
[INFO] [stdout]                                at /rustc/202008a1b8de96d2e5b6bc02d379db03a877d34d/library/core/src/ops/function.rs:250:5
[INFO] [stdout]   24:     0x56449b061d0b - test::__rust_begin_short_backtrace::h2167df1e2b7d76fd
[INFO] [stdout]                                at /rustc/202008a1b8de96d2e5b6bc02d379db03a877d34d/library/test/src/lib.rs:632:18
[INFO] [stdout]   25:     0x56449b0616f8 - test::run_test_in_process::{{closure}}::h15d92f75a3adfb79
[INFO] [stdout]                                at /rustc/202008a1b8de96d2e5b6bc02d379db03a877d34d/library/test/src/lib.rs:655:60
[INFO] [stdout]   26:     0x56449b0616f8 - <core::panic::unwind_safe::AssertUnwindSafe<F> as core::ops::function::FnOnce<()>>::call_once::hb6c8955835a8dbbb
[INFO] [stdout]                                at /rustc/202008a1b8de96d2e5b6bc02d379db03a877d34d/library/core/src/panic/unwind_safe.rs:272:9
[INFO] [stdout]   27:     0x56449b0616f8 - std::panicking::try::do_call::hc79d0fc888a0bd30
[INFO] [stdout]                                at /rustc/202008a1b8de96d2e5b6bc02d379db03a877d34d/library/std/src/panicking.rs:557:40
[INFO] [stdout]   28:     0x56449b0616f8 - std::panicking::try::hb8a7878e3a8589d6
[INFO] [stdout]                                at /rustc/202008a1b8de96d2e5b6bc02d379db03a877d34d/library/std/src/panicking.rs:520:19
[INFO] [stdout]   29:     0x56449b0616f8 - std::panic::catch_unwind::hb8e4600ff0ff5cfa
[INFO] [stdout]                                at /rustc/202008a1b8de96d2e5b6bc02d379db03a877d34d/library/std/src/panic.rs:358:14
[INFO] [stdout]   30:     0x56449b0616f8 - test::run_test_in_process::hc2900b0b18688dd6
[INFO] [stdout]                                at /rustc/202008a1b8de96d2e5b6bc02d379db03a877d34d/library/test/src/lib.rs:655:27
[INFO] [stdout]   31:     0x56449b0616f8 - test::run_test::{{closure}}::hac2a9cb07be3d48d
[INFO] [stdout]                                at /rustc/202008a1b8de96d2e5b6bc02d379db03a877d34d/library/test/src/lib.rs:576:43
[INFO] [stdout]   32:     0x56449b02519a - test::run_test::{{closure}}::h4a5b729e66a38cd8
[INFO] [stdout]                                at /rustc/202008a1b8de96d2e5b6bc02d379db03a877d34d/library/test/src/lib.rs:606:41
[INFO] [stdout]   33:     0x56449b02519a - std::sys::backtrace::__rust_begin_short_backtrace::h0496fb742492f573
[INFO] [stdout]                                at /rustc/202008a1b8de96d2e5b6bc02d379db03a877d34d/library/std/src/sys/backtrace.rs:154:18
[INFO] [stdout]   34:     0x56449b028b14 - std::thread::Builder::spawn_unchecked_::{{closure}}::{{closure}}::hbb6d257c550a54bd
[INFO] [stdout]                                at /rustc/202008a1b8de96d2e5b6bc02d379db03a877d34d/library/std/src/thread/mod.rs:561:17
[INFO] [stdout]   35:     0x56449b028b14 - <core::panic::unwind_safe::AssertUnwindSafe<F> as core::ops::function::FnOnce<()>>::call_once::h46696fe4a6832328
[INFO] [stdout]                                at /rustc/202008a1b8de96d2e5b6bc02d379db03a877d34d/library/core/src/panic/unwind_safe.rs:272:9
[INFO] [stdout]   36:     0x56449b028b14 - std::panicking::try::do_call::h2625a51b667bfb64
[INFO] [stdout]                                at /rustc/202008a1b8de96d2e5b6bc02d379db03a877d34d/library/std/src/panicking.rs:557:40
[INFO] [stdout]   37:     0x56449b028b14 - std::panicking::try::hb956a59a1973aa4c
[INFO] [stdout]                                at /rustc/202008a1b8de96d2e5b6bc02d379db03a877d34d/library/std/src/panicking.rs:520:19
[INFO] [stdout]   38:     0x56449b028b14 - std::panic::catch_unwind::h64f3b9d1067ef6a0
[INFO] [stdout]                                at /rustc/202008a1b8de96d2e5b6bc02d379db03a877d34d/library/std/src/panic.rs:358:14
[INFO] [stdout]   39:     0x56449b028b14 - std::thread::Builder::spawn_unchecked_::{{closure}}::h42b2841295b6c0b2
[INFO] [stdout]                                at /rustc/202008a1b8de96d2e5b6bc02d379db03a877d34d/library/std/src/thread/mod.rs:559:30
[INFO] [stdout]   40:     0x56449b028b14 - core::ops::function::FnOnce::call_once{{vtable.shim}}::h6127de71b8124639
[INFO] [stdout]                                at /rustc/202008a1b8de96d2e5b6bc02d379db03a877d34d/library/core/src/ops/function.rs:250:5
[INFO] [stdout]   41:     0x56449b09809b - <alloc::boxed::Box<F,A> as core::ops::function::FnOnce<Args>>::call_once::h42f0ba71002a1b2c
[INFO] [stdout]                                at /rustc/202008a1b8de96d2e5b6bc02d379db03a877d34d/library/alloc/src/boxed.rs:1972:9
[INFO] [stdout]   42:     0x56449b09809b - <alloc::boxed::Box<F,A> as core::ops::function::FnOnce<Args>>::call_once::had9e47d7a3dcecb8
[INFO] [stdout]                                at /rustc/202008a1b8de96d2e5b6bc02d379db03a877d34d/library/alloc/src/boxed.rs:1972:9
[INFO] [stdout]   43:     0x56449b09809b - std::sys::pal::unix::thread::Thread::new::thread_start::h48cf765408f6f5f2
[INFO] [stdout]                                at /rustc/202008a1b8de96d2e5b6bc02d379db03a877d34d/library/std/src/sys/pal/unix/thread.rs:105:17
[INFO] [stdout]   44:     0x7715fd66aac3 - <unknown>
[INFO] [stdout]   45:     0x7715fd6fba04 - clone
[INFO] [stdout]   46:                0x0 - <unknown>
[INFO] [stdout] 
[INFO] [stdout] 
[INFO] [stdout] failures:
[INFO] [stdout]     arraystring::traits::fmt_write::testing::test_write_str_fails
[INFO] [stdout] 
[INFO] [stdout] test result: FAILED. 392 passed; 1 failed; 0 ignored; 0 measured; 0 filtered out; finished in 0.23s
[INFO] [stdout] 
[INFO] [stderr] error: test failed, to rerun pass `--lib`
[INFO] running `Command { std: "docker" "inspect" "4b7b695e12c260c2047fb8fbbc2e47a84055c01f0276b432879d10ceea3de574", kill_on_drop: false }`
[INFO] running `Command { std: "docker" "rm" "-f" "4b7b695e12c260c2047fb8fbbc2e47a84055c01f0276b432879d10ceea3de574", kill_on_drop: false }`
[INFO] [stdout] 4b7b695e12c260c2047fb8fbbc2e47a84055c01f0276b432879d10ceea3de574
