[INFO] fetching crate cdp-html-shot 0.1.23...
[INFO] testing cdp-html-shot-0.1.23 against 1.83.0 for beta-1.84.0-4-retry
[INFO] extracting crate cdp-html-shot 0.1.23 into /workspace/builds/worker-7-tc1/source
[INFO] validating manifest of crates.io crate cdp-html-shot 0.1.23 on toolchain 1.83.0
[INFO] running `Command { std: CARGO_HOME="/workspace/cargo-home" RUSTUP_HOME="/workspace/rustup-home" "/workspace/cargo-home/bin/cargo" "+1.83.0" "metadata" "--manifest-path" "Cargo.toml" "--no-deps", kill_on_drop: false }`
[INFO] started tweaking crates.io crate cdp-html-shot 0.1.23
[INFO] removed 0 missing examples
[INFO] finished tweaking crates.io crate cdp-html-shot 0.1.23
[INFO] tweaked toml for crates.io crate cdp-html-shot 0.1.23 written to /workspace/builds/worker-7-tc1/source/Cargo.toml
[INFO] crate crates.io crate cdp-html-shot 0.1.23 already has a lockfile, it will not be regenerated
[INFO] running `Command { std: CARGO_HOME="/workspace/cargo-home" RUSTUP_HOME="/workspace/rustup-home" "/workspace/cargo-home/bin/cargo" "+1.83.0" "fetch" "--manifest-path" "Cargo.toml", kill_on_drop: false }`
[INFO] [stderr]     Blocking waiting for file lock on package cache
[INFO] [stderr]     Updating crates.io index
[INFO] [stderr]  Downloading crates ...
[INFO] [stderr]   Downloaded which v7.0.0
[INFO] [stderr]   Downloaded itoa v1.0.12
[INFO] [stderr]   Downloaded shindan-maker v0.1.23
[INFO] running `Command { std: "docker" "create" "-v" "/var/lib/crater-agent-workspace/builds/worker-7-tc1/target:/opt/rustwide/target:rw,Z" "-v" "/var/lib/crater-agent-workspace/builds/worker-7-tc1/source:/opt/rustwide/workdir:ro,Z" "-v" "/var/lib/crater-agent-workspace/cargo-home:/opt/rustwide/cargo-home:ro,Z" "-v" "/var/lib/crater-agent-workspace/rustup-home:/opt/rustwide/rustup-home:ro,Z" "-e" "SOURCE_DIR=/opt/rustwide/workdir" "-e" "CARGO_TARGET_DIR=/opt/rustwide/target" "-e" "CARGO_HOME=/opt/rustwide/cargo-home" "-e" "RUSTUP_HOME=/opt/rustwide/rustup-home" "-w" "/opt/rustwide/workdir" "-m" "1610612736" "--user" "0:0" "--network" "none" "ghcr.io/rust-lang/crates-build-env/linux@sha256:f3a9d4ad9d972b27faf3965f35b62e55ba32bbce8f20bc8fe909558a86702fde" "/opt/rustwide/cargo-home/bin/cargo" "+1.83.0" "metadata" "--no-deps" "--format-version=1", kill_on_drop: false }`
[INFO] [stdout] 165aaea679aa9472f3c6210fd4a9882e994953820238dd79cd7343eb7d4ea97e
[INFO] running `Command { std: "docker" "start" "-a" "165aaea679aa9472f3c6210fd4a9882e994953820238dd79cd7343eb7d4ea97e", kill_on_drop: false }`
[INFO] running `Command { std: "docker" "inspect" "165aaea679aa9472f3c6210fd4a9882e994953820238dd79cd7343eb7d4ea97e", kill_on_drop: false }`
[INFO] running `Command { std: "docker" "rm" "-f" "165aaea679aa9472f3c6210fd4a9882e994953820238dd79cd7343eb7d4ea97e", kill_on_drop: false }`
[INFO] [stdout] 165aaea679aa9472f3c6210fd4a9882e994953820238dd79cd7343eb7d4ea97e
[INFO] running `Command { std: "docker" "create" "-v" "/var/lib/crater-agent-workspace/builds/worker-7-tc1/target:/opt/rustwide/target:rw,Z" "-v" "/var/lib/crater-agent-workspace/builds/worker-7-tc1/source:/opt/rustwide/workdir:ro,Z" "-v" "/var/lib/crater-agent-workspace/cargo-home:/opt/rustwide/cargo-home:ro,Z" "-v" "/var/lib/crater-agent-workspace/rustup-home:/opt/rustwide/rustup-home:ro,Z" "-e" "SOURCE_DIR=/opt/rustwide/workdir" "-e" "CARGO_TARGET_DIR=/opt/rustwide/target" "-e" "CARGO_INCREMENTAL=0" "-e" "RUST_BACKTRACE=full" "-e" "RUSTFLAGS=--cap-lints=warn" "-e" "RUSTDOCFLAGS=--cap-lints=warn" "-e" "CARGO_HOME=/opt/rustwide/cargo-home" "-e" "RUSTUP_HOME=/opt/rustwide/rustup-home" "-w" "/opt/rustwide/workdir" "-m" "1610612736" "--user" "0:0" "--network" "none" "ghcr.io/rust-lang/crates-build-env/linux@sha256:f3a9d4ad9d972b27faf3965f35b62e55ba32bbce8f20bc8fe909558a86702fde" "/opt/rustwide/cargo-home/bin/cargo" "+1.83.0" "build" "--frozen" "--message-format=json", kill_on_drop: false }`
[INFO] [stdout] 7ecb42f274c72e78036f9a3b4ac96225d824a7b31b6882d74190bf0fb78da5e5
[INFO] running `Command { std: "docker" "start" "-a" "7ecb42f274c72e78036f9a3b4ac96225d824a7b31b6882d74190bf0fb78da5e5", kill_on_drop: false }`
[INFO] [stderr]    Compiling proc-macro2 v1.0.89
[INFO] [stderr]    Compiling unicode-ident v1.0.13
[INFO] [stderr]    Compiling libc v0.2.164
[INFO] [stderr]    Compiling autocfg v1.4.0
[INFO] [stderr]    Compiling cfg-if v1.0.0
[INFO] [stderr]    Compiling typenum v1.17.0
[INFO] [stderr]    Compiling version_check v0.9.5
[INFO] [stderr]    Compiling memchr v2.7.4
[INFO] [stderr]    Compiling byteorder v1.5.0
[INFO] [stderr]    Compiling futures-sink v0.3.31
[INFO] [stderr]    Compiling futures-core v0.3.31
[INFO] [stderr]    Compiling pin-project-lite v0.2.15
[INFO] [stderr]    Compiling bitflags v2.6.0
[INFO] [stderr]    Compiling futures-channel v0.3.31
[INFO] [stderr]    Compiling generic-array v0.14.7
[INFO] [stderr]    Compiling slab v0.4.9
[INFO] [stderr]    Compiling httparse v1.9.5
[INFO] [stderr]    Compiling thiserror v1.0.69
[INFO] [stderr]    Compiling futures-io v0.3.31
[INFO] [stderr]    Compiling pin-utils v0.1.0
[INFO] [stderr]    Compiling futures-task v0.3.31
[INFO] [stderr]    Compiling quote v1.0.37
[INFO] [stderr]    Compiling itoa v1.0.12
[INFO] [stderr]    Compiling syn v2.0.87
[INFO] [stderr]    Compiling cfg_aliases v0.2.1
[INFO] [stderr]    Compiling bytes v1.8.0
[INFO] [stderr]    Compiling rustix v0.38.41
[INFO] [stderr]    Compiling nix v0.29.0
[INFO] [stderr]    Compiling num-traits v0.2.19
[INFO] [stderr]    Compiling cpufeatures v0.2.15
[INFO] [stderr]    Compiling linux-raw-sys v0.4.14
[INFO] [stderr]    Compiling serde v1.0.215
[INFO] [stderr]    Compiling fnv v1.0.7
[INFO] [stderr]    Compiling http v1.1.0
[INFO] [stderr]    Compiling aho-corasick v1.1.3
[INFO] [stderr]    Compiling utf-8 v0.7.6
[INFO] [stderr]    Compiling getrandom v0.2.15
[INFO] [stderr]    Compiling rand_core v0.6.4
[INFO] [stderr]    Compiling socket2 v0.5.7
[INFO] [stderr]    Compiling mio v1.0.2
[INFO] [stderr]    Compiling anyhow v1.0.93
[INFO] [stderr]    Compiling crypto-common v0.1.6
[INFO] [stderr]    Compiling block-buffer v0.10.4
[INFO] [stderr]    Compiling digest v0.10.7
[INFO] [stderr]    Compiling regex-syntax v0.8.5
[INFO] [stderr]    Compiling sha1 v0.10.6
[INFO] [stderr]    Compiling log v0.4.22
[INFO] [stderr]    Compiling serde_json v1.0.133
[INFO] [stderr]    Compiling data-encoding v2.6.0
[INFO] [stderr]    Compiling either v1.13.0
[INFO] [stderr]    Compiling once_cell v1.20.2
[INFO] [stderr]    Compiling home v0.5.9
[INFO] [stderr]    Compiling iana-time-zone v0.1.61
[INFO] [stderr]    Compiling fastrand v2.2.0
[INFO] [stderr]    Compiling ryu v1.0.18
[INFO] [stderr]    Compiling tempfile v3.14.0
[INFO] [stderr]    Compiling chrono v0.4.38
[INFO] [stderr]    Compiling which v7.0.0
[INFO] [stderr]    Compiling ctrlc v3.4.5
[INFO] [stderr]    Compiling regex-automata v0.4.9
[INFO] [stderr]    Compiling zerocopy-derive v0.7.35
[INFO] [stderr]    Compiling futures-macro v0.3.31
[INFO] [stderr]    Compiling thiserror-impl v1.0.69
[INFO] [stderr]    Compiling tokio-macros v2.4.0
[INFO] [stderr]    Compiling serde_derive v1.0.215
[INFO] [stderr]    Compiling zerocopy v0.7.35
[INFO] [stderr]    Compiling tokio v1.41.1
[INFO] [stderr]    Compiling futures-util v0.3.31
[INFO] [stderr]    Compiling ppv-lite86 v0.2.20
[INFO] [stderr]    Compiling regex v1.11.1
[INFO] [stderr]    Compiling rand_chacha v0.3.1
[INFO] [stderr]    Compiling rand v0.8.5
[INFO] [stderr]    Compiling tungstenite v0.24.0
[INFO] [stderr]    Compiling futures-executor v0.3.31
[INFO] [stderr]    Compiling futures v0.3.31
[INFO] [stderr]    Compiling tokio-tungstenite v0.24.0
[INFO] [stderr]    Compiling cdp-html-shot v0.1.23 (/opt/rustwide/workdir)
[INFO] [stdout] warning: creating a shared reference to mutable static is discouraged
[INFO] [stdout]    --> src/browser.rs:297:27
[INFO] [stdout]     |
[INFO] [stdout] 297 |               let browser = BROWSER
[INFO] [stdout]     |  ___________________________^
[INFO] [stdout] 298 | |                 .get_or_init(|| async {
[INFO] [stdout] 299 | |                     let browser = Browser::new().await.unwrap();
[INFO] [stdout] 300 | |                     browser.close_init_tab().await.unwrap();
[INFO] [stdout] 301 | |                     Arc::new(browser)
[INFO] [stdout] 302 | |                 })
[INFO] [stdout]     | |__________________^ shared reference to mutable static
[INFO] [stdout]     |
[INFO] [stdout]     = note: for more information, see <https://doc.rust-lang.org/nightly/edition-guide/rust-2024/static-mut-references.html>
[INFO] [stdout]     = note: shared references to mutable statics are dangerous; it's undefined behavior if the static is mutated or if a mutable reference is created for it while the shared reference lives
[INFO] [stdout]     = note: `#[warn(static_mut_refs)]` on by default
[INFO] [stdout] 
[INFO] [stdout] 
[INFO] [stdout] warning: creating a mutable reference to mutable static is discouraged
[INFO] [stdout]    --> src/browser.rs:317:31
[INFO] [stdout]     |
[INFO] [stdout] 317 |             Arc::get_mut(&mut BROWSER.take()?)?.close().ok()
[INFO] [stdout]     |                               ^^^^^^^^^^^^^^ mutable reference to mutable static
[INFO] [stdout]     |
[INFO] [stdout]     = note: for more information, see <https://doc.rust-lang.org/nightly/edition-guide/rust-2024/static-mut-references.html>
[INFO] [stdout]     = note: mutable references to mutable statics are dangerous; it's undefined behavior if any other pointer to the static is used or if any other reference is created for the static while the mutable reference lives
[INFO] [stdout] 
[INFO] [stdout] 
[INFO] [stderr]     Finished `dev` profile [unoptimized + debuginfo] target(s) in 1m 09s
[INFO] running `Command { std: "docker" "inspect" "7ecb42f274c72e78036f9a3b4ac96225d824a7b31b6882d74190bf0fb78da5e5", kill_on_drop: false }`
[INFO] running `Command { std: "docker" "rm" "-f" "7ecb42f274c72e78036f9a3b4ac96225d824a7b31b6882d74190bf0fb78da5e5", kill_on_drop: false }`
[INFO] [stdout] 7ecb42f274c72e78036f9a3b4ac96225d824a7b31b6882d74190bf0fb78da5e5
[INFO] running `Command { std: "docker" "create" "-v" "/var/lib/crater-agent-workspace/builds/worker-7-tc1/target:/opt/rustwide/target:rw,Z" "-v" "/var/lib/crater-agent-workspace/builds/worker-7-tc1/source:/opt/rustwide/workdir:ro,Z" "-v" "/var/lib/crater-agent-workspace/cargo-home:/opt/rustwide/cargo-home:ro,Z" "-v" "/var/lib/crater-agent-workspace/rustup-home:/opt/rustwide/rustup-home:ro,Z" "-e" "SOURCE_DIR=/opt/rustwide/workdir" "-e" "CARGO_TARGET_DIR=/opt/rustwide/target" "-e" "CARGO_INCREMENTAL=0" "-e" "RUST_BACKTRACE=full" "-e" "RUSTFLAGS=--cap-lints=warn" "-e" "RUSTDOCFLAGS=--cap-lints=warn" "-e" "CARGO_HOME=/opt/rustwide/cargo-home" "-e" "RUSTUP_HOME=/opt/rustwide/rustup-home" "-w" "/opt/rustwide/workdir" "-m" "1610612736" "--user" "0:0" "--network" "none" "ghcr.io/rust-lang/crates-build-env/linux@sha256:f3a9d4ad9d972b27faf3965f35b62e55ba32bbce8f20bc8fe909558a86702fde" "/opt/rustwide/cargo-home/bin/cargo" "+1.83.0" "test" "--frozen" "--no-run" "--message-format=json", kill_on_drop: false }`
[INFO] [stdout] 322f1351135920d6e482a5d2e1ac945ffed67f4642263600b506d857abebfcae
[INFO] running `Command { std: "docker" "start" "-a" "322f1351135920d6e482a5d2e1ac945ffed67f4642263600b506d857abebfcae", kill_on_drop: false }`
[INFO] [stderr]    Compiling libc v0.2.164
[INFO] [stderr]    Compiling siphasher v0.3.11
[INFO] [stderr]    Compiling byteorder v1.5.0
[INFO] [stderr]    Compiling smallvec v1.13.2
[INFO] [stderr]    Compiling stable_deref_trait v1.2.0
[INFO] [stderr]    Compiling once_cell v1.20.2
[INFO] [stderr]    Compiling syn v2.0.87
[INFO] [stderr]    Compiling futures-core v0.3.31
[INFO] [stderr]    Compiling futures-sink v0.3.31
[INFO] [stderr]    Compiling shlex v1.3.0
[INFO] [stderr]    Compiling litemap v0.7.3
[INFO] [stderr]    Compiling phf_shared v0.11.2
[INFO] [stderr]    Compiling writeable v0.5.5
[INFO] [stderr]    Compiling cc v1.2.1
[INFO] [stderr]    Compiling futures-channel v0.3.31
[INFO] [stderr]    Compiling vcpkg v0.2.15
[INFO] [stderr]    Compiling pkg-config v0.3.31
[INFO] [stderr]    Compiling icu_locid_transform_data v1.5.0
[INFO] [stderr]    Compiling phf_shared v0.10.0
[INFO] [stderr]    Compiling icu_properties_data v1.5.0
[INFO] [stderr]    Compiling lock_api v0.4.12
[INFO] [stderr]    Compiling write16 v1.0.0
[INFO] [stderr]    Compiling utf16_iter v1.0.5
[INFO] [stderr]    Compiling new_debug_unreachable v1.0.6
[INFO] [stderr]    Compiling icu_normalizer_data v1.5.0
[INFO] [stderr]    Compiling utf8_iter v1.0.4
[INFO] [stderr]    Compiling parking_lot_core v0.9.10
[INFO] [stderr]    Compiling tracing-core v0.1.32
[INFO] [stderr]    Compiling equivalent v1.0.1
[INFO] [stderr]    Compiling foreign-types-shared v0.1.1
[INFO] [stderr]    Compiling openssl v0.10.68
[INFO] [stderr]    Compiling hashbrown v0.15.1
[INFO] [stderr]    Compiling scopeguard v1.2.0
[INFO] [stderr]    Compiling percent-encoding v2.3.1
[INFO] [stderr]    Compiling getrandom v0.2.15
[INFO] [stderr]    Compiling tracing v0.1.40
[INFO] [stderr]    Compiling foreign-types v0.3.2
[INFO] [stderr]    Compiling rand_core v0.6.4
[INFO] [stderr]    Compiling http-body v1.0.1
[INFO] [stderr]    Compiling precomputed-hash v0.1.1
[INFO] [stderr]    Compiling native-tls v0.2.12
[INFO] [stderr]    Compiling powerfmt v0.2.0
[INFO] [stderr]    Compiling try-lock v0.2.5
[INFO] [stderr]    Compiling num-conv v0.1.0
[INFO] [stderr]    Compiling indexmap v2.6.0
[INFO] [stderr]    Compiling time-core v0.1.2
[INFO] [stderr]    Compiling mac v0.1.1
[INFO] [stderr]    Compiling atomic-waker v1.1.2
[INFO] [stderr]    Compiling deranged v0.3.11
[INFO] [stderr]    Compiling time-macros v0.2.18
[INFO] [stderr]    Compiling futf v0.1.5
[INFO] [stderr]    Compiling want v0.3.1
[INFO] [stderr]    Compiling parking_lot v0.12.3
[INFO] [stderr]    Compiling form_urlencoded v1.2.1
[INFO] [stderr]    Compiling cookie v0.18.1
[INFO] [stderr]    Compiling dtoa v1.0.9
[INFO] [stderr]    Compiling openssl-sys v0.9.104
[INFO] [stderr]    Compiling openssl-probe v0.1.5
[INFO] [stderr]    Compiling dtoa-short v0.3.5
[INFO] [stderr]    Compiling tendril v0.4.3
[INFO] [stderr]    Compiling ahash v0.8.11
[INFO] [stderr]    Compiling tower-service v0.3.3
[INFO] [stderr]    Compiling litrs v0.4.1
[INFO] [stderr]    Compiling psl-types v2.0.11
[INFO] [stderr]    Compiling fxhash v0.2.1
[INFO] [stderr]    Compiling servo_arc v0.4.0
[INFO] [stderr]    Compiling unicode-width v0.1.14
[INFO] [stderr]    Compiling rustls-pki-types v1.10.0
[INFO] [stderr]    Compiling sync_wrapper v1.0.1
[INFO] [stderr]    Compiling encoding_rs v0.8.35
[INFO] [stderr]    Compiling mime v0.3.17
[INFO] [stderr]    Compiling getopts v0.2.21
[INFO] [stderr]    Compiling document-features v0.2.10
[INFO] [stderr]    Compiling rustls-pemfile v2.2.0
[INFO] [stderr]    Compiling base64 v0.22.1
[INFO] [stderr]    Compiling ipnet v2.10.1
[INFO] [stderr]    Compiling ego-tree v0.9.0
[INFO] [stderr]    Compiling time v0.3.36
[INFO] [stderr]    Compiling tempfile v3.14.0
[INFO] [stderr]    Compiling synstructure v0.13.1
[INFO] [stderr]    Compiling zerocopy-derive v0.7.35
[INFO] [stderr]    Compiling zerofrom-derive v0.1.4
[INFO] [stderr]    Compiling yoke-derive v0.7.4
[INFO] [stderr]    Compiling zerovec-derive v0.10.3
[INFO] [stderr]    Compiling displaydoc v0.2.5
[INFO] [stderr]    Compiling icu_provider_macros v1.5.0
[INFO] [stderr]    Compiling futures-macro v0.3.31
[INFO] [stderr]    Compiling serde_derive v1.0.215
[INFO] [stderr]    Compiling tokio-macros v2.4.0
[INFO] [stderr]    Compiling futures-util v0.3.31
[INFO] [stderr]    Compiling zerocopy v0.7.35
[INFO] [stderr]    Compiling openssl-macros v0.1.1
[INFO] [stderr]    Compiling thiserror-impl v1.0.69
[INFO] [stderr]    Compiling tokio v1.41.1
[INFO] [stderr]    Compiling zerofrom v0.1.4
[INFO] [stderr]    Compiling ppv-lite86 v0.2.20
[INFO] [stderr]    Compiling yoke v0.7.4
[INFO] [stderr]    Compiling rand_chacha v0.3.1
[INFO] [stderr]    Compiling zerovec v0.10.4
[INFO] [stderr]    Compiling rand v0.8.5
[INFO] [stderr]    Compiling cssparser-macros v0.6.1
[INFO] [stderr]    Compiling phf_generator v0.11.2
[INFO] [stderr]    Compiling tinystr v0.7.6
[INFO] [stderr]    Compiling phf_codegen v0.11.2
[INFO] [stderr]    Compiling icu_collections v1.5.0
[INFO] [stderr]    Compiling icu_locid v1.5.0
[INFO] [stderr]    Compiling phf_macros v0.11.2
[INFO] [stderr]    Compiling phf_generator v0.10.0
[INFO] [stderr]    Compiling string_cache_codegen v0.5.2
[INFO] [stderr]    Compiling markup5ever v0.14.0
[INFO] [stderr]    Compiling selectors v0.26.0
[INFO] [stderr]    Compiling icu_provider v1.5.0
[INFO] [stderr]    Compiling html5ever v0.29.0
[INFO] [stderr]    Compiling icu_locid_transform v1.5.0
[INFO] [stderr]    Compiling serde v1.0.215
[INFO] [stderr]    Compiling phf v0.11.2
[INFO] [stderr]    Compiling http-body-util v0.1.2
[INFO] [stderr]    Compiling cssparser v0.34.0
[INFO] [stderr]    Compiling thiserror v1.0.69
[INFO] [stderr]    Compiling icu_properties v1.5.1
[INFO] [stderr]    Compiling derive_more v0.99.18
[INFO] [stderr]    Compiling tungstenite v0.24.0
[INFO] [stderr]    Compiling futures-executor v0.3.31
[INFO] [stderr]    Compiling tokio-util v0.7.12
[INFO] [stderr]    Compiling tokio-native-tls v0.3.1
[INFO] [stderr]    Compiling futures v0.3.31
[INFO] [stderr]    Compiling tokio-tungstenite v0.24.0
[INFO] [stderr]    Compiling h2 v0.4.7
[INFO] [stderr]    Compiling string_cache v0.8.7
[INFO] [stderr]    Compiling serde_json v1.0.133
[INFO] [stderr]    Compiling serde_urlencoded v0.7.1
[INFO] [stderr]    Compiling icu_normalizer v1.5.0
[INFO] [stderr]    Compiling cdp-html-shot v0.1.23 (/opt/rustwide/workdir)
[INFO] [stderr]    Compiling idna_adapter v1.2.0
[INFO] [stderr]    Compiling idna v1.0.3
[INFO] [stderr]    Compiling hyper v1.5.1
[INFO] [stderr]    Compiling publicsuffix v2.3.0
[INFO] [stdout] warning: creating a shared reference to mutable static is discouraged
[INFO] [stdout]    --> src/browser.rs:297:27
[INFO] [stdout]     |
[INFO] [stdout] 297 |               let browser = BROWSER
[INFO] [stdout]     |  ___________________________^
[INFO] [stdout] 298 | |                 .get_or_init(|| async {
[INFO] [stdout] 299 | |                     let browser = Browser::new().await.unwrap();
[INFO] [stdout] 300 | |                     browser.close_init_tab().await.unwrap();
[INFO] [stdout] 301 | |                     Arc::new(browser)
[INFO] [stdout] 302 | |                 })
[INFO] [stdout]     | |__________________^ shared reference to mutable static
[INFO] [stdout]     |
[INFO] [stdout]     = note: for more information, see <https://doc.rust-lang.org/nightly/edition-guide/rust-2024/static-mut-references.html>
[INFO] [stdout]     = note: shared references to mutable statics are dangerous; it's undefined behavior if the static is mutated or if a mutable reference is created for it while the shared reference lives
[INFO] [stdout]     = note: `#[warn(static_mut_refs)]` on by default
[INFO] [stdout] 
[INFO] [stdout] 
[INFO] [stdout] warning: creating a mutable reference to mutable static is discouraged
[INFO] [stdout]    --> src/browser.rs:317:31
[INFO] [stdout]     |
[INFO] [stdout] 317 |             Arc::get_mut(&mut BROWSER.take()?)?.close().ok()
[INFO] [stdout]     |                               ^^^^^^^^^^^^^^ mutable reference to mutable static
[INFO] [stdout]     |
[INFO] [stdout]     = note: for more information, see <https://doc.rust-lang.org/nightly/edition-guide/rust-2024/static-mut-references.html>
[INFO] [stdout]     = note: mutable references to mutable statics are dangerous; it's undefined behavior if any other pointer to the static is used or if any other reference is created for the static while the mutable reference lives
[INFO] [stdout] 
[INFO] [stdout] 
[INFO] [stderr]    Compiling url v2.5.3
[INFO] [stderr]    Compiling scraper v0.21.0
[INFO] [stderr]    Compiling cookie_store v0.21.1
[INFO] [stderr]    Compiling hyper-util v0.1.10
[INFO] [stderr]    Compiling hyper-tls v0.6.0
[INFO] [stderr]    Compiling reqwest v0.12.9
[INFO] [stderr]    Compiling shindan-maker v0.1.23
[INFO] [stdout] warning: creating a shared reference to mutable static is discouraged
[INFO] [stdout]    --> src/browser.rs:297:27
[INFO] [stdout]     |
[INFO] [stdout] 297 |               let browser = BROWSER
[INFO] [stdout]     |  ___________________________^
[INFO] [stdout] 298 | |                 .get_or_init(|| async {
[INFO] [stdout] 299 | |                     let browser = Browser::new().await.unwrap();
[INFO] [stdout] 300 | |                     browser.close_init_tab().await.unwrap();
[INFO] [stdout] 301 | |                     Arc::new(browser)
[INFO] [stdout] 302 | |                 })
[INFO] [stdout]     | |__________________^ shared reference to mutable static
[INFO] [stdout]     |
[INFO] [stdout]     = note: for more information, see <https://doc.rust-lang.org/nightly/edition-guide/rust-2024/static-mut-references.html>
[INFO] [stdout]     = note: shared references to mutable statics are dangerous; it's undefined behavior if the static is mutated or if a mutable reference is created for it while the shared reference lives
[INFO] [stdout]     = note: `#[warn(static_mut_refs)]` on by default
[INFO] [stdout] 
[INFO] [stdout] 
[INFO] [stdout] warning: creating a mutable reference to mutable static is discouraged
[INFO] [stdout]    --> src/browser.rs:317:31
[INFO] [stdout]     |
[INFO] [stdout] 317 |             Arc::get_mut(&mut BROWSER.take()?)?.close().ok()
[INFO] [stdout]     |                               ^^^^^^^^^^^^^^ mutable reference to mutable static
[INFO] [stdout]     |
[INFO] [stdout]     = note: for more information, see <https://doc.rust-lang.org/nightly/edition-guide/rust-2024/static-mut-references.html>
[INFO] [stdout]     = note: mutable references to mutable statics are dangerous; it's undefined behavior if any other pointer to the static is used or if any other reference is created for the static while the mutable reference lives
[INFO] [stdout] 
[INFO] [stdout] 
[INFO] [stderr]     Finished `test` profile [unoptimized + debuginfo] target(s) in 2m 15s
[INFO] running `Command { std: "docker" "inspect" "322f1351135920d6e482a5d2e1ac945ffed67f4642263600b506d857abebfcae", kill_on_drop: false }`
[INFO] running `Command { std: "docker" "rm" "-f" "322f1351135920d6e482a5d2e1ac945ffed67f4642263600b506d857abebfcae", kill_on_drop: false }`
[INFO] [stdout] 322f1351135920d6e482a5d2e1ac945ffed67f4642263600b506d857abebfcae
[INFO] running `Command { std: "docker" "create" "-v" "/var/lib/crater-agent-workspace/builds/worker-7-tc1/target:/opt/rustwide/target:rw,Z" "-v" "/var/lib/crater-agent-workspace/builds/worker-7-tc1/source:/opt/rustwide/workdir:ro,Z" "-v" "/var/lib/crater-agent-workspace/cargo-home:/opt/rustwide/cargo-home:ro,Z" "-v" "/var/lib/crater-agent-workspace/rustup-home:/opt/rustwide/rustup-home:ro,Z" "-e" "SOURCE_DIR=/opt/rustwide/workdir" "-e" "CARGO_TARGET_DIR=/opt/rustwide/target" "-e" "CARGO_INCREMENTAL=0" "-e" "RUST_BACKTRACE=full" "-e" "RUSTFLAGS=--cap-lints=warn" "-e" "RUSTDOCFLAGS=--cap-lints=warn" "-e" "CARGO_HOME=/opt/rustwide/cargo-home" "-e" "RUSTUP_HOME=/opt/rustwide/rustup-home" "-w" "/opt/rustwide/workdir" "-m" "1610612736" "--user" "0:0" "--network" "none" "ghcr.io/rust-lang/crates-build-env/linux@sha256:f3a9d4ad9d972b27faf3965f35b62e55ba32bbce8f20bc8fe909558a86702fde" "/opt/rustwide/cargo-home/bin/cargo" "+1.83.0" "test" "--frozen", kill_on_drop: false }`
[INFO] [stdout] 5ccfa20d932752b2bfad49c6906241ba8d4cbe8fd215a7b5cba126875f3c7005
[INFO] running `Command { std: "docker" "start" "-a" "5ccfa20d932752b2bfad49c6906241ba8d4cbe8fd215a7b5cba126875f3c7005", kill_on_drop: false }`
[INFO] [stderr] warning: creating a shared reference to mutable static is discouraged
[INFO] [stderr]    --> src/browser.rs:297:27
[INFO] [stderr]     |
[INFO] [stderr] 297 |               let browser = BROWSER
[INFO] [stderr]     |  ___________________________^
[INFO] [stderr] 298 | |                 .get_or_init(|| async {
[INFO] [stderr] 299 | |                     let browser = Browser::new().await.unwrap();
[INFO] [stderr] 300 | |                     browser.close_init_tab().await.unwrap();
[INFO] [stderr] 301 | |                     Arc::new(browser)
[INFO] [stderr] 302 | |                 })
[INFO] [stderr]     | |__________________^ shared reference to mutable static
[INFO] [stderr]     |
[INFO] [stderr]     = note: for more information, see <https://doc.rust-lang.org/nightly/edition-guide/rust-2024/static-mut-references.html>
[INFO] [stderr]     = note: shared references to mutable statics are dangerous; it's undefined behavior if the static is mutated or if a mutable reference is created for it while the shared reference lives
[INFO] [stderr]     = note: `#[warn(static_mut_refs)]` on by default
[INFO] [stderr] 
[INFO] [stderr] warning: creating a mutable reference to mutable static is discouraged
[INFO] [stderr]    --> src/browser.rs:317:31
[INFO] [stderr]     |
[INFO] [stderr] 317 |             Arc::get_mut(&mut BROWSER.take()?)?.close().ok()
[INFO] [stderr]     |                               ^^^^^^^^^^^^^^ mutable reference to mutable static
[INFO] [stderr]     |
[INFO] [stderr]     = note: for more information, see <https://doc.rust-lang.org/nightly/edition-guide/rust-2024/static-mut-references.html>
[INFO] [stderr]     = note: mutable references to mutable statics are dangerous; it's undefined behavior if any other pointer to the static is used or if any other reference is created for the static while the mutable reference lives
[INFO] [stderr] 
[INFO] [stderr] warning: `cdp-html-shot` (lib) generated 2 warnings
[INFO] [stderr] warning: `cdp-html-shot` (lib test) generated 2 warnings (2 duplicates)
[INFO] [stderr]     Finished `test` profile [unoptimized + debuginfo] target(s) in 0.40s
[INFO] [stderr]      Running unittests src/lib.rs (/opt/rustwide/target/debug/deps/cdp_html_shot-57b552b0e8a81e19)
[INFO] [stdout] 
[INFO] [stdout] running 0 tests
[INFO] [stdout] 
[INFO] [stdout] test result: ok. 0 passed; 0 failed; 0 ignored; 0 measured; 0 filtered out; finished in 0.00s
[INFO] [stdout] 
[INFO] [stderr]    Doc-tests cdp_html_shot
[INFO] [stdout] 
[INFO] [stdout] running 14 tests
[INFO] [stdout] test src/browser.rs - browser::Browser::close (line 234) - compile ... ok
[INFO] [stdout] test src/browser.rs - browser::Browser::capture_html_with_options (line 182) - compile ... ok
[INFO] [stdout] test src/browser.rs - browser::Browser::instance (line 280) - compile ... ok
[INFO] [stdout] test src/browser.rs - browser::Browser::new (line 43) - compile ... ok
[INFO] [stdout] test src/browser.rs - browser::Browser::new_tab (line 84) - compile ... ok
[INFO] [stdout] test src/browser.rs - browser::Browser::capture_html (line 149) - compile ... ok
[INFO] [stdout] test src/tab.rs - tab::Tab::activate (line 239) - compile ... ok
[INFO] [stdout] test src/tab.rs - tab::Tab::new (line 22) - compile ... ok
[INFO] [stdout] test src/tab.rs - tab::Tab::goto (line 276) - compile ... ok
[INFO] [stdout] test src/tab.rs - tab::Tab::find_element (line 185) - compile ... ok
[INFO] [stdout] test src/tab.rs - tab::Tab::close (line 310) - compile ... ok
[INFO] [stdout] test src/tab.rs - tab::Tab::set_content (line 74) - compile ... ok
[INFO] [stdout] test src/lib.rs - (line 19) ... FAILED
[INFO] [stdout] test src/lib.rs - (line 47) ... FAILED
[INFO] [stdout] 
[INFO] [stdout] failures:
[INFO] [stdout] 
[INFO] [stdout] ---- src/lib.rs - (line 19) stdout ----
[INFO] [stdout] Test executable failed (exit status: 101).
[INFO] [stdout] 
[INFO] [stdout] stderr:
[INFO] [stdout] thread 'main' panicked at src/browser/browser_builder.rs:16:18:
[INFO] [stdout] Failed to create default browser config: Could not auto detect a chrome executable
[INFO] [stdout] 
[INFO] [stdout] Stack backtrace:
[INFO] [stdout]    0: anyhow::error::<impl anyhow::Error>::msg
[INFO] [stdout]              at /opt/rustwide/cargo-home/registry/src/index.crates.io-6f17d22bba15001f/anyhow-1.0.93/src/backtrace.rs:27:14
[INFO] [stdout]    1: anyhow::__private::format_err
[INFO] [stdout]              at /opt/rustwide/cargo-home/registry/src/index.crates.io-6f17d22bba15001f/anyhow-1.0.93/src/lib.rs:691:13
[INFO] [stdout]    2: cdp_html_shot::browser::browser_config::default_executable
[INFO] [stdout]              at ./src/browser/browser_config.rs:171:9
[INFO] [stdout]    3: cdp_html_shot::browser::browser_config::BrowserConfig::new
[INFO] [stdout]              at ./src/browser/browser_config.rs:83:30
[INFO] [stdout]    4: cdp_html_shot::browser::browser_builder::BrowserBuilder::new
[INFO] [stdout]              at ./src/browser/browser_builder.rs:15:21
[INFO] [stdout]    5: cdp_html_shot::browser::Browser::new::{{closure}}
[INFO] [stdout]    6: rust_out::main::{{closure}}
[INFO] [stdout]    7: <core::pin::Pin<P> as core::future::future::Future>::poll
[INFO] [stdout]    8: tokio::runtime::park::CachedParkThread::block_on::{{closure}}
[INFO] [stdout]    9: tokio::runtime::park::CachedParkThread::block_on
[INFO] [stdout]   10: tokio::runtime::context::blocking::BlockingRegionGuard::block_on
[INFO] [stdout]   11: tokio::runtime::scheduler::multi_thread::MultiThread::block_on::{{closure}}
[INFO] [stderr] error: doctest failed, to rerun pass `--doc`
[INFO] [stdout]   12: tokio::runtime::context::runtime::enter_runtime
[INFO] [stdout]   13: tokio::runtime::scheduler::multi_thread::MultiThread::block_on
[INFO] [stdout]   14: tokio::runtime::runtime::Runtime::block_on_inner
[INFO] [stdout]   15: tokio::runtime::runtime::Runtime::block_on
[INFO] [stdout]   16: rust_out::main
[INFO] [stdout]   17: core::ops::function::FnOnce::call_once
[INFO] [stdout]   18: std::sys::backtrace::__rust_begin_short_backtrace
[INFO] [stdout]   19: std::rt::lang_start::{{closure}}
[INFO] [stdout]   20: core::ops::function::impls::<impl core::ops::function::FnOnce<A> for &F>::call_once
[INFO] [stdout]              at /rustc/90b35a6239c3d8bdabc530a6a0816f7ff89a0aaf/library/core/src/ops/function.rs:284:13
[INFO] [stdout]   21: std::panicking::try::do_call
[INFO] [stdout]              at /rustc/90b35a6239c3d8bdabc530a6a0816f7ff89a0aaf/library/std/src/panicking.rs:557:40
[INFO] [stdout]   22: std::panicking::try
[INFO] [stdout]              at /rustc/90b35a6239c3d8bdabc530a6a0816f7ff89a0aaf/library/std/src/panicking.rs:520:19
[INFO] [stdout]   23: std::panic::catch_unwind
[INFO] [stdout]              at /rustc/90b35a6239c3d8bdabc530a6a0816f7ff89a0aaf/library/std/src/panic.rs:358:14
[INFO] [stdout]   24: std::rt::lang_start_internal::{{closure}}
[INFO] [stdout]              at /rustc/90b35a6239c3d8bdabc530a6a0816f7ff89a0aaf/library/std/src/rt.rs:174:48
[INFO] [stdout]   25: std::panicking::try::do_call
[INFO] [stdout]              at /rustc/90b35a6239c3d8bdabc530a6a0816f7ff89a0aaf/library/std/src/panicking.rs:557:40
[INFO] [stdout]   26: std::panicking::try
[INFO] [stdout]              at /rustc/90b35a6239c3d8bdabc530a6a0816f7ff89a0aaf/library/std/src/panicking.rs:520:19
[INFO] [stdout]   27: std::panic::catch_unwind
[INFO] [stdout]              at /rustc/90b35a6239c3d8bdabc530a6a0816f7ff89a0aaf/library/std/src/panic.rs:358:14
[INFO] [stdout]   28: std::rt::lang_start_internal
[INFO] [stdout]              at /rustc/90b35a6239c3d8bdabc530a6a0816f7ff89a0aaf/library/std/src/rt.rs:174:20
[INFO] [stdout]   29: std::rt::lang_start
[INFO] [stdout]   30: main
[INFO] [stdout]   31: <unknown>
[INFO] [stdout]   32: __libc_start_main
[INFO] [stdout]   33: _start
[INFO] [stdout] stack backtrace:
[INFO] [stdout]    0:     0x57b96659a64a - std::backtrace_rs::backtrace::libunwind::trace::h5a5b8284f2d0c266
[INFO] [stdout]                                at /rustc/90b35a6239c3d8bdabc530a6a0816f7ff89a0aaf/library/std/src/../../backtrace/src/backtrace/libunwind.rs:116:5
[INFO] [stdout]    1:     0x57b96659a64a - std::backtrace_rs::backtrace::trace_unsynchronized::h76d4f1c9b0b875e3
[INFO] [stdout]                                at /rustc/90b35a6239c3d8bdabc530a6a0816f7ff89a0aaf/library/std/src/../../backtrace/src/backtrace/mod.rs:66:5
[INFO] [stdout]    2:     0x57b96659a64a - std::sys::backtrace::_print_fmt::hc4546b8364a537c6
[INFO] [stdout]                                at /rustc/90b35a6239c3d8bdabc530a6a0816f7ff89a0aaf/library/std/src/sys/backtrace.rs:66:9
[INFO] [stdout]    3:     0x57b96659a64a - <std::sys::backtrace::BacktraceLock::print::DisplayBacktrace as core::fmt::Display>::fmt::h5b6bd5631a6d1f6b
[INFO] [stdout]                                at /rustc/90b35a6239c3d8bdabc530a6a0816f7ff89a0aaf/library/std/src/sys/backtrace.rs:39:26
[INFO] [stdout]    4:     0x57b9665c1673 - core::fmt::rt::Argument::fmt::h270f6602a2b96f62
[INFO] [stdout]                                at /rustc/90b35a6239c3d8bdabc530a6a0816f7ff89a0aaf/library/core/src/fmt/rt.rs:177:76
[INFO] [stdout]    5:     0x57b9665c1673 - core::fmt::write::h7550c97b06c86515
[INFO] [stdout]                                at /rustc/90b35a6239c3d8bdabc530a6a0816f7ff89a0aaf/library/core/src/fmt/mod.rs:1186:21
[INFO] [stdout]    6:     0x57b966597053 - std::io::Write::write_fmt::h7b09c64fe0be9c84
[INFO] [stdout]                                at /rustc/90b35a6239c3d8bdabc530a6a0816f7ff89a0aaf/library/std/src/io/mod.rs:1839:15
[INFO] [stdout]    7:     0x57b96659a492 - std::sys::backtrace::BacktraceLock::print::h2395ccd2c84ba3aa
[INFO] [stdout]                                at /rustc/90b35a6239c3d8bdabc530a6a0816f7ff89a0aaf/library/std/src/sys/backtrace.rs:42:9
[INFO] [stdout]    8:     0x57b96659b57c - std::panicking::default_hook::{{closure}}::he19d4c7230e07961
[INFO] [stdout]                                at /rustc/90b35a6239c3d8bdabc530a6a0816f7ff89a0aaf/library/std/src/panicking.rs:268:22
[INFO] [stdout]    9:     0x57b96659b3c2 - std::panicking::default_hook::hf614597d3c67bbdb
[INFO] [stdout]                                at /rustc/90b35a6239c3d8bdabc530a6a0816f7ff89a0aaf/library/std/src/panicking.rs:295:9
[INFO] [stdout]   10:     0x57b96659bb57 - std::panicking::rust_panic_with_hook::h8942133a8b252070
[INFO] [stdout]                                at /rustc/90b35a6239c3d8bdabc530a6a0816f7ff89a0aaf/library/std/src/panicking.rs:801:13
[INFO] [stdout]   11:     0x57b96659b9ea - std::panicking::begin_panic_handler::{{closure}}::hb5f5963570096b29
[INFO] [stdout]                                at /rustc/90b35a6239c3d8bdabc530a6a0816f7ff89a0aaf/library/std/src/panicking.rs:674:13
[INFO] [stdout]   12:     0x57b96659ab29 - std::sys::backtrace::__rust_end_short_backtrace::h6208cedc1922feda
[INFO] [stdout]                                at /rustc/90b35a6239c3d8bdabc530a6a0816f7ff89a0aaf/library/std/src/sys/backtrace.rs:170:18
[INFO] [stdout]   13:     0x57b96659b67c - rust_begin_unwind
[INFO] [stdout]                                at /rustc/90b35a6239c3d8bdabc530a6a0816f7ff89a0aaf/library/std/src/panicking.rs:665:5
[INFO] [stdout]   14:     0x57b9660a7d50 - core::panicking::panic_fmt::h0c3082644d1bf418
[INFO] [stdout]                                at /rustc/90b35a6239c3d8bdabc530a6a0816f7ff89a0aaf/library/core/src/panicking.rs:74:14
[INFO] [stdout]   15:     0x57b9660a8236 - core::result::unwrap_failed::hd20b4aa073bda1e2
[INFO] [stdout]                                at /rustc/90b35a6239c3d8bdabc530a6a0816f7ff89a0aaf/library/core/src/result.rs:1700:5
[INFO] [stdout]   16:     0x57b96611bee8 - core::result::Result<T,E>::expect::h115636cda2a1fd5b
[INFO] [stdout]                                at /rustc/90b35a6239c3d8bdabc530a6a0816f7ff89a0aaf/library/core/src/result.rs:1061:23
[INFO] [stdout]   17:     0x57b96613261e - cdp_html_shot::browser::browser_builder::BrowserBuilder::new::ha68c2fd2cc9aacac
[INFO] [stdout]                                at /opt/rustwide/workdir/src/browser/browser_builder.rs:15:21
[INFO] [stdout]   18:     0x57b9660c8bef - cdp_html_shot::browser::Browser::new::{{closure}}::h554280a4e6e2222a
[INFO] [stdout]   19:     0x57b96610c9ea - rust_out::main::{{closure}}::h629028693d6f8edf
[INFO] [stdout]   20:     0x57b9661013b6 - <core::pin::Pin<P> as core::future::future::Future>::poll::hf27f322c401af613
[INFO] [stdout]   21:     0x57b9660f0335 - tokio::runtime::park::CachedParkThread::block_on::{{closure}}::hd7b89ef540555e9d
[INFO] [stdout]   22:     0x57b9660f0125 - tokio::runtime::park::CachedParkThread::block_on::he1a75f23776eb43b
[INFO] [stdout]   23:     0x57b9660f86ab - tokio::runtime::context::blocking::BlockingRegionGuard::block_on::h364dd9774168d77d
[INFO] [stdout]   24:     0x57b9660f8ee1 - tokio::runtime::scheduler::multi_thread::MultiThread::block_on::{{closure}}::hf3340ad041e0f231
[INFO] [stdout]   25:     0x57b9660f7ea8 - tokio::runtime::context::runtime::enter_runtime::h905907d2b201c88d
[INFO] [stdout]   26:     0x57b9660f8dfd - tokio::runtime::scheduler::multi_thread::MultiThread::block_on::h38a9412aa27698bb
[INFO] [stdout]   27:     0x57b9660f88e8 - tokio::runtime::runtime::Runtime::block_on_inner::h26c0a8f6f8e132bf
[INFO] [stdout]   28:     0x57b9660f8d95 - tokio::runtime::runtime::Runtime::block_on::h133a6c31e6dbe1be
[INFO] [stdout]   29:     0x57b96610c7ca - rust_out::main::haa2e09613ccfa861
[INFO] [stdout]   30:     0x57b9660de5c3 - core::ops::function::FnOnce::call_once::hc97a8b678cb4dd31
[INFO] [stdout]   31:     0x57b9660da3a6 - std::sys::backtrace::__rust_begin_short_backtrace::hf14f7cd3793bf554
[INFO] [stdout]   32:     0x57b9660da1f9 - std::rt::lang_start::{{closure}}::h5553d54d6336cd61
[INFO] [stdout]   33:     0x57b9665903ee - core::ops::function::impls::<impl core::ops::function::FnOnce<A> for &F>::call_once::hfdb85f4ee94732d3
[INFO] [stdout]                                at /rustc/90b35a6239c3d8bdabc530a6a0816f7ff89a0aaf/library/core/src/ops/function.rs:284:13
[INFO] [stdout]   34:     0x57b9665903ee - std::panicking::try::do_call::h6e577310f330cbef
[INFO] [stdout]                                at /rustc/90b35a6239c3d8bdabc530a6a0816f7ff89a0aaf/library/std/src/panicking.rs:557:40
[INFO] [stdout]   35:     0x57b9665903ee - std::panicking::try::ha588d438267d2645
[INFO] [stdout]                                at /rustc/90b35a6239c3d8bdabc530a6a0816f7ff89a0aaf/library/std/src/panicking.rs:520:19
[INFO] [stdout]   36:     0x57b9665903ee - std::panic::catch_unwind::h429fda1e025f26d9
[INFO] [stdout]                                at /rustc/90b35a6239c3d8bdabc530a6a0816f7ff89a0aaf/library/std/src/panic.rs:358:14
[INFO] [stdout]   37:     0x57b9665903ee - std::rt::lang_start_internal::{{closure}}::h7b731265e841c4bf
[INFO] [stdout]                                at /rustc/90b35a6239c3d8bdabc530a6a0816f7ff89a0aaf/library/std/src/rt.rs:174:48
[INFO] [stdout]   38:     0x57b9665903ee - std::panicking::try::do_call::hc0f6a675b7ae5a36
[INFO] [stdout]                                at /rustc/90b35a6239c3d8bdabc530a6a0816f7ff89a0aaf/library/std/src/panicking.rs:557:40
[INFO] [stdout]   39:     0x57b9665903ee - std::panicking::try::h4c93b7ff0671f1ff
[INFO] [stdout]                                at /rustc/90b35a6239c3d8bdabc530a6a0816f7ff89a0aaf/library/std/src/panicking.rs:520:19
[INFO] [stdout]   40:     0x57b9665903ee - std::panic::catch_unwind::hcc1e154961d16ce6
[INFO] [stdout]                                at /rustc/90b35a6239c3d8bdabc530a6a0816f7ff89a0aaf/library/std/src/panic.rs:358:14
[INFO] [stdout]   41:     0x57b9665903ee - std::rt::lang_start_internal::h1c66660c99c8424c
[INFO] [stdout]                                at /rustc/90b35a6239c3d8bdabc530a6a0816f7ff89a0aaf/library/std/src/rt.rs:174:20
[INFO] [stdout]   42:     0x57b9660da1d7 - std::rt::lang_start::h06a5f488b8c0b472
[INFO] [stdout]   43:     0x57b96610d0d5 - main
[INFO] [stdout]   44:     0x7d74a3d1ed90 - <unknown>
[INFO] [stdout]   45:     0x7d74a3d1ee40 - __libc_start_main
[INFO] [stdout]   46:     0x57b9660a8835 - _start
[INFO] [stdout]   47:                0x0 - <unknown>
[INFO] [stdout] 
[INFO] [stdout] 
[INFO] [stdout] ---- src/lib.rs - (line 47) stdout ----
[INFO] [stdout] Test executable failed (exit status: 101).
[INFO] [stdout] 
[INFO] [stdout] stderr:
[INFO] [stdout] thread 'main' panicked at src/browser/browser_builder.rs:16:18:
[INFO] [stdout] Failed to create default browser config: Could not auto detect a chrome executable
[INFO] [stdout] 
[INFO] [stdout] Stack backtrace:
[INFO] [stdout]    0: anyhow::error::<impl anyhow::Error>::msg
[INFO] [stdout]              at /opt/rustwide/cargo-home/registry/src/index.crates.io-6f17d22bba15001f/anyhow-1.0.93/src/backtrace.rs:27:14
[INFO] [stdout]    1: anyhow::__private::format_err
[INFO] [stdout]              at /opt/rustwide/cargo-home/registry/src/index.crates.io-6f17d22bba15001f/anyhow-1.0.93/src/lib.rs:691:13
[INFO] [stdout]    2: cdp_html_shot::browser::browser_config::default_executable
[INFO] [stdout]              at ./src/browser/browser_config.rs:171:9
[INFO] [stdout]    3: cdp_html_shot::browser::browser_config::BrowserConfig::new
[INFO] [stdout]              at ./src/browser/browser_config.rs:83:30
[INFO] [stdout]    4: cdp_html_shot::browser::browser_builder::BrowserBuilder::new
[INFO] [stdout]              at ./src/browser/browser_builder.rs:15:21
[INFO] [stdout]    5: cdp_html_shot::browser::Browser::new::{{closure}}
[INFO] [stdout]    6: rust_out::main::{{closure}}
[INFO] [stdout]    7: <core::pin::Pin<P> as core::future::future::Future>::poll
[INFO] [stdout]    8: tokio::runtime::park::CachedParkThread::block_on::{{closure}}
[INFO] [stdout]    9: tokio::runtime::park::CachedParkThread::block_on
[INFO] [stdout]   10: tokio::runtime::context::blocking::BlockingRegionGuard::block_on
[INFO] [stdout]   11: tokio::runtime::scheduler::multi_thread::MultiThread::block_on::{{closure}}
[INFO] [stdout]   12: tokio::runtime::context::runtime::enter_runtime
[INFO] [stdout]   13: tokio::runtime::scheduler::multi_thread::MultiThread::block_on
[INFO] [stdout]   14: tokio::runtime::runtime::Runtime::block_on_inner
[INFO] [stdout]   15: tokio::runtime::runtime::Runtime::block_on
[INFO] [stdout]   16: rust_out::main
[INFO] [stdout]   17: core::ops::function::FnOnce::call_once
[INFO] [stdout]   18: std::sys::backtrace::__rust_begin_short_backtrace
[INFO] [stdout]   19: std::rt::lang_start::{{closure}}
[INFO] [stdout]   20: core::ops::function::impls::<impl core::ops::function::FnOnce<A> for &F>::call_once
[INFO] [stdout]              at /rustc/90b35a6239c3d8bdabc530a6a0816f7ff89a0aaf/library/core/src/ops/function.rs:284:13
[INFO] [stdout]   21: std::panicking::try::do_call
[INFO] [stdout]              at /rustc/90b35a6239c3d8bdabc530a6a0816f7ff89a0aaf/library/std/src/panicking.rs:557:40
[INFO] [stdout]   22: std::panicking::try
[INFO] [stdout]              at /rustc/90b35a6239c3d8bdabc530a6a0816f7ff89a0aaf/library/std/src/panicking.rs:520:19
[INFO] [stdout]   23: std::panic::catch_unwind
[INFO] [stdout]              at /rustc/90b35a6239c3d8bdabc530a6a0816f7ff89a0aaf/library/std/src/panic.rs:358:14
[INFO] [stdout]   24: std::rt::lang_start_internal::{{closure}}
[INFO] [stdout]              at /rustc/90b35a6239c3d8bdabc530a6a0816f7ff89a0aaf/library/std/src/rt.rs:174:48
[INFO] [stdout]   25: std::panicking::try::do_call
[INFO] [stdout]              at /rustc/90b35a6239c3d8bdabc530a6a0816f7ff89a0aaf/library/std/src/panicking.rs:557:40
[INFO] [stdout]   26: std::panicking::try
[INFO] [stdout]              at /rustc/90b35a6239c3d8bdabc530a6a0816f7ff89a0aaf/library/std/src/panicking.rs:520:19
[INFO] [stdout]   27: std::panic::catch_unwind
[INFO] [stdout]              at /rustc/90b35a6239c3d8bdabc530a6a0816f7ff89a0aaf/library/std/src/panic.rs:358:14
[INFO] [stdout]   28: std::rt::lang_start_internal
[INFO] [stdout]              at /rustc/90b35a6239c3d8bdabc530a6a0816f7ff89a0aaf/library/std/src/rt.rs:174:20
[INFO] [stdout]   29: std::rt::lang_start
[INFO] [stdout]   30: main
[INFO] [stdout]   31: <unknown>
[INFO] [stdout]   32: __libc_start_main
[INFO] [stdout]   33: _start
[INFO] [stdout] stack backtrace:
[INFO] [stdout]    0:     0x5b9b0791233a - std::backtrace_rs::backtrace::libunwind::trace::h5a5b8284f2d0c266
[INFO] [stdout]                                at /rustc/90b35a6239c3d8bdabc530a6a0816f7ff89a0aaf/library/std/src/../../backtrace/src/backtrace/libunwind.rs:116:5
[INFO] [stdout]    1:     0x5b9b0791233a - std::backtrace_rs::backtrace::trace_unsynchronized::h76d4f1c9b0b875e3
[INFO] [stdout]                                at /rustc/90b35a6239c3d8bdabc530a6a0816f7ff89a0aaf/library/std/src/../../backtrace/src/backtrace/mod.rs:66:5
[INFO] [stdout]    2:     0x5b9b0791233a - std::sys::backtrace::_print_fmt::hc4546b8364a537c6
[INFO] [stdout]                                at /rustc/90b35a6239c3d8bdabc530a6a0816f7ff89a0aaf/library/std/src/sys/backtrace.rs:66:9
[INFO] [stdout]    3:     0x5b9b0791233a - <std::sys::backtrace::BacktraceLock::print::DisplayBacktrace as core::fmt::Display>::fmt::h5b6bd5631a6d1f6b
[INFO] [stdout]                                at /rustc/90b35a6239c3d8bdabc530a6a0816f7ff89a0aaf/library/std/src/sys/backtrace.rs:39:26
[INFO] [stdout]    4:     0x5b9b07939363 - core::fmt::rt::Argument::fmt::h270f6602a2b96f62
[INFO] [stdout]                                at /rustc/90b35a6239c3d8bdabc530a6a0816f7ff89a0aaf/library/core/src/fmt/rt.rs:177:76
[INFO] [stdout]    5:     0x5b9b07939363 - core::fmt::write::h7550c97b06c86515
[INFO] [stdout]                                at /rustc/90b35a6239c3d8bdabc530a6a0816f7ff89a0aaf/library/core/src/fmt/mod.rs:1186:21
[INFO] [stdout]    6:     0x5b9b0790ed43 - std::io::Write::write_fmt::h7b09c64fe0be9c84
[INFO] [stdout]                                at /rustc/90b35a6239c3d8bdabc530a6a0816f7ff89a0aaf/library/std/src/io/mod.rs:1839:15
[INFO] [stdout]    7:     0x5b9b07912182 - std::sys::backtrace::BacktraceLock::print::h2395ccd2c84ba3aa
[INFO] [stdout]                                at /rustc/90b35a6239c3d8bdabc530a6a0816f7ff89a0aaf/library/std/src/sys/backtrace.rs:42:9
[INFO] [stdout]    8:     0x5b9b0791326c - std::panicking::default_hook::{{closure}}::he19d4c7230e07961
[INFO] [stdout]                                at /rustc/90b35a6239c3d8bdabc530a6a0816f7ff89a0aaf/library/std/src/panicking.rs:268:22
[INFO] [stdout]    9:     0x5b9b079130b2 - std::panicking::default_hook::hf614597d3c67bbdb
[INFO] [stdout]                                at /rustc/90b35a6239c3d8bdabc530a6a0816f7ff89a0aaf/library/std/src/panicking.rs:295:9
[INFO] [stdout]   10:     0x5b9b07913847 - std::panicking::rust_panic_with_hook::h8942133a8b252070
[INFO] [stdout]                                at /rustc/90b35a6239c3d8bdabc530a6a0816f7ff89a0aaf/library/std/src/panicking.rs:801:13
[INFO] [stdout]   11:     0x5b9b079136da - std::panicking::begin_panic_handler::{{closure}}::hb5f5963570096b29
[INFO] [stdout]                                at /rustc/90b35a6239c3d8bdabc530a6a0816f7ff89a0aaf/library/std/src/panicking.rs:674:13
[INFO] [stdout]   12:     0x5b9b07912819 - std::sys::backtrace::__rust_end_short_backtrace::h6208cedc1922feda
[INFO] [stdout]                                at /rustc/90b35a6239c3d8bdabc530a6a0816f7ff89a0aaf/library/std/src/sys/backtrace.rs:170:18
[INFO] [stdout]   13:     0x5b9b0791336c - rust_begin_unwind
[INFO] [stdout]                                at /rustc/90b35a6239c3d8bdabc530a6a0816f7ff89a0aaf/library/std/src/panicking.rs:665:5
[INFO] [stdout]   14:     0x5b9b0741fd50 - core::panicking::panic_fmt::h0c3082644d1bf418
[INFO] [stdout]                                at /rustc/90b35a6239c3d8bdabc530a6a0816f7ff89a0aaf/library/core/src/panicking.rs:74:14
[INFO] [stdout]   15:     0x5b9b07420236 - core::result::unwrap_failed::hd20b4aa073bda1e2
[INFO] [stdout]                                at /rustc/90b35a6239c3d8bdabc530a6a0816f7ff89a0aaf/library/core/src/result.rs:1700:5
[INFO] [stdout]   16:     0x5b9b07493c18 - core::result::Result<T,E>::expect::h115636cda2a1fd5b
[INFO] [stdout]                                at /rustc/90b35a6239c3d8bdabc530a6a0816f7ff89a0aaf/library/core/src/result.rs:1061:23
[INFO] [stdout]   17:     0x5b9b074aa30e - cdp_html_shot::browser::browser_builder::BrowserBuilder::new::ha68c2fd2cc9aacac
[INFO] [stdout]                                at /opt/rustwide/workdir/src/browser/browser_builder.rs:15:21
[INFO] [stdout]   18:     0x5b9b0744002f - cdp_html_shot::browser::Browser::new::{{closure}}::h554280a4e6e2222a
[INFO] [stdout]   19:     0x5b9b07483e44 - rust_out::main::{{closure}}::h629028693d6f8edf
[INFO] [stdout]   20:     0x5b9b07478766 - <core::pin::Pin<P> as core::future::future::Future>::poll::hf27f322c401af613
[INFO] [stdout]   21:     0x5b9b074676d5 - tokio::runtime::park::CachedParkThread::block_on::{{closure}}::hd7b89ef540555e9d
[INFO] [stdout]   22:     0x5b9b074674c5 - tokio::runtime::park::CachedParkThread::block_on::he1a75f23776eb43b
[INFO] [stdout]   23:     0x5b9b0746fa4b - tokio::runtime::context::blocking::BlockingRegionGuard::block_on::h364dd9774168d77d
[INFO] [stdout]   24:     0x5b9b07470281 - tokio::runtime::scheduler::multi_thread::MultiThread::block_on::{{closure}}::hf3340ad041e0f231
[INFO] [stdout]   25:     0x5b9b0746f248 - tokio::runtime::context::runtime::enter_runtime::h905907d2b201c88d
[INFO] [stdout]   26:     0x5b9b0747019d - tokio::runtime::scheduler::multi_thread::MultiThread::block_on::h38a9412aa27698bb
[INFO] [stdout]   27:     0x5b9b0746fc88 - tokio::runtime::runtime::Runtime::block_on_inner::h26c0a8f6f8e132bf
[INFO] [stdout]   28:     0x5b9b07470135 - tokio::runtime::runtime::Runtime::block_on::h133a6c31e6dbe1be
[INFO] [stdout]   29:     0x5b9b07483b7d - rust_out::main::haa2e09613ccfa861
[INFO] [stdout]   30:     0x5b9b07455a03 - core::ops::function::FnOnce::call_once::hc97a8b678cb4dd31
[INFO] [stdout]   31:     0x5b9b074517e6 - std::sys::backtrace::__rust_begin_short_backtrace::hf14f7cd3793bf554
[INFO] [stdout]   32:     0x5b9b07451639 - std::rt::lang_start::{{closure}}::h5553d54d6336cd61
[INFO] [stdout]   33:     0x5b9b079080de - core::ops::function::impls::<impl core::ops::function::FnOnce<A> for &F>::call_once::hfdb85f4ee94732d3
[INFO] [stdout]                                at /rustc/90b35a6239c3d8bdabc530a6a0816f7ff89a0aaf/library/core/src/ops/function.rs:284:13
[INFO] [stdout]   34:     0x5b9b079080de - std::panicking::try::do_call::h6e577310f330cbef
[INFO] [stdout]                                at /rustc/90b35a6239c3d8bdabc530a6a0816f7ff89a0aaf/library/std/src/panicking.rs:557:40
[INFO] [stdout]   35:     0x5b9b079080de - std::panicking::try::ha588d438267d2645
[INFO] [stdout]                                at /rustc/90b35a6239c3d8bdabc530a6a0816f7ff89a0aaf/library/std/src/panicking.rs:520:19
[INFO] [stdout]   36:     0x5b9b079080de - std::panic::catch_unwind::h429fda1e025f26d9
[INFO] [stdout]                                at /rustc/90b35a6239c3d8bdabc530a6a0816f7ff89a0aaf/library/std/src/panic.rs:358:14
[INFO] [stdout]   37:     0x5b9b079080de - std::rt::lang_start_internal::{{closure}}::h7b731265e841c4bf
[INFO] [stdout]                                at /rustc/90b35a6239c3d8bdabc530a6a0816f7ff89a0aaf/library/std/src/rt.rs:174:48
[INFO] [stdout]   38:     0x5b9b079080de - std::panicking::try::do_call::hc0f6a675b7ae5a36
[INFO] [stdout]                                at /rustc/90b35a6239c3d8bdabc530a6a0816f7ff89a0aaf/library/std/src/panicking.rs:557:40
[INFO] [stdout]   39:     0x5b9b079080de - std::panicking::try::h4c93b7ff0671f1ff
[INFO] [stdout]                                at /rustc/90b35a6239c3d8bdabc530a6a0816f7ff89a0aaf/library/std/src/panicking.rs:520:19
[INFO] [stdout]   40:     0x5b9b079080de - std::panic::catch_unwind::hcc1e154961d16ce6
[INFO] [stdout]                                at /rustc/90b35a6239c3d8bdabc530a6a0816f7ff89a0aaf/library/std/src/panic.rs:358:14
[INFO] [stdout]   41:     0x5b9b079080de - std::rt::lang_start_internal::h1c66660c99c8424c
[INFO] [stdout]                                at /rustc/90b35a6239c3d8bdabc530a6a0816f7ff89a0aaf/library/std/src/rt.rs:174:20
[INFO] [stdout]   42:     0x5b9b07451617 - std::rt::lang_start::h06a5f488b8c0b472
[INFO] [stdout]   43:     0x5b9b07484e05 - main
[INFO] [stdout]   44:     0x72c778386d90 - <unknown>
[INFO] [stdout]   45:     0x72c778386e40 - __libc_start_main
[INFO] [stdout]   46:     0x5b9b07420835 - _start
[INFO] [stdout]   47:                0x0 - <unknown>
[INFO] [stdout] 
[INFO] [stdout] 
[INFO] [stdout] 
[INFO] [stdout] failures:
[INFO] [stdout]     src/lib.rs - (line 19)
[INFO] [stdout]     src/lib.rs - (line 47)
[INFO] [stdout] 
[INFO] [stdout] test result: FAILED. 12 passed; 2 failed; 0 ignored; 0 measured; 0 filtered out; finished in 6.44s
[INFO] [stdout] 
[INFO] running `Command { std: "docker" "inspect" "5ccfa20d932752b2bfad49c6906241ba8d4cbe8fd215a7b5cba126875f3c7005", kill_on_drop: false }`
[INFO] running `Command { std: "docker" "rm" "-f" "5ccfa20d932752b2bfad49c6906241ba8d4cbe8fd215a7b5cba126875f3c7005", kill_on_drop: false }`
[INFO] [stdout] 5ccfa20d932752b2bfad49c6906241ba8d4cbe8fd215a7b5cba126875f3c7005
