[INFO] fetching crate ccp_core_affinity 0.8.1...
[INFO] testing ccp_core_affinity-0.8.1 against beta-2024-12-08 for beta-1.84.0-4-retry
[INFO] extracting crate ccp_core_affinity 0.8.1 into /workspace/builds/worker-5-tc2/source
[INFO] validating manifest of crates.io crate ccp_core_affinity 0.8.1 on toolchain beta-2024-12-08
[INFO] running `Command { std: CARGO_HOME="/workspace/cargo-home" RUSTUP_HOME="/workspace/rustup-home" "/workspace/cargo-home/bin/cargo" "+beta-2024-12-08" "metadata" "--manifest-path" "Cargo.toml" "--no-deps", kill_on_drop: false }`
[INFO] removed /workspace/builds/worker-5-tc2/source/rust-toolchain.toml
[INFO] started tweaking crates.io crate ccp_core_affinity 0.8.1
[INFO] finished tweaking crates.io crate ccp_core_affinity 0.8.1
[INFO] tweaked toml for crates.io crate ccp_core_affinity 0.8.1 written to /workspace/builds/worker-5-tc2/source/Cargo.toml
[INFO] running `Command { std: CARGO_HOME="/workspace/cargo-home" RUSTUP_HOME="/workspace/rustup-home" "/workspace/cargo-home/bin/cargo" "+beta-2024-12-08" "generate-lockfile" "--manifest-path" "Cargo.toml", kill_on_drop: false }`
[INFO] [stderr]     Updating crates.io index
[INFO] [stderr]      Locking 6 packages to latest compatible versions
[INFO] running `Command { std: CARGO_HOME="/workspace/cargo-home" RUSTUP_HOME="/workspace/rustup-home" "/workspace/cargo-home/bin/cargo" "+beta-2024-12-08" "fetch" "--manifest-path" "Cargo.toml", kill_on_drop: false }`
[INFO] [stderr] warning: no edition set: defaulting to the 2015 edition while the latest is 2021
[INFO] running `Command { std: "docker" "create" "-v" "/var/lib/crater-agent-workspace/builds/worker-5-tc2/target:/opt/rustwide/target:rw,Z" "-v" "/var/lib/crater-agent-workspace/builds/worker-5-tc2/source:/opt/rustwide/workdir:ro,Z" "-v" "/var/lib/crater-agent-workspace/cargo-home:/opt/rustwide/cargo-home:ro,Z" "-v" "/var/lib/crater-agent-workspace/rustup-home:/opt/rustwide/rustup-home:ro,Z" "-e" "SOURCE_DIR=/opt/rustwide/workdir" "-e" "CARGO_TARGET_DIR=/opt/rustwide/target" "-e" "CARGO_HOME=/opt/rustwide/cargo-home" "-e" "RUSTUP_HOME=/opt/rustwide/rustup-home" "-w" "/opt/rustwide/workdir" "-m" "1610612736" "--user" "0:0" "--network" "none" "ghcr.io/rust-lang/crates-build-env/linux@sha256:f3a9d4ad9d972b27faf3965f35b62e55ba32bbce8f20bc8fe909558a86702fde" "/opt/rustwide/cargo-home/bin/cargo" "+beta-2024-12-08" "metadata" "--no-deps" "--format-version=1", kill_on_drop: false }`
[INFO] [stdout] 1b3dedb8bc0fc17d2d3984d94ef28250a0c7faed7befb6c9ca4784d6d25b1464
[INFO] running `Command { std: "docker" "start" "-a" "1b3dedb8bc0fc17d2d3984d94ef28250a0c7faed7befb6c9ca4784d6d25b1464", kill_on_drop: false }`
[INFO] running `Command { std: "docker" "inspect" "1b3dedb8bc0fc17d2d3984d94ef28250a0c7faed7befb6c9ca4784d6d25b1464", kill_on_drop: false }`
[INFO] running `Command { std: "docker" "rm" "-f" "1b3dedb8bc0fc17d2d3984d94ef28250a0c7faed7befb6c9ca4784d6d25b1464", kill_on_drop: false }`
[INFO] [stdout] 1b3dedb8bc0fc17d2d3984d94ef28250a0c7faed7befb6c9ca4784d6d25b1464
[INFO] running `Command { std: "docker" "create" "-v" "/var/lib/crater-agent-workspace/builds/worker-5-tc2/target:/opt/rustwide/target:rw,Z" "-v" "/var/lib/crater-agent-workspace/builds/worker-5-tc2/source:/opt/rustwide/workdir:ro,Z" "-v" "/var/lib/crater-agent-workspace/cargo-home:/opt/rustwide/cargo-home:ro,Z" "-v" "/var/lib/crater-agent-workspace/rustup-home:/opt/rustwide/rustup-home:ro,Z" "-e" "SOURCE_DIR=/opt/rustwide/workdir" "-e" "CARGO_TARGET_DIR=/opt/rustwide/target" "-e" "CARGO_INCREMENTAL=0" "-e" "RUST_BACKTRACE=full" "-e" "RUSTFLAGS=--cap-lints=warn" "-e" "RUSTDOCFLAGS=--cap-lints=warn" "-e" "CARGO_HOME=/opt/rustwide/cargo-home" "-e" "RUSTUP_HOME=/opt/rustwide/rustup-home" "-w" "/opt/rustwide/workdir" "-m" "1610612736" "--user" "0:0" "--network" "none" "ghcr.io/rust-lang/crates-build-env/linux@sha256:f3a9d4ad9d972b27faf3965f35b62e55ba32bbce8f20bc8fe909558a86702fde" "/opt/rustwide/cargo-home/bin/cargo" "+beta-2024-12-08" "build" "--frozen" "--message-format=json", kill_on_drop: false }`
[INFO] [stdout] 094b81c1e0e7ab53917331f3f5b66905bb2fc7a69d55067d5b7cdf23e7986eb3
[INFO] running `Command { std: "docker" "start" "-a" "094b81c1e0e7ab53917331f3f5b66905bb2fc7a69d55067d5b7cdf23e7986eb3", kill_on_drop: false }`
[INFO] [stderr] warning: no edition set: defaulting to the 2015 edition while the latest is 2021
[INFO] [stderr]    Compiling libc v0.2.168
[INFO] [stderr]    Compiling num_cpus v1.16.0
[INFO] [stderr]    Compiling ccp_core_affinity v0.8.1 (/opt/rustwide/workdir)
[INFO] [stderr]     Finished `dev` profile [unoptimized + debuginfo] target(s) in 1.84s
[INFO] running `Command { std: "docker" "inspect" "094b81c1e0e7ab53917331f3f5b66905bb2fc7a69d55067d5b7cdf23e7986eb3", kill_on_drop: false }`
[INFO] running `Command { std: "docker" "rm" "-f" "094b81c1e0e7ab53917331f3f5b66905bb2fc7a69d55067d5b7cdf23e7986eb3", kill_on_drop: false }`
[INFO] [stdout] 094b81c1e0e7ab53917331f3f5b66905bb2fc7a69d55067d5b7cdf23e7986eb3
[INFO] running `Command { std: "docker" "create" "-v" "/var/lib/crater-agent-workspace/builds/worker-5-tc2/target:/opt/rustwide/target:rw,Z" "-v" "/var/lib/crater-agent-workspace/builds/worker-5-tc2/source:/opt/rustwide/workdir:ro,Z" "-v" "/var/lib/crater-agent-workspace/cargo-home:/opt/rustwide/cargo-home:ro,Z" "-v" "/var/lib/crater-agent-workspace/rustup-home:/opt/rustwide/rustup-home:ro,Z" "-e" "SOURCE_DIR=/opt/rustwide/workdir" "-e" "CARGO_TARGET_DIR=/opt/rustwide/target" "-e" "CARGO_INCREMENTAL=0" "-e" "RUST_BACKTRACE=full" "-e" "RUSTFLAGS=--cap-lints=warn" "-e" "RUSTDOCFLAGS=--cap-lints=warn" "-e" "CARGO_HOME=/opt/rustwide/cargo-home" "-e" "RUSTUP_HOME=/opt/rustwide/rustup-home" "-w" "/opt/rustwide/workdir" "-m" "1610612736" "--user" "0:0" "--network" "none" "ghcr.io/rust-lang/crates-build-env/linux@sha256:f3a9d4ad9d972b27faf3965f35b62e55ba32bbce8f20bc8fe909558a86702fde" "/opt/rustwide/cargo-home/bin/cargo" "+beta-2024-12-08" "test" "--frozen" "--no-run" "--message-format=json", kill_on_drop: false }`
[INFO] [stdout] 1104d7646d49c61e04ef20ff77634f9f83644ba6d50f55c8a44a953093edf3ed
[INFO] running `Command { std: "docker" "start" "-a" "1104d7646d49c61e04ef20ff77634f9f83644ba6d50f55c8a44a953093edf3ed", kill_on_drop: false }`
[INFO] [stderr] warning: no edition set: defaulting to the 2015 edition while the latest is 2021
[INFO] [stderr]    Compiling ccp_core_affinity v0.8.1 (/opt/rustwide/workdir)
[INFO] [stderr]     Finished `test` profile [unoptimized + debuginfo] target(s) in 0.52s
[INFO] running `Command { std: "docker" "inspect" "1104d7646d49c61e04ef20ff77634f9f83644ba6d50f55c8a44a953093edf3ed", kill_on_drop: false }`
[INFO] running `Command { std: "docker" "rm" "-f" "1104d7646d49c61e04ef20ff77634f9f83644ba6d50f55c8a44a953093edf3ed", kill_on_drop: false }`
[INFO] [stdout] 1104d7646d49c61e04ef20ff77634f9f83644ba6d50f55c8a44a953093edf3ed
[INFO] running `Command { std: "docker" "create" "-v" "/var/lib/crater-agent-workspace/builds/worker-5-tc2/target:/opt/rustwide/target:rw,Z" "-v" "/var/lib/crater-agent-workspace/builds/worker-5-tc2/source:/opt/rustwide/workdir:ro,Z" "-v" "/var/lib/crater-agent-workspace/cargo-home:/opt/rustwide/cargo-home:ro,Z" "-v" "/var/lib/crater-agent-workspace/rustup-home:/opt/rustwide/rustup-home:ro,Z" "-e" "SOURCE_DIR=/opt/rustwide/workdir" "-e" "CARGO_TARGET_DIR=/opt/rustwide/target" "-e" "CARGO_INCREMENTAL=0" "-e" "RUST_BACKTRACE=full" "-e" "RUSTFLAGS=--cap-lints=warn" "-e" "RUSTDOCFLAGS=--cap-lints=warn" "-e" "CARGO_HOME=/opt/rustwide/cargo-home" "-e" "RUSTUP_HOME=/opt/rustwide/rustup-home" "-w" "/opt/rustwide/workdir" "-m" "1610612736" "--user" "0:0" "--network" "none" "ghcr.io/rust-lang/crates-build-env/linux@sha256:f3a9d4ad9d972b27faf3965f35b62e55ba32bbce8f20bc8fe909558a86702fde" "/opt/rustwide/cargo-home/bin/cargo" "+beta-2024-12-08" "test" "--frozen", kill_on_drop: false }`
[INFO] [stdout] 57088161b03620e97462732cb10ed558efb4af26f3161ce4670598b19fe2c8f4
[INFO] running `Command { std: "docker" "start" "-a" "57088161b03620e97462732cb10ed558efb4af26f3161ce4670598b19fe2c8f4", kill_on_drop: false }`
[INFO] [stderr] warning: no edition set: defaulting to the 2015 edition while the latest is 2021
[INFO] [stderr]     Finished `test` profile [unoptimized + debuginfo] target(s) in 0.05s
[INFO] [stderr]      Running unittests src/lib.rs (/opt/rustwide/target/debug/deps/ccp_core_affinity-418e891a80eeb67f)
[INFO] [stdout] 
[INFO] [stdout] running 6 tests
[INFO] [stdout] test linux::tests::test_linux_set_mask_for_current ... ok
[INFO] [stdout] test tests::test_get_core_ids ... ok
[INFO] [stdout] test linux::tests::test_linux_set_for_current ... ok
[INFO] [stdout] test tests::test_set_for_current ... ok
[INFO] [stdout] test linux::tests::test_linux_get_core_ids ... ok
[INFO] [stdout] test linux::tests::test_linux_get_affinity_mask ... ok
[INFO] [stdout] 
[INFO] [stdout] test result: ok. 6 passed; 0 failed; 0 ignored; 0 measured; 0 filtered out; finished in 0.01s
[INFO] [stdout] 
[INFO] [stderr]    Doc-tests ccp_core_affinity
[INFO] [stdout] 
[INFO] [stdout] running 1 test
[INFO] [stdout] test src/lib.rs - (line 7) ... FAILED
[INFO] [stdout] 
[INFO] [stdout] failures:
[INFO] [stdout] 
[INFO] [stdout] ---- src/lib.rs - (line 7) stdout ----
[INFO] [stdout] error[E0463]: can't find crate for `core_affinity`
[INFO] [stdout]  --> src/lib.rs:7:1
[INFO] [stdout]   |
[INFO] [stdout] 2 | extern crate core_affinity;
[INFO] [stdout]   | ^^^^^^^^^^^^^^^^^^^^^^^^^^^ can't find crate
[INFO] [stdout] 
[INFO] [stdout] error: aborting due to 1 previous error
[INFO] [stdout] 
[INFO] [stdout] For more information about this error, try `rustc --explain E0463`.
[INFO] [stdout] Couldn't compile the test.
[INFO] [stdout] 
[INFO] [stdout] failures:
[INFO] [stdout]     src/lib.rs - (line 7)
[INFO] [stdout] 
[INFO] [stdout] test result: FAILED. 0 passed; 1 failed; 0 ignored; 0 measured; 0 filtered out; finished in 0.10s
[INFO] [stdout] 
[INFO] [stderr] error: doctest failed, to rerun pass `--doc`
[INFO] running `Command { std: "docker" "inspect" "57088161b03620e97462732cb10ed558efb4af26f3161ce4670598b19fe2c8f4", kill_on_drop: false }`
[INFO] running `Command { std: "docker" "rm" "-f" "57088161b03620e97462732cb10ed558efb4af26f3161ce4670598b19fe2c8f4", kill_on_drop: false }`
[INFO] [stdout] 57088161b03620e97462732cb10ed558efb4af26f3161ce4670598b19fe2c8f4
