[INFO] fetching crate cc_wasm_api 0.4.7...
[INFO] testing cc_wasm_api-0.4.7 against beta-2024-12-08 for beta-1.84.0-4-retry
[INFO] extracting crate cc_wasm_api 0.4.7 into /workspace/builds/worker-2-tc2/source
[INFO] validating manifest of crates.io crate cc_wasm_api 0.4.7 on toolchain beta-2024-12-08
[INFO] running `Command { std: CARGO_HOME="/workspace/cargo-home" RUSTUP_HOME="/workspace/rustup-home" "/workspace/cargo-home/bin/cargo" "+beta-2024-12-08" "metadata" "--manifest-path" "Cargo.toml" "--no-deps", kill_on_drop: false }`
[INFO] started tweaking crates.io crate cc_wasm_api 0.4.7
[INFO] finished tweaking crates.io crate cc_wasm_api 0.4.7
[INFO] tweaked toml for crates.io crate cc_wasm_api 0.4.7 written to /workspace/builds/worker-2-tc2/source/Cargo.toml
[INFO] running `Command { std: CARGO_HOME="/workspace/cargo-home" RUSTUP_HOME="/workspace/rustup-home" "/workspace/cargo-home/bin/cargo" "+beta-2024-12-08" "generate-lockfile" "--manifest-path" "Cargo.toml", kill_on_drop: false }`
[INFO] [stderr]     Blocking waiting for file lock on package cache
[INFO] [stderr]     Blocking waiting for file lock on package cache
[INFO] running `Command { std: CARGO_HOME="/workspace/cargo-home" RUSTUP_HOME="/workspace/rustup-home" "/workspace/cargo-home/bin/cargo" "+beta-2024-12-08" "fetch" "--manifest-path" "Cargo.toml", kill_on_drop: false }`
[INFO] [stderr]     Blocking waiting for file lock on package cache
[INFO] [stderr]     Blocking waiting for file lock on package cache
[INFO] running `Command { std: "docker" "create" "-v" "/var/lib/crater-agent-workspace/builds/worker-2-tc2/target:/opt/rustwide/target:rw,Z" "-v" "/var/lib/crater-agent-workspace/builds/worker-2-tc2/source:/opt/rustwide/workdir:ro,Z" "-v" "/var/lib/crater-agent-workspace/cargo-home:/opt/rustwide/cargo-home:ro,Z" "-v" "/var/lib/crater-agent-workspace/rustup-home:/opt/rustwide/rustup-home:ro,Z" "-e" "SOURCE_DIR=/opt/rustwide/workdir" "-e" "CARGO_TARGET_DIR=/opt/rustwide/target" "-e" "CARGO_HOME=/opt/rustwide/cargo-home" "-e" "RUSTUP_HOME=/opt/rustwide/rustup-home" "-w" "/opt/rustwide/workdir" "-m" "1610612736" "--user" "0:0" "--network" "none" "ghcr.io/rust-lang/crates-build-env/linux@sha256:f3a9d4ad9d972b27faf3965f35b62e55ba32bbce8f20bc8fe909558a86702fde" "/opt/rustwide/cargo-home/bin/cargo" "+beta-2024-12-08" "metadata" "--no-deps" "--format-version=1", kill_on_drop: false }`
[INFO] [stdout] ca7a0b7e7e9176821ad03867c4734163adeabf51b6e00dd031a6c478b1c694d0
[INFO] running `Command { std: "docker" "start" "-a" "ca7a0b7e7e9176821ad03867c4734163adeabf51b6e00dd031a6c478b1c694d0", kill_on_drop: false }`
[INFO] running `Command { std: "docker" "inspect" "ca7a0b7e7e9176821ad03867c4734163adeabf51b6e00dd031a6c478b1c694d0", kill_on_drop: false }`
[INFO] running `Command { std: "docker" "rm" "-f" "ca7a0b7e7e9176821ad03867c4734163adeabf51b6e00dd031a6c478b1c694d0", kill_on_drop: false }`
[INFO] [stdout] ca7a0b7e7e9176821ad03867c4734163adeabf51b6e00dd031a6c478b1c694d0
[INFO] running `Command { std: "docker" "create" "-v" "/var/lib/crater-agent-workspace/builds/worker-2-tc2/target:/opt/rustwide/target:rw,Z" "-v" "/var/lib/crater-agent-workspace/builds/worker-2-tc2/source:/opt/rustwide/workdir:ro,Z" "-v" "/var/lib/crater-agent-workspace/cargo-home:/opt/rustwide/cargo-home:ro,Z" "-v" "/var/lib/crater-agent-workspace/rustup-home:/opt/rustwide/rustup-home:ro,Z" "-e" "SOURCE_DIR=/opt/rustwide/workdir" "-e" "CARGO_TARGET_DIR=/opt/rustwide/target" "-e" "CARGO_INCREMENTAL=0" "-e" "RUST_BACKTRACE=full" "-e" "RUSTFLAGS=--cap-lints=warn" "-e" "RUSTDOCFLAGS=--cap-lints=warn" "-e" "CARGO_HOME=/opt/rustwide/cargo-home" "-e" "RUSTUP_HOME=/opt/rustwide/rustup-home" "-w" "/opt/rustwide/workdir" "-m" "1610612736" "--user" "0:0" "--network" "none" "ghcr.io/rust-lang/crates-build-env/linux@sha256:f3a9d4ad9d972b27faf3965f35b62e55ba32bbce8f20bc8fe909558a86702fde" "/opt/rustwide/cargo-home/bin/cargo" "+beta-2024-12-08" "build" "--frozen" "--message-format=json", kill_on_drop: false }`
[INFO] [stdout] 277be9ad85c28645855a5f55a97cbae8be08f3638150c9fb6c8395ea11106143
[INFO] running `Command { std: "docker" "start" "-a" "277be9ad85c28645855a5f55a97cbae8be08f3638150c9fb6c8395ea11106143", kill_on_drop: false }`
[INFO] [stderr]    Compiling cc_wasm_api v0.4.7 (/opt/rustwide/workdir)
[INFO] [stderr]     Finished `dev` profile [unoptimized + debuginfo] target(s) in 1.56s
[INFO] running `Command { std: "docker" "inspect" "277be9ad85c28645855a5f55a97cbae8be08f3638150c9fb6c8395ea11106143", kill_on_drop: false }`
[INFO] running `Command { std: "docker" "rm" "-f" "277be9ad85c28645855a5f55a97cbae8be08f3638150c9fb6c8395ea11106143", kill_on_drop: false }`
[INFO] [stdout] 277be9ad85c28645855a5f55a97cbae8be08f3638150c9fb6c8395ea11106143
[INFO] running `Command { std: "docker" "create" "-v" "/var/lib/crater-agent-workspace/builds/worker-2-tc2/target:/opt/rustwide/target:rw,Z" "-v" "/var/lib/crater-agent-workspace/builds/worker-2-tc2/source:/opt/rustwide/workdir:ro,Z" "-v" "/var/lib/crater-agent-workspace/cargo-home:/opt/rustwide/cargo-home:ro,Z" "-v" "/var/lib/crater-agent-workspace/rustup-home:/opt/rustwide/rustup-home:ro,Z" "-e" "SOURCE_DIR=/opt/rustwide/workdir" "-e" "CARGO_TARGET_DIR=/opt/rustwide/target" "-e" "CARGO_INCREMENTAL=0" "-e" "RUST_BACKTRACE=full" "-e" "RUSTFLAGS=--cap-lints=warn" "-e" "RUSTDOCFLAGS=--cap-lints=warn" "-e" "CARGO_HOME=/opt/rustwide/cargo-home" "-e" "RUSTUP_HOME=/opt/rustwide/rustup-home" "-w" "/opt/rustwide/workdir" "-m" "1610612736" "--user" "0:0" "--network" "none" "ghcr.io/rust-lang/crates-build-env/linux@sha256:f3a9d4ad9d972b27faf3965f35b62e55ba32bbce8f20bc8fe909558a86702fde" "/opt/rustwide/cargo-home/bin/cargo" "+beta-2024-12-08" "test" "--frozen" "--no-run" "--message-format=json", kill_on_drop: false }`
[INFO] [stdout] a04dc6ff4e6e24d3bd9bc5d466611c4c9d1a831be6a3e74e0c4f17c225b3249a
[INFO] running `Command { std: "docker" "start" "-a" "a04dc6ff4e6e24d3bd9bc5d466611c4c9d1a831be6a3e74e0c4f17c225b3249a", kill_on_drop: false }`
[INFO] [stderr]    Compiling cc_wasm_api v0.4.7 (/opt/rustwide/workdir)
[INFO] [stderr]     Finished `test` profile [unoptimized + debuginfo] target(s) in 1.39s
[INFO] running `Command { std: "docker" "inspect" "a04dc6ff4e6e24d3bd9bc5d466611c4c9d1a831be6a3e74e0c4f17c225b3249a", kill_on_drop: false }`
[INFO] running `Command { std: "docker" "rm" "-f" "a04dc6ff4e6e24d3bd9bc5d466611c4c9d1a831be6a3e74e0c4f17c225b3249a", kill_on_drop: false }`
[INFO] [stdout] a04dc6ff4e6e24d3bd9bc5d466611c4c9d1a831be6a3e74e0c4f17c225b3249a
[INFO] running `Command { std: "docker" "create" "-v" "/var/lib/crater-agent-workspace/builds/worker-2-tc2/target:/opt/rustwide/target:rw,Z" "-v" "/var/lib/crater-agent-workspace/builds/worker-2-tc2/source:/opt/rustwide/workdir:ro,Z" "-v" "/var/lib/crater-agent-workspace/cargo-home:/opt/rustwide/cargo-home:ro,Z" "-v" "/var/lib/crater-agent-workspace/rustup-home:/opt/rustwide/rustup-home:ro,Z" "-e" "SOURCE_DIR=/opt/rustwide/workdir" "-e" "CARGO_TARGET_DIR=/opt/rustwide/target" "-e" "CARGO_INCREMENTAL=0" "-e" "RUST_BACKTRACE=full" "-e" "RUSTFLAGS=--cap-lints=warn" "-e" "RUSTDOCFLAGS=--cap-lints=warn" "-e" "CARGO_HOME=/opt/rustwide/cargo-home" "-e" "RUSTUP_HOME=/opt/rustwide/rustup-home" "-w" "/opt/rustwide/workdir" "-m" "1610612736" "--user" "0:0" "--network" "none" "ghcr.io/rust-lang/crates-build-env/linux@sha256:f3a9d4ad9d972b27faf3965f35b62e55ba32bbce8f20bc8fe909558a86702fde" "/opt/rustwide/cargo-home/bin/cargo" "+beta-2024-12-08" "test" "--frozen", kill_on_drop: false }`
[INFO] [stdout] aecfb4a617f5fbeaacca1e734c14ea9106f5b05661210c24cad8dafd4e9751f6
[INFO] running `Command { std: "docker" "start" "-a" "aecfb4a617f5fbeaacca1e734c14ea9106f5b05661210c24cad8dafd4e9751f6", kill_on_drop: false }`
[INFO] [stderr]     Finished `test` profile [unoptimized + debuginfo] target(s) in 0.01s
[INFO] [stderr]      Running unittests src/lib.rs (/opt/rustwide/target/debug/deps/cc_wasm_api-817dc0cce65b9127)
[INFO] [stdout] 
[INFO] [stdout] running 0 tests
[INFO] [stdout] 
[INFO] [stdout] test result: ok. 0 passed; 0 failed; 0 ignored; 0 measured; 0 filtered out; finished in 0.00s
[INFO] [stdout] 
[INFO] [stderr]    Doc-tests cc_wasm_api
[INFO] [stdout] 
[INFO] [stdout] running 2 tests
[INFO] [stdout] test src/addon/vec2d.rs - addon::vec2d::Vec2d (line 11) ... FAILED
[INFO] [stdout] test src/coroutine.rs - coroutine::tick_sync::TickSyncer (line 93) - compile ... FAILED
[INFO] [stdout] 
[INFO] [stdout] failures:
[INFO] [stdout] 
[INFO] [stdout] ---- src/addon/vec2d.rs - addon::vec2d::Vec2d (line 11) stdout ----
[INFO] [stdout] error[E0433]: failed to resolve: use of undeclared crate or module `computercraft_websocket_control`
[INFO] [stdout]  --> src/addon/vec2d.rs:12:5
[INFO] [stdout]   |
[INFO] [stdout] 3 | use computercraft_websocket_control::utils::Vec2d;
[INFO] [stdout]   |     ^^^^^^^^^^^^^^^^^^^^^^^^^^^^^^^ use of undeclared crate or module `computercraft_websocket_control`
[INFO] [stdout] 
[INFO] [stdout] error: aborting due to 1 previous error
[INFO] [stdout] 
[INFO] [stdout] For more information about this error, try `rustc --explain E0433`.
[INFO] [stdout] Couldn't compile the test.
[INFO] [stdout] ---- src/coroutine.rs - coroutine::tick_sync::TickSyncer (line 93) stdout ----
[INFO] [stdout] error[E0433]: failed to resolve: use of undeclared type `Duration`
[INFO] [stdout]   --> src/coroutine.rs:110:15
[INFO] [stdout]    |
[INFO] [stdout] 20 |         sleep(Duration::from_sec(5)).await;
[INFO] [stdout]    |               ^^^^^^^^ use of undeclared type `Duration`
[INFO] [stdout]    |
[INFO] [stdout] help: consider importing this struct
[INFO] [stdout]    |
[INFO] [stdout] 2  + use std::time::Duration;
[INFO] [stdout]    |
[INFO] [stdout] 
[INFO] [stdout] error[E0433]: failed to resolve: use of undeclared type `Duration`
[INFO] [stdout]   --> src/coroutine.rs:120:18
[INFO] [stdout]    |
[INFO] [stdout] 30 |         ts.sleep(Duration::from_sec(5)).await;
[INFO] [stdout]    |                  ^^^^^^^^ use of undeclared type `Duration`
[INFO] [stdout]    |
[INFO] [stdout] help: consider importing this struct
[INFO] [stdout]    |
[INFO] [stdout] 2  + use std::time::Duration;
[INFO] [stdout]    |
[INFO] [stdout] 
[INFO] [stdout] error: aborting due to 2 previous errors
[INFO] [stdout] 
[INFO] [stdout] For more information about this error, try `rustc --explain E0433`.
[INFO] [stdout] Couldn't compile the test.
[INFO] [stdout] 
[INFO] [stdout] failures:
[INFO] [stdout]     src/addon/vec2d.rs - addon::vec2d::Vec2d (line 11)
[INFO] [stdout]     src/coroutine.rs - coroutine::tick_sync::TickSyncer (line 93)
[INFO] [stdout] 
[INFO] [stdout] test result: FAILED. 0 passed; 2 failed; 0 ignored; 0 measured; 0 filtered out; finished in 0.11s
[INFO] [stdout] 
[INFO] [stderr] error: doctest failed, to rerun pass `--doc`
[INFO] running `Command { std: "docker" "inspect" "aecfb4a617f5fbeaacca1e734c14ea9106f5b05661210c24cad8dafd4e9751f6", kill_on_drop: false }`
[INFO] running `Command { std: "docker" "rm" "-f" "aecfb4a617f5fbeaacca1e734c14ea9106f5b05661210c24cad8dafd4e9751f6", kill_on_drop: false }`
[INFO] [stdout] aecfb4a617f5fbeaacca1e734c14ea9106f5b05661210c24cad8dafd4e9751f6
