[INFO] fetching crate cc13x2x7_cc26x2x7_pac 0.10.3...
[INFO] testing cc13x2x7_cc26x2x7_pac-0.10.3 against 1.83.0 for beta-1.84.0-4-retry
[INFO] extracting crate cc13x2x7_cc26x2x7_pac 0.10.3 into /workspace/builds/worker-6-tc1/source
[INFO] validating manifest of crates.io crate cc13x2x7_cc26x2x7_pac 0.10.3 on toolchain 1.83.0
[INFO] running `Command { std: CARGO_HOME="/workspace/cargo-home" RUSTUP_HOME="/workspace/rustup-home" "/workspace/cargo-home/bin/cargo" "+1.83.0" "metadata" "--manifest-path" "Cargo.toml" "--no-deps", kill_on_drop: false }`
[INFO] started tweaking crates.io crate cc13x2x7_cc26x2x7_pac 0.10.3
[INFO] finished tweaking crates.io crate cc13x2x7_cc26x2x7_pac 0.10.3
[INFO] tweaked toml for crates.io crate cc13x2x7_cc26x2x7_pac 0.10.3 written to /workspace/builds/worker-6-tc1/source/Cargo.toml
[INFO] running `Command { std: CARGO_HOME="/workspace/cargo-home" RUSTUP_HOME="/workspace/rustup-home" "/workspace/cargo-home/bin/cargo" "+1.83.0" "generate-lockfile" "--manifest-path" "Cargo.toml", kill_on_drop: false }`
[INFO] [stderr]     Updating crates.io index
[INFO] [stderr]     Blocking waiting for file lock on package cache
[INFO] [stderr]      Locking 19 packages to latest compatible versions
[INFO] running `Command { std: CARGO_HOME="/workspace/cargo-home" RUSTUP_HOME="/workspace/rustup-home" "/workspace/cargo-home/bin/cargo" "+1.83.0" "fetch" "--manifest-path" "Cargo.toml", kill_on_drop: false }`
[INFO] running `Command { std: "docker" "create" "-v" "/var/lib/crater-agent-workspace/builds/worker-6-tc1/target:/opt/rustwide/target:rw,Z" "-v" "/var/lib/crater-agent-workspace/builds/worker-6-tc1/source:/opt/rustwide/workdir:ro,Z" "-v" "/var/lib/crater-agent-workspace/cargo-home:/opt/rustwide/cargo-home:ro,Z" "-v" "/var/lib/crater-agent-workspace/rustup-home:/opt/rustwide/rustup-home:ro,Z" "-e" "SOURCE_DIR=/opt/rustwide/workdir" "-e" "CARGO_TARGET_DIR=/opt/rustwide/target" "-e" "CARGO_HOME=/opt/rustwide/cargo-home" "-e" "RUSTUP_HOME=/opt/rustwide/rustup-home" "-w" "/opt/rustwide/workdir" "-m" "1610612736" "--user" "0:0" "--network" "none" "ghcr.io/rust-lang/crates-build-env/linux@sha256:f3a9d4ad9d972b27faf3965f35b62e55ba32bbce8f20bc8fe909558a86702fde" "/opt/rustwide/cargo-home/bin/cargo" "+1.83.0" "metadata" "--no-deps" "--format-version=1", kill_on_drop: false }`
[INFO] [stdout] 80ed51a2a0809dad64539f1fff8c5eef04bc687ca5ad953f92ee34e84657a226
[INFO] running `Command { std: "docker" "start" "-a" "80ed51a2a0809dad64539f1fff8c5eef04bc687ca5ad953f92ee34e84657a226", kill_on_drop: false }`
[INFO] running `Command { std: "docker" "inspect" "80ed51a2a0809dad64539f1fff8c5eef04bc687ca5ad953f92ee34e84657a226", kill_on_drop: false }`
[INFO] running `Command { std: "docker" "rm" "-f" "80ed51a2a0809dad64539f1fff8c5eef04bc687ca5ad953f92ee34e84657a226", kill_on_drop: false }`
[INFO] [stdout] 80ed51a2a0809dad64539f1fff8c5eef04bc687ca5ad953f92ee34e84657a226
[INFO] running `Command { std: "docker" "create" "-v" "/var/lib/crater-agent-workspace/builds/worker-6-tc1/target:/opt/rustwide/target:rw,Z" "-v" "/var/lib/crater-agent-workspace/builds/worker-6-tc1/source:/opt/rustwide/workdir:ro,Z" "-v" "/var/lib/crater-agent-workspace/cargo-home:/opt/rustwide/cargo-home:ro,Z" "-v" "/var/lib/crater-agent-workspace/rustup-home:/opt/rustwide/rustup-home:ro,Z" "-e" "SOURCE_DIR=/opt/rustwide/workdir" "-e" "CARGO_TARGET_DIR=/opt/rustwide/target" "-e" "CARGO_INCREMENTAL=0" "-e" "RUST_BACKTRACE=full" "-e" "RUSTFLAGS=--cap-lints=warn" "-e" "RUSTDOCFLAGS=--cap-lints=warn" "-e" "CARGO_HOME=/opt/rustwide/cargo-home" "-e" "RUSTUP_HOME=/opt/rustwide/rustup-home" "-w" "/opt/rustwide/workdir" "-m" "1610612736" "--user" "0:0" "--network" "none" "ghcr.io/rust-lang/crates-build-env/linux@sha256:f3a9d4ad9d972b27faf3965f35b62e55ba32bbce8f20bc8fe909558a86702fde" "/opt/rustwide/cargo-home/bin/cargo" "+1.83.0" "build" "--frozen" "--message-format=json", kill_on_drop: false }`
[INFO] [stdout] c561a3e137bb664f5674a4dd21d5bfb55f88314bf9217d33fdd14791b69064c6
[INFO] running `Command { std: "docker" "start" "-a" "c561a3e137bb664f5674a4dd21d5bfb55f88314bf9217d33fdd14791b69064c6", kill_on_drop: false }`
[INFO] [stderr]    Compiling semver-parser v0.7.0
[INFO] [stderr]    Compiling cortex-m v0.7.7
[INFO] [stderr]    Compiling nb v1.1.0
[INFO] [stderr]    Compiling vcell v0.1.3
[INFO] [stderr]    Compiling void v1.0.2
[INFO] [stderr]    Compiling bitfield v0.13.2
[INFO] [stderr]    Compiling cc13x2x7_cc26x2x7_pac v0.10.3 (/opt/rustwide/workdir)
[INFO] [stderr]    Compiling nb v0.1.3
[INFO] [stderr]    Compiling volatile-register v0.2.2
[INFO] [stderr]    Compiling embedded-hal v0.2.7
[INFO] [stderr]    Compiling semver v0.9.0
[INFO] [stderr]    Compiling rustc_version v0.2.3
[INFO] [stderr]    Compiling bare-metal v0.2.5
[INFO] [stderr]     Finished `dev` profile [unoptimized + debuginfo] target(s) in 19.74s
[INFO] running `Command { std: "docker" "inspect" "c561a3e137bb664f5674a4dd21d5bfb55f88314bf9217d33fdd14791b69064c6", kill_on_drop: false }`
[INFO] running `Command { std: "docker" "rm" "-f" "c561a3e137bb664f5674a4dd21d5bfb55f88314bf9217d33fdd14791b69064c6", kill_on_drop: false }`
[INFO] [stdout] c561a3e137bb664f5674a4dd21d5bfb55f88314bf9217d33fdd14791b69064c6
[INFO] running `Command { std: "docker" "create" "-v" "/var/lib/crater-agent-workspace/builds/worker-6-tc1/target:/opt/rustwide/target:rw,Z" "-v" "/var/lib/crater-agent-workspace/builds/worker-6-tc1/source:/opt/rustwide/workdir:ro,Z" "-v" "/var/lib/crater-agent-workspace/cargo-home:/opt/rustwide/cargo-home:ro,Z" "-v" "/var/lib/crater-agent-workspace/rustup-home:/opt/rustwide/rustup-home:ro,Z" "-e" "SOURCE_DIR=/opt/rustwide/workdir" "-e" "CARGO_TARGET_DIR=/opt/rustwide/target" "-e" "CARGO_INCREMENTAL=0" "-e" "RUST_BACKTRACE=full" "-e" "RUSTFLAGS=--cap-lints=warn" "-e" "RUSTDOCFLAGS=--cap-lints=warn" "-e" "CARGO_HOME=/opt/rustwide/cargo-home" "-e" "RUSTUP_HOME=/opt/rustwide/rustup-home" "-w" "/opt/rustwide/workdir" "-m" "1610612736" "--user" "0:0" "--network" "none" "ghcr.io/rust-lang/crates-build-env/linux@sha256:f3a9d4ad9d972b27faf3965f35b62e55ba32bbce8f20bc8fe909558a86702fde" "/opt/rustwide/cargo-home/bin/cargo" "+1.83.0" "test" "--frozen" "--no-run" "--message-format=json", kill_on_drop: false }`
[INFO] [stdout] 2ef3262f104d9966adf6755ce8e13bc8b86bf94a50576d4941f22a1ea6b23f11
[INFO] running `Command { std: "docker" "start" "-a" "2ef3262f104d9966adf6755ce8e13bc8b86bf94a50576d4941f22a1ea6b23f11", kill_on_drop: false }`
[INFO] [stderr]    Compiling cc13x2x7_cc26x2x7_pac v0.10.3 (/opt/rustwide/workdir)
[INFO] [stderr]     Finished `test` profile [unoptimized + debuginfo] target(s) in 15.29s
[INFO] running `Command { std: "docker" "inspect" "2ef3262f104d9966adf6755ce8e13bc8b86bf94a50576d4941f22a1ea6b23f11", kill_on_drop: false }`
[INFO] running `Command { std: "docker" "rm" "-f" "2ef3262f104d9966adf6755ce8e13bc8b86bf94a50576d4941f22a1ea6b23f11", kill_on_drop: false }`
[INFO] [stdout] 2ef3262f104d9966adf6755ce8e13bc8b86bf94a50576d4941f22a1ea6b23f11
[INFO] running `Command { std: "docker" "create" "-v" "/var/lib/crater-agent-workspace/builds/worker-6-tc1/target:/opt/rustwide/target:rw,Z" "-v" "/var/lib/crater-agent-workspace/builds/worker-6-tc1/source:/opt/rustwide/workdir:ro,Z" "-v" "/var/lib/crater-agent-workspace/cargo-home:/opt/rustwide/cargo-home:ro,Z" "-v" "/var/lib/crater-agent-workspace/rustup-home:/opt/rustwide/rustup-home:ro,Z" "-e" "SOURCE_DIR=/opt/rustwide/workdir" "-e" "CARGO_TARGET_DIR=/opt/rustwide/target" "-e" "CARGO_INCREMENTAL=0" "-e" "RUST_BACKTRACE=full" "-e" "RUSTFLAGS=--cap-lints=warn" "-e" "RUSTDOCFLAGS=--cap-lints=warn" "-e" "CARGO_HOME=/opt/rustwide/cargo-home" "-e" "RUSTUP_HOME=/opt/rustwide/rustup-home" "-w" "/opt/rustwide/workdir" "-m" "1610612736" "--user" "0:0" "--network" "none" "ghcr.io/rust-lang/crates-build-env/linux@sha256:f3a9d4ad9d972b27faf3965f35b62e55ba32bbce8f20bc8fe909558a86702fde" "/opt/rustwide/cargo-home/bin/cargo" "+1.83.0" "test" "--frozen", kill_on_drop: false }`
[INFO] [stdout] bf6c6e8372453d6080e9a7993b304d8a5e2768b807619aa83598558b1a63683d
[INFO] running `Command { std: "docker" "start" "-a" "bf6c6e8372453d6080e9a7993b304d8a5e2768b807619aa83598558b1a63683d", kill_on_drop: false }`
[INFO] [stderr]     Finished `test` profile [unoptimized + debuginfo] target(s) in 0.02s
[INFO] [stderr]      Running unittests src/lib.rs (/opt/rustwide/target/debug/deps/cc13x2x7_cc26x2x7_pac-095bd52a3d69579e)
[INFO] [stdout] 
[INFO] [stdout] running 0 tests
[INFO] [stdout] 
[INFO] [stdout] test result: ok. 0 passed; 0 failed; 0 ignored; 0 measured; 0 filtered out; finished in 0.00s
[INFO] [stdout] 
[INFO] [stderr]    Doc-tests cc13x2x7_cc26x2x7_pac
[INFO] [stdout] 
[INFO] [stdout] running 11 tests
[INFO] [stdout] test src/generic.rs - generic::Reg<REG>::as_ptr (line 95) ... ignored
[INFO] [stdout] test src/generic.rs - generic::Reg<REG>::modify (line 196) ... ignored
[INFO] [stdout] test src/generic.rs - generic::Reg<REG>::modify (line 202) ... ignored
[INFO] [stdout] test src/generic.rs - generic::Reg<REG>::modify (line 210) ... ignored
[INFO] [stdout] test src/generic.rs - generic::Reg<REG>::read (line 107) ... ignored
[INFO] [stdout] test src/generic.rs - generic::Reg<REG>::read (line 111) ... ignored
[INFO] [stdout] test src/generic.rs - generic::Reg<REG>::write (line 135) ... ignored
[INFO] [stdout] test src/generic.rs - generic::Reg<REG>::write (line 139) ... ignored
[INFO] [stdout] test src/generic.rs - generic::Reg<REG>::write (line 147) ... ignored
[INFO] [stdout] test src/ccfg.rs - ccfg::Ccfg (line 23) ... FAILED
[INFO] [stdout] test src/ccfg.rs - ccfg::Ccfg::new (line 105) ... FAILED
[INFO] [stdout] 
[INFO] [stdout] failures:
[INFO] [stdout] 
[INFO] [stdout] ---- src/ccfg.rs - ccfg::Ccfg (line 23) stdout ----
[INFO] [stdout] error[E0412]: cannot find type `Ccfg` in this scope
[INFO] [stdout]  --> src/ccfg.rs:29:18
[INFO] [stdout]   |
[INFO] [stdout] 8 | pub static CCFG: Ccfg = Ccfg::new();
[INFO] [stdout]   |                  ^^^^ not found in this scope
[INFO] [stdout]   |
[INFO] [stdout] help: consider importing this struct
[INFO] [stdout]   |
[INFO] [stdout] 4 + use cc13x2x7_cc26x2x7_pac::ccfg::Ccfg;
[INFO] [stdout]   |
[INFO] [stdout] 
[INFO] [stdout] error[E0433]: failed to resolve: use of undeclared type `Ccfg`
[INFO] [stdout]  --> src/ccfg.rs:29:25
[INFO] [stdout]   |
[INFO] [stdout] 8 | pub static CCFG: Ccfg = Ccfg::new();
[INFO] [stdout]   |                         ^^^^ use of undeclared type `Ccfg`
[INFO] [stdout]   |
[INFO] [stdout] help: consider importing this struct
[INFO] [stdout]   |
[INFO] [stdout] 4 + use cc13x2x7_cc26x2x7_pac::ccfg::Ccfg;
[INFO] [stdout]   |
[INFO] [stdout] 
[INFO] [stdout] error: aborting due to 2 previous errors
[INFO] [stdout] 
[INFO] [stdout] Some errors have detailed explanations: E0412, E0433.
[INFO] [stdout] For more information about an error, try `rustc --explain E0412`.
[INFO] [stdout] Couldn't compile the test.
[INFO] [stdout] ---- src/ccfg.rs - ccfg::Ccfg::new (line 105) stdout ----
[INFO] [stdout] error[E0422]: cannot find struct, variant or union type `Ccfg` in this scope
[INFO] [stdout]  --> src/ccfg.rs:109:12
[INFO] [stdout]   |
[INFO] [stdout] 6 | let ccfg = Ccfg {
[INFO] [stdout]   |            ^^^^ not found in this scope
[INFO] [stdout]   |
[INFO] [stdout] help: consider importing this struct
[INFO] [stdout]   |
[INFO] [stdout] 2 + use cc13x2x7_cc26x2x7_pac::ccfg::Ccfg;
[INFO] [stdout]   |
[INFO] [stdout] 
[INFO] [stdout] error[E0433]: failed to resolve: use of undeclared type `Ccfg`
[INFO] [stdout]  --> src/ccfg.rs:111:5
[INFO] [stdout]   |
[INFO] [stdout] 8 |   ..Ccfg::new()
[INFO] [stdout]   |     ^^^^ use of undeclared type `Ccfg`
[INFO] [stdout]   |
[INFO] [stdout] help: consider importing this struct
[INFO] [stdout]   |
[INFO] [stdout] 2 + use cc13x2x7_cc26x2x7_pac::ccfg::Ccfg;
[INFO] [stdout]   |
[INFO] [stdout] 
[INFO] [stdout] error: attribute must be applied to a `static` variable
[INFO] [stdout]  --> src/ccfg.rs:106:1
[INFO] [stdout]   |
[INFO] [stdout] 3 |   #[used]
[INFO] [stdout]   |   ^^^^^^^
[INFO] [stdout] ...
[INFO] [stdout] 6 | / let ccfg = Ccfg {
[INFO] [stdout] 7 | |    ieee_mac_0: 0xBBBBBBBB,
[INFO] [stdout] 8 | |   ..Ccfg::new()
[INFO] [stdout] 9 | | };
[INFO] [stdout]   | |__- but this is a statement
[INFO] [stdout] 
[INFO] [stdout] error: aborting due to 3 previous errors
[INFO] [stdout] 
[INFO] [stdout] Some errors have detailed explanations: E0422, E0433.
[INFO] [stdout] For more information about an error, try `rustc --explain E0422`.
[INFO] [stdout] Couldn't compile the test.
[INFO] [stdout] 
[INFO] [stdout] failures:
[INFO] [stdout]     src/ccfg.rs - ccfg::Ccfg (line 23)
[INFO] [stdout]     src/ccfg.rs - ccfg::Ccfg::new (line 105)
[INFO] [stdout] 
[INFO] [stdout] test result: FAILED. 0 passed; 2 failed; 9 ignored; 0 measured; 0 filtered out; finished in 0.09s
[INFO] [stdout] 
[INFO] [stderr] error: doctest failed, to rerun pass `--doc`
[INFO] running `Command { std: "docker" "inspect" "bf6c6e8372453d6080e9a7993b304d8a5e2768b807619aa83598558b1a63683d", kill_on_drop: false }`
[INFO] running `Command { std: "docker" "rm" "-f" "bf6c6e8372453d6080e9a7993b304d8a5e2768b807619aa83598558b1a63683d", kill_on_drop: false }`
[INFO] [stdout] bf6c6e8372453d6080e9a7993b304d8a5e2768b807619aa83598558b1a63683d
