[INFO] fetching crate cbor-diag 0.1.12...
[INFO] testing cbor-diag-0.1.12 against 1.83.0 for beta-1.84.0-4-retry
[INFO] extracting crate cbor-diag 0.1.12 into /workspace/builds/worker-1-tc1/source
[INFO] validating manifest of crates.io crate cbor-diag 0.1.12 on toolchain 1.83.0
[INFO] running `Command { std: CARGO_HOME="/workspace/cargo-home" RUSTUP_HOME="/workspace/rustup-home" "/workspace/cargo-home/bin/cargo" "+1.83.0" "metadata" "--manifest-path" "Cargo.toml" "--no-deps", kill_on_drop: false }`
[INFO] started tweaking crates.io crate cbor-diag 0.1.12
[INFO] finished tweaking crates.io crate cbor-diag 0.1.12
[INFO] tweaked toml for crates.io crate cbor-diag 0.1.12 written to /workspace/builds/worker-1-tc1/source/Cargo.toml
[INFO] running `Command { std: CARGO_HOME="/workspace/cargo-home" RUSTUP_HOME="/workspace/rustup-home" "/workspace/cargo-home/bin/cargo" "+1.83.0" "generate-lockfile" "--manifest-path" "Cargo.toml", kill_on_drop: false }`
[INFO] [stderr]     Updating crates.io index
[INFO] [stderr]      Locking 79 packages to latest compatible versions
[INFO] running `Command { std: CARGO_HOME="/workspace/cargo-home" RUSTUP_HOME="/workspace/rustup-home" "/workspace/cargo-home/bin/cargo" "+1.83.0" "fetch" "--manifest-path" "Cargo.toml", kill_on_drop: false }`
[INFO] running `Command { std: "docker" "create" "-v" "/var/lib/crater-agent-workspace/builds/worker-1-tc1/target:/opt/rustwide/target:rw,Z" "-v" "/var/lib/crater-agent-workspace/builds/worker-1-tc1/source:/opt/rustwide/workdir:ro,Z" "-v" "/var/lib/crater-agent-workspace/cargo-home:/opt/rustwide/cargo-home:ro,Z" "-v" "/var/lib/crater-agent-workspace/rustup-home:/opt/rustwide/rustup-home:ro,Z" "-e" "SOURCE_DIR=/opt/rustwide/workdir" "-e" "CARGO_TARGET_DIR=/opt/rustwide/target" "-e" "CARGO_HOME=/opt/rustwide/cargo-home" "-e" "RUSTUP_HOME=/opt/rustwide/rustup-home" "-w" "/opt/rustwide/workdir" "-m" "1610612736" "--user" "0:0" "--network" "none" "ghcr.io/rust-lang/crates-build-env/linux@sha256:f3a9d4ad9d972b27faf3965f35b62e55ba32bbce8f20bc8fe909558a86702fde" "/opt/rustwide/cargo-home/bin/cargo" "+1.83.0" "metadata" "--no-deps" "--format-version=1", kill_on_drop: false }`
[INFO] [stdout] c0ead21c7ad7bd0bf3e628370022c5f90ff2458351b516bea90845daa2a00572
[INFO] running `Command { std: "docker" "start" "-a" "c0ead21c7ad7bd0bf3e628370022c5f90ff2458351b516bea90845daa2a00572", kill_on_drop: false }`
[INFO] running `Command { std: "docker" "inspect" "c0ead21c7ad7bd0bf3e628370022c5f90ff2458351b516bea90845daa2a00572", kill_on_drop: false }`
[INFO] running `Command { std: "docker" "rm" "-f" "c0ead21c7ad7bd0bf3e628370022c5f90ff2458351b516bea90845daa2a00572", kill_on_drop: false }`
[INFO] [stdout] c0ead21c7ad7bd0bf3e628370022c5f90ff2458351b516bea90845daa2a00572
[INFO] running `Command { std: "docker" "create" "-v" "/var/lib/crater-agent-workspace/builds/worker-1-tc1/target:/opt/rustwide/target:rw,Z" "-v" "/var/lib/crater-agent-workspace/builds/worker-1-tc1/source:/opt/rustwide/workdir:ro,Z" "-v" "/var/lib/crater-agent-workspace/cargo-home:/opt/rustwide/cargo-home:ro,Z" "-v" "/var/lib/crater-agent-workspace/rustup-home:/opt/rustwide/rustup-home:ro,Z" "-e" "SOURCE_DIR=/opt/rustwide/workdir" "-e" "CARGO_TARGET_DIR=/opt/rustwide/target" "-e" "CARGO_INCREMENTAL=0" "-e" "RUST_BACKTRACE=full" "-e" "RUSTFLAGS=--cap-lints=warn" "-e" "RUSTDOCFLAGS=--cap-lints=warn" "-e" "CARGO_HOME=/opt/rustwide/cargo-home" "-e" "RUSTUP_HOME=/opt/rustwide/rustup-home" "-w" "/opt/rustwide/workdir" "-m" "1610612736" "--user" "0:0" "--network" "none" "ghcr.io/rust-lang/crates-build-env/linux@sha256:f3a9d4ad9d972b27faf3965f35b62e55ba32bbce8f20bc8fe909558a86702fde" "/opt/rustwide/cargo-home/bin/cargo" "+1.83.0" "build" "--frozen" "--message-format=json", kill_on_drop: false }`
[INFO] [stdout] faf16e18542d1aca8b5a36e02315ebdb78204342350c58efc7ff003eaf573420
[INFO] running `Command { std: "docker" "start" "-a" "faf16e18542d1aca8b5a36e02315ebdb78204342350c58efc7ff003eaf573420", kill_on_drop: false }`
[INFO] [stderr]    Compiling proc-macro2 v1.0.92
[INFO] [stderr]    Compiling unicode-ident v1.0.14
[INFO] [stderr]    Compiling stable_deref_trait v1.2.0
[INFO] [stderr]    Compiling litemap v0.7.4
[INFO] [stderr]    Compiling writeable v0.5.5
[INFO] [stderr]    Compiling autocfg v1.4.0
[INFO] [stderr]    Compiling icu_locid_transform_data v1.5.0
[INFO] [stderr]    Compiling icu_properties_data v1.5.0
[INFO] [stderr]    Compiling write16 v1.0.0
[INFO] [stderr]    Compiling smallvec v1.13.2
[INFO] [stderr]    Compiling icu_normalizer_data v1.5.0
[INFO] [stderr]    Compiling utf16_iter v1.0.5
[INFO] [stderr]    Compiling utf8_iter v1.0.4
[INFO] [stderr]    Compiling percent-encoding v2.3.1
[INFO] [stderr]    Compiling cfg-if v1.0.0
[INFO] [stderr]    Compiling form_urlencoded v1.2.1
[INFO] [stderr]    Compiling minimal-lexical v0.2.1
[INFO] [stderr]    Compiling memchr v2.7.4
[INFO] [stderr]    Compiling half v2.4.1
[INFO] [stderr]    Compiling uuid v1.11.0
[INFO] [stderr]    Compiling bs58 v0.5.1
[INFO] [stderr]    Compiling separator v0.4.1
[INFO] [stderr]    Compiling data-encoding v2.6.0
[INFO] [stderr]    Compiling num-traits v0.2.19
[INFO] [stderr]    Compiling nom v7.1.3
[INFO] [stderr]    Compiling quote v1.0.37
[INFO] [stderr]    Compiling syn v2.0.90
[INFO] [stderr]    Compiling num-integer v0.1.46
[INFO] [stderr]    Compiling chrono v0.4.39
[INFO] [stderr]    Compiling num-bigint v0.4.6
[INFO] [stderr]    Compiling synstructure v0.13.1
[INFO] [stderr]    Compiling num-rational v0.4.2
[INFO] [stderr]    Compiling zerovec-derive v0.10.3
[INFO] [stderr]    Compiling displaydoc v0.2.5
[INFO] [stderr]    Compiling icu_provider_macros v1.5.0
[INFO] [stderr]    Compiling zerofrom-derive v0.1.5
[INFO] [stderr]    Compiling yoke-derive v0.7.5
[INFO] [stderr]    Compiling zerofrom v0.1.5
[INFO] [stderr]    Compiling yoke v0.7.5
[INFO] [stderr]    Compiling zerovec v0.10.4
[INFO] [stderr]    Compiling tinystr v0.7.6
[INFO] [stderr]    Compiling icu_collections v1.5.0
[INFO] [stderr]    Compiling icu_locid v1.5.0
[INFO] [stderr]    Compiling icu_provider v1.5.0
[INFO] [stderr]    Compiling icu_locid_transform v1.5.0
[INFO] [stderr]    Compiling icu_properties v1.5.1
[INFO] [stderr]    Compiling icu_normalizer v1.5.0
[INFO] [stderr]    Compiling idna_adapter v1.2.0
[INFO] [stderr]    Compiling idna v1.0.3
[INFO] [stderr]    Compiling url v2.5.4
[INFO] [stderr]    Compiling cbor-diag v0.1.12 (/opt/rustwide/workdir)
[INFO] [stdout] warning: use of deprecated associated function `chrono::NaiveDateTime::from_timestamp_opt`: use `DateTime::from_timestamp` instead
[INFO] [stdout]    --> src/encode/hex.rs:620:32
[INFO] [stdout]     |
[INFO] [stdout] 620 |                 NaiveDateTime::from_timestamp_opt(value as i64, 0)
[INFO] [stdout]     |                                ^^^^^^^^^^^^^^^^^^
[INFO] [stdout]     |
[INFO] [stdout]     = note: `#[warn(deprecated)]` on by default
[INFO] [stdout] 
[INFO] [stdout] 
[INFO] [stdout] warning: use of deprecated associated function `chrono::NaiveDateTime::from_timestamp_opt`: use `DateTime::from_timestamp` instead
[INFO] [stdout]    --> src/encode/hex.rs:628:32
[INFO] [stdout]     |
[INFO] [stdout] 628 |                 NaiveDateTime::from_timestamp_opt(value, 0)
[INFO] [stdout]     |                                ^^^^^^^^^^^^^^^^^^
[INFO] [stdout] 
[INFO] [stdout] 
[INFO] [stdout] warning: use of deprecated associated function `chrono::NaiveDateTime::from_timestamp_opt`: use `DateTime::from_timestamp` instead
[INFO] [stdout]    --> src/encode/hex.rs:643:32
[INFO] [stdout]     |
[INFO] [stdout] 643 |                 NaiveDateTime::from_timestamp_opt(value as i64, fract as u32)
[INFO] [stdout]     |                                ^^^^^^^^^^^^^^^^^^
[INFO] [stdout] 
[INFO] [stdout] 
[INFO] [stderr]     Finished `dev` profile [unoptimized + debuginfo] target(s) in 41.32s
[INFO] running `Command { std: "docker" "inspect" "faf16e18542d1aca8b5a36e02315ebdb78204342350c58efc7ff003eaf573420", kill_on_drop: false }`
[INFO] running `Command { std: "docker" "rm" "-f" "faf16e18542d1aca8b5a36e02315ebdb78204342350c58efc7ff003eaf573420", kill_on_drop: false }`
[INFO] [stdout] faf16e18542d1aca8b5a36e02315ebdb78204342350c58efc7ff003eaf573420
[INFO] running `Command { std: "docker" "create" "-v" "/var/lib/crater-agent-workspace/builds/worker-1-tc1/target:/opt/rustwide/target:rw,Z" "-v" "/var/lib/crater-agent-workspace/builds/worker-1-tc1/source:/opt/rustwide/workdir:ro,Z" "-v" "/var/lib/crater-agent-workspace/cargo-home:/opt/rustwide/cargo-home:ro,Z" "-v" "/var/lib/crater-agent-workspace/rustup-home:/opt/rustwide/rustup-home:ro,Z" "-e" "SOURCE_DIR=/opt/rustwide/workdir" "-e" "CARGO_TARGET_DIR=/opt/rustwide/target" "-e" "CARGO_INCREMENTAL=0" "-e" "RUST_BACKTRACE=full" "-e" "RUSTFLAGS=--cap-lints=warn" "-e" "RUSTDOCFLAGS=--cap-lints=warn" "-e" "CARGO_HOME=/opt/rustwide/cargo-home" "-e" "RUSTUP_HOME=/opt/rustwide/rustup-home" "-w" "/opt/rustwide/workdir" "-m" "1610612736" "--user" "0:0" "--network" "none" "ghcr.io/rust-lang/crates-build-env/linux@sha256:f3a9d4ad9d972b27faf3965f35b62e55ba32bbce8f20bc8fe909558a86702fde" "/opt/rustwide/cargo-home/bin/cargo" "+1.83.0" "test" "--frozen" "--no-run" "--message-format=json", kill_on_drop: false }`
[INFO] [stdout] 9b40ece2b2947cd1a2f71e90d35a43af5c48edd145d134946aa606f30d47a13e
[INFO] running `Command { std: "docker" "start" "-a" "9b40ece2b2947cd1a2f71e90d35a43af5c48edd145d134946aa606f30d47a13e", kill_on_drop: false }`
[INFO] [stderr]    Compiling libm v0.2.11
[INFO] [stderr]    Compiling num-traits v0.2.19
[INFO] [stderr]    Compiling libc v0.2.168
[INFO] [stderr]    Compiling byteorder v1.5.0
[INFO] [stderr]    Compiling syn v1.0.109
[INFO] [stderr]    Compiling zerocopy-derive v0.7.35
[INFO] [stderr]    Compiling unarray v0.1.4
[INFO] [stderr]    Compiling diff v0.1.13
[INFO] [stderr]    Compiling lazy_static v1.5.0
[INFO] [stderr]    Compiling regex-syntax v0.8.5
[INFO] [stderr]    Compiling yansi v1.0.1
[INFO] [stderr]    Compiling bitflags v2.6.0
[INFO] [stderr]    Compiling indoc v2.0.5
[INFO] [stderr]    Compiling pretty_assertions v1.4.1
[INFO] [stderr]    Compiling getrandom v0.2.15
[INFO] [stderr]    Compiling data-encoding-macro-internal v0.1.13
[INFO] [stderr]    Compiling rand_core v0.6.4
[INFO] [stderr]    Compiling rand_xorshift v0.3.0
[INFO] [stderr]    Compiling zerocopy v0.7.35
[INFO] [stderr]    Compiling data-encoding-macro v0.1.15
[INFO] [stderr]    Compiling num-integer v0.1.46
[INFO] [stderr]    Compiling chrono v0.4.39
[INFO] [stderr]    Compiling num-bigint v0.4.6
[INFO] [stderr]    Compiling ppv-lite86 v0.2.20
[INFO] [stderr]    Compiling rand_chacha v0.3.1
[INFO] [stderr]    Compiling rand v0.8.5
[INFO] [stderr]    Compiling proptest v1.5.0
[INFO] [stderr]    Compiling num-rational v0.4.2
[INFO] [stderr]    Compiling cbor-diag v0.1.12 (/opt/rustwide/workdir)
[INFO] [stdout] warning: use of deprecated associated function `chrono::NaiveDateTime::from_timestamp_opt`: use `DateTime::from_timestamp` instead
[INFO] [stdout]    --> src/encode/hex.rs:620:32
[INFO] [stdout]     |
[INFO] [stdout] 620 |                 NaiveDateTime::from_timestamp_opt(value as i64, 0)
[INFO] [stdout]     |                                ^^^^^^^^^^^^^^^^^^
[INFO] [stdout]     |
[INFO] [stdout]     = note: `#[warn(deprecated)]` on by default
[INFO] [stdout] 
[INFO] [stdout] 
[INFO] [stdout] warning: use of deprecated associated function `chrono::NaiveDateTime::from_timestamp_opt`: use `DateTime::from_timestamp` instead
[INFO] [stdout]    --> src/encode/hex.rs:628:32
[INFO] [stdout]     |
[INFO] [stdout] 628 |                 NaiveDateTime::from_timestamp_opt(value, 0)
[INFO] [stdout]     |                                ^^^^^^^^^^^^^^^^^^
[INFO] [stdout] 
[INFO] [stdout] 
[INFO] [stdout] warning: use of deprecated associated function `chrono::NaiveDateTime::from_timestamp_opt`: use `DateTime::from_timestamp` instead
[INFO] [stdout]    --> src/encode/hex.rs:643:32
[INFO] [stdout]     |
[INFO] [stdout] 643 |                 NaiveDateTime::from_timestamp_opt(value as i64, fract as u32)
[INFO] [stdout]     |                                ^^^^^^^^^^^^^^^^^^
[INFO] [stdout] 
[INFO] [stdout] 
[INFO] [stdout] warning: unused import: `parse_hex`
[INFO] [stdout]  --> tests/utils/mod.rs:1:33
[INFO] [stdout]   |
[INFO] [stdout] 1 | pub use cbor_diag::{parse_diag, parse_hex};
[INFO] [stdout]   |                                 ^^^^^^^^^
[INFO] [stdout]   |
[INFO] [stdout]   = note: `#[warn(unused_imports)]` on by default
[INFO] [stdout] 
[INFO] [stdout] 
[INFO] [stdout] warning: use of deprecated associated function `chrono::NaiveDateTime::from_timestamp_opt`: use `DateTime::from_timestamp` instead
[INFO] [stdout]    --> src/encode/hex.rs:620:32
[INFO] [stdout]     |
[INFO] [stdout] 620 |                 NaiveDateTime::from_timestamp_opt(value as i64, 0)
[INFO] [stdout]     |                                ^^^^^^^^^^^^^^^^^^
[INFO] [stdout]     |
[INFO] [stdout]     = note: `#[warn(deprecated)]` on by default
[INFO] [stdout] 
[INFO] [stdout] 
[INFO] [stdout] warning: use of deprecated associated function `chrono::NaiveDateTime::from_timestamp_opt`: use `DateTime::from_timestamp` instead
[INFO] [stdout]    --> src/encode/hex.rs:628:32
[INFO] [stdout]     |
[INFO] [stdout] 628 |                 NaiveDateTime::from_timestamp_opt(value, 0)
[INFO] [stdout]     |                                ^^^^^^^^^^^^^^^^^^
[INFO] [stdout] 
[INFO] [stdout] 
[INFO] [stdout] warning: use of deprecated associated function `chrono::NaiveDateTime::from_timestamp_opt`: use `DateTime::from_timestamp` instead
[INFO] [stdout]    --> src/encode/hex.rs:643:32
[INFO] [stdout]     |
[INFO] [stdout] 643 |                 NaiveDateTime::from_timestamp_opt(value as i64, fract as u32)
[INFO] [stdout]     |                                ^^^^^^^^^^^^^^^^^^
[INFO] [stdout] 
[INFO] [stdout] 
[INFO] [stdout] warning: unused import: `parse_hex`
[INFO] [stdout]  --> tests/utils/mod.rs:1:33
[INFO] [stdout]   |
[INFO] [stdout] 1 | pub use cbor_diag::{parse_diag, parse_hex};
[INFO] [stdout]   |                                 ^^^^^^^^^
[INFO] [stdout]   |
[INFO] [stdout]   = note: `#[warn(unused_imports)]` on by default
[INFO] [stdout] 
[INFO] [stdout] 
[INFO] [stderr]     Finished `test` profile [unoptimized + debuginfo] target(s) in 50.90s
[INFO] running `Command { std: "docker" "inspect" "9b40ece2b2947cd1a2f71e90d35a43af5c48edd145d134946aa606f30d47a13e", kill_on_drop: false }`
[INFO] running `Command { std: "docker" "rm" "-f" "9b40ece2b2947cd1a2f71e90d35a43af5c48edd145d134946aa606f30d47a13e", kill_on_drop: false }`
[INFO] [stdout] 9b40ece2b2947cd1a2f71e90d35a43af5c48edd145d134946aa606f30d47a13e
[INFO] running `Command { std: "docker" "create" "-v" "/var/lib/crater-agent-workspace/builds/worker-1-tc1/target:/opt/rustwide/target:rw,Z" "-v" "/var/lib/crater-agent-workspace/builds/worker-1-tc1/source:/opt/rustwide/workdir:ro,Z" "-v" "/var/lib/crater-agent-workspace/cargo-home:/opt/rustwide/cargo-home:ro,Z" "-v" "/var/lib/crater-agent-workspace/rustup-home:/opt/rustwide/rustup-home:ro,Z" "-e" "SOURCE_DIR=/opt/rustwide/workdir" "-e" "CARGO_TARGET_DIR=/opt/rustwide/target" "-e" "CARGO_INCREMENTAL=0" "-e" "RUST_BACKTRACE=full" "-e" "RUSTFLAGS=--cap-lints=warn" "-e" "RUSTDOCFLAGS=--cap-lints=warn" "-e" "CARGO_HOME=/opt/rustwide/cargo-home" "-e" "RUSTUP_HOME=/opt/rustwide/rustup-home" "-w" "/opt/rustwide/workdir" "-m" "1610612736" "--user" "0:0" "--network" "none" "ghcr.io/rust-lang/crates-build-env/linux@sha256:f3a9d4ad9d972b27faf3965f35b62e55ba32bbce8f20bc8fe909558a86702fde" "/opt/rustwide/cargo-home/bin/cargo" "+1.83.0" "test" "--frozen", kill_on_drop: false }`
[INFO] [stdout] 4a7033db51b5568f9edde822b91ad10e54bfce478d1c5a369cd98f468be45881
[INFO] running `Command { std: "docker" "start" "-a" "4a7033db51b5568f9edde822b91ad10e54bfce478d1c5a369cd98f468be45881", kill_on_drop: false }`
[INFO] [stderr] warning: use of deprecated associated function `chrono::NaiveDateTime::from_timestamp_opt`: use `DateTime::from_timestamp` instead
[INFO] [stderr]    --> src/encode/hex.rs:620:32
[INFO] [stderr]     |
[INFO] [stderr] 620 |                 NaiveDateTime::from_timestamp_opt(value as i64, 0)
[INFO] [stderr]     |                                ^^^^^^^^^^^^^^^^^^
[INFO] [stderr]     |
[INFO] [stderr]     = note: `#[warn(deprecated)]` on by default
[INFO] [stderr] 
[INFO] [stderr] warning: use of deprecated associated function `chrono::NaiveDateTime::from_timestamp_opt`: use `DateTime::from_timestamp` instead
[INFO] [stderr]    --> src/encode/hex.rs:628:32
[INFO] [stderr]     |
[INFO] [stderr] 628 |                 NaiveDateTime::from_timestamp_opt(value, 0)
[INFO] [stderr]     |                                ^^^^^^^^^^^^^^^^^^
[INFO] [stderr] 
[INFO] [stderr] warning: use of deprecated associated function `chrono::NaiveDateTime::from_timestamp_opt`: use `DateTime::from_timestamp` instead
[INFO] [stderr]    --> src/encode/hex.rs:643:32
[INFO] [stderr]     |
[INFO] [stderr] 643 |                 NaiveDateTime::from_timestamp_opt(value as i64, fract as u32)
[INFO] [stderr]     |                                ^^^^^^^^^^^^^^^^^^
[INFO] [stderr] 
[INFO] [stderr] warning: `cbor-diag` (lib) generated 3 warnings
[INFO] [stderr] warning: unused import: `parse_hex`
[INFO] [stderr]  --> tests/utils/mod.rs:1:33
[INFO] [stderr]   |
[INFO] [stderr] 1 | pub use cbor_diag::{parse_diag, parse_hex};
[INFO] [stderr]   |                                 ^^^^^^^^^
[INFO] [stderr]   |
[INFO] [stderr]   = note: `#[warn(unused_imports)]` on by default
[INFO] [stderr] 
[INFO] [stderr] warning: `cbor-diag` (test "comments") generated 1 warning (run `cargo fix --test "comments"` to apply 1 suggestion)
[INFO] [stderr] warning: `cbor-diag` (test "issues") generated 1 warning (1 duplicate)
[INFO] [stderr] warning: `cbor-diag` (lib test) generated 3 warnings (3 duplicates)
[INFO] [stderr]     Finished `test` profile [unoptimized + debuginfo] target(s) in 0.10s
[INFO] [stderr]      Running unittests src/lib.rs (/opt/rustwide/target/debug/deps/cbor_diag-747f46ba6c469075)
[INFO] [stdout] 
[INFO] [stdout] running 0 tests
[INFO] [stdout] 
[INFO] [stdout] test result: ok. 0 passed; 0 failed; 0 ignored; 0 measured; 0 filtered out; finished in 0.00s
[INFO] [stdout] 
[INFO] [stderr]      Running tests/array.rs (/opt/rustwide/target/debug/deps/array-f15315e4b96efed5)
[INFO] [stdout] 
[INFO] [stdout] running 78 tests
[INFO] [stdout] test diag::empty::diag2value_compact ... ok
[INFO] [stdout] test diag::empty::value2diag_pretty ... ok
[INFO] [stdout] test diag::hello::diag2value_pretty ... ok
[INFO] [stdout] test diag::hello::diag2value_compact ... ok
[INFO] [stdout] test diag::hello::value2diag_pretty ... ok
[INFO] [stdout] test diag::hello::value2diag_compact ... ok
[INFO] [stdout] test diag::hello_world::diag2value_pretty ... ok
[INFO] [stdout] test diag::hello_world::diag2value_compact ... ok
[INFO] [stdout] test diag::empty::value2diag_compact ... ok
[INFO] [stdout] test diag::hello_world::value2diag_pretty ... ok
[INFO] [stdout] test diag::heterogenous::value2diag_pretty ... ok
[INFO] [stdout] test diag::heterogenous::diag2value_compact ... ok
[INFO] [stdout] test diag::nested::diag2value_compact ... ok
[INFO] [stdout] test diag::heterogenous::diag2value_pretty ... ok
[INFO] [stdout] test diag::hello_world::value2diag_compact ... ok
[INFO] [stdout] test diag::nested::value2diag_compact ... ok
[INFO] [stdout] test diag::nested::value2diag_pretty ... ok
[INFO] [stdout] test diag::empty::diag2value_pretty ... ok
[INFO] [stdout] test diag::non_alpha::diag2value_compact ... ok
[INFO] [stdout] test diag::non_alpha::diag2value_pretty ... ok
[INFO] [stdout] test diag::heterogenous::value2diag_compact ... ok
[INFO] [stdout] test diag::non_alpha::value2diag_pretty ... ok
[INFO] [stdout] test hex::hello_world::value2bytes ... ok
[INFO] [stdout] test hex::empty::hex2value ... ok
[INFO] [stdout] test hex::empty::value2bytes ... ok
[INFO] [stdout] test hex::hello_world::value2hex ... ok
[INFO] [stdout] test diag::non_alpha::value2diag_compact ... ok
[INFO] [stdout] test hex::heterogenous::hex2value ... ok
[INFO] [stdout] test hex::heterogenous::value2bytes ... ok
[INFO] [stdout] test hex::heterogenous::value2hex ... ok
[INFO] [stdout] test hex::nested::value2bytes ... ok
[INFO] [stdout] test hex::hello_world::hex2value ... ok
[INFO] [stdout] test hex::nested::value2hex ... ok
[INFO] [stdout] test hex::nested::hex2value ... ok
[INFO] [stdout] test hex::non_alpha::hex2value ... ok
[INFO] [stdout] test indefinite::diag::empty::diag2value_compact ... ok
[INFO] [stdout] test indefinite::diag::empty::value2diag_pretty ... ok
[INFO] [stdout] test indefinite::diag::empty::diag2value_pretty ... ok
[INFO] [stdout] test diag::nested::diag2value_pretty ... ok
[INFO] [stdout] test hex::non_alpha::value2bytes ... ok
[INFO] [stdout] test hex::non_alpha::value2hex ... ok
[INFO] [stdout] test indefinite::diag::empty::value2diag_compact ... ok
[INFO] [stdout] test indefinite::diag::hello::value2diag_compact ... ok
[INFO] [stdout] test indefinite::diag::hello_world::diag2value_pretty ... ok
[INFO] [stdout] test indefinite::diag::hello::diag2value_compact ... ok
[INFO] [stdout] test indefinite::diag::heterogenous::diag2value_pretty ... ok
[INFO] [stdout] test indefinite::diag::heterogenous::value2diag_compact ... ok
[INFO] [stdout] test indefinite::diag::heterogenous::value2diag_pretty ... ok
[INFO] [stdout] test indefinite::diag::heterogenous::diag2value_compact ... ok
[INFO] [stdout] test hex::empty::value2hex ... ok
[INFO] [stdout] test indefinite::diag::hello_world::value2diag_pretty ... ok
[INFO] [stdout] test indefinite::diag::hello::diag2value_pretty ... ok
[INFO] [stdout] test indefinite::diag::hello_world::value2diag_compact ... ok
[INFO] [stdout] test indefinite::diag::hello_world::diag2value_compact ... ok
[INFO] [stdout] test indefinite::diag::nested::diag2value_pretty ... ok
[INFO] [stdout] test indefinite::diag::nested::value2diag_compact ... ok
[INFO] [stdout] test indefinite::diag::hello::value2diag_pretty ... ok
[INFO] [stdout] test indefinite::diag::nested::value2diag_pretty ... ok
[INFO] [stdout] test indefinite::diag::nested::diag2value_compact ... ok
[INFO] [stdout] test indefinite::diag::non_alpha::diag2value_compact ... ok
[INFO] [stdout] test indefinite::diag::non_alpha::value2diag_compact ... ok
[INFO] [stdout] test indefinite::hex::empty::value2hex ... ok
[INFO] [stdout] test indefinite::hex::empty::value2bytes ... ok
[INFO] [stdout] test indefinite::diag::non_alpha::value2diag_pretty ... ok
[INFO] [stdout] test indefinite::hex::empty::hex2value ... ok
[INFO] [stdout] test indefinite::diag::non_alpha::diag2value_pretty ... ok
[INFO] [stdout] test indefinite::hex::hello_world::hex2value ... ok
[INFO] [stdout] test indefinite::hex::nested::value2bytes ... ok
[INFO] [stdout] test indefinite::hex::nested::value2hex ... ok
[INFO] [stdout] test indefinite::hex::hello_world::value2bytes ... ok
[INFO] [stdout] test indefinite::hex::heterogenous::value2hex ... ok
[INFO] [stdout] test indefinite::hex::hello_world::value2hex ... ok
[INFO] [stdout] test indefinite::hex::heterogenous::value2bytes ... ok
[INFO] [stdout] test indefinite::hex::heterogenous::hex2value ... ok
[INFO] [stdout] test indefinite::hex::nested::hex2value ... ok
[INFO] [stdout] test indefinite::hex::non_alpha::value2hex ... ok
[INFO] [stdout] test indefinite::hex::non_alpha::hex2value ... ok
[INFO] [stdout] test indefinite::hex::non_alpha::value2bytes ... ok
[INFO] [stdout] 
[INFO] [stdout] test result: ok. 78 passed; 0 failed; 0 ignored; 0 measured; 0 filtered out; finished in 0.06s
[INFO] [stderr]      Running tests/bytes.rs (/opt/rustwide/target/debug/deps/bytes-94466b5a241c53e4)
[INFO] [stdout] 
[INFO] [stdout] 
[INFO] [stdout] running 130 tests
[INFO] [stdout] test concatenated::five::diag2value_compact ... ok
[INFO] [stdout] test diag::alpha::diag2value_compact ... ok
[INFO] [stdout] test concatenated::one::diag2value_compact ... ok
[INFO] [stdout] test concatenated::three::diag2value_compact ... ok
[INFO] [stdout] test concatenated::two::diag2value_compact ... ok
[INFO] [stdout] test diag::alpha::value2diag_compact ... ok
[INFO] [stdout] test diag::empty::diag2value_compact ... ok
[INFO] [stdout] test diag::hello::diag2value_compact ... ok
[INFO] [stdout] test diag::alpha::diag2value_pretty ... ok
[INFO] [stdout] test diag::hello::diag2value_pretty ... ok
[INFO] [stdout] test diag::alpha::value2diag_pretty ... ok
[INFO] [stdout] test diag::hello::value2diag_compact ... ok
[INFO] [stdout] test diag::hello::value2diag_pretty ... ok
[INFO] [stdout] test diag::non_alpha::diag2value_compact ... ok
[INFO] [stdout] test diag::non_alpha::value2diag_compact ... ok
[INFO] [stdout] test diag::non_alpha::diag2value_pretty ... ok
[INFO] [stdout] test diag::empty::diag2value_pretty ... ok
[INFO] [stdout] test diag::empty::value2diag_compact ... ok
[INFO] [stdout] test diag::non_alpha::value2diag_pretty ... ok
[INFO] [stdout] test concatenated::four::diag2value_compact ... ok
[INFO] [stdout] test embedded::empty::diag2value_compact ... ok
[INFO] [stdout] test embedded::foo::diag2value_compact ... ok
[INFO] [stdout] test embedded::concatenated::diag2value_compact ... ok
[INFO] [stdout] test embedded::one::diag2value_compact ... ok
[INFO] [stdout] test embedded::two::diag2value_compact ... ok
[INFO] [stdout] test diag::empty::value2diag_pretty ... ok
[INFO] [stdout] test encodings::base64url::diag2value_compact ... ok
[INFO] [stdout] test encodings::base32::diag2value_compact ... ok
[INFO] [stdout] test encodings::utf8::diag2value_compact ... ok
[INFO] [stdout] test encodings::base16::diag2value_compact ... ok
[INFO] [stdout] test embedded::nested::diag2value_compact ... ok
[INFO] [stdout] test encodings::whitespace::base16::diag2value_compact ... ok
[INFO] [stdout] test encodings::whitespace::base32::diag2value_compact ... ok
[INFO] [stdout] test encodings::base32hex::diag2value_compact ... ok
[INFO] [stdout] test encodings::whitespace::base32hex::diag2value_compact ... ok
[INFO] [stdout] test indefinite::diag::alpha::value2diag_compact ... ok
[INFO] [stdout] test indefinite::diag::alpha::diag2value_pretty ... ok
[INFO] [stdout] test encodings::whitespace::base64url::diag2value_compact ... ok
[INFO] [stdout] test indefinite::diag::empty::value2diag_pretty ... ok
[INFO] [stdout] test indefinite::diag::alpha::diag2value_compact ... ok
[INFO] [stdout] test indefinite::diag::hello::diag2value_pretty ... ok
[INFO] [stdout] test encodings::base64::diag2value_compact ... ok
[INFO] [stdout] test encodings::whitespace::base64::diag2value_compact ... ok
[INFO] [stdout] test indefinite::diag::alpha::value2diag_pretty ... ok
[INFO] [stdout] test indefinite::diag::hello::value2diag_compact ... ok
[INFO] [stdout] test indefinite::diag::hello::value2diag_pretty ... ok
[INFO] [stdout] test indefinite::diag::hello_world::diag2value_compact ... ok
[INFO] [stdout] test indefinite::diag::empty::value2diag_compact ... ok
[INFO] [stdout] test indefinite::diag::hello_world::value2diag_compact ... ok
[INFO] [stdout] test indefinite::diag::one_empty::diag2value_compact ... ok
[INFO] [stdout] test indefinite::diag::hello_world::value2diag_pretty ... ok
[INFO] [stdout] test indefinite::diag::non_alpha::diag2value_compact ... ok
[INFO] [stdout] test indefinite::diag::one_empty::diag2value_pretty ... ok
[INFO] [stdout] test indefinite::diag::non_alpha::value2diag_pretty ... ok
[INFO] [stdout] test indefinite::diag::hello::diag2value_compact ... ok
[INFO] [stdout] test indefinite::diag::non_alpha::diag2value_pretty ... ok
[INFO] [stdout] test indefinite::diag::hello_world::diag2value_pretty ... ok
[INFO] [stdout] test indefinite::diag::one_empty::value2diag_pretty ... ok
[INFO] [stdout] test indefinite::diag::some_empty::diag2value_pretty ... ok
[INFO] [stdout] test indefinite::hex::alpha::hex2value ... ok
[INFO] [stdout] test indefinite::diag::one_empty::value2diag_compact ... ok
[INFO] [stdout] test indefinite::hex::alpha::value2bytes ... ok
[INFO] [stdout] test indefinite::diag::some_empty::diag2value_compact ... ok
[INFO] [stdout] test indefinite::diag::non_alpha::value2diag_compact ... ok
[INFO] [stdout] test indefinite::diag::some_empty::value2diag_pretty ... ok
[INFO] [stdout] test indefinite::hex::empty::value2bytes ... ok
[INFO] [stdout] test indefinite::hex::alpha::value2hex ... ok
[INFO] [stdout] test indefinite::diag::some_empty::value2diag_compact ... ok
[INFO] [stdout] test indefinite::hex::escaped::value2bytes ... ok
[INFO] [stdout] test indefinite::hex::hello_world::value2bytes ... ok
[INFO] [stdout] test indefinite::hex::empty::value2hex ... ok
[INFO] [stdout] test indefinite::hex::escaped::value2hex ... ok
[INFO] [stdout] test indefinite::hex::empty::hex2value ... ok
[INFO] [stdout] test indefinite::hex::escaped::hex2value ... ok
[INFO] [stdout] test indefinite::hex::hello_world::hex2value ... ok
[INFO] [stdout] test indefinite::hex::hello_world::value2hex ... ok
[INFO] [stdout] test indefinite::hex::non_alpha::hex2value ... ok
[INFO] [stdout] test indefinite::hex::one_empty::value2bytes ... ok
[INFO] [stdout] test indefinite::hex::some_empty::hex2value ... ok
[INFO] [stdout] test indefinite::hex::one_empty::value2hex ... ok
[INFO] [stdout] test indefinite::hex::some_empty::value2bytes ... ok
[INFO] [stdout] test indefinite::hex::one_empty::hex2value ... ok
[INFO] [stdout] test tiny::empty::hex2value ... ok
[INFO] [stdout] test indefinite::hex::some_empty::value2hex ... ok
[INFO] [stdout] test indefinite::hex::non_alpha::value2hex ... ok
[INFO] [stdout] test indefinite::hex::non_alpha::value2bytes ... ok
[INFO] [stdout] test tiny::empty::value2bytes ... ok
[INFO] [stdout] test tiny::hello::hex2value ... ok
[INFO] [stdout] test tiny::hello::value2hex ... ok
[INFO] [stdout] test tiny::hello::value2bytes ... ok
[INFO] [stdout] test u16::alpha::value2bytes ... ok
[INFO] [stdout] test u16::empty::value2bytes ... ok
[INFO] [stdout] test u16::empty::hex2value ... ok
[INFO] [stdout] test u16::alpha::value2hex ... ok
[INFO] [stdout] test u16::alpha::hex2value ... ok
[INFO] [stdout] test u16::hello::value2bytes ... ok
[INFO] [stdout] test u16::hello::hex2value ... ok
[INFO] [stdout] test u16::empty::value2hex ... ok
[INFO] [stdout] test u16::hello::value2hex ... ok
[INFO] [stdout] test u32::alpha::value2bytes ... ok
[INFO] [stdout] test u32::alpha::hex2value ... ok
[INFO] [stdout] test u32::empty::hex2value ... ok
[INFO] [stdout] test u32::empty::value2bytes ... ok
[INFO] [stdout] test u32::alpha::value2hex ... ok
[INFO] [stdout] test u32::empty::value2hex ... ok
[INFO] [stdout] test u32::hello::hex2value ... ok
[INFO] [stdout] test u32::hello::value2hex ... ok
[INFO] [stdout] test u32::hello::value2bytes ... ok
[INFO] [stdout] test u64::alpha::hex2value ... ok
[INFO] [stdout] test u64::empty::hex2value ... ok
[INFO] [stdout] test u64::alpha::value2bytes ... ok
[INFO] [stdout] test u64::empty::value2bytes ... ok
[INFO] [stdout] test u64::empty::value2hex ... ok
[INFO] [stdout] test u64::hello::value2bytes ... ok
[INFO] [stdout] test u8::alpha::hex2value ... ok
[INFO] [stdout] test u8::alpha::value2hex ... ok
[INFO] [stdout] test u64::hello::value2hex ... ok
[INFO] [stdout] test u8::alpha::value2bytes ... ok
[INFO] [stdout] test u8::empty::hex2value ... ok
[INFO] [stdout] test u8::empty::value2hex ... ok
[INFO] [stdout] test u8::empty::value2bytes ... ok
[INFO] [stdout] test u8::hello::hex2value ... ok
[INFO] [stdout] test tiny::empty::value2hex ... ok
[INFO] [stdout] test u64::alpha::value2hex ... ok
[INFO] [stdout] test u64::hello::hex2value ... ok
[INFO] [stdout] test u8::non_alpha::hex2value ... ok
[INFO] [stdout] test u8::non_alpha::value2hex ... ok
[INFO] [stdout] test u8::non_alpha::value2bytes ... ok
[INFO] [stdout] test u8::hello::value2bytes ... ok
[INFO] [stdout] test u8::hello::value2hex ... ok
[INFO] [stdout] 
[INFO] [stdout] test result: ok. 130 passed; 0 failed; 0 ignored; 0 measured; 0 filtered out; finished in 0.10s
[INFO] [stdout] 
[INFO] [stderr]      Running tests/comments.rs (/opt/rustwide/target/debug/deps/comments-e6375173fd90db5a)
[INFO] [stdout] 
[INFO] [stdout] running 3 tests
[INFO] [stdout] test rfc_example::diag2value_compact ... ok
[INFO] [stdout] test not_unprefixed_bytestrings::diag2value_compact ... ok
[INFO] [stdout] test rfc_bytestring::diag2value_compact ... ok
[INFO] [stdout] 
[INFO] [stdout] test result: ok. 3 passed; 0 failed; 0 ignored; 0 measured; 0 filtered out; finished in 0.01s
[INFO] [stdout] 
[INFO] [stderr]      Running tests/float.rs (/opt/rustwide/target/debug/deps/float-913986d43e5def2c)
[INFO] [stdout] 
[INFO] [stdout] running 142 tests
[INFO] [stdout] test f16::half::diag2value_compact ... ok
[INFO] [stdout] test f16::half::value2diag_compact ... ok
[INFO] [stdout] test f16::half::diag2value_pretty ... ok
[INFO] [stdout] test f16::half::value2diag_pretty ... ok
[INFO] [stdout] test f16::half::value2hex ... ok
[INFO] [stdout] test f16::infinity::diag2value_pretty ... ok
[INFO] [stdout] test f16::half::value2bytes ... ok
[INFO] [stdout] test f16::infinity::value2diag_pretty ... ok
[INFO] [stdout] test f16::nan::value2bytes ... ok
[INFO] [stdout] test f16::infinity::diag2value_compact ... ok
[INFO] [stdout] test f16::nan::value2diag_pretty ... ok
[INFO] [stdout] test f16::half::hex2value ... ok
[INFO] [stdout] test f16::infinity::hex2value ... ok
[INFO] [stdout] test f16::infinity::value2hex ... ok
[INFO] [stdout] test f16::nan::value2diag_compact ... ok
[INFO] [stdout] test f16::infinity::value2bytes ... ok
[INFO] [stdout] test f16::infinity::value2diag_compact ... ok
[INFO] [stdout] test f16::nan::value2hex ... ok
[INFO] [stdout] test f16::neg_infinity::diag2value_compact ... ok
[INFO] [stdout] test f16::neg_infinity::value2bytes ... ok
[INFO] [stdout] test f16::neg_infinity::value2diag_pretty ... ok
[INFO] [stdout] test f16::neg_infinity::diag2value_pretty ... ok
[INFO] [stdout] test f16::neg_infinity::hex2value ... ok
[INFO] [stdout] test f16::one::hex2value ... ok
[INFO] [stdout] test f16::neg_infinity::value2hex ... ok
[INFO] [stdout] test f16::one::value2diag_pretty ... ok
[INFO] [stdout] test f16::zero::diag2value_compact ... ok
[INFO] [stdout] test f16::one::diag2value_compact ... ok
[INFO] [stdout] test f16::one::value2bytes ... ok
[INFO] [stdout] test f16::one::value2hex ... ok
[INFO] [stdout] test f16::zero::diag2value_pretty ... ok
[INFO] [stdout] test f16::zero::hex2value ... ok
[INFO] [stdout] test f16::zero::value2bytes ... ok
[INFO] [stdout] test f16::neg_infinity::value2diag_compact ... ok
[INFO] [stdout] test f16::zero::value2diag_pretty ... ok
[INFO] [stdout] test f16::zero::value2hex ... ok
[INFO] [stdout] test f16::zero::value2diag_compact ... ok
[INFO] [stdout] test f32::half::diag2value_compact ... ok
[INFO] [stdout] test f32::half::hex2value ... ok
[INFO] [stdout] test f32::half::diag2value_pretty ... ok
[INFO] [stdout] test f16::one::value2diag_compact ... ok
[INFO] [stdout] test f32::half::value2bytes ... ok
[INFO] [stdout] test f32::half::value2diag_compact ... ok
[INFO] [stdout] test f32::half::value2diag_pretty ... ok
[INFO] [stdout] test f32::half::value2hex ... ok
[INFO] [stdout] test f32::infinity::diag2value_compact ... ok
[INFO] [stdout] test f32::infinity::diag2value_pretty ... ok
[INFO] [stdout] test f32::infinity::hex2value ... ok
[INFO] [stdout] test f32::infinity::value2bytes ... ok
[INFO] [stdout] test f32::infinity::value2diag_pretty ... ok
[INFO] [stdout] test f32::infinity::value2hex ... ok
[INFO] [stdout] test f32::nan::value2diag_compact ... ok
[INFO] [stdout] test f32::nan::value2diag_pretty ... ok
[INFO] [stdout] test f32::nan::value2hex ... ok
[INFO] [stdout] test f16::one::diag2value_pretty ... ok
[INFO] [stdout] test f32::neg_infinity::diag2value_compact ... ok
[INFO] [stdout] test f32::neg_infinity::diag2value_pretty ... ok
[INFO] [stdout] test f32::neg_infinity::value2bytes ... ok
[INFO] [stdout] test f32::neg_infinity::hex2value ... ok
[INFO] [stdout] test f32::neg_infinity::value2diag_compact ... ok
[INFO] [stdout] test f32::infinity::value2diag_compact ... ok
[INFO] [stdout] test f32::nan::value2bytes ... ok
[INFO] [stdout] test f32::neg_infinity::value2diag_pretty ... ok
[INFO] [stdout] test f32::neg_infinity::value2hex ... ok
[INFO] [stdout] test f32::one::diag2value_compact ... ok
[INFO] [stdout] test f32::one::diag2value_pretty ... ok
[INFO] [stdout] test f32::one::hex2value ... ok
[INFO] [stdout] test f32::one::value2bytes ... ok
[INFO] [stdout] test f32::one::value2diag_compact ... ok
[INFO] [stdout] test f32::one::value2diag_pretty ... ok
[INFO] [stdout] test f32::one::value2hex ... ok
[INFO] [stdout] test f32::zero::diag2value_compact ... ok
[INFO] [stdout] test f32::zero::value2diag_compact ... ok
[INFO] [stdout] test f32::zero::value2hex ... ok
[INFO] [stdout] test f64::half::diag2value_compact ... ok
[INFO] [stdout] test f64::half::value2bytes ... ok
[INFO] [stdout] test f64::half::value2diag_compact ... ok
[INFO] [stdout] test f64::half::value2diag_pretty ... ok
[INFO] [stdout] test f64::half::value2hex ... ok
[INFO] [stdout] test f32::zero::diag2value_pretty ... ok
[INFO] [stdout] test f64::half::diag2value_pretty ... ok
[INFO] [stdout] test f64::half::hex2value ... ok
[INFO] [stdout] test f32::zero::value2diag_pretty ... ok
[INFO] [stdout] test f32::zero::hex2value ... ok
[INFO] [stdout] test f32::zero::value2bytes ... ok
[INFO] [stdout] test f64::infinity::diag2value_pretty ... ok
[INFO] [stdout] test f64::infinity::diag2value_compact ... ok
[INFO] [stdout] test f64::infinity::hex2value ... ok
[INFO] [stdout] test f64::infinity::value2diag_compact ... ok
[INFO] [stdout] test f64::infinity::value2diag_pretty ... ok
[INFO] [stdout] test f64::nan::value2diag_pretty ... ok
[INFO] [stdout] test f64::neg_infinity::diag2value_compact ... ok
[INFO] [stdout] test f64::neg_infinity::diag2value_pretty ... ok
[INFO] [stdout] test f64::neg_infinity::hex2value ... ok
[INFO] [stdout] test f64::nan::value2bytes ... ok
[INFO] [stdout] test f64::neg_infinity::value2bytes ... ok
[INFO] [stdout] test f64::neg_infinity::value2diag_compact ... ok
[INFO] [stdout] test f64::neg_infinity::value2diag_pretty ... ok
[INFO] [stdout] test f64::neg_infinity::value2hex ... ok
[INFO] [stdout] test f64::one::diag2value_compact ... ok
[INFO] [stdout] test f64::one::diag2value_pretty ... ok
[INFO] [stdout] test f64::nan::value2diag_compact ... ok
[INFO] [stdout] test f64::one::hex2value ... ok
[INFO] [stdout] test f64::one::value2bytes ... ok
[INFO] [stdout] test f64::one::value2diag_compact ... ok
[INFO] [stdout] test f64::one::value2diag_pretty ... ok
[INFO] [stdout] test f64::one::value2hex ... ok
[INFO] [stdout] test f64::zero::diag2value_compact ... ok
[INFO] [stdout] test f64::zero::diag2value_pretty ... ok
[INFO] [stdout] test f64::infinity::value2hex ... ok
[INFO] [stdout] test f64::zero::hex2value ... ok
[INFO] [stdout] test f64::zero::value2diag_compact ... ok
[INFO] [stdout] test f64::zero::value2diag_pretty ... ok
[INFO] [stdout] test f64::zero::value2hex ... ok
[INFO] [stdout] test formats::hex2::diag2value_compact ... ok
[INFO] [stdout] test f64::infinity::value2bytes ... ok
[INFO] [stdout] test formats::hex1::diag2value_compact ... ok
[INFO] [stdout] test unknown::half::value2diag_compact ... ok
[INFO] [stdout] test f64::zero::value2bytes ... ok
[INFO] [stdout] test unknown::half::diag2value_compact ... ok
[INFO] [stdout] test unknown::half::diag2value_pretty ... ok
[INFO] [stdout] test unknown::infinity::diag2value_compact ... ok
[INFO] [stdout] test unknown::infinity::value2diag_pretty ... ok
[INFO] [stdout] test unknown::infinity::value2diag_compact ... ok
[INFO] [stdout] test unknown::nan::value2diag_compact ... ok
[INFO] [stdout] test unknown::nan::value2diag_pretty ... ok
[INFO] [stdout] test unknown::neg_infinity::diag2value_compact ... ok
[INFO] [stdout] test unknown::neg_infinity::diag2value_pretty ... ok
[INFO] [stdout] test unknown::neg_infinity::value2diag_pretty ... ok
[INFO] [stdout] test unknown::one::value2diag_compact ... ok
[INFO] [stdout] test unknown::one::diag2value_compact ... ok
[INFO] [stdout] test unknown::one::diag2value_pretty ... ok
[INFO] [stdout] test unknown::one::value2diag_pretty ... ok
[INFO] [stdout] test unknown::half::value2diag_pretty ... ok
[INFO] [stdout] test formats::decimal::diag2value_compact ... ok
[INFO] [stdout] test unknown::infinity::diag2value_pretty ... ok
[INFO] [stdout] test f64::nan::value2hex ... ok
[INFO] [stdout] test unknown::neg_infinity::value2diag_compact ... ok
[INFO] [stdout] test unknown::zero::diag2value_compact ... ok
[INFO] [stdout] test unknown::zero::diag2value_pretty ... ok
[INFO] [stdout] test unknown::zero::value2diag_compact ... ok
[INFO] [stdout] test unknown::zero::value2diag_pretty ... ok
[INFO] [stdout] 
[INFO] [stdout] test result: ok. 142 passed; 0 failed; 0 ignored; 0 measured; 0 filtered out; finished in 0.09s
[INFO] [stdout] 
[INFO] [stderr]      Running tests/integer.rs (/opt/rustwide/target/debug/deps/integer-994b93091e264d90)
[INFO] [stdout] 
[INFO] [stdout] running 235 tests
[INFO] [stdout] test formats::binary::diag2value_compact ... ok
[INFO] [stdout] test formats::hexadecimal::diag2value_compact ... ok
[INFO] [stdout] test negative::u16::max::diag2value_pretty ... ok
[INFO] [stdout] test formats::decimal::diag2value_compact ... ok
[INFO] [stdout] test negative::u16::max::value2hex ... ok
[INFO] [stdout] test negative::u16::max::diag2value_compact ... ok
[INFO] [stdout] test negative::u16::max::value2diag_compact ... ok
[INFO] [stdout] test negative::u16::one::diag2value_pretty ... ok
[INFO] [stdout] test negative::u16::one::hex2value ... ok
[INFO] [stdout] test negative::u16::one::value2bytes ... ok
[INFO] [stdout] test negative::u16::one::value2diag_compact ... ok
[INFO] [stdout] test negative::u16::one::value2diag_pretty ... ok
[INFO] [stdout] test negative::u16::one::value2hex ... ok
[INFO] [stdout] test negative::u16::twenty_five::diag2value_compact ... ok
[INFO] [stdout] test negative::u16::twenty_five::diag2value_pretty ... ok
[INFO] [stdout] test negative::u16::twenty_five::value2diag_compact ... ok
[INFO] [stdout] test negative::u16::max::hex2value ... ok
[INFO] [stdout] test negative::u16::max::value2bytes ... ok
[INFO] [stdout] test negative::u16::twenty_five::hex2value ... ok
[INFO] [stdout] test negative::u16::one::diag2value_compact ... ok
[INFO] [stdout] test negative::u16::max::value2diag_pretty ... ok
[INFO] [stdout] test formats::octal::diag2value_compact ... ok
[INFO] [stdout] test negative::u16::twenty_five::value2diag_pretty ... ok
[INFO] [stdout] test negative::u16::twenty_five::value2bytes ... ok
[INFO] [stdout] test negative::u32::max::diag2value_pretty ... ok
[INFO] [stdout] test negative::u32::max::value2bytes ... ok
[INFO] [stdout] test negative::u32::max::value2diag_compact ... ok
[INFO] [stdout] test negative::u32::max::value2diag_pretty ... ok
[INFO] [stdout] test negative::u32::max::value2hex ... ok
[INFO] [stdout] test negative::u32::max::hex2value ... ok
[INFO] [stdout] test negative::u32::one::diag2value_compact ... ok
[INFO] [stdout] test negative::u32::one::hex2value ... ok
[INFO] [stdout] test negative::u32::one::value2bytes ... ok
[INFO] [stdout] test negative::u32::max::diag2value_compact ... ok
[INFO] [stdout] test negative::u32::one::value2diag_compact ... ok
[INFO] [stdout] test negative::u32::one::diag2value_pretty ... ok
[INFO] [stdout] test negative::u32::twenty_five::diag2value_pretty ... ok
[INFO] [stdout] test negative::u32::one::value2hex ... ok
[INFO] [stdout] test negative::u32::twenty_five::diag2value_compact ... ok
[INFO] [stdout] test negative::u16::twenty_five::value2hex ... ok
[INFO] [stdout] test negative::u32::twenty_five::hex2value ... ok
[INFO] [stdout] test negative::u32::one::value2diag_pretty ... ok
[INFO] [stdout] test negative::u64::max::diag2value_pretty ... ok
[INFO] [stdout] test negative::u64::max::hex2value ... ok
[INFO] [stdout] test negative::u32::twenty_five::value2diag_pretty ... ok
[INFO] [stdout] test negative::u64::max::value2bytes ... ok
[INFO] [stdout] test negative::u32::twenty_five::value2bytes ... ok
[INFO] [stdout] test negative::u64::max::diag2value_compact ... ok
[INFO] [stdout] test negative::u32::twenty_five::value2diag_compact ... ok
[INFO] [stdout] test negative::u64::max::value2diag_compact ... ok
[INFO] [stdout] test negative::u64::max::value2diag_pretty ... ok
[INFO] [stdout] test negative::u64::max::value2hex ... ok
[INFO] [stdout] test negative::u64::one::diag2value_compact ... ok
[INFO] [stdout] test negative::u64::one::value2diag_pretty ... ok
[INFO] [stdout] test negative::u64::one::value2hex ... ok
[INFO] [stdout] test negative::u64::one::diag2value_pretty ... ok
[INFO] [stdout] test negative::u64::one::value2bytes ... ok
[INFO] [stdout] test negative::u64::twenty_five::hex2value ... ok
[INFO] [stdout] test negative::u64::one::value2diag_compact ... ok
[INFO] [stdout] test negative::u64::twenty_five::diag2value_pretty ... ok
[INFO] [stdout] test negative::u64::twenty_five::value2diag_compact ... ok
[INFO] [stdout] test negative::u64::twenty_five::value2diag_pretty ... ok
[INFO] [stdout] test negative::u32::twenty_five::value2hex ... ok
[INFO] [stdout] test negative::u64::twenty_five::value2hex ... ok
[INFO] [stdout] test negative::u8::max::diag2value_compact ... ok
[INFO] [stdout] test negative::u64::twenty_five::value2bytes ... ok
[INFO] [stdout] test negative::u8::max::value2bytes ... ok
[INFO] [stdout] test negative::u8::max::diag2value_pretty ... ok
[INFO] [stdout] test negative::u8::max::value2diag_compact ... ok
[INFO] [stdout] test negative::u8::max::hex2value ... ok
[INFO] [stdout] test negative::u64::twenty_five::diag2value_compact ... ok
[INFO] [stdout] test negative::u64::one::hex2value ... ok
[INFO] [stdout] test negative::u8::max::value2diag_pretty ... ok
[INFO] [stdout] test negative::u8::one::diag2value_compact ... ok
[INFO] [stdout] test negative::u8::max::value2hex ... ok
[INFO] [stdout] test negative::u8::one::value2diag_pretty ... ok
[INFO] [stdout] test negative::u8::one::value2hex ... ok
[INFO] [stdout] test negative::u8::one::value2bytes ... ok
[INFO] [stdout] test negative::u8::twenty_five::diag2value_compact ... ok
[INFO] [stdout] test negative::u8::one::value2diag_compact ... ok
[INFO] [stdout] test negative::u8::one::diag2value_pretty ... ok
[INFO] [stdout] test negative::u8::one::hex2value ... ok
[INFO] [stdout] test negative::u8::twenty_five::value2diag_compact ... ok
[INFO] [stdout] test negative::u8::twenty_five::value2diag_pretty ... ok
[INFO] [stdout] test negative::utiny::one::diag2value_compact ... ok
[INFO] [stdout] test negative::utiny::one::hex2value ... ok
[INFO] [stdout] test negative::utiny::one::value2bytes ... ok
[INFO] [stdout] test negative::u8::twenty_five::value2bytes ... ok
[INFO] [stdout] test negative::utiny::one::diag2value_pretty ... ok
[INFO] [stdout] test negative::utiny::one::value2diag_pretty ... ok
[INFO] [stdout] test negative::u8::twenty_five::diag2value_pretty ... ok
[INFO] [stdout] test negative::u8::twenty_five::hex2value ... ok
[INFO] [stdout] test negative::utiny::one::value2diag_compact ... ok
[INFO] [stdout] test negative::utiny::one::value2hex ... ok
[INFO] [stdout] test negative::u8::twenty_five::value2hex ... ok
[INFO] [stdout] test negative::utiny::twenty_four::diag2value_pretty ... ok
[INFO] [stdout] test negative::utiny::twenty_four::hex2value ... ok
[INFO] [stdout] test negative::utiny::twenty_four::value2diag_compact ... ok
[INFO] [stdout] test negative::utiny::twenty_four::diag2value_compact ... ok
[INFO] [stdout] test u16::max::diag2value_compact ... ok
[INFO] [stdout] test negative::utiny::twenty_four::value2bytes ... ok
[INFO] [stdout] test negative::utiny::twenty_four::value2diag_pretty ... ok
[INFO] [stdout] test u16::max::diag2value_pretty ... ok
[INFO] [stdout] test negative::utiny::twenty_four::value2hex ... ok
[INFO] [stdout] test u16::max::hex2value ... ok
[INFO] [stdout] test u16::one::diag2value_compact ... ok
[INFO] [stdout] test u16::one::value2diag_compact ... ok
[INFO] [stdout] test u16::one::value2diag_pretty ... ok
[INFO] [stdout] test u16::one::diag2value_pretty ... ok
[INFO] [stdout] test u16::one::value2bytes ... ok
[INFO] [stdout] test u16::max::value2diag_compact ... ok
[INFO] [stdout] test u16::max::value2hex ... ok
[INFO] [stdout] test u16::one::hex2value ... ok
[INFO] [stdout] test u16::twenty_four::diag2value_pretty ... ok
[INFO] [stdout] test u16::twenty_four::hex2value ... ok
[INFO] [stdout] test u16::max::value2diag_pretty ... ok
[INFO] [stdout] test u16::twenty_four::value2bytes ... ok
[INFO] [stdout] test u16::twenty_four::value2hex ... ok
[INFO] [stdout] test u16::twenty_four::diag2value_compact ... ok
[INFO] [stdout] test u16::one::value2hex ... ok
[INFO] [stdout] test u16::zero::diag2value_compact ... ok
[INFO] [stdout] test u16::zero::diag2value_pretty ... ok
[INFO] [stdout] test u16::zero::value2bytes ... ok
[INFO] [stdout] test u16::zero::value2diag_compact ... ok
[INFO] [stdout] test u16::zero::hex2value ... ok
[INFO] [stdout] test u16::max::value2bytes ... ok
[INFO] [stdout] test u16::twenty_four::value2diag_pretty ... ok
[INFO] [stdout] test u16::twenty_four::value2diag_compact ... ok
[INFO] [stdout] test u32::max::diag2value_pretty ... ok
[INFO] [stdout] test u32::max::diag2value_compact ... ok
[INFO] [stdout] test u32::max::hex2value ... ok
[INFO] [stdout] test u32::max::value2bytes ... ok
[INFO] [stdout] test u32::one::hex2value ... ok
[INFO] [stdout] test u16::zero::value2hex ... ok
[INFO] [stdout] test u32::one::value2bytes ... ok
[INFO] [stdout] test u32::max::value2diag_compact ... ok
[INFO] [stdout] test u32::max::value2diag_pretty ... ok
[INFO] [stdout] test u32::one::diag2value_pretty ... ok
[INFO] [stdout] test u32::max::value2hex ... ok
[INFO] [stdout] test u32::one::value2diag_compact ... ok
[INFO] [stdout] test u32::one::value2diag_pretty ... ok
[INFO] [stdout] test u16::zero::value2diag_pretty ... ok
[INFO] [stdout] test u32::one::value2hex ... ok
[INFO] [stdout] test u32::twenty_four::diag2value_compact ... ok
[INFO] [stdout] test u32::twenty_four::value2bytes ... ok
[INFO] [stdout] test u32::twenty_four::value2diag_compact ... ok
[INFO] [stdout] test u32::twenty_four::value2diag_pretty ... ok
[INFO] [stdout] test u32::twenty_four::value2hex ... ok
[INFO] [stdout] test u32::zero::diag2value_pretty ... ok
[INFO] [stdout] test u32::zero::hex2value ... ok
[INFO] [stdout] test u32::zero::value2bytes ... ok
[INFO] [stdout] test u32::twenty_four::diag2value_pretty ... ok
[INFO] [stdout] test u32::one::diag2value_compact ... ok
[INFO] [stdout] test u32::zero::value2diag_compact ... ok
[INFO] [stdout] test u32::twenty_four::hex2value ... ok
[INFO] [stdout] test u32::zero::value2diag_pretty ... ok
[INFO] [stdout] test u64::max::hex2value ... ok
[INFO] [stdout] test u64::max::value2bytes ... ok
[INFO] [stdout] test u32::zero::value2hex ... ok
[INFO] [stdout] test u64::max::diag2value_compact ... ok
[INFO] [stdout] test u64::max::diag2value_pretty ... ok
[INFO] [stdout] test u64::one::diag2value_pretty ... ok
[INFO] [stdout] test u64::one::value2bytes ... ok
[INFO] [stdout] test u64::one::hex2value ... ok
[INFO] [stdout] test u64::max::value2diag_pretty ... ok
[INFO] [stdout] test u64::max::value2hex ... ok
[INFO] [stdout] test u64::one::diag2value_compact ... ok
[INFO] [stdout] test u64::max::value2diag_compact ... ok
[INFO] [stdout] test u32::zero::diag2value_compact ... ok
[INFO] [stdout] test u64::twenty_four::value2bytes ... ok
[INFO] [stdout] test u64::twenty_four::value2diag_compact ... ok
[INFO] [stdout] test u64::twenty_four::value2diag_pretty ... ok
[INFO] [stdout] test u64::twenty_four::value2hex ... ok
[INFO] [stdout] test u64::twenty_four::hex2value ... ok
[INFO] [stdout] test u64::zero::hex2value ... ok
[INFO] [stdout] test u64::zero::value2bytes ... ok
[INFO] [stdout] test u64::zero::value2diag_compact ... ok
[INFO] [stdout] test u64::zero::value2diag_pretty ... ok
[INFO] [stdout] test u64::twenty_four::diag2value_pretty ... ok
[INFO] [stdout] test u64::zero::value2hex ... ok
[INFO] [stdout] test u8::max::diag2value_compact ... ok
[INFO] [stdout] test u8::max::diag2value_pretty ... ok
[INFO] [stdout] test u8::max::hex2value ... ok
[INFO] [stdout] test u8::max::value2bytes ... ok
[INFO] [stdout] test u64::one::value2diag_pretty ... ok
[INFO] [stdout] test u64::zero::diag2value_compact ... ok
[INFO] [stdout] test u64::one::value2diag_compact ... ok
[INFO] [stdout] test u64::one::value2hex ... ok
[INFO] [stdout] test u64::zero::diag2value_pretty ... ok
[INFO] [stdout] test u64::twenty_four::diag2value_compact ... ok
[INFO] [stdout] test u8::max::value2diag_compact ... ok
[INFO] [stdout] test u8::max::value2hex ... ok
[INFO] [stdout] test u8::one::diag2value_pretty ... ok
[INFO] [stdout] test u8::one::hex2value ... ok
[INFO] [stdout] test u8::one::value2bytes ... ok
[INFO] [stdout] test u8::one::value2diag_compact ... ok
[INFO] [stdout] test u8::twenty_four::hex2value ... ok
[INFO] [stdout] test u8::twenty_four::value2bytes ... ok
[INFO] [stdout] test u8::twenty_four::diag2value_compact ... ok
[INFO] [stdout] test u8::twenty_four::value2hex ... ok
[INFO] [stdout] test u8::zero::diag2value_compact ... ok
[INFO] [stdout] test u8::one::value2diag_pretty ... ok
[INFO] [stdout] test u8::twenty_four::diag2value_pretty ... ok
[INFO] [stdout] test u8::one::value2hex ... ok
[INFO] [stdout] test u8::max::value2diag_pretty ... ok
[INFO] [stdout] test u8::twenty_four::value2diag_compact ... ok
[INFO] [stdout] test u8::one::diag2value_compact ... ok
[INFO] [stdout] test u8::twenty_four::value2diag_pretty ... ok
[INFO] [stdout] test u8::zero::diag2value_pretty ... ok
[INFO] [stdout] test u8::zero::value2diag_compact ... ok
[INFO] [stdout] test u8::zero::value2diag_pretty ... ok
[INFO] [stdout] test utiny::one::value2diag_compact ... ok
[INFO] [stdout] test utiny::one::diag2value_pretty ... ok
[INFO] [stdout] test utiny::one::value2diag_pretty ... ok
[INFO] [stdout] test utiny::one::hex2value ... ok
[INFO] [stdout] test u8::zero::hex2value ... ok
[INFO] [stdout] test utiny::one::value2hex ... ok
[INFO] [stdout] test u8::zero::value2bytes ... ok
[INFO] [stdout] test utiny::twenty_three::diag2value_pretty ... ok
[INFO] [stdout] test utiny::twenty_three::value2bytes ... ok
[INFO] [stdout] test utiny::twenty_three::hex2value ... ok
[INFO] [stdout] test utiny::one::value2bytes ... ok
[INFO] [stdout] test u8::zero::value2hex ... ok
[INFO] [stdout] test utiny::one::diag2value_compact ... ok
[INFO] [stdout] test utiny::twenty_three::value2diag_compact ... ok
[INFO] [stdout] test utiny::twenty_three::value2hex ... ok
[INFO] [stdout] test utiny::zero::hex2value ... ok
[INFO] [stdout] test utiny::zero::diag2value_pretty ... ok
[INFO] [stdout] test utiny::zero::value2bytes ... ok
[INFO] [stdout] test utiny::zero::value2hex ... ok
[INFO] [stdout] test utiny::twenty_three::diag2value_compact ... ok
[INFO] [stdout] test utiny::twenty_three::value2diag_pretty ... ok
[INFO] [stdout] test utiny::zero::diag2value_compact ... ok
[INFO] [stdout] test utiny::zero::value2diag_pretty ... ok
[INFO] [stdout] test utiny::zero::value2diag_compact ... ok
[INFO] [stdout] 
[INFO] [stdout] test result: ok. 235 passed; 0 failed; 0 ignored; 0 measured; 0 filtered out; finished in 0.20s
[INFO] [stdout] 
[INFO] [stderr]      Running tests/issues.rs (/opt/rustwide/target/debug/deps/issues-b2d45e642fe938c0)
[INFO] [stdout] 
[INFO] [stdout] running 4 tests
[INFO] [stdout] test issue_113_length_estimate_underflow::diag2value_pretty ... ok
[INFO] [stdout] test issue_113_length_estimate_underflow::diag2value_compact ... ok
[INFO] [stdout] test issue_113_length_estimate_underflow::value2diag_compact ... ok
[INFO] [stdout] test issue_113_length_estimate_underflow::value2diag_pretty ... ok
[INFO] [stdout] 
[INFO] [stdout] test result: ok. 4 passed; 0 failed; 0 ignored; 0 measured; 0 filtered out; finished in 0.00s
[INFO] [stdout] 
[INFO] [stderr]      Running tests/map.rs (/opt/rustwide/target/debug/deps/map-428a804bb6e914c1)
[INFO] [stdout] 
[INFO] [stdout] running 70 tests
[INFO] [stdout] test diag::empty::diag2value_compact ... ok
[INFO] [stdout] test diag::empty::value2diag_pretty ... ok
[INFO] [stdout] test diag::hello_world::diag2value_compact ... ok
[INFO] [stdout] test diag::hello_world::value2diag_compact ... ok
[INFO] [stdout] test diag::hello_world::value2diag_pretty ... ok
[INFO] [stdout] test diag::hello_world::diag2value_pretty ... ok
[INFO] [stdout] test diag::heterogenous::diag2value_pretty ... ok
[INFO] [stdout] test diag::heterogenous::value2diag_compact ... ok
[INFO] [stdout] test diag::empty::diag2value_pretty ... ok
[INFO] [stdout] test diag::heterogenous::value2diag_pretty ... ok
[INFO] [stdout] test diag::nested::diag2value_compact ... ok
[INFO] [stdout] test diag::non_alpha::diag2value_compact ... ok
[INFO] [stdout] test diag::non_alpha::value2diag_compact ... ok
[INFO] [stdout] test diag::non_alpha::value2diag_pretty ... ok
[INFO] [stdout] test hex::empty::hex2value ... ok
[INFO] [stdout] test hex::empty::value2bytes ... ok
[INFO] [stdout] test diag::empty::value2diag_compact ... ok
[INFO] [stdout] test diag::heterogenous::diag2value_compact ... ok
[INFO] [stdout] test diag::nested::value2diag_compact ... ok
[INFO] [stdout] test diag::non_alpha::diag2value_pretty ... ok
[INFO] [stdout] test diag::nested::value2diag_pretty ... ok
[INFO] [stdout] test diag::nested::diag2value_pretty ... ok
[INFO] [stdout] test hex::heterogenous::value2bytes ... ok
[INFO] [stdout] test hex::hello_world::hex2value ... ok
[INFO] [stdout] test hex::heterogenous::hex2value ... ok
[INFO] [stdout] test hex::nested::value2bytes ... ok
[INFO] [stdout] test hex::nested::value2hex ... ok
[INFO] [stdout] test hex::hello_world::value2bytes ... ok
[INFO] [stdout] test hex::heterogenous::value2hex ... ok
[INFO] [stdout] test hex::non_alpha::hex2value ... ok
[INFO] [stdout] test hex::non_alpha::value2hex ... ok
[INFO] [stdout] test indefinite::diag::empty::value2diag_compact ... ok
[INFO] [stdout] test hex::non_alpha::value2bytes ... ok
[INFO] [stdout] test indefinite::diag::empty::diag2value_pretty ... ok
[INFO] [stdout] test indefinite::diag::empty::diag2value_compact ... ok
[INFO] [stdout] test hex::nested::hex2value ... ok
[INFO] [stdout] test hex::hello_world::value2hex ... ok
[INFO] [stdout] test indefinite::diag::empty::value2diag_pretty ... ok
[INFO] [stdout] test indefinite::diag::hello_world::diag2value_compact ... ok
[INFO] [stdout] test indefinite::diag::hello_world::value2diag_compact ... ok
[INFO] [stdout] test indefinite::diag::hello_world::diag2value_pretty ... ok
[INFO] [stdout] test indefinite::diag::hello_world::value2diag_pretty ... ok
[INFO] [stdout] test indefinite::diag::heterogenous::diag2value_compact ... ok
[INFO] [stdout] test indefinite::diag::heterogenous::diag2value_pretty ... ok
[INFO] [stdout] test indefinite::diag::heterogenous::value2diag_compact ... ok
[INFO] [stdout] test indefinite::diag::nested::value2diag_compact ... ok
[INFO] [stdout] test indefinite::diag::heterogenous::value2diag_pretty ... ok
[INFO] [stdout] test indefinite::diag::nested::value2diag_pretty ... ok
[INFO] [stdout] test hex::empty::value2hex ... ok
[INFO] [stdout] test indefinite::diag::non_alpha::value2diag_pretty ... ok
[INFO] [stdout] test indefinite::hex::empty::hex2value ... ok
[INFO] [stdout] test indefinite::hex::empty::value2bytes ... ok
[INFO] [stdout] test indefinite::hex::empty::value2hex ... ok
[INFO] [stdout] test indefinite::hex::hello_world::value2bytes ... ok
[INFO] [stdout] test indefinite::diag::non_alpha::diag2value_pretty ... ok
[INFO] [stdout] test indefinite::diag::nested::diag2value_compact ... ok
[INFO] [stdout] test indefinite::diag::non_alpha::diag2value_compact ... ok
[INFO] [stdout] test indefinite::diag::nested::diag2value_pretty ... ok
[INFO] [stdout] test indefinite::hex::hello_world::value2hex ... ok
[INFO] [stdout] test indefinite::diag::non_alpha::value2diag_compact ... ok
[INFO] [stdout] test indefinite::hex::hello_world::hex2value ... ok
[INFO] [stdout] test indefinite::hex::heterogenous::hex2value ... ok
[INFO] [stdout] test indefinite::hex::heterogenous::value2bytes ... ok
[INFO] [stdout] test indefinite::hex::nested::hex2value ... ok
[INFO] [stdout] test indefinite::hex::non_alpha::hex2value ... ok
[INFO] [stdout] test indefinite::hex::heterogenous::value2hex ... ok
[INFO] [stdout] test indefinite::hex::non_alpha::value2hex ... ok
[INFO] [stdout] test indefinite::hex::nested::value2bytes ... ok
[INFO] [stdout] test indefinite::hex::non_alpha::value2bytes ... ok
[INFO] [stdout] test indefinite::hex::nested::value2hex ... ok
[INFO] [stdout] 
[INFO] [stdout] test result: ok. 70 passed; 0 failed; 0 ignored; 0 measured; 0 filtered out; finished in 0.05s
[INFO] [stdout] 
[INFO] [stderr]      Running tests/misc.rs (/opt/rustwide/target/debug/deps/misc-67e75a937ea8ffbc)
[INFO] [stdout] 
[INFO] [stdout] running 49 tests
[INFO] [stdout] test false_::value2diag_compact ... ok
[INFO] [stdout] test false_::diag2value_pretty ... ok
[INFO] [stdout] test false_::value2diag_pretty ... ok
[INFO] [stdout] test null::diag2value_compact ... ok
[INFO] [stdout] test false_::value2hex ... ok
[INFO] [stdout] test false_::diag2value_compact ... ok
[INFO] [stdout] test null::value2diag_compact ... ok
[INFO] [stdout] test null::value2bytes ... ok
[INFO] [stdout] test null::diag2value_pretty ... ok
[INFO] [stdout] test null::hex2value ... ok
[INFO] [stdout] test null::value2diag_pretty ... ok
[INFO] [stdout] test simple_16::diag2value_compact ... ok
[INFO] [stdout] test false_::value2bytes ... ok
[INFO] [stdout] test simple_16::value2bytes ... ok
[INFO] [stdout] test null::value2hex ... ok
[INFO] [stdout] test simple_16::value2diag_compact ... ok
[INFO] [stdout] test simple_16::value2diag_pretty ... ok
[INFO] [stdout] test simple_16::diag2value_pretty ... ok
[INFO] [stdout] test simple_16::value2hex ... ok
[INFO] [stdout] test simple_24::value2diag_compact ... ok
[INFO] [stdout] test simple_24::hex2value ... ok
[INFO] [stdout] test simple_24::value2diag_pretty ... ok
[INFO] [stdout] test false_::hex2value ... ok
[INFO] [stdout] test simple_24::value2hex ... ok
[INFO] [stdout] test simple_16::hex2value ... ok
[INFO] [stdout] test simple_24::diag2value_compact ... ok
[INFO] [stdout] test simple_24::diag2value_pretty ... ok
[INFO] [stdout] test simple_255::diag2value_compact ... ok
[INFO] [stdout] test simple_255::diag2value_pretty ... ok
[INFO] [stdout] test simple_255::hex2value ... ok
[INFO] [stdout] test simple_255::value2diag_compact ... ok
[INFO] [stdout] test simple_255::value2hex ... ok
[INFO] [stdout] test simple_255::value2bytes ... ok
[INFO] [stdout] test true_::diag2value_compact ... ok
[INFO] [stdout] test true_::value2hex ... ok
[INFO] [stdout] test true_::diag2value_pretty ... ok
[INFO] [stdout] test undefined::diag2value_compact ... ok
[INFO] [stdout] test true_::hex2value ... ok
[INFO] [stdout] test true_::value2diag_pretty ... ok
[INFO] [stdout] test true_::value2bytes ... ok
[INFO] [stdout] test undefined::diag2value_pretty ... ok
[INFO] [stdout] test simple_255::value2diag_pretty ... ok
[INFO] [stdout] test undefined::value2bytes ... ok
[INFO] [stdout] test undefined::value2diag_compact ... ok
[INFO] [stdout] test undefined::hex2value ... ok
[INFO] [stdout] test undefined::value2diag_pretty ... ok
[INFO] [stdout] test true_::value2diag_compact ... ok
[INFO] [stdout] test undefined::value2hex ... ok
[INFO] [stdout] test simple_24::value2bytes ... ok
[INFO] [stdout] 
[INFO] [stdout] test result: ok. 49 passed; 0 failed; 0 ignored; 0 measured; 0 filtered out; finished in 0.05s
[INFO] [stdout] 
[INFO] [stderr]      Running tests/proptest.rs (/opt/rustwide/target/debug/deps/proptest-9bae11bf6952b31f)
[INFO] [stdout] 
[INFO] [stdout] running 12 tests
[INFO] [stdout] test datetime_invalid ... ok
[INFO] [stdout] test datetime_overflow ... ok
[INFO] [stdout] test negative_underflow ... ok
[INFO] [stdout] test newline_in_string ... ok
[INFO] [stdout] test multiply_overflow ... ok
[INFO] [stdout] test seconds_underflow ... ok
[INFO] [stdout] test proptest::bytes_doesnt_crash_with_anything ... ok
[INFO] [stdout] test proptest::hex_doesnt_crash_with_anything ... ok
[INFO] [stdout] test proptest::diag_doesnt_crash_with_anything ... ok
[INFO] [stdout] test proptest::hex_doesnt_crash_with_hex ... ok
[INFO] [stdout] test proptest::to_diag ... ok
[INFO] [stdout] test proptest::to_hex_and_back ... ok
[INFO] [stdout] 
[INFO] [stdout] test result: ok. 12 passed; 0 failed; 0 ignored; 0 measured; 0 filtered out; finished in 5.02s
[INFO] [stdout] 
[INFO] [stderr]      Running tests/tags.rs (/opt/rustwide/target/debug/deps/tags-7f5c911e082d6bab)
[INFO] [stdout] 
[INFO] [stdout] running 369 tests
[INFO] [stdout] test both::epoch_date_birth::diag2value_compact ... ok
[INFO] [stdout] test both::epoch_date_birth::hex2value ... ok
[INFO] [stdout] test both::epoch_date_birth::value2diag_compact ... ok
[INFO] [stdout] test both::epoch_date_birth::value2diag_pretty ... ok
[INFO] [stdout] test both::epoch_date_birth::diag2value_pretty ... ok
[INFO] [stdout] test both::epoch_date_death::diag2value_pretty ... ok
[INFO] [stdout] test both::epoch_date_death::diag2value_compact ... ok
[INFO] [stdout] test both::epoch_date_birth::value2hex ... ok
[INFO] [stdout] test both::epoch_date_death::hex2value ... ok
[INFO] [stdout] test both::epoch_date_death::value2diag_compact ... ok
[INFO] [stdout] test both::epoch_date_death::value2bytes ... ok
[INFO] [stdout] test both::epoch_date_death::value2diag_pretty ... ok
[INFO] [stdout] test both::epoch_date_death::value2hex ... ok
[INFO] [stdout] test both::epoch_date_max_repr::diag2value_compact ... ok
[INFO] [stdout] test both::epoch_date_max_repr::diag2value_pretty ... ok
[INFO] [stdout] test both::epoch_date_max_repr::value2diag_pretty ... ok
[INFO] [stdout] test both::epoch_date_birth::value2bytes ... ok
[INFO] [stdout] test both::epoch_date_max_repr::hex2value ... ok
[INFO] [stdout] test both::epoch_date_max_repr::value2bytes ... ok
[INFO] [stdout] test both::epoch_date_max_repr_plus_one::diag2value_compact ... ok
[INFO] [stdout] test both::epoch_date_max_repr_plus_one::value2bytes ... ok
[INFO] [stdout] test both::epoch_date_max_repr_plus_one::value2diag_compact ... ok
[INFO] [stdout] test both::epoch_date_max_repr_plus_one::value2diag_pretty ... ok
[INFO] [stdout] test both::epoch_date_min_repr::diag2value_compact ... ok
[INFO] [stdout] test both::epoch_date_max_repr_plus_one::value2hex ... ok
[INFO] [stdout] test both::epoch_date_max_repr_plus_one::diag2value_pretty ... ok
[INFO] [stdout] test both::epoch_date_max_repr_plus_one::hex2value ... ok
[INFO] [stdout] test both::epoch_date_max_repr::value2diag_compact ... ok
[INFO] [stdout] test both::epoch_date_min_repr::diag2value_pretty ... ok
[INFO] [stdout] test both::epoch_date_min_repr::value2diag_compact ... ok
[INFO] [stdout] test both::epoch_date_min_repr::value2diag_pretty ... ok
[INFO] [stdout] test both::epoch_date_min_repr_minus_one::diag2value_compact ... ok
[INFO] [stdout] test both::epoch_date_min_repr_minus_one::hex2value ... ok
[INFO] [stdout] test both::epoch_date_min_repr_minus_one::value2bytes ... ok
[INFO] [stdout] test both::epoch_date_min_repr::hex2value ... ok
[INFO] [stdout] test both::epoch_date_min_repr_minus_one::diag2value_pretty ... ok
[INFO] [stdout] test both::epoch_date_min_repr_minus_one::value2diag_compact ... ok
[INFO] [stdout] test both::epoch_date_min_repr_minus_one::value2diag_pretty ... ok
[INFO] [stdout] test both::epoch_date_min_repr_minus_one::value2hex ... ok
[INFO] [stdout] test both::self_describe_cbor::diag2value_pretty ... ok
[INFO] [stdout] test both::self_describe_cbor::hex2value ... ok
[INFO] [stdout] test both::self_describe_cbor::value2bytes ... ok
[INFO] [stdout] test both::self_describe_cbor::value2diag_compact ... ok
[INFO] [stdout] test diag::base16_encoding::diag2value_compact ... ok
[INFO] [stdout] test diag::base16_encoding::diag2value_pretty ... ok
[INFO] [stdout] test both::self_describe_cbor::diag2value_compact ... ok
[INFO] [stdout] test both::self_describe_cbor::value2diag_pretty ... ok
[INFO] [stdout] test diag::base16_encoding::value2diag_pretty ... ok
[INFO] [stdout] test both::self_describe_cbor::value2hex ... ok
[INFO] [stdout] test diag::base16_encoding_nested::value2diag_pretty ... ok
[INFO] [stdout] test diag::base16_encoding::value2diag_compact ... ok
[INFO] [stdout] test both::epoch_date_min_repr::value2bytes ... ok
[INFO] [stdout] test diag::base64::diag2value_compact ... ok
[INFO] [stdout] test diag::base16_encoding_nested::value2diag_compact ... ok
[INFO] [stdout] test diag::base64::value2diag_pretty ... ok
[INFO] [stdout] test diag::base64::value2diag_compact ... ok
[INFO] [stdout] test diag::base64_encoding::diag2value_compact ... ok
[INFO] [stdout] test diag::base64_encoding::diag2value_pretty ... ok
[INFO] [stdout] test diag::base16_encoding_nested::diag2value_pretty ... ok
[INFO] [stdout] test diag::base16_encoding_nested::diag2value_compact ... ok
[INFO] [stdout] test diag::base64_encoding::value2diag_pretty ... ok
[INFO] [stdout] test diag::base64::diag2value_pretty ... ok
[INFO] [stdout] test diag::base64_encoding_nested::diag2value_compact ... ok
[INFO] [stdout] test diag::base64_encoding_nested::diag2value_pretty ... ok
[INFO] [stdout] test diag::base64_encoding_padded::diag2value_compact ... ok
[INFO] [stdout] test diag::base64_encoding_padded::diag2value_pretty ... ok
[INFO] [stdout] test diag::base64_encoding_nested::value2diag_compact ... ok
[INFO] [stdout] test diag::base64_encoding_nested::value2diag_pretty ... ok
[INFO] [stdout] test diag::base64_encoding_padded::value2diag_pretty ... ok
[INFO] [stdout] test diag::base64url::diag2value_compact ... ok
[INFO] [stdout] test diag::base64url::value2diag_compact ... ok
[INFO] [stdout] test diag::base64url::value2diag_pretty ... ok
[INFO] [stdout] test diag::base64url::diag2value_pretty ... ok
[INFO] [stdout] test diag::base64_encoding::value2diag_compact ... ok
[INFO] [stdout] test diag::base64url_encoding::value2diag_compact ... ok
[INFO] [stdout] test diag::base64url_encoding::diag2value_compact ... ok
[INFO] [stdout] test diag::base64url_encoding::diag2value_pretty ... ok
[INFO] [stdout] test diag::base64url_encoding::value2diag_pretty ... ok
[INFO] [stdout] test diag::base64url_encoding_nested::diag2value_compact ... ok
[INFO] [stdout] test diag::base64url_encoding_nested::diag2value_pretty ... ok
[INFO] [stdout] test diag::base64url_encoding_nested::value2diag_compact ... ok
[INFO] [stdout] test diag::base64url_encoding_padded::diag2value_compact ... ok
[INFO] [stdout] test diag::base64url_encoding_padded::value2diag_compact ... ok
[INFO] [stdout] test diag::bigfloat::diag2value_pretty ... ok
[INFO] [stdout] test diag::bigfloat::diag2value_compact ... ok
[INFO] [stdout] test diag::bigfloat::value2diag_compact ... ok
[INFO] [stdout] test diag::bigfloat::value2diag_pretty ... ok
[INFO] [stdout] test diag::base64url_encoding_nested::value2diag_pretty ... ok
[INFO] [stdout] test diag::bigfloat_bignum::diag2value_compact ... ok
[INFO] [stdout] test diag::bigfloat_bignum::value2diag_compact ... ok
[INFO] [stdout] test diag::date_birth::diag2value_compact ... ok
[INFO] [stdout] test diag::base64url_encoding_padded::diag2value_pretty ... ok
[INFO] [stdout] test diag::bigfloat_bignum::diag2value_pretty ... ok
[INFO] [stdout] test diag::base64url_encoding_padded::value2diag_pretty ... ok
[INFO] [stdout] test diag::date_birth::value2diag_compact ... ok
[INFO] [stdout] test diag::bigfloat_bignum::value2diag_pretty ... ok
[INFO] [stdout] test diag::date_birth::diag2value_pretty ... ok
[INFO] [stdout] test diag::date_birth::value2diag_pretty ... ok
[INFO] [stdout] test diag::date_death::diag2value_compact ... ok
[INFO] [stdout] test diag::base64_encoding_padded::value2diag_compact ... ok
[INFO] [stdout] test diag::date_death::value2diag_compact ... ok
[INFO] [stdout] test diag::date_time::value2diag_pretty ... ok
[INFO] [stdout] test diag::date_time::diag2value_compact ... ok
[INFO] [stdout] test diag::date_time::value2diag_compact ... ok
[INFO] [stdout] test diag::decimal_fraction::diag2value_compact ... ok
[INFO] [stdout] test diag::date_time::diag2value_pretty ... ok
[INFO] [stdout] test diag::decimal_fraction::value2diag_compact ... ok
[INFO] [stdout] test diag::decimal_fraction::diag2value_pretty ... ok
[INFO] [stdout] test diag::date_death::diag2value_pretty ... ok
[INFO] [stdout] test diag::decimal_fraction::value2diag_pretty ... ok
[INFO] [stdout] test diag::decimal_fraction_bignum::diag2value_pretty ... ok
[INFO] [stdout] test diag::date_death::value2diag_pretty ... ok
[INFO] [stdout] test diag::decimal_fraction_bignum::value2diag_compact ... ok
[INFO] [stdout] test diag::decimal_fraction_bignum::diag2value_compact ... ok
[INFO] [stdout] test diag::decimal_fraction_bignum::value2diag_pretty ... ok
[INFO] [stdout] test diag::encoded_cbor::value2diag_pretty ... ok
[INFO] [stdout] test diag::encoded_cbor_empty::diag2value_compact ... ok
[INFO] [stdout] test diag::encoded_cbor_empty::value2diag_compact ... ok
[INFO] [stdout] test diag::encoded_cbor::diag2value_compact ... ok
[INFO] [stdout] test diag::encoded_cbor::diag2value_pretty ... ok
[INFO] [stdout] test diag::encoded_cbor_empty::value2diag_pretty ... ok
[INFO] [stdout] test diag::encoded_cbor_invalid::diag2value_compact ... ok
[INFO] [stdout] test diag::encoded_cbor_invalid::value2diag_compact ... ok
[INFO] [stdout] test diag::encoded_cbor_invalid::value2diag_pretty ... ok
[INFO] [stdout] test diag::encoded_cbor_invalid::diag2value_pretty ... ok
[INFO] [stdout] test diag::encoded_cbor_nested::diag2value_pretty ... ok
[INFO] [stdout] test diag::encoded_cbor_nested::diag2value_compact ... ok
[INFO] [stdout] test diag::encoded_cbor::value2diag_compact ... ok
[INFO] [stdout] test diag::encoded_cbor_nested::value2diag_pretty ... ok
[INFO] [stdout] test diag::encoded_cbor_seq::diag2value_compact ... ok
[INFO] [stdout] test diag::encoded_cbor_seq::diag2value_pretty ... ok
[INFO] [stdout] test diag::encoded_cbor_seq::value2diag_compact ... ok
[INFO] [stdout] test diag::encoded_cbor_nested::value2diag_compact ... ok
[INFO] [stdout] test diag::encoded_cbor_seq_empty::value2diag_pretty ... ok
[INFO] [stdout] test diag::encoded_cbor_seq_invalid::diag2value_compact ... ok
[INFO] [stdout] test diag::encoded_cbor_seq::value2diag_pretty ... ok
[INFO] [stdout] test diag::encoded_cbor_seq_empty::diag2value_compact ... ok
[INFO] [stdout] test diag::encoded_cbor_empty::diag2value_pretty ... ok
[INFO] [stdout] test diag::encoded_cbor_seq_empty::diag2value_pretty ... ok
[INFO] [stdout] test diag::encoded_cbor_seq_invalid::value2diag_compact ... ok
[INFO] [stdout] test diag::encoded_cbor_seq_invalid::value2diag_pretty ... ok
[INFO] [stdout] test diag::epoch_date_time::diag2value_pretty ... ok
[INFO] [stdout] test diag::epoch_date_time::value2diag_pretty ... ok
[INFO] [stdout] test diag::epoch_date_time::value2diag_compact ... ok
[INFO] [stdout] test diag::multiple_encodings::diag2value_compact ... ok
[INFO] [stdout] test diag::multiple_encodings::diag2value_pretty ... ok
[INFO] [stdout] test diag::epoch_date_time::diag2value_compact ... ok
[INFO] [stdout] test diag::encoded_cbor_seq_empty::value2diag_compact ... ok
[INFO] [stdout] test both::epoch_date_max_repr::value2hex ... FAILED
[INFO] [stdout] test diag::encoded_cbor_seq_invalid::diag2value_pretty ... ok
[INFO] [stdout] test diag::multiple_encodings::value2diag_compact ... ok
[INFO] [stdout] test both::epoch_date_min_repr::value2hex ... FAILED
[INFO] [stdout] test diag::negative_bignum::value2diag_compact ... ok
[INFO] [stdout] test diag::negative_bignum::value2diag_pretty ... ok
[INFO] [stdout] test diag::positive_bignum::diag2value_pretty ... ok
[INFO] [stdout] test diag::self_describe_cbor::diag2value_compact ... ok
[INFO] [stdout] test diag::negative_bignum::diag2value_compact ... ok
[INFO] [stdout] test diag::self_describe_cbor::diag2value_pretty ... ok
[INFO] [stdout] test diag::self_describe_cbor::value2diag_compact ... ok
[INFO] [stdout] test diag::self_describe_cbor::value2diag_pretty ... ok
[INFO] [stdout] test diag::uri::value2diag_compact ... ok
[INFO] [stdout] test diag::uri::diag2value_compact ... ok
[INFO] [stdout] test diag::multiple_encodings::value2diag_pretty ... ok
[INFO] [stdout] test diag::uri::diag2value_pretty ... ok
[INFO] [stdout] test diag::negative_bignum::diag2value_pretty ... ok
[INFO] [stdout] test diag::positive_bignum::value2diag_compact ... ok
[INFO] [stdout] test diag::positive_bignum::value2diag_pretty ... ok
[INFO] [stdout] test diag::uri::value2diag_pretty ... ok
[INFO] [stdout] test diag::uri_invalid::value2diag_compact ... ok
[INFO] [stdout] test diag::uri_invalid::value2diag_pretty ... ok
[INFO] [stdout] test diag::uri_invalid::diag2value_compact ... ok
[INFO] [stdout] test diag::uri_non_http::diag2value_pretty ... ok
[INFO] [stdout] test diag::positive_bignum::diag2value_compact ... ok
[INFO] [stdout] test diag::uri_non_http::value2diag_compact ... ok
[INFO] [stdout] test hex_tests::base16_encoding::hex2value ... ok
[INFO] [stdout] test hex_tests::base16_encoding::value2bytes ... ok
[INFO] [stdout] test diag::uri_non_http::value2diag_pretty ... ok
[INFO] [stdout] test hex_tests::base16_encoding::value2hex ... ok
[INFO] [stdout] test diag::uri_invalid::diag2value_pretty ... ok
[INFO] [stdout] test diag::uri_non_http::diag2value_compact ... ok
[INFO] [stdout] test hex_tests::base64::value2bytes ... ok
[INFO] [stdout] test hex_tests::base16_encoding_nested::value2hex ... ok
[INFO] [stdout] test hex_tests::base16_encoding_nested::hex2value ... ok
[INFO] [stdout] test hex_tests::base64::hex2value ... ok
[INFO] [stdout] test hex_tests::base64_encoding::value2bytes ... ok
[INFO] [stdout] test hex_tests::base64_encoding::value2hex ... ok
[INFO] [stdout] test hex_tests::base64_encoding::hex2value ... ok
[INFO] [stdout] test hex_tests::base64_encoding_nested::hex2value ... ok
[INFO] [stdout] test hex_tests::base16_encoding_nested::value2bytes ... ok
[INFO] [stdout] test hex_tests::base64_encoding_nested::value2hex ... ok
[INFO] [stdout] test hex_tests::base64::value2hex ... ok
[INFO] [stdout] test hex_tests::base64_encoding_nested::value2bytes ... ok
[INFO] [stdout] test hex_tests::base64url_encoding::value2bytes ... ok
[INFO] [stdout] test hex_tests::base64url::hex2value ... ok
[INFO] [stdout] test hex_tests::base64url_encoding::value2hex ... ok
[INFO] [stdout] test hex_tests::base64url_encoding::hex2value ... ok
[INFO] [stdout] test hex_tests::base64url::value2bytes ... ok
[INFO] [stdout] test hex_tests::base64url_encoding_nested::hex2value ... ok
[INFO] [stdout] test hex_tests::bigfloat::hex2value ... ok
[INFO] [stdout] test hex_tests::bigfloat::value2bytes ... ok
[INFO] [stdout] test hex_tests::base64url_encoding_nested::value2hex ... ok
[INFO] [stdout] test hex_tests::bigfloat_bignum::value2bytes ... ok
[INFO] [stdout] test hex_tests::bigfloat::value2hex ... ok
[INFO] [stdout] test hex_tests::bigfloat_bignum::hex2value ... ok
[INFO] [stdout] test hex_tests::date_birth::hex2value ... ok
[INFO] [stdout] test hex_tests::date_death::hex2value ... ok
[INFO] [stdout] test hex_tests::date_birth::value2hex ... ok
[INFO] [stdout] test hex_tests::date_death::value2bytes ... ok
[INFO] [stdout] test hex_tests::date_death::value2hex ... ok
[INFO] [stdout] test hex_tests::date_max_repr::hex2value ... ok
[INFO] [stdout] test hex_tests::date_max_repr::value2bytes ... ok
[INFO] [stdout] test hex_tests::base64url_encoding_nested::value2bytes ... ok
[INFO] [stdout] test hex_tests::bigfloat_bignum::value2hex ... ok
[INFO] [stdout] test hex_tests::date_min_repr::hex2value ... ok
[INFO] [stdout] test hex_tests::date_max_repr_plus_one::value2hex ... ok
[INFO] [stdout] test hex_tests::date_min_repr::value2bytes ... ok
[INFO] [stdout] test hex_tests::date_min_repr::value2hex ... FAILED
[INFO] [stdout] test hex_tests::date_birth::value2bytes ... ok
[INFO] [stdout] test hex_tests::date_max_repr_plus_one::value2bytes ... ok
[INFO] [stdout] test hex_tests::date_max_repr_plus_one::hex2value ... ok
[INFO] [stdout] test hex_tests::base64url::value2hex ... ok
[INFO] [stdout] test hex_tests::date_max_repr::value2hex ... FAILED
[INFO] [stdout] test hex_tests::date_min_repr_minus_one::hex2value ... ok
[INFO] [stdout] test hex_tests::date_min_repr_minus_one::value2bytes ... ok
[INFO] [stdout] test hex_tests::date_min_repr_minus_one::value2hex ... ok
[INFO] [stdout] test hex_tests::date_time::value2bytes ... ok
[INFO] [stdout] test hex_tests::date_time::hex2value ... ok
[INFO] [stdout] test hex_tests::decimal_fraction_bignum::hex2value ... ok
[INFO] [stdout] test hex_tests::decimal_fraction::value2bytes ... ok
[INFO] [stdout] test hex_tests::decimal_fraction_bignum::value2bytes ... ok
[INFO] [stdout] test hex_tests::date_time::value2hex ... ok
[INFO] [stdout] test hex_tests::decimal_fraction::hex2value ... ok
[INFO] [stdout] test hex_tests::decimal_fraction::value2hex ... ok
[INFO] [stdout] test hex_tests::encoded_cbor::hex2value ... ok
[INFO] [stdout] test hex_tests::encoded_cbor::value2bytes ... ok
[INFO] [stdout] test hex_tests::decimal_fraction_bignum::value2hex ... ok
[INFO] [stdout] test hex_tests::encoded_cbor_invalid::hex2value ... ok
[INFO] [stdout] test hex_tests::encoded_cbor_invalid::value2bytes ... ok
[INFO] [stdout] test hex_tests::encoded_cbor_nested::hex2value ... ok
[INFO] [stdout] test hex_tests::encoded_cbor_nested::value2bytes ... ok
[INFO] [stdout] test hex_tests::encoded_cbor::value2hex ... ok
[INFO] [stdout] test hex_tests::encoded_cbor_empty::hex2value ... ok
[INFO] [stdout] test hex_tests::encoded_cbor_seq::hex2value ... ok
[INFO] [stdout] test hex_tests::encoded_cbor_empty::value2hex ... ok
[INFO] [stdout] test hex_tests::encoded_cbor_nested::value2hex ... ok
[INFO] [stdout] test hex_tests::encoded_cbor_seq::value2bytes ... ok
[INFO] [stdout] test hex_tests::encoded_cbor_seq::value2hex ... ok
[INFO] [stdout] test hex_tests::encoded_cbor_seq_empty::hex2value ... ok
[INFO] [stdout] test hex_tests::encoded_cbor_invalid::value2hex ... ok
[INFO] [stdout] test hex_tests::encoded_cbor_seq_invalid::hex2value ... ok
[INFO] [stdout] test hex_tests::encoded_cbor_with_shared_refs::hex2value ... ok
[INFO] [stdout] test hex_tests::encoded_cbor_seq_invalid::value2hex ... ok
[INFO] [stdout] test hex_tests::epoch_date_time::hex2value ... ok
[INFO] [stdout] test hex_tests::encoded_cbor_with_shared_refs::value2hex ... ok
[INFO] [stdout] test hex_tests::epoch_date_time::value2hex ... ok
[INFO] [stdout] test hex_tests::encoded_cbor_seq_invalid::value2bytes ... ok
[INFO] [stdout] test hex_tests::encoded_cbor_seq_empty::value2bytes ... ok
[INFO] [stdout] test hex_tests::encoded_cbor_empty::value2bytes ... ok
[INFO] [stdout] test hex_tests::epoch_date_time::value2bytes ... ok
[INFO] [stdout] test hex_tests::encoded_cbor_with_shared_refs::value2bytes ... ok
[INFO] [stdout] test hex_tests::ipv4_address::value2bytes ... ok
[INFO] [stdout] test hex_tests::ipv4_address::value2hex ... ok
[INFO] [stdout] test hex_tests::encoded_cbor_seq_empty::value2hex ... ok
[INFO] [stdout] test hex_tests::ipv4_address::hex2value ... ok
[INFO] [stdout] test hex_tests::ipv4_address_and_prefix::hex2value ... ok
[INFO] [stdout] test hex_tests::ipv4_address_and_prefix::value2hex ... ok
[INFO] [stdout] test hex_tests::ipv4_address_and_zone::hex2value ... ok
[INFO] [stdout] test hex_tests::ipv4_address_and_text_zone::value2hex ... ok
[INFO] [stdout] test hex_tests::ipv4_address_and_text_zone::hex2value ... ok
[INFO] [stdout] test hex_tests::ipv4_address_and_text_zone::value2bytes ... ok
[INFO] [stdout] test hex_tests::ipv4_address_and_zone::value2hex ... ok
[INFO] [stdout] test hex_tests::ipv4_address_and_zone_and_prefix::hex2value ... ok
[INFO] [stdout] test hex_tests::ipv4_address_and_zone_and_prefix::value2hex ... ok
[INFO] [stdout] test hex_tests::ipv4_prefix::value2bytes ... ok
[INFO] [stdout] test hex_tests::ipv4_prefix::hex2value ... ok
[INFO] [stdout] test hex_tests::ipv4_prefix::value2hex ... ok
[INFO] [stdout] test hex_tests::ipv6_address::hex2value ... ok
[INFO] [stdout] test hex_tests::ipv6_address::value2bytes ... ok
[INFO] [stdout] test hex_tests::ipv4_address_and_zone::value2bytes ... ok
[INFO] [stdout] test hex_tests::ipv4_address_and_zone_and_prefix::value2bytes ... ok
[INFO] [stdout] test hex_tests::ipv6_address::value2hex ... ok
[INFO] [stdout] test hex_tests::ipv6_address_and_prefix::value2bytes ... ok
[INFO] [stdout] test hex_tests::ipv6_address_and_prefix::hex2value ... ok
[INFO] [stdout] test hex_tests::ipv6_address_and_prefix::value2hex ... ok
[INFO] [stdout] test hex_tests::ipv6_address_and_text_zone::hex2value ... ok
[INFO] [stdout] test hex_tests::ipv6_address_and_text_zone::value2hex ... ok
[INFO] [stdout] test hex_tests::ipv6_address_and_text_zone::value2bytes ... ok
[INFO] [stdout] test hex_tests::ipv6_address_and_zone::value2hex ... ok
[INFO] [stdout] test hex_tests::ipv6_address_and_zone::value2bytes ... ok
[INFO] [stdout] test hex_tests::ipv6_address_and_zone::hex2value ... ok
[INFO] [stdout] test hex_tests::ipv6_prefix::value2bytes ... ok
[INFO] [stdout] test hex_tests::ipv6_address_and_zone_and_prefix::hex2value ... ok
[INFO] [stdout] test hex_tests::ipv6_prefix::value2hex ... ok
[INFO] [stdout] test hex_tests::ipv6_address_and_zone_and_prefix::value2hex ... ok
[INFO] [stdout] test hex_tests::ipv6_address_and_zone_and_prefix::value2bytes ... ok
[INFO] [stdout] test hex_tests::ipv6_prefix::hex2value ... ok
[INFO] [stdout] test hex_tests::ipv4_address_and_prefix::value2bytes ... ok
[INFO] [stdout] test hex_tests::missing_shared_ref::hex2value ... ok
[INFO] [stdout] test hex_tests::missing_shared_ref::value2bytes ... ok
[INFO] [stdout] test hex_tests::missing_shared_ref::value2hex ... ok
[INFO] [stdout] test hex_tests::multiple_encodings::value2hex ... ok
[INFO] [stdout] test hex_tests::negative_bignum::hex2value ... ok
[INFO] [stdout] test hex_tests::negative_bignum::value2bytes ... ok
[INFO] [stdout] test hex_tests::negative_bignum::value2hex ... ok
[INFO] [stdout] test hex_tests::multiple_encodings::value2bytes ... ok
[INFO] [stdout] test hex_tests::network_address_invalid_length::hex2value ... ok
[INFO] [stdout] test hex_tests::network_address_invalid_length::value2bytes ... ok
[INFO] [stdout] test hex_tests::multiple_encodings::hex2value ... ok
[INFO] [stdout] test hex_tests::network_address_invalid_type::hex2value ... ok
[INFO] [stdout] test hex_tests::network_address_invalid_type::value2bytes ... ok
[INFO] [stdout] test hex_tests::network_address_invalid_type::value2hex ... ok
[INFO] [stdout] test hex_tests::network_address_ipv4::hex2value ... ok
[INFO] [stdout] test hex_tests::network_address_ipv6::hex2value ... ok
[INFO] [stdout] test hex_tests::network_address_ipv4::value2hex ... ok
[INFO] [stdout] test hex_tests::network_address_mac::hex2value ... ok
[INFO] [stdout] test hex_tests::network_address_mac::value2hex ... ok
[INFO] [stdout] test hex_tests::network_address_ipv6::value2bytes ... ok
[INFO] [stdout] test hex_tests::network_address_ipv4::value2bytes ... ok
[INFO] [stdout] test hex_tests::network_address_ipv6::value2hex ... ok
[INFO] [stdout] test hex_tests::network_address_invalid_length::value2hex ... ok
[INFO] [stdout] test hex_tests::network_address_mac::value2bytes ... ok
[INFO] [stdout] test hex_tests::positive_bignum::value2bytes ... ok
[INFO] [stdout] test hex_tests::positive_bignum::hex2value ... ok
[INFO] [stdout] test hex_tests::shared_ref_cyclic::hex2value ... ok
[INFO] [stdout] test hex_tests::typed_array::f128_le::hex2value ... ok
[INFO] [stdout] test hex_tests::positive_bignum::value2hex ... ok
[INFO] [stdout] test hex_tests::shared_ref_cyclic::value2hex ... ok
[INFO] [stdout] test hex_tests::typed_array::f128_le::value2bytes ... ok
[INFO] [stdout] test hex_tests::shared_ref_cyclic::value2bytes ... ok
[INFO] [stdout] test hex_tests::typed_array::f128_le::value2hex ... ok
[INFO] [stdout] test hex_tests::typed_array::f16_be::value2hex ... ok
[INFO] [stdout] test hex_tests::typed_array::f16_be::hex2value ... ok
[INFO] [stdout] test hex_tests::typed_array::f64_le::hex2value ... ok
[INFO] [stdout] test hex_tests::typed_array::f64_le::value2bytes ... ok
[INFO] [stdout] test hex_tests::typed_array::f64_le::value2hex ... ok
[INFO] [stdout] test hex_tests::typed_array::i64_le::hex2value ... ok
[INFO] [stdout] test hex_tests::typed_array::u16_be::value2bytes ... ok
[INFO] [stdout] test hex_tests::typed_array::i64_le::value2bytes ... ok
[INFO] [stdout] test hex_tests::typed_array::u16_be::value2hex ... ok
[INFO] [stdout] test hex_tests::typed_array::u16_be_invalid_length::value2hex ... ok
[INFO] [stdout] test hex_tests::typed_array::u16_be_invalid_length::value2bytes ... ok
[INFO] [stdout] test hex_tests::typed_array::u16_be::hex2value ... ok
[INFO] [stdout] test hex_tests::typed_array::i64_le::value2hex ... ok
[INFO] [stdout] test hex_tests::typed_array::u64_le::hex2value ... ok
[INFO] [stdout] test hex_tests::typed_array::u8_clamped::value2hex ... ok
[INFO] [stdout] test hex_tests::typed_array::u8_clamped::value2bytes ... ok
[INFO] [stdout] test hex_tests::typed_array::u8_clamped::hex2value ... ok
[INFO] [stdout] test hex_tests::typed_array::u64_le::value2hex ... ok
[INFO] [stdout] test hex_tests::typed_array::f16_be::value2bytes ... ok
[INFO] [stdout] test hex_tests::typed_array::u64_le::value2bytes ... ok
[INFO] [stdout] test hex_tests::uri_invalid::value2bytes ... ok
[INFO] [stdout] test hex_tests::uri_invalid::value2hex ... ok
[INFO] [stdout] test hex_tests::uri_non_http::hex2value ... ok
[INFO] [stdout] test hex_tests::uri_non_http::value2bytes ... ok
[INFO] [stdout] test hex_tests::uuid::hex2value ... ok
[INFO] [stdout] test hex_tests::typed_array::u16_be_invalid_length::hex2value ... ok
[INFO] [stdout] test hex_tests::uuid::value2bytes ... ok
[INFO] [stdout] test hex_tests::uuid::value2hex ... ok
[INFO] [stdout] test hex_tests::uuid_invalid_length::value2bytes ... ok
[INFO] [stdout] test hex_tests::uuid_invalid_length::value2hex ... ok
[INFO] [stdout] test hex_tests::uuid_invalid_type::hex2value ... ok
[INFO] [stdout] test hex_tests::uuid_invalid_type::value2hex ... ok
[INFO] [stdout] test hex_tests::uri::value2bytes ... ok
[INFO] [stdout] test hex_tests::uri_invalid::hex2value ... ok
[INFO] [stdout] test hex_tests::uuid_invalid_length::hex2value ... ok
[INFO] [stdout] test hex_tests::uuid_invalid_type::value2bytes ... ok
[INFO] [stdout] test hex_tests::uri::hex2value ... ok
[INFO] [stdout] test hex_tests::uri::value2hex ... ok
[INFO] [stdout] test hex_tests::uri_non_http::value2hex ... ok
[INFO] [stdout] 
[INFO] [stdout] failures:
[INFO] [stdout] 
[INFO] [stdout] ---- both::epoch_date_max_repr::value2hex stdout ----
[INFO] [stdout] thread 'both::epoch_date_max_repr::value2hex' panicked at tests/tags.rs:8:1:
[INFO] [stdout] assertion failed: `(left == right)`
[INFO] [stdout] 
[INFO] [stdout] [1mDiff[0m [31m< left[0m / [32mright >[0m :
[INFO] [stdout]  d8 64          # epoch date value, tag(100)
[INFO] [stdout]     1a 05a9fda9 #   unsigned(95,026,601)
[INFO] [stdout] [31m<               #   date[0m[1;48;5;52;31m offset is too large for this tool[0m
[INFO] [stdout] [32m>               #   date[0m[1;48;5;22;32m(+262143-12-31)[0m
[INFO] [stdout]  
[INFO] [stdout] 
[INFO] [stdout] 
[INFO] [stdout] stack backtrace:
[INFO] [stdout]    0:     0x5c35909abf6a - std::backtrace_rs::backtrace::libunwind::trace::h5a5b8284f2d0c266
[INFO] [stdout]                                at /rustc/90b35a6239c3d8bdabc530a6a0816f7ff89a0aaf/library/std/src/../../backtrace/src/backtrace/libunwind.rs:116:5
[INFO] [stdout]    1:     0x5c35909abf6a - std::backtrace_rs::backtrace::trace_unsynchronized::h76d4f1c9b0b875e3
[INFO] [stdout]                                at /rustc/90b35a6239c3d8bdabc530a6a0816f7ff89a0aaf/library/std/src/../../backtrace/src/backtrace/mod.rs:66:5
[INFO] [stdout]    2:     0x5c35909abf6a - std::sys::backtrace::_print_fmt::hc4546b8364a537c6
[INFO] [stdout]                                at /rustc/90b35a6239c3d8bdabc530a6a0816f7ff89a0aaf/library/std/src/sys/backtrace.rs:66:9
[INFO] [stdout]    3:     0x5c35909abf6a - <std::sys::backtrace::BacktraceLock::print::DisplayBacktrace as core::fmt::Display>::fmt::h5b6bd5631a6d1f6b
[INFO] [stdout]                                at /rustc/90b35a6239c3d8bdabc530a6a0816f7ff89a0aaf/library/std/src/sys/backtrace.rs:39:26
[INFO] [stdout]    4:     0x5c35909d43d3 - core::fmt::rt::Argument::fmt::h270f6602a2b96f62
[INFO] [stdout]                                at /rustc/90b35a6239c3d8bdabc530a6a0816f7ff89a0aaf/library/core/src/fmt/rt.rs:177:76
[INFO] [stdout]    5:     0x5c35909d43d3 - core::fmt::write::h7550c97b06c86515
[INFO] [stdout]                                at /rustc/90b35a6239c3d8bdabc530a6a0816f7ff89a0aaf/library/core/src/fmt/mod.rs:1186:21
[INFO] [stdout]    6:     0x5c35909a9133 - std::io::Write::write_fmt::h509ff860e5956e5e
[INFO] [stdout]                                at /rustc/90b35a6239c3d8bdabc530a6a0816f7ff89a0aaf/library/std/src/io/mod.rs:1839:15
[INFO] [stdout]    7:     0x5c35909abdb2 - std::sys::backtrace::BacktraceLock::print::h2395ccd2c84ba3aa
[INFO] [stdout]                                at /rustc/90b35a6239c3d8bdabc530a6a0816f7ff89a0aaf/library/std/src/sys/backtrace.rs:42:9
[INFO] [stdout]    8:     0x5c35909ad3ca - std::panicking::default_hook::{{closure}}::he19d4c7230e07961
[INFO] [stdout]                                at /rustc/90b35a6239c3d8bdabc530a6a0816f7ff89a0aaf/library/std/src/panicking.rs:268:22
[INFO] [stdout]    9:     0x5c35909ad1d4 - std::panicking::default_hook::hf614597d3c67bbdb
[INFO] [stdout]                                at /rustc/90b35a6239c3d8bdabc530a6a0816f7ff89a0aaf/library/std/src/panicking.rs:292:9
[INFO] [stdout]   10:     0x5c3590782be9 - <alloc::boxed::Box<F,A> as core::ops::function::Fn<Args>>::call::h39b51ce4599c23d1
[INFO] [stdout]                                at /rustc/90b35a6239c3d8bdabc530a6a0816f7ff89a0aaf/library/alloc/src/boxed.rs:2468:9
[INFO] [stdout]   11:     0x5c3590782be9 - test::test_main::{{closure}}::he977ae839a582784
[INFO] [stdout]                                at /rustc/90b35a6239c3d8bdabc530a6a0816f7ff89a0aaf/library/test/src/lib.rs:133:21
[INFO] [stdout]   12:     0x5c35909ada68 - <alloc::boxed::Box<F,A> as core::ops::function::Fn<Args>>::call::h9455091b6b06f9fb
[INFO] [stdout]                                at /rustc/90b35a6239c3d8bdabc530a6a0816f7ff89a0aaf/library/alloc/src/boxed.rs:2468:9
[INFO] [stdout]   13:     0x5c35909ada68 - std::panicking::rust_panic_with_hook::h8942133a8b252070
[INFO] [stdout]                                at /rustc/90b35a6239c3d8bdabc530a6a0816f7ff89a0aaf/library/std/src/panicking.rs:809:13
[INFO] [stdout]   14:     0x5c35909ad82a - std::panicking::begin_panic_handler::{{closure}}::hb5f5963570096b29
[INFO] [stdout]                                at /rustc/90b35a6239c3d8bdabc530a6a0816f7ff89a0aaf/library/std/src/panicking.rs:674:13
[INFO] [stdout]   15:     0x5c35909ac449 - std::sys::backtrace::__rust_end_short_backtrace::h6208cedc1922feda
[INFO] [stdout]                                at /rustc/90b35a6239c3d8bdabc530a6a0816f7ff89a0aaf/library/std/src/sys/backtrace.rs:170:18
[INFO] [stdout]   16:     0x5c35909ad4bc - rust_begin_unwind
[INFO] [stdout]                                at /rustc/90b35a6239c3d8bdabc530a6a0816f7ff89a0aaf/library/std/src/panicking.rs:665:5
[INFO] [stdout]   17:     0x5c35906a2b00 - core::panicking::panic_fmt::h0c3082644d1bf418
[INFO] [stdout]                                at /rustc/90b35a6239c3d8bdabc530a6a0816f7ff89a0aaf/library/core/src/panicking.rs:74:14
[INFO] [stdout]   18:     0x5c3590700cd1 - tags::both::epoch_date_max_repr::value2hex::h73645818d90354ec
[INFO] [stdout]                                at /opt/rustwide/workdir/tests/utils/mod.rs:126:13
[INFO] [stdout]   19:     0x5c35907009b7 - tags::both::epoch_date_max_repr::value2hex::{{closure}}::hd3cf4aa7f1129fbe
[INFO] [stdout]                                at /opt/rustwide/workdir/tests/utils/mod.rs:124:23
[INFO] [stdout]   20:     0x5c35906f9d96 - core::ops::function::FnOnce::call_once::h4107bc5b7e71d0d5
[INFO] [stdout]                                at /rustc/90b35a6239c3d8bdabc530a6a0816f7ff89a0aaf/library/core/src/ops/function.rs:250:5
[INFO] [stdout]   21:     0x5c35907875ab - core::ops::function::FnOnce::call_once::h109cf8051a59b34e
[INFO] [stdout]                                at /rustc/90b35a6239c3d8bdabc530a6a0816f7ff89a0aaf/library/core/src/ops/function.rs:250:5
[INFO] [stdout]   22:     0x5c35907875ab - test::__rust_begin_short_backtrace::hf4fff89d377446ba
[INFO] [stdout]                                at /rustc/90b35a6239c3d8bdabc530a6a0816f7ff89a0aaf/library/test/src/lib.rs:621:18
[INFO] [stdout]   23:     0x5c3590786de7 - test::run_test_in_process::{{closure}}::h0e39181dd7ee5a43
[INFO] [stdout]                                at /rustc/90b35a6239c3d8bdabc530a6a0816f7ff89a0aaf/library/test/src/lib.rs:644:60
[INFO] [stdout]   24:     0x5c3590786de7 - <core::panic::unwind_safe::AssertUnwindSafe<F> as core::ops::function::FnOnce<()>>::call_once::hc5a66a30f0bdfd1f
[INFO] [stdout]                                at /rustc/90b35a6239c3d8bdabc530a6a0816f7ff89a0aaf/library/core/src/panic/unwind_safe.rs:272:9
[INFO] [stdout]   25:     0x5c3590786de7 - std::panicking::try::do_call::h873b7cf639554a5e
[INFO] [stdout]                                at /rustc/90b35a6239c3d8bdabc530a6a0816f7ff89a0aaf/library/std/src/panicking.rs:557:40
[INFO] [stdout]   26:     0x5c3590786de7 - std::panicking::try::hdb19862fad9c8bd1
[INFO] [stdout]                                at /rustc/90b35a6239c3d8bdabc530a6a0816f7ff89a0aaf/library/std/src/panicking.rs:520:19
[INFO] [stdout]   27:     0x5c3590786de7 - std::panic::catch_unwind::h281fe732d236d260
[INFO] [stdout]                                at /rustc/90b35a6239c3d8bdabc530a6a0816f7ff89a0aaf/library/std/src/panic.rs:358:14
[INFO] [stdout]   28:     0x5c3590786de7 - test::run_test_in_process::h949b6df8457ed338
[INFO] [stdout]                                at /rustc/90b35a6239c3d8bdabc530a6a0816f7ff89a0aaf/library/test/src/lib.rs:644:27
[INFO] [stdout]   29:     0x5c3590786de7 - test::run_test::{{closure}}::h52c556a6d4740e10
[INFO] [stdout]                                at /rustc/90b35a6239c3d8bdabc530a6a0816f7ff89a0aaf/library/test/src/lib.rs:565:43
[INFO] [stdout]   30:     0x5c359074c0c4 - test::run_test::{{closure}}::h4237f6381c45ccb9
[INFO] [stdout]                                at /rustc/90b35a6239c3d8bdabc530a6a0816f7ff89a0aaf/library/test/src/lib.rs:595:41
[INFO] [stdout]   31:     0x5c359074c0c4 - std::sys::backtrace::__rust_begin_short_backtrace::h505c97a579eca628
[INFO] [stdout]                                at /rustc/90b35a6239c3d8bdabc530a6a0816f7ff89a0aaf/library/std/src/sys/backtrace.rs:154:18
[INFO] [stdout]   32:     0x5c359074f78e - std::thread::Builder::spawn_unchecked_::{{closure}}::{{closure}}::h9e86b2e2bc107ea3
[INFO] [stdout]                                at /rustc/90b35a6239c3d8bdabc530a6a0816f7ff89a0aaf/library/std/src/thread/mod.rs:538:17
[INFO] [stdout]   33:     0x5c359074f78e - <core::panic::unwind_safe::AssertUnwindSafe<F> as core::ops::function::FnOnce<()>>::call_once::h8b06ddb275ff4a25
[INFO] [stdout]                                at /rustc/90b35a6239c3d8bdabc530a6a0816f7ff89a0aaf/library/core/src/panic/unwind_safe.rs:272:9
[INFO] [stdout]   34:     0x5c359074f78e - std::panicking::try::do_call::hb26ecd7cd9a9355d
[INFO] [stdout]                                at /rustc/90b35a6239c3d8bdabc530a6a0816f7ff89a0aaf/library/std/src/panicking.rs:557:40
[INFO] [stdout]   35:     0x5c359074f78e - std::panicking::try::h8ddeca9d705f9069
[INFO] [stdout]                                at /rustc/90b35a6239c3d8bdabc530a6a0816f7ff89a0aaf/library/std/src/panicking.rs:520:19
[INFO] [stdout]   36:     0x5c359074f78e - std::panic::catch_unwind::h49e1c33078844c46
[INFO] [stdout]                                at /rustc/90b35a6239c3d8bdabc530a6a0816f7ff89a0aaf/library/std/src/panic.rs:358:14
[INFO] [stdout]   37:     0x5c359074f78e - std::thread::Builder::spawn_unchecked_::{{closure}}::h6073db6ff56ad35d
[INFO] [stdout]                                at /rustc/90b35a6239c3d8bdabc530a6a0816f7ff89a0aaf/library/std/src/thread/mod.rs:537:30
[INFO] [stdout]   38:     0x5c359074f78e - core::ops::function::FnOnce::call_once{{vtable.shim}}::h2c5a5f3779c774f1
[INFO] [stdout]                                at /rustc/90b35a6239c3d8bdabc530a6a0816f7ff89a0aaf/library/core/src/ops/function.rs:250:5
[INFO] [stdout]   39:     0x5c35909b17bb - <alloc::boxed::Box<F,A> as core::ops::function::FnOnce<Args>>::call_once::hf75717d9f28faebf
[INFO] [stdout]                                at /rustc/90b35a6239c3d8bdabc530a6a0816f7ff89a0aaf/library/alloc/src/boxed.rs:2454:9
[INFO] [stdout]   40:     0x5c35909b17bb - <alloc::boxed::Box<F,A> as core::ops::function::FnOnce<Args>>::call_once::h7bd883a5f3c5f3c1
[INFO] [stdout]                                at /rustc/90b35a6239c3d8bdabc530a6a0816f7ff89a0aaf/library/alloc/src/boxed.rs:2454:9
[INFO] [stdout]   41:     0x5c35909b17bb - std::sys::pal::unix::thread::Thread::new::thread_start::hcc78f3943333fa94
[INFO] [stdout]                                at /rustc/90b35a6239c3d8bdabc530a6a0816f7ff89a0aaf/library/std/src/sys/pal/unix/thread.rs:105:17
[INFO] [stdout]   42:     0x73faf5404ac3 - <unknown>
[INFO] [stdout]   43:     0x73faf5495a04 - clone
[INFO] [stdout]   44:                0x0 - <unknown>
[INFO] [stdout] 
[INFO] [stdout] ---- both::epoch_date_min_repr::value2hex stdout ----
[INFO] [stdout] thread 'both::epoch_date_min_repr::value2hex' panicked at tests/tags.rs:8:1:
[INFO] [stdout] assertion failed: `(left == right)`
[INFO] [stdout] 
[INFO] [stdout] [1mDiff[0m [31m< left[0m / [32mright >[0m :
[INFO] [stdout]  d8 64          # epoch date value, tag(100)
[INFO] [stdout]     3a 05bff2f9 #   negative(-96,465,658)
[INFO] [stdout] [31m<               #   date[0m[1;48;5;52;31m offset is too large for this tool[0m
[INFO] [stdout] [32m>               #   date[0m[1;48;5;22;32m(-262144-01-01)[0m
[INFO] [stdout]  
[INFO] [stdout] 
[INFO] [stdout] 
[INFO] [stdout] stack backtrace:
[INFO] [stdout]    0:     0x5c35909abf6a - std::backtrace_rs::backtrace::libunwind::trace::h5a5b8284f2d0c266
[INFO] [stdout]                                at /rustc/90b35a6239c3d8bdabc530a6a0816f7ff89a0aaf/library/std/src/../../backtrace/src/backtrace/libunwind.rs:116:5
[INFO] [stdout]    1:     0x5c35909abf6a - std::backtrace_rs::backtrace::trace_unsynchronized::h76d4f1c9b0b875e3
[INFO] [stdout]                                at /rustc/90b35a6239c3d8bdabc530a6a0816f7ff89a0aaf/library/std/src/../../backtrace/src/backtrace/mod.rs:66:5
[INFO] [stdout]    2:     0x5c35909abf6a - std::sys::backtrace::_print_fmt::hc4546b8364a537c6
[INFO] [stdout]                                at /rustc/90b35a6239c3d8bdabc530a6a0816f7ff89a0aaf/library/std/src/sys/backtrace.rs:66:9
[INFO] [stdout]    3:     0x5c35909abf6a - <std::sys::backtrace::BacktraceLock::print::DisplayBacktrace as core::fmt::Display>::fmt::h5b6bd5631a6d1f6b
[INFO] [stdout]                                at /rustc/90b35a6239c3d8bdabc530a6a0816f7ff89a0aaf/library/std/src/sys/backtrace.rs:39:26
[INFO] [stdout]    4:     0x5c35909d43d3 - core::fmt::rt::Argument::fmt::h270f6602a2b96f62
[INFO] [stdout]                                at /rustc/90b35a6239c3d8bdabc530a6a0816f7ff89a0aaf/library/core/src/fmt/rt.rs:177:76
[INFO] [stdout]    5:     0x5c35909d43d3 - core::fmt::write::h7550c97b06c86515
[INFO] [stdout]                                at /rustc/90b35a6239c3d8bdabc530a6a0816f7ff89a0aaf/library/core/src/fmt/mod.rs:1186:21
[INFO] [stdout]    6:     0x5c35909a9133 - std::io::Write::write_fmt::h509ff860e5956e5e
[INFO] [stdout]                                at /rustc/90b35a6239c3d8bdabc530a6a0816f7ff89a0aaf/library/std/src/io/mod.rs:1839:15
[INFO] [stdout]    7:     0x5c35909abdb2 - std::sys::backtrace::BacktraceLock::print::h2395ccd2c84ba3aa
[INFO] [stdout]                                at /rustc/90b35a6239c3d8bdabc530a6a0816f7ff89a0aaf/library/std/src/sys/backtrace.rs:42:9
[INFO] [stdout]    8:     0x5c35909ad3ca - std::panicking::default_hook::{{closure}}::he19d4c7230e07961
[INFO] [stdout]                                at /rustc/90b35a6239c3d8bdabc530a6a0816f7ff89a0aaf/library/std/src/panicking.rs:268:22
[INFO] [stdout]    9:     0x5c35909ad1d4 - std::panicking::default_hook::hf614597d3c67bbdb
[INFO] [stdout]                                at /rustc/90b35a6239c3d8bdabc530a6a0816f7ff89a0aaf/library/std/src/panicking.rs:292:9
[INFO] [stdout]   10:     0x5c3590782be9 - <alloc::boxed::Box<F,A> as core::ops::function::Fn<Args>>::call::h39b51ce4599c23d1
[INFO] [stdout]                                at /rustc/90b35a6239c3d8bdabc530a6a0816f7ff89a0aaf/library/alloc/src/boxed.rs:2468:9
[INFO] [stdout]   11:     0x5c3590782be9 - test::test_main::{{closure}}::he977ae839a582784
[INFO] [stdout]                                at /rustc/90b35a6239c3d8bdabc530a6a0816f7ff89a0aaf/library/test/src/lib.rs:133:21
[INFO] [stdout]   12:     0x5c35909ada68 - <alloc::boxed::Box<F,A> as core::ops::function::Fn<Args>>::call::h9455091b6b06f9fb
[INFO] [stdout]                                at /rustc/90b35a6239c3d8bdabc530a6a0816f7ff89a0aaf/library/alloc/src/boxed.rs:2468:9
[INFO] [stdout]   13:     0x5c35909ada68 - std::panicking::rust_panic_with_hook::h8942133a8b252070
[INFO] [stdout]                                at /rustc/90b35a6239c3d8bdabc530a6a0816f7ff89a0aaf/library/std/src/panicking.rs:809:13
[INFO] [stdout]   14:     0x5c35909ad82a - std::panicking::begin_panic_handler::{{closure}}::hb5f5963570096b29
[INFO] [stdout]                                at /rustc/90b35a6239c3d8bdabc530a6a0816f7ff89a0aaf/library/std/src/panicking.rs:674:13
[INFO] [stdout]   15:     0x5c35909ac449 - std::sys::backtrace::__rust_end_short_backtrace::h6208cedc1922feda
[INFO] [stdout]                                at /rustc/90b35a6239c3d8bdabc530a6a0816f7ff89a0aaf/library/std/src/sys/backtrace.rs:170:18
[INFO] [stdout]   16:     0x5c35909ad4bc - rust_begin_unwind
[INFO] [stdout]                                at /rustc/90b35a6239c3d8bdabc530a6a0816f7ff89a0aaf/library/std/src/panicking.rs:665:5
[INFO] [stdout]   17:     0x5c35906a2b00 - core::panicking::panic_fmt::h0c3082644d1bf418
[INFO] [stdout]                                at /rustc/90b35a6239c3d8bdabc530a6a0816f7ff89a0aaf/library/core/src/panicking.rs:74:14
[INFO] [stdout]   18:     0x5c35906d41c1 - tags::both::epoch_date_min_repr::value2hex::h2b6736302053aaa1
[INFO] [stdout]                                at /opt/rustwide/workdir/tests/utils/mod.rs:126:13
[INFO] [stdout]   19:     0x5c35906d3ea7 - tags::both::epoch_date_min_repr::value2hex::{{closure}}::hb6eb67362d5888d7
[INFO] [stdout]                                at /opt/rustwide/workdir/tests/utils/mod.rs:124:23
[INFO] [stdout]   20:     0x5c35906fc816 - core::ops::function::FnOnce::call_once::hb2d53dedf29df0ed
[INFO] [stdout]                                at /rustc/90b35a6239c3d8bdabc530a6a0816f7ff89a0aaf/library/core/src/ops/function.rs:250:5
[INFO] [stdout]   21:     0x5c35907875ab - core::ops::function::FnOnce::call_once::h109cf8051a59b34e
[INFO] [stdout]                                at /rustc/90b35a6239c3d8bdabc530a6a0816f7ff89a0aaf/library/core/src/ops/function.rs:250:5
[INFO] [stdout]   22:     0x5c35907875ab - test::__rust_begin_short_backtrace::hf4fff89d377446ba
[INFO] [stdout]                                at /rustc/90b35a6239c3d8bdabc530a6a0816f7ff89a0aaf/library/test/src/lib.rs:621:18
[INFO] [stdout]   23:     0x5c3590786de7 - test::run_test_in_process::{{closure}}::h0e39181dd7ee5a43
[INFO] [stdout]                                at /rustc/90b35a6239c3d8bdabc530a6a0816f7ff89a0aaf/library/test/src/lib.rs:644:60
[INFO] [stdout]   24:     0x5c3590786de7 - <core::panic::unwind_safe::AssertUnwindSafe<F> as core::ops::function::FnOnce<()>>::call_once::hc5a66a30f0bdfd1f
[INFO] [stdout]                                at /rustc/90b35a6239c3d8bdabc530a6a0816f7ff89a0aaf/library/core/src/panic/unwind_safe.rs:272:9
[INFO] [stdout]   25:     0x5c3590786de7 - std::panicking::try::do_call::h873b7cf639554a5e
[INFO] [stdout]                                at /rustc/90b35a6239c3d8bdabc530a6a0816f7ff89a0aaf/library/std/src/panicking.rs:557:40
[INFO] [stdout]   26:     0x5c3590786de7 - std::panicking::try::hdb19862fad9c8bd1
[INFO] [stdout]                                at /rustc/90b35a6239c3d8bdabc530a6a0816f7ff89a0aaf/library/std/src/panicking.rs:520:19
[INFO] [stdout]   27:     0x5c3590786de7 - std::panic::catch_unwind::h281fe732d236d260
[INFO] [stdout]                                at /rustc/90b35a6239c3d8bdabc530a6a0816f7ff89a0aaf/library/std/src/panic.rs:358:14
[INFO] [stdout]   28:     0x5c3590786de7 - test::run_test_in_process::h949b6df8457ed338
[INFO] [stdout]                                at /rustc/90b35a6239c3d8bdabc530a6a0816f7ff89a0aaf/library/test/src/lib.rs:644:27
[INFO] [stdout]   29:     0x5c3590786de7 - test::run_test::{{closure}}::h52c556a6d4740e10
[INFO] [stdout]                                at /rustc/90b35a6239c3d8bdabc530a6a0816f7ff89a0aaf/library/test/src/lib.rs:565:43
[INFO] [stdout]   30:     0x5c359074c0c4 - test::run_test::{{closure}}::h4237f6381c45ccb9
[INFO] [stdout]                                at /rustc/90b35a6239c3d8bdabc530a6a0816f7ff89a0aaf/library/test/src/lib.rs:595:41
[INFO] [stdout]   31:     0x5c359074c0c4 - std::sys::backtrace::__rust_begin_short_backtrace::h505c97a579eca628
[INFO] [stdout]                                at /rustc/90b35a6239c3d8bdabc530a6a0816f7ff89a0aaf/library/std/src/sys/backtrace.rs:154:18
[INFO] [stdout]   32:     0x5c359074f78e - std::thread::Builder::spawn_unchecked_::{{closure}}::{{closure}}::h9e86b2e2bc107ea3
[INFO] [stdout]                                at /rustc/90b35a6239c3d8bdabc530a6a0816f7ff89a0aaf/library/std/src/thread/mod.rs:538:17
[INFO] [stdout]   33:     0x5c359074f78e - <core::panic::unwind_safe::AssertUnwindSafe<F> as core::ops::function::FnOnce<()>>::call_once::h8b06ddb275ff4a25
[INFO] [stdout]                                at /rustc/90b35a6239c3d8bdabc530a6a0816f7ff89a0aaf/library/core/src/panic/unwind_safe.rs:272:9
[INFO] [stdout]   34:     0x5c359074f78e - std::panicking::try::do_call::hb26ecd7cd9a9355d
[INFO] [stdout]                                at /rustc/90b35a6239c3d8bdabc530a6a0816f7ff89a0aaf/library/std/src/panicking.rs:557:40
[INFO] [stdout]   35:     0x5c359074f78e - std::panicking::try::h8ddeca9d705f9069
[INFO] [stdout]                                at /rustc/90b35a6239c3d8bdabc530a6a0816f7ff89a0aaf/library/std/src/panicking.rs:520:19
[INFO] [stdout]   36:     0x5c359074f78e - std::panic::catch_unwind::h49e1c33078844c46
[INFO] [stdout]                                at /rustc/90b35a6239c3d8bdabc530a6a0816f7ff89a0aaf/library/std/src/panic.rs:358:14
[INFO] [stdout]   37:     0x5c359074f78e - std::thread::Builder::spawn_unchecked_::{{closure}}::h6073db6ff56ad35d
[INFO] [stdout]                                at /rustc/90b35a6239c3d8bdabc530a6a0816f7ff89a0aaf/library/std/src/thread/mod.rs:537:30
[INFO] [stdout]   38:     0x5c359074f78e - core::ops::function::FnOnce::call_once{{vtable.shim}}::h2c5a5f3779c774f1
[INFO] [stdout]                                at /rustc/90b35a6239c3d8bdabc530a6a0816f7ff89a0aaf/library/core/src/ops/function.rs:250:5
[INFO] [stdout]   39:     0x5c35909b17bb - <alloc::boxed::Box<F,A> as core::ops::function::FnOnce<Args>>::call_once::hf75717d9f28faebf
[INFO] [stdout]                                at /rustc/90b35a6239c3d8bdabc530a6a0816f7ff89a0aaf/library/alloc/src/boxed.rs:2454:9
[INFO] [stdout]   40:     0x5c35909b17bb - <alloc::boxed::Box<F,A> as core::ops::function::FnOnce<Args>>::call_once::h7bd883a5f3c5f3c1
[INFO] [stdout]                                at /rustc/90b35a6239c3d8bdabc530a6a0816f7ff89a0aaf/library/alloc/src/boxed.rs:2454:9
[INFO] [stdout]   41:     0x5c35909b17bb - std::sys::pal::unix::thread::Thread::new::thread_start::hcc78f3943333fa94
[INFO] [stdout]                                at /rustc/90b35a6239c3d8bdabc530a6a0816f7ff89a0aaf/library/std/src/sys/pal/unix/thread.rs:105:17
[INFO] [stdout]   42:     0x73faf5404ac3 - <unknown>
[INFO] [stdout]   43:     0x73faf5495a04 - clone
[INFO] [stdout]   44:                0x0 - <unknown>
[INFO] [stdout] 
[INFO] [stdout] ---- hex_tests::date_min_repr::value2hex stdout ----
[INFO] [stdout] thread 'hex_tests::date_min_repr::value2hex' panicked at tests/tags.rs:8:1:
[INFO] [stdout] assertion failed: `(left == right)`
[INFO] [stdout] 
[INFO] [stdout] [1mDiff[0m [31m< left[0m / [32mright >[0m :
[INFO] [stdout]  d9 03ec                          # standard date string, tag(1004)
[INFO] [stdout]     6d                            #   text(13)
[INFO] [stdout]        2d3236323134342d30312d3031 #     "-262144-01-01"
[INFO] [stdout] [31m<                                 #   e[0m[1;48;5;52;31mrror [0m[31mp[0m[1;48;5;52;31marsing date: input is [0m[31mo[0m[1;48;5;52;31mut of range[0m
[INFO] [stdout] [32m>                                 #   epo[0m[1;48;5;22;32mch(-96,465,658)[0m
[INFO] [stdout]  
[INFO] [stdout] 
[INFO] [stdout] 
[INFO] [stdout] stack backtrace:
[INFO] [stdout]    0:     0x5c35909abf6a - std::backtrace_rs::backtrace::libunwind::trace::h5a5b8284f2d0c266
[INFO] [stdout]                                at /rustc/90b35a6239c3d8bdabc530a6a0816f7ff89a0aaf/library/std/src/../../backtrace/src/backtrace/libunwind.rs:116:5
[INFO] [stdout]    1:     0x5c35909abf6a - std::backtrace_rs::backtrace::trace_unsynchronized::h76d4f1c9b0b875e3
[INFO] [stdout]                                at /rustc/90b35a6239c3d8bdabc530a6a0816f7ff89a0aaf/library/std/src/../../backtrace/src/backtrace/mod.rs:66:5
[INFO] [stdout]    2:     0x5c35909abf6a - std::sys::backtrace::_print_fmt::hc4546b8364a537c6
[INFO] [stdout]                                at /rustc/90b35a6239c3d8bdabc530a6a0816f7ff89a0aaf/library/std/src/sys/backtrace.rs:66:9
[INFO] [stdout]    3:     0x5c35909abf6a - <std::sys::backtrace::BacktraceLock::print::DisplayBacktrace as core::fmt::Display>::fmt::h5b6bd5631a6d1f6b
[INFO] [stdout]                                at /rustc/90b35a6239c3d8bdabc530a6a0816f7ff89a0aaf/library/std/src/sys/backtrace.rs:39:26
[INFO] [stdout]    4:     0x5c35909d43d3 - core::fmt::rt::Argument::fmt::h270f6602a2b96f62
[INFO] [stdout]                                at /rustc/90b35a6239c3d8bdabc530a6a0816f7ff89a0aaf/library/core/src/fmt/rt.rs:177:76
[INFO] [stdout]    5:     0x5c35909d43d3 - core::fmt::write::h7550c97b06c86515
[INFO] [stdout]                                at /rustc/90b35a6239c3d8bdabc530a6a0816f7ff89a0aaf/library/core/src/fmt/mod.rs:1186:21
[INFO] [stdout]    6:     0x5c35909a9133 - std::io::Write::write_fmt::h509ff860e5956e5e
[INFO] [stdout]                                at /rustc/90b35a6239c3d8bdabc530a6a0816f7ff89a0aaf/library/std/src/io/mod.rs:1839:15
[INFO] [stdout]    7:     0x5c35909abdb2 - std::sys::backtrace::BacktraceLock::print::h2395ccd2c84ba3aa
[INFO] [stdout]                                at /rustc/90b35a6239c3d8bdabc530a6a0816f7ff89a0aaf/library/std/src/sys/backtrace.rs:42:9
[INFO] [stdout]    8:     0x5c35909ad3ca - std::panicking::default_hook::{{closure}}::he19d4c7230e07961
[INFO] [stdout]                                at /rustc/90b35a6239c3d8bdabc530a6a0816f7ff89a0aaf/library/std/src/panicking.rs:268:22
[INFO] [stdout]    9:     0x5c35909ad1d4 - std::panicking::default_hook::hf614597d3c67bbdb
[INFO] [stdout]                                at /rustc/90b35a6239c3d8bdabc530a6a0816f7ff89a0aaf/library/std/src/panicking.rs:292:9
[INFO] [stdout]   10:     0x5c3590782be9 - <alloc::boxed::Box<F,A> as core::ops::function::Fn<Args>>::call::h39b51ce4599c23d1
[INFO] [stdout]                                at /rustc/90b35a6239c3d8bdabc530a6a0816f7ff89a0aaf/library/alloc/src/boxed.rs:2468:9
[INFO] [stdout]   11:     0x5c3590782be9 - test::test_main::{{closure}}::he977ae839a582784
[INFO] [stdout]                                at /rustc/90b35a6239c3d8bdabc530a6a0816f7ff89a0aaf/library/test/src/lib.rs:133:21
[INFO] [stdout]   12:     0x5c35909ada68 - <alloc::boxed::Box<F,A> as core::ops::function::Fn<Args>>::call::h9455091b6b06f9fb
[INFO] [stdout]                                at /rustc/90b35a6239c3d8bdabc530a6a0816f7ff89a0aaf/library/alloc/src/boxed.rs:2468:9
[INFO] [stdout]   13:     0x5c35909ada68 - std::panicking::rust_panic_with_hook::h8942133a8b252070
[INFO] [stdout]                                at /rustc/90b35a6239c3d8bdabc530a6a0816f7ff89a0aaf/library/std/src/panicking.rs:809:13
[INFO] [stdout]   14:     0x5c35909ad82a - std::panicking::begin_panic_handler::{{closure}}::hb5f5963570096b29
[INFO] [stdout]                                at /rustc/90b35a6239c3d8bdabc530a6a0816f7ff89a0aaf/library/std/src/panicking.rs:674:13
[INFO] [stdout]   15:     0x5c35909ac449 - std::sys::backtrace::__rust_end_short_backtrace::h6208cedc1922feda
[INFO] [stdout]                                at /rustc/90b35a6239c3d8bdabc530a6a0816f7ff89a0aaf/library/std/src/sys/backtrace.rs:170:18
[INFO] [stdout]   16:     0x5c35909ad4bc - rust_begin_unwind
[INFO] [stdout]                                at /rustc/90b35a6239c3d8bdabc530a6a0816f7ff89a0aaf/library/std/src/panicking.rs:665:5
[INFO] [stdout]   17:     0x5c35906a2b00 - core::panicking::panic_fmt::h0c3082644d1bf418
[INFO] [stdout]                                at /rustc/90b35a6239c3d8bdabc530a6a0816f7ff89a0aaf/library/core/src/panicking.rs:74:14
[INFO] [stdout]   18:     0x5c359071c081 - tags::hex_tests::date_min_repr::value2hex::hb75c7612a51eb528
[INFO] [stdout]                                at /opt/rustwide/workdir/tests/utils/mod.rs:126:13
[INFO] [stdout]   19:     0x5c359071bd07 - tags::hex_tests::date_min_repr::value2hex::{{closure}}::hedb91d9bc2ca0a96
[INFO] [stdout]                                at /opt/rustwide/workdir/tests/utils/mod.rs:124:23
[INFO] [stdout]   20:     0x5c35906fc296 - core::ops::function::FnOnce::call_once::ha32b9d40b777c4a9
[INFO] [stdout]                                at /rustc/90b35a6239c3d8bdabc530a6a0816f7ff89a0aaf/library/core/src/ops/function.rs:250:5
[INFO] [stdout]   21:     0x5c35907875ab - core::ops::function::FnOnce::call_once::h109cf8051a59b34e
[INFO] [stdout]                                at /rustc/90b35a6239c3d8bdabc530a6a0816f7ff89a0aaf/library/core/src/ops/function.rs:250:5
[INFO] [stdout]   22:     0x5c35907875ab - test::__rust_begin_short_backtrace::hf4fff89d377446ba
[INFO] [stdout]                                at /rustc/90b35a6239c3d8bdabc530a6a0816f7ff89a0aaf/library/test/src/lib.rs:621:18
[INFO] [stdout]   23:     0x5c3590786de7 - test::run_test_in_process::{{closure}}::h0e39181dd7ee5a43
[INFO] [stdout]                                at /rustc/90b35a6239c3d8bdabc530a6a0816f7ff89a0aaf/library/test/src/lib.rs:644:60
[INFO] [stdout]   24:     0x5c3590786de7 - <core::panic::unwind_safe::AssertUnwindSafe<F> as core::ops::function::FnOnce<()>>::call_once::hc5a66a30f0bdfd1f
[INFO] [stdout]                                at /rustc/90b35a6239c3d8bdabc530a6a0816f7ff89a0aaf/library/core/src/panic/unwind_safe.rs:272:9
[INFO] [stdout]   25:     0x5c3590786de7 - std::panicking::try::do_call::h873b7cf639554a5e
[INFO] [stdout]                                at /rustc/90b35a6239c3d8bdabc530a6a0816f7ff89a0aaf/library/std/src/panicking.rs:557:40
[INFO] [stdout]   26:     0x5c3590786de7 - std::panicking::try::hdb19862fad9c8bd1
[INFO] [stdout]                                at /rustc/90b35a6239c3d8bdabc530a6a0816f7ff89a0aaf/library/std/src/panicking.rs:520:19
[INFO] [stdout]   27:     0x5c3590786de7 - std::panic::catch_unwind::h281fe732d236d260
[INFO] [stdout]                                at /rustc/90b35a6239c3d8bdabc530a6a0816f7ff89a0aaf/library/std/src/panic.rs:358:14
[INFO] [stdout]   28:     0x5c3590786de7 - test::run_test_in_process::h949b6df8457ed338
[INFO] [stdout]                                at /rustc/90b35a6239c3d8bdabc530a6a0816f7ff89a0aaf/library/test/src/lib.rs:644:27
[INFO] [stdout]   29:     0x5c3590786de7 - test::run_test::{{closure}}::h52c556a6d4740e10
[INFO] [stdout]                                at /rustc/90b35a6239c3d8bdabc530a6a0816f7ff89a0aaf/library/test/src/lib.rs:565:43
[INFO] [stdout]   30:     0x5c359074c0c4 - test::run_test::{{closure}}::h4237f6381c45ccb9
[INFO] [stdout]                                at /rustc/90b35a6239c3d8bdabc530a6a0816f7ff89a0aaf/library/test/src/lib.rs:595:41
[INFO] [stdout]   31:     0x5c359074c0c4 - std::sys::backtrace::__rust_begin_short_backtrace::h505c97a579eca628
[INFO] [stdout]                                at /rustc/90b35a6239c3d8bdabc530a6a0816f7ff89a0aaf/library/std/src/sys/backtrace.rs:154:18
[INFO] [stdout]   32:     0x5c359074f78e - std::thread::Builder::spawn_unchecked_::{{closure}}::{{closure}}::h9e86b2e2bc107ea3
[INFO] [stdout]                                at /rustc/90b35a6239c3d8bdabc530a6a0816f7ff89a0aaf/library/std/src/thread/mod.rs:538:17
[INFO] [stdout]   33:     0x5c359074f78e - <core::panic::unwind_safe::AssertUnwindSafe<F> as core::ops::function::FnOnce<()>>::call_once::h8b06ddb275ff4a25
[INFO] [stdout]                                at /rustc/90b35a6239c3d8bdabc530a6a0816f7ff89a0aaf/library/core/src/panic/unwind_safe.rs:272:9
[INFO] [stdout]   34:     0x5c359074f78e - std::panicking::try::do_call::hb26ecd7cd9a9355d
[INFO] [stdout]                                at /rustc/90b35a6239c3d8bdabc530a6a0816f7ff89a0aaf/library/std/src/panicking.rs:557:40
[INFO] [stdout]   35:     0x5c359074f78e - std::panicking::try::h8ddeca9d705f9069
[INFO] [stdout]                                at /rustc/90b35a6239c3d8bdabc530a6a0816f7ff89a0aaf/library/std/src/panicking.rs:520:19
[INFO] [stdout]   36:     0x5c359074f78e - std::panic::catch_unwind::h49e1c33078844c46
[INFO] [stdout]                                at /rustc/90b35a6239c3d8bdabc530a6a0816f7ff89a0aaf/library/std/src/panic.rs:358:14
[INFO] [stdout]   37:     0x5c359074f78e - std::thread::Builder::spawn_unchecked_::{{closure}}::h6073db6ff56ad35d
[INFO] [stdout]                                at /rustc/90b35a6239c3d8bdabc530a6a0816f7ff89a0aaf/library/std/src/thread/mod.rs:537:30
[INFO] [stdout]   38:     0x5c359074f78e - core::ops::function::FnOnce::call_once{{vtable.shim}}::h2c5a5f3779c774f1
[INFO] [stdout]                                at /rustc/90b35a6239c3d8bdabc530a6a0816f7ff89a0aaf/library/core/src/ops/function.rs:250:5
[INFO] [stdout]   39:     0x5c35909b17bb - <alloc::boxed::Box<F,A> as core::ops::function::FnOnce<Args>>::call_once::hf75717d9f28faebf
[INFO] [stdout]                                at /rustc/90b35a6239c3d8bdabc530a6a0816f7ff89a0aaf/library/alloc/src/boxed.rs:2454:9
[INFO] [stdout]   40:     0x5c35909b17bb - <alloc::boxed::Box<F,A> as core::ops::function::FnOnce<Args>>::call_once::h7bd883a5f3c5f3c1
[INFO] [stdout]                                at /rustc/90b35a6239c3d8bdabc530a6a0816f7ff89a0aaf/library/alloc/src/boxed.rs:2454:9
[INFO] [stdout]   41:     0x5c35909b17bb - std::sys::pal::unix::thread::Thread::new::thread_start::hcc78f3943333fa94
[INFO] [stdout]                                at /rustc/90b35a6239c3d8bdabc530a6a0816f7ff89a0aaf/library/std/src/sys/pal/unix/thread.rs:105:17
[INFO] [stdout]   42:     0x73faf5404ac3 - <unknown>
[INFO] [stdout]   43:     0x73faf5495a04 - clone
[INFO] [stdout]   44:                0x0 - <unknown>
[INFO] [stdout] 
[INFO] [stdout] ---- hex_tests::date_max_repr::value2hex stdout ----
[INFO] [stdout] thread 'hex_tests::date_max_repr::value2hex' panicked at tests/tags.rs:8:1:
[INFO] [stderr] error: test failed, to rerun pass `--test tags`
[INFO] [stdout] assertion failed: `(left == right)`
[INFO] [stdout] 
[INFO] [stdout] [1mDiff[0m [31m< left[0m / [32mright >[0m :
[INFO] [stdout]  d9 03ec                          # standard date string, tag(1004)
[INFO] [stdout]     6d                            #   text(13)
[INFO] [stdout]        2b3236323134332d31322d3331 #     "+262143-12-31"
[INFO] [stdout] [31m<                                 #   e[0m[1;48;5;52;31mrror [0m[31mp[0m[1;48;5;52;31marsing date: input is [0m[31mo[0m[1;48;5;52;31mut of range[0m
[INFO] [stdout] [32m>                                 #   epo[0m[1;48;5;22;32mch(95,026,601)[0m
[INFO] [stdout]  
[INFO] [stdout] 
[INFO] [stdout] 
[INFO] [stdout] stack backtrace:
[INFO] [stdout]    0:     0x5c35909abf6a - std::backtrace_rs::backtrace::libunwind::trace::h5a5b8284f2d0c266
[INFO] [stdout]                                at /rustc/90b35a6239c3d8bdabc530a6a0816f7ff89a0aaf/library/std/src/../../backtrace/src/backtrace/libunwind.rs:116:5
[INFO] [stdout]    1:     0x5c35909abf6a - std::backtrace_rs::backtrace::trace_unsynchronized::h76d4f1c9b0b875e3
[INFO] [stdout]                                at /rustc/90b35a6239c3d8bdabc530a6a0816f7ff89a0aaf/library/std/src/../../backtrace/src/backtrace/mod.rs:66:5
[INFO] [stdout]    2:     0x5c35909abf6a - std::sys::backtrace::_print_fmt::hc4546b8364a537c6
[INFO] [stdout]                                at /rustc/90b35a6239c3d8bdabc530a6a0816f7ff89a0aaf/library/std/src/sys/backtrace.rs:66:9
[INFO] [stdout]    3:     0x5c35909abf6a - <std::sys::backtrace::BacktraceLock::print::DisplayBacktrace as core::fmt::Display>::fmt::h5b6bd5631a6d1f6b
[INFO] [stdout]                                at /rustc/90b35a6239c3d8bdabc530a6a0816f7ff89a0aaf/library/std/src/sys/backtrace.rs:39:26
[INFO] [stdout]    4:     0x5c35909d43d3 - core::fmt::rt::Argument::fmt::h270f6602a2b96f62
[INFO] [stdout]                                at /rustc/90b35a6239c3d8bdabc530a6a0816f7ff89a0aaf/library/core/src/fmt/rt.rs:177:76
[INFO] [stdout]    5:     0x5c35909d43d3 - core::fmt::write::h7550c97b06c86515
[INFO] [stdout]                                at /rustc/90b35a6239c3d8bdabc530a6a0816f7ff89a0aaf/library/core/src/fmt/mod.rs:1186:21
[INFO] [stdout]    6:     0x5c35909a9133 - std::io::Write::write_fmt::h509ff860e5956e5e
[INFO] [stdout]                                at /rustc/90b35a6239c3d8bdabc530a6a0816f7ff89a0aaf/library/std/src/io/mod.rs:1839:15
[INFO] [stdout]    7:     0x5c35909abdb2 - std::sys::backtrace::BacktraceLock::print::h2395ccd2c84ba3aa
[INFO] [stdout]                                at /rustc/90b35a6239c3d8bdabc530a6a0816f7ff89a0aaf/library/std/src/sys/backtrace.rs:42:9
[INFO] [stdout]    8:     0x5c35909ad3ca - std::panicking::default_hook::{{closure}}::he19d4c7230e07961
[INFO] [stdout]                                at /rustc/90b35a6239c3d8bdabc530a6a0816f7ff89a0aaf/library/std/src/panicking.rs:268:22
[INFO] [stdout]    9:     0x5c35909ad1d4 - std::panicking::default_hook::hf614597d3c67bbdb
[INFO] [stdout]                                at /rustc/90b35a6239c3d8bdabc530a6a0816f7ff89a0aaf/library/std/src/panicking.rs:292:9
[INFO] [stdout]   10:     0x5c3590782be9 - <alloc::boxed::Box<F,A> as core::ops::function::Fn<Args>>::call::h39b51ce4599c23d1
[INFO] [stdout]                                at /rustc/90b35a6239c3d8bdabc530a6a0816f7ff89a0aaf/library/alloc/src/boxed.rs:2468:9
[INFO] [stdout]   11:     0x5c3590782be9 - test::test_main::{{closure}}::he977ae839a582784
[INFO] [stdout]                                at /rustc/90b35a6239c3d8bdabc530a6a0816f7ff89a0aaf/library/test/src/lib.rs:133:21
[INFO] [stdout]   12:     0x5c35909ada68 - <alloc::boxed::Box<F,A> as core::ops::function::Fn<Args>>::call::h9455091b6b06f9fb
[INFO] [stdout]                                at /rustc/90b35a6239c3d8bdabc530a6a0816f7ff89a0aaf/library/alloc/src/boxed.rs:2468:9
[INFO] [stdout]   13:     0x5c35909ada68 - std::panicking::rust_panic_with_hook::h8942133a8b252070
[INFO] [stdout]                                at /rustc/90b35a6239c3d8bdabc530a6a0816f7ff89a0aaf/library/std/src/panicking.rs:809:13
[INFO] [stdout]   14:     0x5c35909ad82a - std::panicking::begin_panic_handler::{{closure}}::hb5f5963570096b29
[INFO] [stdout]                                at /rustc/90b35a6239c3d8bdabc530a6a0816f7ff89a0aaf/library/std/src/panicking.rs:674:13
[INFO] [stdout]   15:     0x5c35909ac449 - std::sys::backtrace::__rust_end_short_backtrace::h6208cedc1922feda
[INFO] [stdout]                                at /rustc/90b35a6239c3d8bdabc530a6a0816f7ff89a0aaf/library/std/src/sys/backtrace.rs:170:18
[INFO] [stdout]   16:     0x5c35909ad4bc - rust_begin_unwind
[INFO] [stdout]                                at /rustc/90b35a6239c3d8bdabc530a6a0816f7ff89a0aaf/library/std/src/panicking.rs:665:5
[INFO] [stdout]   17:     0x5c35906a2b00 - core::panicking::panic_fmt::h0c3082644d1bf418
[INFO] [stdout]                                at /rustc/90b35a6239c3d8bdabc530a6a0816f7ff89a0aaf/library/core/src/panicking.rs:74:14
[INFO] [stdout]   18:     0x5c359071ce41 - tags::hex_tests::date_max_repr::value2hex::h9e4590fcfb8d5e6a
[INFO] [stdout]                                at /opt/rustwide/workdir/tests/utils/mod.rs:126:13
[INFO] [stdout]   19:     0x5c359071cac7 - tags::hex_tests::date_max_repr::value2hex::{{closure}}::hbaaad11b861f8dfe
[INFO] [stdout]                                at /opt/rustwide/workdir/tests/utils/mod.rs:124:23
[INFO] [stdout]   20:     0x5c35906fa756 - core::ops::function::FnOnce::call_once::h58c85c544271e0ed
[INFO] [stdout]                                at /rustc/90b35a6239c3d8bdabc530a6a0816f7ff89a0aaf/library/core/src/ops/function.rs:250:5
[INFO] [stdout]   21:     0x5c35907875ab - core::ops::function::FnOnce::call_once::h109cf8051a59b34e
[INFO] [stdout]                                at /rustc/90b35a6239c3d8bdabc530a6a0816f7ff89a0aaf/library/core/src/ops/function.rs:250:5
[INFO] [stdout]   22:     0x5c35907875ab - test::__rust_begin_short_backtrace::hf4fff89d377446ba
[INFO] [stdout]                                at /rustc/90b35a6239c3d8bdabc530a6a0816f7ff89a0aaf/library/test/src/lib.rs:621:18
[INFO] [stdout]   23:     0x5c3590786de7 - test::run_test_in_process::{{closure}}::h0e39181dd7ee5a43
[INFO] [stdout]                                at /rustc/90b35a6239c3d8bdabc530a6a0816f7ff89a0aaf/library/test/src/lib.rs:644:60
[INFO] [stdout]   24:     0x5c3590786de7 - <core::panic::unwind_safe::AssertUnwindSafe<F> as core::ops::function::FnOnce<()>>::call_once::hc5a66a30f0bdfd1f
[INFO] [stdout]                                at /rustc/90b35a6239c3d8bdabc530a6a0816f7ff89a0aaf/library/core/src/panic/unwind_safe.rs:272:9
[INFO] [stdout]   25:     0x5c3590786de7 - std::panicking::try::do_call::h873b7cf639554a5e
[INFO] [stdout]                                at /rustc/90b35a6239c3d8bdabc530a6a0816f7ff89a0aaf/library/std/src/panicking.rs:557:40
[INFO] [stdout]   26:     0x5c3590786de7 - std::panicking::try::hdb19862fad9c8bd1
[INFO] [stdout]                                at /rustc/90b35a6239c3d8bdabc530a6a0816f7ff89a0aaf/library/std/src/panicking.rs:520:19
[INFO] [stdout]   27:     0x5c3590786de7 - std::panic::catch_unwind::h281fe732d236d260
[INFO] [stdout]                                at /rustc/90b35a6239c3d8bdabc530a6a0816f7ff89a0aaf/library/std/src/panic.rs:358:14
[INFO] [stdout]   28:     0x5c3590786de7 - test::run_test_in_process::h949b6df8457ed338
[INFO] [stdout]                                at /rustc/90b35a6239c3d8bdabc530a6a0816f7ff89a0aaf/library/test/src/lib.rs:644:27
[INFO] [stdout]   29:     0x5c3590786de7 - test::run_test::{{closure}}::h52c556a6d4740e10
[INFO] [stdout]                                at /rustc/90b35a6239c3d8bdabc530a6a0816f7ff89a0aaf/library/test/src/lib.rs:565:43
[INFO] [stdout]   30:     0x5c359074c0c4 - test::run_test::{{closure}}::h4237f6381c45ccb9
[INFO] [stdout]                                at /rustc/90b35a6239c3d8bdabc530a6a0816f7ff89a0aaf/library/test/src/lib.rs:595:41
[INFO] [stdout]   31:     0x5c359074c0c4 - std::sys::backtrace::__rust_begin_short_backtrace::h505c97a579eca628
[INFO] [stdout]                                at /rustc/90b35a6239c3d8bdabc530a6a0816f7ff89a0aaf/library/std/src/sys/backtrace.rs:154:18
[INFO] [stdout]   32:     0x5c359074f78e - std::thread::Builder::spawn_unchecked_::{{closure}}::{{closure}}::h9e86b2e2bc107ea3
[INFO] [stdout]                                at /rustc/90b35a6239c3d8bdabc530a6a0816f7ff89a0aaf/library/std/src/thread/mod.rs:538:17
[INFO] [stdout]   33:     0x5c359074f78e - <core::panic::unwind_safe::AssertUnwindSafe<F> as core::ops::function::FnOnce<()>>::call_once::h8b06ddb275ff4a25
[INFO] [stdout]                                at /rustc/90b35a6239c3d8bdabc530a6a0816f7ff89a0aaf/library/core/src/panic/unwind_safe.rs:272:9
[INFO] [stdout]   34:     0x5c359074f78e - std::panicking::try::do_call::hb26ecd7cd9a9355d
[INFO] [stdout]                                at /rustc/90b35a6239c3d8bdabc530a6a0816f7ff89a0aaf/library/std/src/panicking.rs:557:40
[INFO] [stdout]   35:     0x5c359074f78e - std::panicking::try::h8ddeca9d705f9069
[INFO] [stdout]                                at /rustc/90b35a6239c3d8bdabc530a6a0816f7ff89a0aaf/library/std/src/panicking.rs:520:19
[INFO] [stdout]   36:     0x5c359074f78e - std::panic::catch_unwind::h49e1c33078844c46
[INFO] [stdout]                                at /rustc/90b35a6239c3d8bdabc530a6a0816f7ff89a0aaf/library/std/src/panic.rs:358:14
[INFO] [stdout]   37:     0x5c359074f78e - std::thread::Builder::spawn_unchecked_::{{closure}}::h6073db6ff56ad35d
[INFO] [stdout]                                at /rustc/90b35a6239c3d8bdabc530a6a0816f7ff89a0aaf/library/std/src/thread/mod.rs:537:30
[INFO] [stdout]   38:     0x5c359074f78e - core::ops::function::FnOnce::call_once{{vtable.shim}}::h2c5a5f3779c774f1
[INFO] [stdout]                                at /rustc/90b35a6239c3d8bdabc530a6a0816f7ff89a0aaf/library/core/src/ops/function.rs:250:5
[INFO] [stdout]   39:     0x5c35909b17bb - <alloc::boxed::Box<F,A> as core::ops::function::FnOnce<Args>>::call_once::hf75717d9f28faebf
[INFO] [stdout]                                at /rustc/90b35a6239c3d8bdabc530a6a0816f7ff89a0aaf/library/alloc/src/boxed.rs:2454:9
[INFO] [stdout]   40:     0x5c35909b17bb - <alloc::boxed::Box<F,A> as core::ops::function::FnOnce<Args>>::call_once::h7bd883a5f3c5f3c1
[INFO] [stdout]                                at /rustc/90b35a6239c3d8bdabc530a6a0816f7ff89a0aaf/library/alloc/src/boxed.rs:2454:9
[INFO] [stdout]   41:     0x5c35909b17bb - std::sys::pal::unix::thread::Thread::new::thread_start::hcc78f3943333fa94
[INFO] [stdout]                                at /rustc/90b35a6239c3d8bdabc530a6a0816f7ff89a0aaf/library/std/src/sys/pal/unix/thread.rs:105:17
[INFO] [stdout]   42:     0x73faf5404ac3 - <unknown>
[INFO] [stdout]   43:     0x73faf5495a04 - clone
[INFO] [stdout]   44:                0x0 - <unknown>
[INFO] [stdout] 
[INFO] [stdout] 
[INFO] [stdout] failures:
[INFO] [stdout]     both::epoch_date_max_repr::value2hex
[INFO] [stdout]     both::epoch_date_min_repr::value2hex
[INFO] [stdout]     hex_tests::date_max_repr::value2hex
[INFO] [stdout]     hex_tests::date_min_repr::value2hex
[INFO] [stdout] 
[INFO] [stdout] test result: FAILED. 365 passed; 4 failed; 0 ignored; 0 measured; 0 filtered out; finished in 0.29s
[INFO] [stdout] 
[INFO] running `Command { std: "docker" "inspect" "4a7033db51b5568f9edde822b91ad10e54bfce478d1c5a369cd98f468be45881", kill_on_drop: false }`
[INFO] running `Command { std: "docker" "rm" "-f" "4a7033db51b5568f9edde822b91ad10e54bfce478d1c5a369cd98f468be45881", kill_on_drop: false }`
[INFO] [stdout] 4a7033db51b5568f9edde822b91ad10e54bfce478d1c5a369cd98f468be45881
