[INFO] fetching crate catalyzer-macros 0.1.3...
[INFO] testing catalyzer-macros-0.1.3 against 1.83.0 for beta-1.84.0-4-retry
[INFO] extracting crate catalyzer-macros 0.1.3 into /workspace/builds/worker-3-tc1/source
[INFO] validating manifest of crates.io crate catalyzer-macros 0.1.3 on toolchain 1.83.0
[INFO] running `Command { std: CARGO_HOME="/workspace/cargo-home" RUSTUP_HOME="/workspace/rustup-home" "/workspace/cargo-home/bin/cargo" "+1.83.0" "metadata" "--manifest-path" "Cargo.toml" "--no-deps", kill_on_drop: false }`
[INFO] started tweaking crates.io crate catalyzer-macros 0.1.3
[INFO] finished tweaking crates.io crate catalyzer-macros 0.1.3
[INFO] tweaked toml for crates.io crate catalyzer-macros 0.1.3 written to /workspace/builds/worker-3-tc1/source/Cargo.toml
[INFO] running `Command { std: CARGO_HOME="/workspace/cargo-home" RUSTUP_HOME="/workspace/rustup-home" "/workspace/cargo-home/bin/cargo" "+1.83.0" "generate-lockfile" "--manifest-path" "Cargo.toml", kill_on_drop: false }`
[INFO] [stderr]     Updating crates.io index
[INFO] [stderr]      Locking 4 packages to latest compatible versions
[INFO] running `Command { std: CARGO_HOME="/workspace/cargo-home" RUSTUP_HOME="/workspace/rustup-home" "/workspace/cargo-home/bin/cargo" "+1.83.0" "fetch" "--manifest-path" "Cargo.toml", kill_on_drop: false }`
[INFO] running `Command { std: "docker" "create" "-v" "/var/lib/crater-agent-workspace/builds/worker-3-tc1/target:/opt/rustwide/target:rw,Z" "-v" "/var/lib/crater-agent-workspace/builds/worker-3-tc1/source:/opt/rustwide/workdir:ro,Z" "-v" "/var/lib/crater-agent-workspace/cargo-home:/opt/rustwide/cargo-home:ro,Z" "-v" "/var/lib/crater-agent-workspace/rustup-home:/opt/rustwide/rustup-home:ro,Z" "-e" "SOURCE_DIR=/opt/rustwide/workdir" "-e" "CARGO_TARGET_DIR=/opt/rustwide/target" "-e" "CARGO_HOME=/opt/rustwide/cargo-home" "-e" "RUSTUP_HOME=/opt/rustwide/rustup-home" "-w" "/opt/rustwide/workdir" "-m" "1610612736" "--user" "0:0" "--network" "none" "ghcr.io/rust-lang/crates-build-env/linux@sha256:f3a9d4ad9d972b27faf3965f35b62e55ba32bbce8f20bc8fe909558a86702fde" "/opt/rustwide/cargo-home/bin/cargo" "+1.83.0" "metadata" "--no-deps" "--format-version=1", kill_on_drop: false }`
[INFO] [stdout] f9df7e8ca1a9ba0962d03ec6221401c6edf6ae6091ff82f06ea69b0b6e9d09c7
[INFO] running `Command { std: "docker" "start" "-a" "f9df7e8ca1a9ba0962d03ec6221401c6edf6ae6091ff82f06ea69b0b6e9d09c7", kill_on_drop: false }`
[INFO] running `Command { std: "docker" "inspect" "f9df7e8ca1a9ba0962d03ec6221401c6edf6ae6091ff82f06ea69b0b6e9d09c7", kill_on_drop: false }`
[INFO] running `Command { std: "docker" "rm" "-f" "f9df7e8ca1a9ba0962d03ec6221401c6edf6ae6091ff82f06ea69b0b6e9d09c7", kill_on_drop: false }`
[INFO] [stdout] f9df7e8ca1a9ba0962d03ec6221401c6edf6ae6091ff82f06ea69b0b6e9d09c7
[INFO] running `Command { std: "docker" "create" "-v" "/var/lib/crater-agent-workspace/builds/worker-3-tc1/target:/opt/rustwide/target:rw,Z" "-v" "/var/lib/crater-agent-workspace/builds/worker-3-tc1/source:/opt/rustwide/workdir:ro,Z" "-v" "/var/lib/crater-agent-workspace/cargo-home:/opt/rustwide/cargo-home:ro,Z" "-v" "/var/lib/crater-agent-workspace/rustup-home:/opt/rustwide/rustup-home:ro,Z" "-e" "SOURCE_DIR=/opt/rustwide/workdir" "-e" "CARGO_TARGET_DIR=/opt/rustwide/target" "-e" "CARGO_INCREMENTAL=0" "-e" "RUST_BACKTRACE=full" "-e" "RUSTFLAGS=--cap-lints=warn" "-e" "RUSTDOCFLAGS=--cap-lints=warn" "-e" "CARGO_HOME=/opt/rustwide/cargo-home" "-e" "RUSTUP_HOME=/opt/rustwide/rustup-home" "-w" "/opt/rustwide/workdir" "-m" "1610612736" "--user" "0:0" "--network" "none" "ghcr.io/rust-lang/crates-build-env/linux@sha256:f3a9d4ad9d972b27faf3965f35b62e55ba32bbce8f20bc8fe909558a86702fde" "/opt/rustwide/cargo-home/bin/cargo" "+1.83.0" "build" "--frozen" "--message-format=json", kill_on_drop: false }`
[INFO] [stdout] e1d9f96d18e4b577be165bf0b2cdef8c67db55ef8814caae3584d7d2f945af02
[INFO] running `Command { std: "docker" "start" "-a" "e1d9f96d18e4b577be165bf0b2cdef8c67db55ef8814caae3584d7d2f945af02", kill_on_drop: false }`
[INFO] [stderr]    Compiling proc-macro2 v1.0.92
[INFO] [stderr]    Compiling unicode-ident v1.0.14
[INFO] [stderr]    Compiling quote v1.0.37
[INFO] [stderr]    Compiling syn v2.0.90
[INFO] [stderr]    Compiling catalyzer-macros v0.1.3 (/opt/rustwide/workdir)
[INFO] [stderr]     Finished `dev` profile [unoptimized + debuginfo] target(s) in 5.61s
[INFO] running `Command { std: "docker" "inspect" "e1d9f96d18e4b577be165bf0b2cdef8c67db55ef8814caae3584d7d2f945af02", kill_on_drop: false }`
[INFO] running `Command { std: "docker" "rm" "-f" "e1d9f96d18e4b577be165bf0b2cdef8c67db55ef8814caae3584d7d2f945af02", kill_on_drop: false }`
[INFO] [stdout] e1d9f96d18e4b577be165bf0b2cdef8c67db55ef8814caae3584d7d2f945af02
[INFO] running `Command { std: "docker" "create" "-v" "/var/lib/crater-agent-workspace/builds/worker-3-tc1/target:/opt/rustwide/target:rw,Z" "-v" "/var/lib/crater-agent-workspace/builds/worker-3-tc1/source:/opt/rustwide/workdir:ro,Z" "-v" "/var/lib/crater-agent-workspace/cargo-home:/opt/rustwide/cargo-home:ro,Z" "-v" "/var/lib/crater-agent-workspace/rustup-home:/opt/rustwide/rustup-home:ro,Z" "-e" "SOURCE_DIR=/opt/rustwide/workdir" "-e" "CARGO_TARGET_DIR=/opt/rustwide/target" "-e" "CARGO_INCREMENTAL=0" "-e" "RUST_BACKTRACE=full" "-e" "RUSTFLAGS=--cap-lints=warn" "-e" "RUSTDOCFLAGS=--cap-lints=warn" "-e" "CARGO_HOME=/opt/rustwide/cargo-home" "-e" "RUSTUP_HOME=/opt/rustwide/rustup-home" "-w" "/opt/rustwide/workdir" "-m" "1610612736" "--user" "0:0" "--network" "none" "ghcr.io/rust-lang/crates-build-env/linux@sha256:f3a9d4ad9d972b27faf3965f35b62e55ba32bbce8f20bc8fe909558a86702fde" "/opt/rustwide/cargo-home/bin/cargo" "+1.83.0" "test" "--frozen" "--no-run" "--message-format=json", kill_on_drop: false }`
[INFO] [stdout] d4a9523760cb81eeeec0fa7f49fdd7bd38e8465f16eccaa7e3eea76f8163b594
[INFO] running `Command { std: "docker" "start" "-a" "d4a9523760cb81eeeec0fa7f49fdd7bd38e8465f16eccaa7e3eea76f8163b594", kill_on_drop: false }`
[INFO] [stderr]    Compiling catalyzer-macros v0.1.3 (/opt/rustwide/workdir)
[INFO] [stderr]     Finished `test` profile [unoptimized + debuginfo] target(s) in 1.20s
[INFO] running `Command { std: "docker" "inspect" "d4a9523760cb81eeeec0fa7f49fdd7bd38e8465f16eccaa7e3eea76f8163b594", kill_on_drop: false }`
[INFO] running `Command { std: "docker" "rm" "-f" "d4a9523760cb81eeeec0fa7f49fdd7bd38e8465f16eccaa7e3eea76f8163b594", kill_on_drop: false }`
[INFO] [stdout] d4a9523760cb81eeeec0fa7f49fdd7bd38e8465f16eccaa7e3eea76f8163b594
[INFO] running `Command { std: "docker" "create" "-v" "/var/lib/crater-agent-workspace/builds/worker-3-tc1/target:/opt/rustwide/target:rw,Z" "-v" "/var/lib/crater-agent-workspace/builds/worker-3-tc1/source:/opt/rustwide/workdir:ro,Z" "-v" "/var/lib/crater-agent-workspace/cargo-home:/opt/rustwide/cargo-home:ro,Z" "-v" "/var/lib/crater-agent-workspace/rustup-home:/opt/rustwide/rustup-home:ro,Z" "-e" "SOURCE_DIR=/opt/rustwide/workdir" "-e" "CARGO_TARGET_DIR=/opt/rustwide/target" "-e" "CARGO_INCREMENTAL=0" "-e" "RUST_BACKTRACE=full" "-e" "RUSTFLAGS=--cap-lints=warn" "-e" "RUSTDOCFLAGS=--cap-lints=warn" "-e" "CARGO_HOME=/opt/rustwide/cargo-home" "-e" "RUSTUP_HOME=/opt/rustwide/rustup-home" "-w" "/opt/rustwide/workdir" "-m" "1610612736" "--user" "0:0" "--network" "none" "ghcr.io/rust-lang/crates-build-env/linux@sha256:f3a9d4ad9d972b27faf3965f35b62e55ba32bbce8f20bc8fe909558a86702fde" "/opt/rustwide/cargo-home/bin/cargo" "+1.83.0" "test" "--frozen", kill_on_drop: false }`
[INFO] [stdout] 67abf3f19ba4946979cd5f422aaae846853c04eea3a794031a0a19738bd62ec3
[INFO] running `Command { std: "docker" "start" "-a" "67abf3f19ba4946979cd5f422aaae846853c04eea3a794031a0a19738bd62ec3", kill_on_drop: false }`
[INFO] [stderr]     Finished `test` profile [unoptimized + debuginfo] target(s) in 0.02s
[INFO] [stderr]      Running unittests lib.rs (/opt/rustwide/target/debug/deps/catalyzer_macros-8eb27770e824a4ce)
[INFO] [stderr]    Doc-tests catalyzer_macros
[INFO] [stdout] 
[INFO] [stdout] running 0 tests
[INFO] [stdout] 
[INFO] [stdout] test result: ok. 0 passed; 0 failed; 0 ignored; 0 measured; 0 filtered out; finished in 0.00s
[INFO] [stdout] 
[INFO] [stdout] 
[INFO] [stdout] running 2 tests
[INFO] [stdout] test lib.rs - main (line 17) ... FAILED
[INFO] [stdout] test lib.rs - App (line 35) ... FAILED
[INFO] [stdout] 
[INFO] [stdout] failures:
[INFO] [stdout] 
[INFO] [stdout] ---- lib.rs - main (line 17) stdout ----
[INFO] [stderr] error: doctest failed, to rerun pass `--doc`
[INFO] [stdout] error[E0432]: unresolved import `catalyzer`
[INFO] [stdout]  --> lib.rs:18:5
[INFO] [stdout]   |
[INFO] [stdout] 2 | use catalyzer::*;
[INFO] [stdout]   |     ^^^^^^^^^ use of undeclared crate or module `catalyzer`
[INFO] [stdout] 
[INFO] [stdout] error: cannot find attribute `main` in this scope
[INFO] [stdout]  --> lib.rs:19:3
[INFO] [stdout]   |
[INFO] [stdout] 3 | #[main]
[INFO] [stdout]   |   ^^^^
[INFO] [stdout]   |
[INFO] [stdout]   = note: `main` is in scope, but it is a function, not an attribute
[INFO] [stdout] help: consider importing this attribute macro
[INFO] [stdout]   |
[INFO] [stdout] 2 + use catalyzer_macros::main;
[INFO] [stdout]   |
[INFO] [stdout] 
[INFO] [stdout] error: aborting due to 2 previous errors
[INFO] [stdout] 
[INFO] [stdout] For more information about this error, try `rustc --explain E0432`.
[INFO] [stdout] Couldn't compile the test.
[INFO] [stdout] ---- lib.rs - App (line 35) stdout ----
[INFO] [stdout] error[E0432]: unresolved import `catalyzer`
[INFO] [stdout]  --> lib.rs:36:5
[INFO] [stdout]   |
[INFO] [stdout] 2 | use catalyzer::*;
[INFO] [stdout]   |     ^^^^^^^^^ use of undeclared crate or module `catalyzer`
[INFO] [stdout] 
[INFO] [stdout] error: cannot find attribute `get` in this scope
[INFO] [stdout]   --> lib.rs:44:3
[INFO] [stdout]    |
[INFO] [stdout] 10 | #[get("/")]
[INFO] [stdout]    |   ^^^
[INFO] [stdout]    |
[INFO] [stdout] help: consider importing this attribute macro
[INFO] [stdout]    |
[INFO] [stdout] 2  + use catalyzer_macros::get;
[INFO] [stdout]    |
[INFO] [stdout] 
[INFO] [stdout] error: cannot find attribute `main` in this scope
[INFO] [stdout]  --> lib.rs:37:3
[INFO] [stdout]   |
[INFO] [stdout] 3 | #[main]
[INFO] [stdout]   |   ^^^^
[INFO] [stdout]   |
[INFO] [stdout]   = note: `main` is in scope, but it is a function, not an attribute
[INFO] [stdout] help: consider importing this attribute macro
[INFO] [stdout]   |
[INFO] [stdout] 2 + use catalyzer_macros::main;
[INFO] [stdout]   |
[INFO] [stdout] 
[INFO] [stdout] error: cannot find macro `App` in this scope
[INFO] [stdout]  --> lib.rs:39:1
[INFO] [stdout]   |
[INFO] [stdout] 5 | App![index]
[INFO] [stdout]   | ^^^
[INFO] [stdout]   |
[INFO] [stdout] help: consider importing this macro
[INFO] [stdout]   |
[INFO] [stdout] 2 + use catalyzer_macros::App;
[INFO] [stdout]   |
[INFO] [stdout] 
[INFO] [stdout] error[E0308]: mismatched types
[INFO] [stdout]   --> lib.rs:46:5
[INFO] [stdout]    |
[INFO] [stdout] 11 | fn index() {
[INFO] [stdout]    |           - help: try adding a return type: `-> &'static str`
[INFO] [stdout] 12 |     "Hello, world!"
[INFO] [stdout]    |     ^^^^^^^^^^^^^^^ expected `()`, found `&str`
[INFO] [stdout] 
[INFO] [stdout] error: aborting due to 5 previous errors
[INFO] [stdout] 
[INFO] [stdout] Some errors have detailed explanations: E0308, E0432.
[INFO] [stdout] For more information about an error, try `rustc --explain E0308`.
[INFO] [stdout] Couldn't compile the test.
[INFO] [stdout] 
[INFO] [stdout] failures:
[INFO] [stdout]     lib.rs - App (line 35)
[INFO] [stdout]     lib.rs - main (line 17)
[INFO] [stdout] 
[INFO] [stdout] test result: FAILED. 0 passed; 2 failed; 0 ignored; 0 measured; 0 filtered out; finished in 0.15s
[INFO] [stdout] 
[INFO] running `Command { std: "docker" "inspect" "67abf3f19ba4946979cd5f422aaae846853c04eea3a794031a0a19738bd62ec3", kill_on_drop: false }`
[INFO] running `Command { std: "docker" "rm" "-f" "67abf3f19ba4946979cd5f422aaae846853c04eea3a794031a0a19738bd62ec3", kill_on_drop: false }`
[INFO] [stdout] 67abf3f19ba4946979cd5f422aaae846853c04eea3a794031a0a19738bd62ec3
